000
CDUS45 KBYZ 260936
CLIMLS


CLIMATE REPORT
NATIONAL WEATHER SERVICE BILLINGS MT
335 AM MDT TUE JUL 26 2016


...................................

...THE MILES CITY MT CLIMATE SUMMARY FOR JULY 25 2016...

CLIMATE NORMAL PERIOD 1981 TO 2010
CLIMATE RECORD PERIOD 1937 TO 2016


WEATHER ITEM   OBSERVED TIME   RECORD YEAR NORMAL DEPARTURE LAST
                VALUE   (LST)  VALUE       VALUE  FROM      YEAR
                                                  NORMAL
..................................................................
TEMPERATURE (F)
 YESTERDAY
  MAXIMUM         99    445 PM 102    1983  90      9       96
  MINIMUM         62    525 AM  51    1985  61      1       69
  AVERAGE         81                        75      6       83

PRECIPITATION (IN)
  YESTERDAY        0.00          2.12 1979   0.05  -0.05     0.00
  MONTH TO DATE    1.17                      1.36  -0.19     0.46
  SINCE OCT 1     10.98                     10.17   0.81     6.87
  SINCE JAN 1      9.72                      8.57   1.15     5.86

DEGREE DAYS
 HEATING
  YESTERDAY        0                         0      0        0
  MONTH TO DATE    2                        10     -8        0
  SINCE JUN 1     11                        99    -88       25
  SINCE JUL 1      2                        10     -8        0

 COOLING
  YESTERDAY       16                        11      5       18
  MONTH TO DATE  267                       225     42      247
  SINCE JUN 1    466                       332    134      409
  SINCE JAN 1    490                       352    138      410
..................................................................


WIND (MPH)
  HIGHEST WIND SPEED    20   HIGHEST WIND DIRECTION    NE (40)
  HIGHEST GUST SPEED    23   HIGHEST GUST DIRECTION    NE (40)
  AVERAGE WIND SPEED     6.8


SKY COVER
  POSSIBLE SUNSHINE  MM
  AVERAGE SKY COVER 0.0


WEATHER CONDITIONS
 THE FOLLOWING WEATHER WAS RECORDED YESTERDAY.
  HAZE


RELATIVE HUMIDITY (PERCENT)
 HIGHEST    52           500 AM
 LOWEST     11           300 PM
 AVERAGE    32

..........................................................


THE MILES CITY MT CLIMATE NORMALS FOR TODAY
                         NORMAL    RECORD    YEAR
 MAXIMUM TEMPERATURE (F)   90       104      1959
                                             1931
                                             1933
 MINIMUM TEMPERATURE (F)   61        47      1971


SUNRISE AND SUNSET
JULY 26 2016..........SUNRISE   538 AM MDT   SUNSET   841 PM MDT
JULY 27 2016..........SUNRISE   539 AM MDT   SUNSET   840 PM MDT


-  INDICATES NEGATIVE NUMBERS.
R  INDICATES RECORD WAS SET OR TIED.
MM INDICATES DATA IS MISSING.
T  INDICATES TRACE AMOUNT.





&&

THIS IS AN AUTOMATED...UNATTENDED WEATHER STATION AND MAY
UNDERESTIMATE WINTER PRECIPITATION.

$$
