000
CDUS45 KBYZ 312223
CLIMLS


CLIMATE REPORT
NATIONAL WEATHER SERVICE BILLINGS MT
421 PM MDT TUE MAY 31 2016


...................................

...THE MILES CITY MT CLIMATE SUMMARY FOR MAY 31 2016...
VALID TODAY AS OF 0400 PM LOCAL TIME.

CLIMATE NORMAL PERIOD 1981 TO 2010
CLIMATE RECORD PERIOD 1937 TO 2016


WEATHER ITEM   OBSERVED TIME   RECORD YEAR NORMAL DEPARTURE LAST
                VALUE   (LST)  VALUE       VALUE  FROM      YEAR
                                                  NORMAL
..................................................................
TEMPERATURE (F)
 TODAY
  MAXIMUM         63    259 PM  92    1986  73    -10       79
  MINIMUM         48    640 AM  32    1982  48      0       50
  AVERAGE         56                        60     -4       65

PRECIPITATION (IN)
  TODAY            0.48          0.99 2014   0.09   0.39      T
  MONTH TO DATE    2.43                      2.18   0.25     1.82
  SINCE OCT 1      9.12                      6.30   2.82     3.73
  SINCE JAN 1      7.86                      4.70   3.16     2.72

DEGREE DAYS
 HEATING
  TODAY            9                         6      3        0
  MONTH TO DATE  237                       302    -65      328
  SINCE MAR 1   1399                      1815   -416     1515
  SINCE JUL 1   6092                      7549  -1457     6985

 COOLING
  TODAY            0                         1     -1        0
  MONTH TO DATE   22                        19      3        1
  SINCE MAR 1     24                        20      4        1
  SINCE JAN 1     24                        20      4        1
..................................................................


WIND (MPH)
  HIGHEST WIND SPEED    33   HIGHEST WIND DIRECTION     W (290)
  HIGHEST GUST SPEED    43   HIGHEST GUST DIRECTION     W (290)
  AVERAGE WIND SPEED    23.7


SKY COVER
  POSSIBLE SUNSHINE  MM
  AVERAGE SKY COVER 0.8


WEATHER CONDITIONS
 THE FOLLOWING WEATHER WAS RECORDED TODAY.
  HEAVY RAIN
  RAIN
  LIGHT RAIN
  FOG


RELATIVE HUMIDITY (PERCENT)
 HIGHEST    96          1000 AM
 LOWEST     86           300 AM
 AVERAGE    91

..........................................................


THE MILES CITY MT CLIMATE NORMALS FOR TOMORROW
                         NORMAL    RECORD    YEAR
 MAXIMUM TEMPERATURE (F)   73        96      1948
 MINIMUM TEMPERATURE (F)   48        32      1951


SUNRISE AND SUNSET
MAY 31 2016...........SUNRISE   515 AM MDT   SUNSET   848 PM MDT
JUNE  1 2016..........SUNRISE   514 AM MDT   SUNSET   849 PM MDT


-  INDICATES NEGATIVE NUMBERS.
R  INDICATES RECORD WAS SET OR TIED.
MM INDICATES DATA IS MISSING.
T  INDICATES TRACE AMOUNT.





&&

THIS IS AN AUTOMATED...UNATTENDED WEATHER STATION AND MAY
UNDERESTIMATE WINTER PRECIPITATION.

$$
