000
CDUS45 KBYZ 252328
CLIMLS


CLIMATE REPORT
NATIONAL WEATHER SERVICE BILLINGS MT
428 PM MST TUE NOV 25 2014


...................................

...THE MILES CITY MT CLIMATE SUMMARY FOR NOVEMBER 25 2014...
VALID TODAY AS OF 400 PM LOCAL TIME.

CLIMATE NORMAL PERIOD 1981 TO 2010
CLIMATE RECORD PERIOD 1937 TO 2014


WEATHER ITEM   OBSERVED TIME   RECORD YEAR NORMAL DEPARTURE LAST
                VALUE   (LST)  VALUE       VALUE  FROM      YEAR
                                                  NORMAL
..................................................................
TEMPERATURE (F)
 TODAY
  MAXIMUM         40   1240 PM  70    1960  38      2       39
  MINIMUM         28   1238 AM -18    1977  16     12       20
  AVERAGE         34                        27      7       30

PRECIPITATION (IN)
  TODAY            0.11          0.24        0.01   0.10     0.00
  MONTH TO DATE    0.38                      0.35   0.03     0.10
  SINCE OCT 1      0.81                      1.27  -0.46     1.07
  SINCE JAN 1     13.09                     12.11   0.98    16.50

DEGREE DAYS
 HEATING
  TODAY           31                        38     -7       35
  MONTH TO DATE  969                       790    179      831
  SINCE SEP 1   1587                      1567     20     1536
  SINCE JUL 1   1621                      1601     20     1536

 COOLING
  TODAY            0                         0      0        0
  MONTH TO DATE    0                         0      0        0
  SINCE SEP 1     53                        58     -5      142
  SINCE JAN 1    648                       730    -82      877
..................................................................


WIND (MPH)
  HIGHEST WIND SPEED    33   HIGHEST WIND DIRECTION    NW (320)
  HIGHEST GUST SPEED    40   HIGHEST GUST DIRECTION    NW (320)
  AVERAGE WIND SPEED    15.9


SKY COVER
  POSSIBLE SUNSHINE  MM
  AVERAGE SKY COVER 0.7


WEATHER CONDITIONS
 THE FOLLOWING WEATHER WAS RECORDED TODAY.
  LIGHT RAIN
  LIGHT SNOW
  FOG


RELATIVE HUMIDITY (PERCENT)
 HIGHEST    96           900 AM
 LOWEST     59           200 PM
 AVERAGE    78

..........................................................


THE MILES CITY MT CLIMATE NORMALS FOR TOMORROW
                         NORMAL    RECORD    YEAR
 MAXIMUM TEMPERATURE (F)   37        67      1963
 MINIMUM TEMPERATURE (F)   16       -16      1985


SUNRISE AND SUNSET
NOVEMBER 25 2014......SUNRISE   719 AM MST   SUNSET   422 PM MST
NOVEMBER 26 2014......SUNRISE   720 AM MST   SUNSET   421 PM MST


-  INDICATES NEGATIVE NUMBERS.
R  INDICATES RECORD WAS SET OR TIED.
MM INDICATES DATA IS MISSING.
T  INDICATES TRACE AMOUNT.





&&

THIS IS AN AUTOMATED...UNATTENDED WEATHER STATION AND MAY
UNDERESTIMATE WINTER PRECIPITATION.

$$
