000
CDUS45 KBYZ 242225
CLIMLS


CLIMATE REPORT
NATIONAL WEATHER SERVICE BILLINGS MT
423 PM MDT SUN MAY 24 2015


...................................

...THE MILES CITY MT CLIMATE SUMMARY FOR MAY 24 2015...
VALID TODAY AS OF 0400 PM LOCAL TIME.

CLIMATE NORMAL PERIOD 1981 TO 2010
CLIMATE RECORD PERIOD 1937 TO 2015


WEATHER ITEM   OBSERVED TIME   RECORD YEAR NORMAL DEPARTURE LAST
                VALUE   (LST)  VALUE       VALUE  FROM      YEAR
                                                  NORMAL
..................................................................
TEMPERATURE (F)
 TODAY
  MAXIMUM         67    158 PM  95    1985  71     -4       84
  MINIMUM         50    559 AM  32    2002  46      4       58
  AVERAGE         59                        58      1       71

PRECIPITATION (IN)
  TODAY            0.00          2.17        0.08  -0.08     0.11
  MONTH TO DATE    0.59                      1.60  -1.01     2.20
  SINCE OCT 1      2.50                      5.72  -3.22     5.77
  SINCE JAN 1      1.49                      4.12  -2.63     4.09

DEGREE DAYS
 HEATING
  TODAY            6                         7     -1        0
  MONTH TO DATE  298                       257     41      305
  SINCE MAR 1   1485                      1769   -284     1966
  SINCE JUL 1   6955                      7503   -548     8005

 COOLING
  TODAY            0                         1     -1        6
  MONTH TO DATE    1                        11    -10       11
  SINCE MAR 1      1                        12    -11       11
  SINCE JAN 1      1                        12    -11       11
..................................................................


WIND (MPH)
  HIGHEST WIND SPEED    16   HIGHEST WIND DIRECTION    NE (50)
  HIGHEST GUST SPEED    21   HIGHEST GUST DIRECTION     E (70)
  AVERAGE WIND SPEED    10.2


SKY COVER
  POSSIBLE SUNSHINE  MM
  AVERAGE SKY COVER 0.9


WEATHER CONDITIONS
 THE FOLLOWING WEATHER WAS RECORDED TODAY.
  NO SIGNIFICANT WEATHER WAS OBSERVED.


RELATIVE HUMIDITY (PERCENT)
 HIGHEST    96          1200 AM
 LOWEST     52           100 PM
 AVERAGE    74

..........................................................


THE MILES CITY MT CLIMATE NORMALS FOR TOMORROW
                         NORMAL    RECORD    YEAR
 MAXIMUM TEMPERATURE (F)   71        90      1969
 MINIMUM TEMPERATURE (F)   46        32      2012
                                             2004


SUNRISE AND SUNSET
MAY 24 2015...........SUNRISE   521 AM MDT   SUNSET   841 PM MDT
MAY 25 2015...........SUNRISE   520 AM MDT   SUNSET   842 PM MDT


-  INDICATES NEGATIVE NUMBERS.
R  INDICATES RECORD WAS SET OR TIED.
MM INDICATES DATA IS MISSING.
T  INDICATES TRACE AMOUNT.





&&

THIS IS AN AUTOMATED...UNATTENDED WEATHER STATION AND MAY
UNDERESTIMATE WINTER PRECIPITATION.

$$
