000
CDUS45 KBYZ 010936
CLIMLS


CLIMATE REPORT
NATIONAL WEATHER SERVICE BILLINGS MT
331 AM MDT FRI AUG 1 2014


...................................

...THE MILES CITY MT CLIMATE SUMMARY FOR JULY 31 2014...

CLIMATE NORMAL PERIOD 1981 TO 2010
CLIMATE RECORD PERIOD 1937 TO 2014


WEATHER ITEM   OBSERVED TIME   RECORD YEAR NORMAL DEPARTURE LAST
                VALUE   (LST)  VALUE       VALUE  FROM      YEAR
                                                  NORMAL
..................................................................
TEMPERATURE (F)
 YESTERDAY
  MAXIMUM         96    423 PM 105    2007  90      6       86
  MINIMUM         62    504 AM  47    1995  61      1       57
  AVERAGE         79                        76      3       72

PRECIPITATION (IN)
  YESTERDAY        0.00          1.72 2001   0.05  -0.05     0.11
  MONTH TO DATE    0.09                      1.64  -1.55     1.09
  SINCE OCT 1     11.45                     10.45   1.00    13.65
  SINCE JAN 1      9.77                      8.85   0.92    12.12

SNOWFALL (IN)
  YESTERDAY       MM
  MONTH TO DATE   MM
  SINCE JUN 1     MM
  SINCE JUL 1     MM
  SNOW DEPTH      MM

DEGREE DAYS
 HEATING
  YESTERDAY        0                         0      0        0
  MONTH TO DATE    1                        10     -9        0
  SINCE JUN 1     95                       101     -6       59
  SINCE JUL 1      1                        12    -11        0

 COOLING
  YESTERDAY       14                        11      3        7
  MONTH TO DATE  284                       288     -4      319
  SINCE JUN 1    321                       395    -74      412
  SINCE JAN 1    355                       415    -60      425
..................................................................


WIND (MPH)
  HIGHEST WIND SPEED    16   HIGHEST WIND DIRECTION     S (170)
  HIGHEST GUST SPEED    22   HIGHEST GUST DIRECTION    SW (210)
  AVERAGE WIND SPEED     8.7


SKY COVER
  POSSIBLE SUNSHINE  MM
  AVERAGE SKY COVER 0.0


WEATHER CONDITIONS
 THE FOLLOWING WEATHER WAS RECORDED YESTERDAY.
  NO SIGNIFICANT WEATHER WAS OBSERVED.


RELATIVE HUMIDITY (PERCENT)
 HIGHEST    60           500 AM
 LOWEST      9           300 PM
 AVERAGE    35

..........................................................


THE MILES CITY MT CLIMATE NORMALS FOR TODAY
                         NORMAL    RECORD    YEAR
 MAXIMUM TEMPERATURE (F)   90       104      2008
 MINIMUM TEMPERATURE (F)   61        46      2002


SUNRISE AND SUNSET
AUGUST  1 2014........SUNRISE   545 AM MDT   SUNSET   834 PM MDT
AUGUST  2 2014........SUNRISE   546 AM MDT   SUNSET   833 PM MDT


-  INDICATES NEGATIVE NUMBERS.
R  INDICATES RECORD WAS SET OR TIED.
MM INDICATES DATA IS MISSING.
T  INDICATES TRACE AMOUNT.





&&

THIS IS AN AUTOMATED...UNATTENDED WEATHER STATION AND MAY
UNDERESTIMATE WINTER PRECIPITATION.

$$
