000
CDUS45 KBYZ 091034
CLIMLS


CLIMATE REPORT
NATIONAL WEATHER SERVICE BILLINGS MT
332 AM MST FRI DEC 9 2016


...................................

...THE MILES CITY MT CLIMATE SUMMARY FOR DECEMBER 8 2016...

CLIMATE NORMAL PERIOD 1981 TO 2010
CLIMATE RECORD PERIOD 1937 TO 2016


WEATHER ITEM   OBSERVED TIME   RECORD YEAR NORMAL DEPARTURE LAST
                VALUE   (LST)  VALUE       VALUE  FROM      YEAR
                                                  NORMAL
..................................................................
TEMPERATURE (F)
 YESTERDAY
  MAXIMUM         10    228 PM  59    1957  32    -22       55
  MINIMUM         -9    722 AM -29    2013  11    -20       36
  AVERAGE          1                        22    -21       46

PRECIPITATION (IN)
  YESTERDAY        0.00          0.19 1966   0.00   0.00      T
  MONTH TO DATE    T                         0.06  -0.06      T
  SINCE OCT 1      0.97                      1.37  -0.40     1.24
  SINCE JAN 1     14.43                     12.21   2.22     8.48

DEGREE DAYS
 HEATING
  YESTERDAY       64                        43     21       19
  MONTH TO DATE  374                       337     37      232
  SINCE DEC 1    374                       337     37      232
  SINCE JUL 1   1689                      2136   -447     1660

 COOLING
  YESTERDAY        0                         0      0        0
  MONTH TO DATE    0                         0      0        0
  SINCE DEC 1      0                         0      0        0
  SINCE JAN 1    873                       730    143      837
..................................................................


WIND (MPH)
  HIGHEST WIND SPEED    12   HIGHEST WIND DIRECTION    NE (30)
  HIGHEST GUST SPEED    14   HIGHEST GUST DIRECTION    NE (50)
  AVERAGE WIND SPEED     5.2


SKY COVER
  POSSIBLE SUNSHINE  MM
  AVERAGE SKY COVER 0.0


WEATHER CONDITIONS
 THE FOLLOWING WEATHER WAS RECORDED YESTERDAY.
  NO SIGNIFICANT WEATHER WAS OBSERVED.


RELATIVE HUMIDITY (PERCENT)
 HIGHEST    82          1100 PM
 LOWEST     55           200 PM
 AVERAGE    69

..........................................................


THE MILES CITY MT CLIMATE NORMALS FOR TODAY
                         NORMAL    RECORD    YEAR
 MAXIMUM TEMPERATURE (F)   32        66      1957
 MINIMUM TEMPERATURE (F)   11       -35      1977


SUNRISE AND SUNSET
DECEMBER  9 2016......SUNRISE   736 AM MST   SUNSET   417 PM MST
DECEMBER 10 2016......SUNRISE   737 AM MST   SUNSET   417 PM MST


-  INDICATES NEGATIVE NUMBERS.
R  INDICATES RECORD WAS SET OR TIED.
MM INDICATES DATA IS MISSING.
T  INDICATES TRACE AMOUNT.





&&

THIS IS AN AUTOMATED...UNATTENDED WEATHER STATION AND MAY
UNDERESTIMATE WINTER PRECIPITATION.

$$
