000
CDUS45 KBYZ 030932
CLIMLS


CLIMATE REPORT
NATIONAL WEATHER SERVICE BILLINGS MT
332 AM MDT FRI JUL 3 2015


...................................

...THE MILES CITY MT CLIMATE SUMMARY FOR JULY 2 2015...

CLIMATE NORMAL PERIOD 1981 TO 2010
CLIMATE RECORD PERIOD 1937 TO 2015


WEATHER ITEM   OBSERVED TIME   RECORD YEAR NORMAL DEPARTURE LAST
                VALUE   (LST)  VALUE       VALUE  FROM      YEAR
                                                  NORMAL
..................................................................
TEMPERATURE (F)
 YESTERDAY
  MAXIMUM         86    302 PM 104    1990  85      1       82
  MINIMUM         58    447 AM  46    1973  57      1       51
  AVERAGE         72                        71      1       67

PRECIPITATION (IN)
  YESTERDAY        0.00          1.10 1951   0.06  -0.06     0.00
  MONTH TO DATE    T                         0.12  -0.12     0.03
  SINCE OCT 1      6.41                      8.93  -2.52    11.39
  SINCE JAN 1      5.40                      7.33  -1.93     9.71

DEGREE DAYS
 HEATING
  YESTERDAY        0                         1     -1        0
  MONTH TO DATE    0                         2     -2        0
  SINCE JUN 1     25                        91    -66       94
  SINCE JUL 1      0                         2     -2        0

 COOLING
  YESTERDAY        7                         7      0        2
  MONTH TO DATE   17                        14      3        4
  SINCE JUN 1    179                       121     58       41
  SINCE JAN 1    180                       141     39       75
..................................................................


WIND (MPH)
  HIGHEST WIND SPEED    22   HIGHEST WIND DIRECTION     N (340)
  HIGHEST GUST SPEED    31   HIGHEST GUST DIRECTION    NW (320)
  AVERAGE WIND SPEED    10.2


SKY COVER
  POSSIBLE SUNSHINE  MM
  AVERAGE SKY COVER 0.1


WEATHER CONDITIONS
 THE FOLLOWING WEATHER WAS RECORDED YESTERDAY.
  HAZE


RELATIVE HUMIDITY (PERCENT)
 HIGHEST    87           400 AM
 LOWEST     34           300 PM
 AVERAGE    61

..........................................................


THE MILES CITY MT CLIMATE NORMALS FOR TODAY
                         NORMAL    RECORD    YEAR
 MAXIMUM TEMPERATURE (F)   85       104      2012
 MINIMUM TEMPERATURE (F)   57        44      1972


SUNRISE AND SUNSET
JULY  3 2015..........SUNRISE   516 AM MDT   SUNSET   859 PM MDT
JULY  4 2015..........SUNRISE   517 AM MDT   SUNSET   859 PM MDT


-  INDICATES NEGATIVE NUMBERS.
R  INDICATES RECORD WAS SET OR TIED.
MM INDICATES DATA IS MISSING.
T  INDICATES TRACE AMOUNT.





&&

THIS IS AN AUTOMATED...UNATTENDED WEATHER STATION AND MAY
UNDERESTIMATE WINTER PRECIPITATION.

$$
