000
CDUS45 KBYZ 290940
CLIMLS


CLIMATE REPORT
NATIONAL WEATHER SERVICE BILLINGS MT
340 AM MDT WED JUL 29 2015


...................................

...THE MILES CITY MT CLIMATE SUMMARY FOR JULY 28 2015...

CLIMATE NORMAL PERIOD 1981 TO 2010
CLIMATE RECORD PERIOD 1937 TO 2015


WEATHER ITEM   OBSERVED TIME   RECORD YEAR NORMAL DEPARTURE LAST
                VALUE   (LST)  VALUE       VALUE  FROM      YEAR
                                                  NORMAL
..................................................................
TEMPERATURE (F)
 YESTERDAY
  MAXIMUM         74    515 PM 108    1999  90    -16       90
                                      1947
  MINIMUM         56    538 AM  52    2009  61     -5       59
                                      1971
  AVERAGE         65                        76    -11       75

PRECIPITATION (IN)
  YESTERDAY        T             0.85 1966   0.05  -0.05     0.00
  MONTH TO DATE    0.90                      1.50  -0.60     0.09
  SINCE OCT 1      7.31                     10.31  -3.00    11.45
  SINCE JAN 1      6.30                      8.71  -2.41     9.77

DEGREE DAYS
 HEATING
  YESTERDAY        0                         0      0        0
  MONTH TO DATE    0                        10    -10        1
  SINCE JUN 1     25                        99    -74       95
  SINCE JUL 1      0                        10    -10        1

 COOLING
  YESTERDAY        0                        11    -11       10
  MONTH TO DATE  272                       258     14      251
  SINCE JUN 1    434                       365     69      288
  SINCE JAN 1    435                       385     50      322
..................................................................


WIND (MPH)
  HIGHEST WIND SPEED    44   HIGHEST WIND DIRECTION     W (270)
  HIGHEST GUST SPEED    59   HIGHEST GUST DIRECTION     W (280)
  AVERAGE WIND SPEED    25.6


SKY COVER
  POSSIBLE SUNSHINE  MM
  AVERAGE SKY COVER 0.6


WEATHER CONDITIONS
 THE FOLLOWING WEATHER WAS RECORDED YESTERDAY.
  LIGHT RAIN


RELATIVE HUMIDITY (PERCENT)
 HIGHEST   100          1200 AM
 LOWEST     27           500 PM
 AVERAGE    64

..........................................................


THE MILES CITY MT CLIMATE NORMALS FOR TODAY
                         NORMAL    RECORD    YEAR
 MAXIMUM TEMPERATURE (F)   90       106      1995
 MINIMUM TEMPERATURE (F)   61        48      1971


SUNRISE AND SUNSET
JULY 29 2015..........SUNRISE   541 AM MDT   SUNSET   838 PM MDT
JULY 30 2015..........SUNRISE   542 AM MDT   SUNSET   837 PM MDT


-  INDICATES NEGATIVE NUMBERS.
R  INDICATES RECORD WAS SET OR TIED.
MM INDICATES DATA IS MISSING.
T  INDICATES TRACE AMOUNT.





&&

THIS IS AN AUTOMATED...UNATTENDED WEATHER STATION AND MAY
UNDERESTIMATE WINTER PRECIPITATION.

$$
