000
CDUS45 KBYZ 172228
CLIMLS


CLIMATE REPORT
NATIONAL WEATHER SERVICE BILLINGS MT
426 PM MDT THU APR 17 2014


...................................

...THE MILES CITY MT CLIMATE SUMMARY FOR APRIL 17 2014...
VALID TODAY AS OF 0400 PM LOCAL TIME.

CLIMATE NORMAL PERIOD 1981 TO 2010
CLIMATE RECORD PERIOD 1937 TO 2014


WEATHER ITEM   OBSERVED TIME   RECORD YEAR NORMAL DEPARTURE LAST
                VALUE   (LST)  VALUE       VALUE  FROM      YEAR
                                                  NORMAL
..................................................................
TEMPERATURE (F)
 TODAY
  MAXIMUM         60    249 PM  88    1994  60      0       33
  MINIMUM         31    231 AM  19    1953  34     -3       20
  AVERAGE         46                        47     -1       27

PRECIPITATION (IN)
  TODAY            0.00          0.45 1992   0.05  -0.05      T
  MONTH TO DATE    0.09                      0.66  -0.57     0.96
  SINCE OCT 1      3.33                      3.41  -0.08     3.05
  SINCE JAN 1      1.65                      1.81  -0.16     1.52

SNOWFALL (IN)
  TODAY           MM
  MONTH TO DATE   MM
  SINCE MAR 1     MM
  SINCE JUL 1     MM
  SNOW DEPTH      MM

DEGREE DAYS
 HEATING
  TODAY           19                        18      1       38
  MONTH TO DATE  416                       361     55      462
  SINCE MAR 1   1471                      1302    169     1438
  SINCE JUL 1   7510                      7036    474     6632

 COOLING
  TODAY            0                         0      0        0
  MONTH TO DATE    0                         0      0        0
  SINCE MAR 1      0                         0      0        0
  SINCE JAN 1      0                         0      0        0
..................................................................


WIND (MPH)
  HIGHEST WIND SPEED    15   HIGHEST WIND DIRECTION     S (180)
  HIGHEST GUST SPEED    21   HIGHEST GUST DIRECTION     S (180)
  AVERAGE WIND SPEED     7.7


SKY COVER
  POSSIBLE SUNSHINE  MM
  AVERAGE SKY COVER 0.5


WEATHER CONDITIONS
 THE FOLLOWING WEATHER WAS RECORDED TODAY.
  NO SIGNIFICANT WEATHER WAS OBSERVED.


RELATIVE HUMIDITY (PERCENT)
 HIGHEST    85           200 AM
 LOWEST     31           300 PM
 AVERAGE    58

..........................................................


THE MILES CITY MT CLIMATE NORMALS FOR TOMORROW
                         NORMAL    RECORD    YEAR
 MAXIMUM TEMPERATURE (F)   60        83      1980
 MINIMUM TEMPERATURE (F)   34        15      1953


SUNRISE AND SUNSET
APRIL 17 2014.........SUNRISE   613 AM MDT   SUNSET   754 PM MDT
APRIL 18 2014.........SUNRISE   611 AM MDT   SUNSET   755 PM MDT


-  INDICATES NEGATIVE NUMBERS.
R  INDICATES RECORD WAS SET OR TIED.
MM INDICATES DATA IS MISSING.
T  INDICATES TRACE AMOUNT.





&&

THIS IS AN AUTOMATED...UNATTENDED WEATHER STATION AND MAY
UNDERESTIMATE WINTER PRECIPITATION.

$$
