000
CDUS45 KBYZ 280935
CLIMLS


CLIMATE REPORT
NATIONAL WEATHER SERVICE BILLINGS MT
333 AM MDT TUE MAR 28 2017


...................................

...THE MILES CITY MT CLIMATE SUMMARY FOR MARCH 27 2017...

CLIMATE NORMAL PERIOD 1981 TO 2010
CLIMATE RECORD PERIOD 1937 TO 2017


WEATHER ITEM   OBSERVED TIME   RECORD YEAR NORMAL DEPARTURE LAST
                VALUE   (LST)  VALUE       VALUE  FROM      YEAR
                                                  NORMAL
..................................................................
TEMPERATURE (F)
 YESTERDAY
  MAXIMUM         63   1246 PM  82    1946  51     12       62
  MINIMUM         38    600 AM  -3    1937  27     11       30
  AVERAGE         51                        39     12       46

PRECIPITATION (IN)
  YESTERDAY        T             0.43 1950   0.03  -0.03     0.00
  MONTH TO DATE    0.49                      0.49   0.00     0.21
  SINCE OCT 1      2.04                      2.64  -0.60     2.28
  SINCE JAN 1      0.95                      1.04  -0.09     1.02

DEGREE DAYS
 HEATING
  YESTERDAY       14                        26    -12       19
  MONTH TO DATE  732                       841   -109      599
  SINCE MAR 1    732                       841   -109      599
  SINCE JUL 1   6284                      6575   -291     5292

 COOLING
  YESTERDAY        0                         0      0        0
  MONTH TO DATE    0                         0      0        0
  SINCE MAR 1      0                         0      0        0
  SINCE JAN 1      0                         0      0        0
..................................................................


WIND (MPH)
  HIGHEST WIND SPEED    16   HIGHEST WIND DIRECTION     W (280)
  HIGHEST GUST SPEED    21   HIGHEST GUST DIRECTION     W (270)
  AVERAGE WIND SPEED     7.3


SKY COVER
  POSSIBLE SUNSHINE  MM
  AVERAGE SKY COVER 0.6


WEATHER CONDITIONS
 THE FOLLOWING WEATHER WAS RECORDED YESTERDAY.
  LIGHT RAIN


RELATIVE HUMIDITY (PERCENT)
 HIGHEST    76           600 AM
 LOWEST     36           100 PM
 AVERAGE    56

..........................................................


THE MILES CITY MT CLIMATE NORMALS FOR TODAY
                         NORMAL    RECORD    YEAR
 MAXIMUM TEMPERATURE (F)   52        83      2015
 MINIMUM TEMPERATURE (F)   27         0      1954


SUNRISE AND SUNSET
MARCH 28 2017.........SUNRISE   650 AM MDT   SUNSET   728 PM MDT
MARCH 29 2017.........SUNRISE   648 AM MDT   SUNSET   729 PM MDT


-  INDICATES NEGATIVE NUMBERS.
R  INDICATES RECORD WAS SET OR TIED.
MM INDICATES DATA IS MISSING.
T  INDICATES TRACE AMOUNT.





&&

THIS IS AN AUTOMATED...UNATTENDED WEATHER STATION AND MAY
UNDERESTIMATE WINTER PRECIPITATION.

$$
