744
CDUS45 KBYZ 230723
CLIMLS


CLIMATE REPORT
NATIONAL WEATHER SERVICE BILLINGS MT
123 AM MDT FRI JUN 23 2017


...................................

...THE MILES CITY MT CLIMATE SUMMARY FOR JUNE 22 2017...

CLIMATE NORMAL PERIOD 1981 TO 2010
CLIMATE RECORD PERIOD 1937 TO 2017


WEATHER ITEM   OBSERVED TIME   RECORD YEAR NORMAL DEPARTURE LAST
                VALUE   (LST)  VALUE       VALUE  FROM      YEAR
                                                  NORMAL
..................................................................
TEMPERATURE (F)
 YESTERDAY
  MAXIMUM         78    317 PM 103    1954  81     -3       84
  MINIMUM         49    443 AM  42    1942  55     -6       54
  AVERAGE         64                        68     -4       69

PRECIPITATION (IN)
  YESTERDAY        T             1.82 1944   0.08  -0.08     0.00
  MONTH TO DATE    0.72                      1.97  -1.25     0.69
  SINCE OCT 1      4.25                      8.27  -4.02     9.81
  SINCE JAN 1      3.16                      6.67  -3.51     8.55

DEGREE DAYS
 HEATING
  YESTERDAY        1                         2     -1        0
  MONTH TO DATE    8                        78    -70        9
  SINCE JUN 1      8                        78    -70        9
  SINCE JUL 1   7105                      7627   -522     6101

 COOLING
  YESTERDAY        0                         5     -5        4
  MONTH TO DATE  109                        63     46      133
  SINCE JUN 1    109                        63     46      133
  SINCE JAN 1    130                        83     47      157
..................................................................


WIND (MPH)
  HIGHEST WIND SPEED    35   HIGHEST WIND DIRECTION     N (340)
  HIGHEST GUST SPEED    44   HIGHEST GUST DIRECTION    NW (320)
  AVERAGE WIND SPEED    16.5


SKY COVER
  POSSIBLE SUNSHINE  MM
  AVERAGE SKY COVER 0.3


WEATHER CONDITIONS
 THE FOLLOWING WEATHER WAS RECORDED YESTERDAY.
  NO SIGNIFICANT WEATHER WAS OBSERVED.


RELATIVE HUMIDITY (PERCENT)
 HIGHEST    68           400 AM
 LOWEST     15           400 PM
 AVERAGE    42

..........................................................


THE MILES CITY MT CLIMATE NORMALS FOR TODAY
                         NORMAL    RECORD    YEAR
 MAXIMUM TEMPERATURE (F)   82       104      1988
 MINIMUM TEMPERATURE (F)   55        43      1942


SUNRISE AND SUNSET
JUNE 23 2017..........SUNRISE   512 AM MDT   SUNSET   900 PM MDT
JUNE 24 2017..........SUNRISE   512 AM MDT   SUNSET   900 PM MDT


-  INDICATES NEGATIVE NUMBERS.
R  INDICATES RECORD WAS SET OR TIED.
MM INDICATES DATA IS MISSING.
T  INDICATES TRACE AMOUNT.




$$
