000
CDUS41 KCAR 270528
CLIMLT


CLIMATE REPORT
NATIONAL WEATHER SERVICE CARIBOU, ME
128 AM EDT THU APR 27 2017


...................................

...THE MILLINOCKET ME CLIMATE SUMMARY FOR APRIL 26 2017...

CLIMATE NORMAL PERIOD 1981 TO 2010
CLIMATE RECORD PERIOD 1903 TO 2017


WEATHER ITEM   OBSERVED TIME   RECORD YEAR NORMAL DEPARTURE LAST
                VALUE   (LST)  VALUE       VALUE  FROM      YEAR
                                                  NORMAL
..................................................................
TEMPERATURE (F)
 YESTERDAY
  MAXIMUM         55   1116 PM  84    1913  57     -2       46
  MINIMUM         40    451 AM  19    1919  36      4       23
  AVERAGE         48                        46      2       35

PRECIPITATION (IN)
  YESTERDAY        0.89          1.25 1946   0.11   0.78     0.00
  MONTH TO DATE    3.84                      3.13   0.71     2.80
  SINCE MAR 1      5.42                      6.19  -0.77     6.02
  SINCE JAN 1     10.61                     11.30  -0.69    11.33

SNOWFALL (IN)
  YESTERDAY       MM            MM      MM  MM     MM       MM
  MONTH TO DATE   MM                        MM     MM       MM
  SINCE MAR 1     MM                        MM     MM       MM
  SINCE JUL 1     MM                        MM     MM       MM
  SNOW DEPTH      MM

DEGREE DAYS
 HEATING
  YESTERDAY       17                        19     -2       30
  MONTH TO DATE  623                       650    -27      668
  SINCE MAR 1   1924                      1797    127     1764
  SINCE JUL 1   7419                      7849   -430     6728

 COOLING
  YESTERDAY        0                         0      0        0
  MONTH TO DATE    0                         0      0        0
  SINCE MAR 1      0                         0      0        0
  SINCE JAN 1      0                         0      0        0
..................................................................


WIND (MPH)
  HIGHEST WIND SPEED     7   HIGHEST WIND DIRECTION     E (80)
  HIGHEST GUST SPEED     9   HIGHEST GUST DIRECTION     E (70)
  AVERAGE WIND SPEED     3.1


SKY COVER
  POSSIBLE SUNSHINE  MM
  AVERAGE SKY COVER 1.0


WEATHER CONDITIONS
 THE FOLLOWING WEATHER WAS RECORDED YESTERDAY.
  HEAVY RAIN
  RAIN
  LIGHT RAIN
  FOG


RELATIVE HUMIDITY (PERCENT)
 HIGHEST   100           100 AM
 LOWEST     93           200 AM
 AVERAGE    97

..........................................................


THE MILLINOCKET ME CLIMATE NORMALS FOR TODAY
                         NORMAL    RECORD    YEAR
 MAXIMUM TEMPERATURE (F)   57        82      1913
 MINIMUM TEMPERATURE (F)   36        19      1966


SUNRISE AND SUNSET
APRIL 27 2017.........SUNRISE   528 AM EDT   SUNSET   737 PM EDT
APRIL 28 2017.........SUNRISE   527 AM EDT   SUNSET   738 PM EDT


-  INDICATES NEGATIVE NUMBERS.
R  INDICATES RECORD WAS SET OR TIED.
MM INDICATES DATA IS MISSING.
T  INDICATES TRACE AMOUNT.




$$
