000
CDUS41 KCAR 230527
CLIMLT


CLIMATE REPORT
NATIONAL WEATHER SERVICE CARIBOU, ME
126 AM EDT SAT JUL 23 2016


...................................

...THE MILLINOCKET ME CLIMATE SUMMARY FOR JULY 22 2016...

CLIMATE NORMAL PERIOD 1981 TO 2010
CLIMATE RECORD PERIOD 1903 TO 2016


WEATHER ITEM   OBSERVED TIME   RECORD YEAR NORMAL DEPARTURE LAST
                VALUE   (LST)  VALUE       VALUE  FROM      YEAR
                                                  NORMAL
..................................................................
TEMPERATURE (F)
 YESTERDAY
  MAXIMUM         90    304 PM  93    1994  79     11       77
  MINIMUM         65    431 AM  42    1905  58      7       61
  AVERAGE         78                        68     10       69

PRECIPITATION (IN)
  YESTERDAY        T             1.12 1911   0.12  -0.12     0.00
  MONTH TO DATE    2.08                      2.84  -0.76     2.08
  SINCE JUN 1      5.00                      6.91  -1.91     6.60
  SINCE JAN 1     18.61                     21.98  -3.37    18.29

SNOWFALL (IN)
  YESTERDAY       MM            MM      MM  MM     MM       MM
  MONTH TO DATE   MM                        MM     MM       MM
  SINCE JUN 1     MM                        MM     MM       MM
  SINCE JUL 1     MM                        MM     MM       MM
  SNOW DEPTH      MM

DEGREE DAYS
 HEATING
  YESTERDAY        0                         1     -1        0
  MONTH TO DATE   33                        22     11       12
  SINCE JUN 1    149                       138     11      172
  SINCE JUL 1     33                        22     11       12

 COOLING
  YESTERDAY       13                         4      9        4
  MONTH TO DATE   92                        85      7       66
  SINCE JUN 1    118                       134    -16       86
  SINCE JAN 1    124                       140    -16      120
..................................................................


WIND (MPH)
  HIGHEST WIND SPEED    17   HIGHEST WIND DIRECTION    NW (300)
  HIGHEST GUST SPEED    30   HIGHEST GUST DIRECTION     W (290)
  AVERAGE WIND SPEED     4.5


SKY COVER
  POSSIBLE SUNSHINE  MM
  AVERAGE SKY COVER 0.2


WEATHER CONDITIONS
 THE FOLLOWING WEATHER WAS RECORDED YESTERDAY.
  THUNDERSTORM


RELATIVE HUMIDITY (PERCENT)
 HIGHEST    78           200 AM
 LOWEST     41           300 PM
 AVERAGE    60

..........................................................


THE MILLINOCKET ME CLIMATE NORMALS FOR TODAY
                         NORMAL    RECORD    YEAR
 MAXIMUM TEMPERATURE (F)   79        94      1952
 MINIMUM TEMPERATURE (F)   58        43      1923


SUNRISE AND SUNSET
JULY 23 2016..........SUNRISE   509 AM EDT   SUNSET   813 PM EDT
JULY 24 2016..........SUNRISE   510 AM EDT   SUNSET   812 PM EDT


-  INDICATES NEGATIVE NUMBERS.
R  INDICATES RECORD WAS SET OR TIED.
MM INDICATES DATA IS MISSING.
T  INDICATES TRACE AMOUNT.




$$
