000
CDUS41 KCAR 172038
CLIMLT


CLIMATE REPORT
NATIONAL WEATHER SERVICE CARIBOU, ME
438 PM EDT WED SEP 17 2014


...................................

...THE MILLINOCKET ME CLIMATE SUMMARY FOR SEPTEMBER 17 2014...
VALID TODAY AS OF 0400 PM LOCAL TIME.

CLIMATE NORMAL PERIOD 1981 TO 2010
CLIMATE RECORD PERIOD 1903 TO 2014


WEATHER ITEM   OBSERVED TIME   RECORD YEAR NORMAL DEPARTURE LAST
                VALUE   (LST)  VALUE       VALUE  FROM      YEAR
                                                  NORMAL
..................................................................
TEMPERATURE (F)
 TODAY
  MAXIMUM         68    102 PM  90    1939  67      1       65
  MINIMUM         39    524 AM  29    1948  46     -7       38
  AVERAGE         54                        57     -3       52

PRECIPITATION (IN)
  TODAY            0.00          3.35 1999   0.13  -0.13     0.00
  MONTH TO DATE    0.55                      1.95  -1.40     3.74
  SINCE SEP 1      0.55                      1.95  -1.40     3.74
  SINCE JAN 1     25.69                     28.88  -3.19    29.23

SNOWFALL (IN)
  TODAY           MM            MM      MM  MM     MM       MM
  MONTH TO DATE   MM                        MM     MM       MM
  SINCE SEP 1     MM                        MM     MM       MM
  SINCE JUL 1     MM                        MM     MM       MM
  SNOW DEPTH      MM

DEGREE DAYS
 HEATING
  TODAY           11                         8      3       13
  MONTH TO DATE  113                       101     12       99
  SINCE SEP 1    113                       101     12       99
  SINCE JUL 1    141                       180    -39      144

 COOLING
  TODAY            0                         0      0        0
  MONTH TO DATE   35                        15     20       28
  SINCE SEP 1     35                        15     20       28
  SINCE JAN 1    363                       266     97      380
..................................................................


WIND (MPH)
  HIGHEST WIND SPEED    13   HIGHEST WIND DIRECTION     W (290)
  HIGHEST GUST SPEED    17   HIGHEST GUST DIRECTION     W (270)
  AVERAGE WIND SPEED     2.3


SKY COVER
  POSSIBLE SUNSHINE  MM
  AVERAGE SKY COVER 0.4


WEATHER CONDITIONS
 THE FOLLOWING WEATHER WAS RECORDED TODAY.
  FOG
  FOG W/VISIBILITY <= 1/4 MILE


RELATIVE HUMIDITY (PERCENT)
 HIGHEST    96           300 AM
 LOWEST     40           100 PM
 AVERAGE    68

..........................................................


THE MILLINOCKET ME CLIMATE NORMALS FOR TOMORROW
                         NORMAL    RECORD    YEAR
 MAXIMUM TEMPERATURE (F)   67        87      1991
 MINIMUM TEMPERATURE (F)   46        30      1945


SUNRISE AND SUNSET
SEPTEMBER 17 2014.....SUNRISE   615 AM EDT   SUNSET   642 PM EDT
SEPTEMBER 18 2014.....SUNRISE   617 AM EDT   SUNSET   640 PM EDT


-  INDICATES NEGATIVE NUMBERS.
R  INDICATES RECORD WAS SET OR TIED.
MM INDICATES DATA IS MISSING.
T  INDICATES TRACE AMOUNT.




$$
