000
CDUS41 KCAR 110526
CLIMLT


CLIMATE REPORT
NATIONAL WEATHER SERVICE CARIBOU, ME
126 AM EDT FRI JUL 11 2014


...................................

...THE MILLINOCKET ME CLIMATE SUMMARY FOR JULY 10 2014...

CLIMATE NORMAL PERIOD 1981 TO 2010
CLIMATE RECORD PERIOD 1903 TO 2014


WEATHER ITEM   OBSERVED TIME   RECORD YEAR NORMAL DEPARTURE LAST
                VALUE   (LST)  VALUE       VALUE  FROM      YEAR
                                                  NORMAL
..................................................................
TEMPERATURE (F)
 YESTERDAY
  MAXIMUM         77    145 PM  97    1955  78     -1       77
  MINIMUM         54   1159 PM  40    1934  58     -4       65
  AVERAGE         66                        68     -2       71

PRECIPITATION (IN)
  YESTERDAY        T             1.86 1964   0.14  -0.14     0.03
  MONTH TO DATE    1.85                      1.35   0.50     0.29
  SINCE JUN 1      6.42                      5.42   1.00     6.00
  SINCE JAN 1     20.32                     20.49  -0.17    17.16

SNOWFALL (IN)
  YESTERDAY       MM            MM      MM  MM     MM       MM
  MONTH TO DATE   MM                        MM     MM       MM
  SINCE JUN 1     MM                        MM     MM       MM
  SINCE JUL 1     MM                        MM     MM       MM
  SNOW DEPTH      MM

DEGREE DAYS
 HEATING
  YESTERDAY        0                         1     -1        0
  MONTH TO DATE    6                        10     -4        3
  SINCE JUN 1     82                       126    -44      104
  SINCE JUL 1      6                        10     -4        3

 COOLING
  YESTERDAY        1                         4     -3        6
  MONTH TO DATE   79                        37     42       84
  SINCE JUN 1    137                        86     51      145
  SINCE JAN 1    139                        92     47      153
..................................................................


WIND (MPH)
  HIGHEST WIND SPEED    17   HIGHEST WIND DIRECTION    NW (310)
  HIGHEST GUST SPEED    25   HIGHEST GUST DIRECTION    NW (300)
  AVERAGE WIND SPEED     6.3


SKY COVER
  POSSIBLE SUNSHINE  MM
  AVERAGE SKY COVER 0.3


WEATHER CONDITIONS
 THE FOLLOWING WEATHER WAS RECORDED YESTERDAY.
  NO SIGNIFICANT WEATHER WAS OBSERVED.


RELATIVE HUMIDITY (PERCENT)
 HIGHEST    86          1100 PM
 LOWEST     38          1200 PM
 AVERAGE    62

..........................................................


THE MILLINOCKET ME CLIMATE NORMALS FOR TODAY
                         NORMAL    RECORD    YEAR
 MAXIMUM TEMPERATURE (F)   78        97      1911
 MINIMUM TEMPERATURE (F)   58        42      1915


SUNRISE AND SUNSET
JULY 11 2014..........SUNRISE   456 AM EDT   SUNSET   824 PM EDT
JULY 12 2014..........SUNRISE   457 AM EDT   SUNSET   823 PM EDT


-  INDICATES NEGATIVE NUMBERS.
R  INDICATES RECORD WAS SET OR TIED.
MM INDICATES DATA IS MISSING.
T  INDICATES TRACE AMOUNT.




$$
