000
CDUS41 KCAR 290529
CLIMLT


CLIMATE REPORT
NATIONAL WEATHER SERVICE CARIBOU, ME
128 AM EDT FRI MAY 29 2015


...................................

...THE MILLINOCKET ME CLIMATE SUMMARY FOR MAY 28 2015...

CLIMATE NORMAL PERIOD 1981 TO 2010
CLIMATE RECORD PERIOD 1903 TO 2015


WEATHER ITEM   OBSERVED TIME   RECORD YEAR NORMAL DEPARTURE LAST
                VALUE   (LST)  VALUE       VALUE  FROM      YEAR
                                                  NORMAL
..................................................................
TEMPERATURE (F)
 YESTERDAY
  MAXIMUM         82   1137 AM  93    1911  68     14       66
  MINIMUM         61   1133 PM  29    1917  46     15       41
  AVERAGE         72                        57     15       54

PRECIPITATION (IN)
  YESTERDAY        0.31          2.25 1961   0.12   0.19      T
  MONTH TO DATE    4.17                      2.97   1.20     3.36
  SINCE MAR 1      8.09                      9.59  -1.50     8.67
  SINCE JAN 1     11.32                     14.70  -3.38    13.86

SNOWFALL (IN)
  YESTERDAY       MM            MM      MM  MM     MM       MM
  MONTH TO DATE   MM                        MM     MM       MM
  SINCE MAR 1     MM                        MM     MM       MM
  SINCE JUL 1     MM                        MM     MM       MM
  SNOW DEPTH      MM

DEGREE DAYS
 HEATING
  YESTERDAY        0                         9     -9       11
  MONTH TO DATE  231                       346   -115      288
  SINCE MAR 1   2238                      2215     23     2398
  SINCE JUL 1   8283                      8267     16     8436

 COOLING
  YESTERDAY        7                         0      7        0
  MONTH TO DATE   23                         0     23        2
  SINCE MAR 1     23                         0     23        2
  SINCE JAN 1     23                         0     23        2
..................................................................


WIND (MPH)
  HIGHEST WIND SPEED    24   HIGHEST WIND DIRECTION    NW (310)
  HIGHEST GUST SPEED    33   HIGHEST GUST DIRECTION    NW (310)
  AVERAGE WIND SPEED     4.7


SKY COVER
  POSSIBLE SUNSHINE  MM
  AVERAGE SKY COVER 0.7


WEATHER CONDITIONS
 THE FOLLOWING WEATHER WAS RECORDED YESTERDAY.
  THUNDERSTORM
  HEAVY RAIN
  RAIN
  LIGHT RAIN
  FOG


RELATIVE HUMIDITY (PERCENT)
 HIGHEST   100           400 AM
 LOWEST     67          1100 AM
 AVERAGE    84

..........................................................


THE MILLINOCKET ME CLIMATE NORMALS FOR TODAY
                         NORMAL    RECORD    YEAR
 MAXIMUM TEMPERATURE (F)   69        94      1929
 MINIMUM TEMPERATURE (F)   46        32      1970


SUNRISE AND SUNSET
MAY 29 2015...........SUNRISE   451 AM EDT   SUNSET   814 PM EDT
MAY 30 2015...........SUNRISE   450 AM EDT   SUNSET   815 PM EDT


-  INDICATES NEGATIVE NUMBERS.
R  INDICATES RECORD WAS SET OR TIED.
MM INDICATES DATA IS MISSING.
T  INDICATES TRACE AMOUNT.




$$
