000
CDUS41 KCAR 290540
CLIMLT


CLIMATE REPORT
NATIONAL WEATHER SERVICE CARIBOU, ME
139 AM EDT WED JUL 29 2015


...................................

...THE MILLINOCKET ME CLIMATE SUMMARY FOR JULY 28 2015...

CLIMATE NORMAL PERIOD 1981 TO 2010
CLIMATE RECORD PERIOD 1903 TO 2015


WEATHER ITEM   OBSERVED TIME   RECORD YEAR NORMAL DEPARTURE LAST
                VALUE   (LST)  VALUE       VALUE  FROM      YEAR
                                                  NORMAL
..................................................................
TEMPERATURE (F)
 YESTERDAY
  MAXIMUM         86    355 PM  93    1970  79      7       72
  MINIMUM         62   1159 PM  40    1920  57      5       65
  AVERAGE         74                        68      6       69

PRECIPITATION (IN)
  YESTERDAY        0.16          1.49 2008   0.12   0.04     1.11
  MONTH TO DATE    3.44                      3.51  -0.07     4.34
  SINCE JUN 1      7.96                      7.58   0.38     8.91
  SINCE JAN 1     19.65                     22.65  -3.00    22.81

SNOWFALL (IN)
  YESTERDAY       MM            MM      MM  MM     MM       MM
  MONTH TO DATE   MM                        MM     MM       MM
  SINCE JUN 1     MM                        MM     MM       MM
  SINCE JUL 1     MM                        MM     MM       MM
  SNOW DEPTH      MM

DEGREE DAYS
 HEATING
  YESTERDAY        0                         1     -1        0
  MONTH TO DATE   21                        28     -7        6
  SINCE JUN 1    181                       144     37       82
  SINCE JUL 1     21                        28     -7        6

 COOLING
  YESTERDAY        9                         4      5        4
  MONTH TO DATE   81                       109    -28      171
  SINCE JUN 1    101                       158    -57      229
  SINCE JAN 1    135                       164    -29      231
..................................................................


WIND (MPH)
  HIGHEST WIND SPEED    10   HIGHEST WIND DIRECTION     N (20)
  HIGHEST GUST SPEED    18   HIGHEST GUST DIRECTION     W (280)
  AVERAGE WIND SPEED     3.1


SKY COVER
  POSSIBLE SUNSHINE  MM
  AVERAGE SKY COVER 0.3


WEATHER CONDITIONS
 THE FOLLOWING WEATHER WAS RECORDED YESTERDAY.
  RAIN
  LIGHT RAIN
  FOG


RELATIVE HUMIDITY (PERCENT)
 HIGHEST    93           400 AM
 LOWEST     44           100 PM
 AVERAGE    69

..........................................................


THE MILLINOCKET ME CLIMATE NORMALS FOR TODAY
                         NORMAL    RECORD    YEAR
 MAXIMUM TEMPERATURE (F)   78        95      1959
 MINIMUM TEMPERATURE (F)   57        41      1987


SUNRISE AND SUNSET
JULY 29 2015..........SUNRISE   514 AM EDT   SUNSET   807 PM EDT
JULY 30 2015..........SUNRISE   516 AM EDT   SUNSET   806 PM EDT


-  INDICATES NEGATIVE NUMBERS.
R  INDICATES RECORD WAS SET OR TIED.
MM INDICATES DATA IS MISSING.
T  INDICATES TRACE AMOUNT.




$$
