000
CDUS44 KSHV 110838
CLIMLU


CLIMATE REPORT
NATIONAL WEATHER SERVICE SHREVEPORT, LA
237 AM CST THU FEB 11 2016


...................................

...THE MONROE CLIMATE SUMMARY FOR FEBRUARY 10 2016...

CLIMATE NORMAL PERIOD 1981 TO 2010
CLIMATE RECORD PERIOD 1930 TO 2016


WEATHER ITEM   OBSERVED TIME   RECORD YEAR NORMAL DEPARTURE LAST
                VALUE   (LST)  VALUE       VALUE  FROM      YEAR
                                                  NORMAL
..................................................................
TEMPERATURE (F)
 YESTERDAY
  MAXIMUM         59    452 PM  85    1932  60     -1       56
  MINIMUM         30    718 AM  20    1971  38     -8       34
  AVERAGE         45                        49     -4       45

PRECIPITATION (IN)
  YESTERDAY        0.00          2.69 1985   0.15  -0.15     0.00
  MONTH TO DATE    0.22                      1.57  -1.35     0.39
  SINCE DEC 1     11.33                     11.87  -0.54     9.78
  SINCE JAN 1      4.94                      6.58  -1.64     5.30

SNOWFALL (IN)
  YESTERDAY        0.0
  MONTH TO DATE    0.0
  SINCE DEC 1      T
  SINCE JUL 1      T
  SNOW DEPTH       0

DEGREE DAYS
 HEATING
  YESTERDAY       20                        16      4       20
  MONTH TO DATE  160                       166     -6      175
  SINCE DEC 1   1056                      1275   -219     1278
  SINCE JUL 1   1244                      1647   -403     1752

 COOLING
  YESTERDAY        0                         0      0        0
  MONTH TO DATE    1                         0      1        0
  SINCE DEC 1     57                        11     46        1
  SINCE JAN 1      4                         4      0        0
..................................................................


WIND (MPH)
  HIGHEST WIND SPEED    17   HIGHEST WIND DIRECTION    SW (220)
  HIGHEST GUST SPEED    22   HIGHEST GUST DIRECTION    SW (220)
  AVERAGE WIND SPEED     6.2


SKY COVER
  POSSIBLE SUNSHINE  MM
  AVERAGE SKY COVER 0.0


WEATHER CONDITIONS
 THE FOLLOWING WEATHER WAS RECORDED YESTERDAY.
  NO SIGNIFICANT WEATHER WAS OBSERVED.


RELATIVE HUMIDITY (PERCENT)
 HIGHEST    75           800 AM
 LOWEST     27           200 PM
 AVERAGE    51

..........................................................


THE MONROE CLIMATE NORMALS FOR TODAY
                         NORMAL    RECORD    YEAR
 MAXIMUM TEMPERATURE (F)   61        81      1999
 MINIMUM TEMPERATURE (F)   39        16      1981


SUNRISE AND SUNSET
FEBRUARY 11 2016......SUNRISE   655 AM CST   SUNSET   550 PM CST
FEBRUARY 12 2016......SUNRISE   654 AM CST   SUNSET   551 PM CST


-  INDICATES NEGATIVE NUMBERS.
R  INDICATES RECORD WAS SET OR TIED.
MM INDICATES DATA IS MISSING.
T  INDICATES TRACE AMOUNT.




$$
