000
CDUS44 KSHV 260831
CLIMLU


CLIMATE REPORT
NATIONAL WEATHER SERVICE SHREVEPORT, LA
231 AM CST WED NOV 26 2014


...................................

...THE MONROE CLIMATE SUMMARY FOR NOVEMBER 25 2014...

CLIMATE NORMAL PERIOD 1981 TO 2010
CLIMATE RECORD PERIOD 1930 TO 2014


WEATHER ITEM   OBSERVED TIME   RECORD YEAR NORMAL DEPARTURE LAST
                VALUE   (LST)  VALUE       VALUE  FROM      YEAR
                                                  NORMAL
..................................................................
TEMPERATURE (F)
 YESTERDAY
  MAXIMUM         56    348 PM  83    2010  65     -9       38
  MINIMUM         33   1151 PM  24    1950  42     -9       34
  AVERAGE         45                        53     -8       36

PRECIPITATION (IN)
  YESTERDAY        0.00          1.63 2013   0.17  -0.17     1.63
  MONTH TO DATE    3.22                      3.94  -0.72     4.67
  SINCE DEC 1     50.87                     53.12  -2.25    51.55
  SINCE JAN 1     47.61                     47.83  -0.22    46.82

SNOWFALL (IN)
  YESTERDAY        0.0
  MONTH TO DATE    0.0
  SINCE SEP 1      0.0
  SINCE JUL 1      0.0
  SNOW DEPTH       0

DEGREE DAYS
 HEATING
  YESTERDAY       20                        12      8       29
  MONTH TO DATE  364                       217    147      286
  SINCE SEP 1    417                       307    110      352
  SINCE JUL 1    417                       307    110      352

 COOLING
  YESTERDAY        0                         0      0        0
  MONTH TO DATE    2                        22    -20       13
  SINCE SEP 1    529                       499     30      588
  SINCE JAN 1   2280                      2506   -226     2433
..................................................................


WIND (MPH)
  HIGHEST WIND SPEED    10   HIGHEST WIND DIRECTION    NE (40)
  HIGHEST GUST SPEED    14   HIGHEST GUST DIRECTION    NE (40)
  AVERAGE WIND SPEED     2.9


SKY COVER
  POSSIBLE SUNSHINE  MM
  AVERAGE SKY COVER 0.0


WEATHER CONDITIONS
 THE FOLLOWING WEATHER WAS RECORDED YESTERDAY.
  NO SIGNIFICANT WEATHER WAS OBSERVED.


RELATIVE HUMIDITY (PERCENT)
 HIGHEST   100           100 AM
 LOWEST     32           400 PM
 AVERAGE    66

..........................................................


THE MONROE CLIMATE NORMALS FOR TODAY
                         NORMAL    RECORD    YEAR
 MAXIMUM TEMPERATURE (F)   65        85      1965
 MINIMUM TEMPERATURE (F)   41        27      1956


SUNRISE AND SUNSET
NOVEMBER 26 2014......SUNRISE   648 AM CST   SUNSET   503 PM CST
NOVEMBER 27 2014......SUNRISE   648 AM CST   SUNSET   503 PM CST


-  INDICATES NEGATIVE NUMBERS.
R  INDICATES RECORD WAS SET OR TIED.
MM INDICATES DATA IS MISSING.
T  INDICATES TRACE AMOUNT.




$$
