000
CDUS44 KSHV 252135
CLIMLU


CLIMATE REPORT
NATIONAL WEATHER SERVICE SHREVEPORT, LA
432 PM CDT TUE JUL 25 2017


...................................

...THE MONROE CLIMATE SUMMARY FOR JULY 25 2017...
VALID TODAY AS OF 0400 PM LOCAL TIME.

CLIMATE NORMAL PERIOD 1981 TO 2010
CLIMATE RECORD PERIOD 1930 TO 2017


WEATHER ITEM   OBSERVED TIME   RECORD YEAR NORMAL DEPARTURE LAST
                VALUE   (LST)  VALUE       VALUE  FROM      YEAR
                                                  NORMAL
..................................................................
TEMPERATURE (F)
 TODAY
  MAXIMUM         94    259 PM 104    1918  94      0       94
  MINIMUM         75    216 AM  63    2000  72      3       74
  AVERAGE         85                        83      2       84

PRECIPITATION (IN)
  TODAY            0.00          3.64 1933   0.10  -0.10      T
  MONTH TO DATE    2.21                      2.99  -0.78     2.14
  SINCE DEC 1     42.01                     37.01   5.00    56.68
  SINCE JAN 1     37.18                     31.72   5.46    50.29

DEGREE DAYS
 HEATING
  TODAY            0                         0      0        0
  MONTH TO DATE    0                         0      0        0
  SINCE JUN 1      0                         0      0        0
  SINCE JUL 1      0                         0      0        0

 COOLING
  TODAY           20                        18      2       19
  MONTH TO DATE  471                       450     21      496
  SINCE JUN 1    881                       916    -35      987
  SINCE JAN 1   1399                      1351     48     1368
..................................................................


WIND (MPH)
  HIGHEST WIND SPEED    14   HIGHEST WIND DIRECTION     W (270)
  HIGHEST GUST SPEED    17   HIGHEST GUST DIRECTION     W (270)
  AVERAGE WIND SPEED     5.4


SKY COVER
  POSSIBLE SUNSHINE  MM
  AVERAGE SKY COVER 0.1


WEATHER CONDITIONS
 THE FOLLOWING WEATHER WAS RECORDED TODAY.
  HAZE


RELATIVE HUMIDITY (PERCENT)
 HIGHEST    94          1200 AM
 LOWEST     46           300 PM
 AVERAGE    70

..........................................................


THE MONROE CLIMATE NORMALS FOR TOMORROW
                         NORMAL    RECORD    YEAR
 MAXIMUM TEMPERATURE (F)   94       109      1918
 MINIMUM TEMPERATURE (F)   72        61      1911


SUNRISE AND SUNSET
JULY 25 2017..........SUNRISE   618 AM CDT   SUNSET   811 PM CDT
JULY 26 2017..........SUNRISE   619 AM CDT   SUNSET   810 PM CDT


-  INDICATES NEGATIVE NUMBERS.
R  INDICATES RECORD WAS SET OR TIED.
MM INDICATES DATA IS MISSING.
T  INDICATES TRACE AMOUNT.




$$
