000
CDUS44 KSHV 312137
CLIMLU


CLIMATE REPORT
NATIONAL WEATHER SERVICE SHREVEPORT, LA
434 PM CDT FRI OCT 31 2014


...................................

...THE MONROE CLIMATE SUMMARY FOR OCTOBER 31 2014...
VALID TODAY AS OF 0400 PM LOCAL TIME.

CLIMATE NORMAL PERIOD 1981 TO 2010
CLIMATE RECORD PERIOD 1930 TO 2014


WEATHER ITEM   OBSERVED TIME   RECORD YEAR NORMAL DEPARTURE LAST
                VALUE   (LST)  VALUE       VALUE  FROM      YEAR
                                                  NORMAL
..................................................................
TEMPERATURE (F)
 TODAY
  MAXIMUM         70    245 PM  89    1937  74     -4       73
  MINIMUM         50    522 AM  30    1993  49      1       60
  AVERAGE         60                        61     -1       67

PRECIPITATION (IN)
  TODAY            0.00          4.38 2013   0.13  -0.13     4.38
  MONTH TO DATE    3.91                      4.78  -0.87     7.56
  SINCE DEC 1     47.65                     49.18  -1.53    46.88
  SINCE JAN 1     44.39                     43.89   0.50    42.15

SNOWFALL (IN)
  TODAY            0.0
  MONTH TO DATE    0.0
  SINCE SEP 1      0.0
  SINCE JUL 1      0.0
  SNOW DEPTH       0

DEGREE DAYS
 HEATING
  TODAY            5                         5      0        0
  MONTH TO DATE   51                        84    -33       66
  SINCE SEP 1     51                        90    -39       66
  SINCE JUL 1     51                        90    -39       66

 COOLING
  TODAY            0                         2     -2        2
  MONTH TO DATE  135                       120     15      122
  SINCE SEP 1    527                       477     50      575
  SINCE JAN 1   2278                      2484   -206     2420
..................................................................


WIND (MPH)
  HIGHEST WIND SPEED    22   HIGHEST WIND DIRECTION     N (350)
  HIGHEST GUST SPEED    27   HIGHEST GUST DIRECTION     N (360)
  AVERAGE WIND SPEED     9.6


SKY COVER
  POSSIBLE SUNSHINE  MM
  AVERAGE SKY COVER 0.1


WEATHER CONDITIONS
 THE FOLLOWING WEATHER WAS RECORDED TODAY.
  NO SIGNIFICANT WEATHER WAS OBSERVED.


RELATIVE HUMIDITY (PERCENT)
 HIGHEST    89          1200 AM
 LOWEST     40           300 PM
 AVERAGE    65

..........................................................


THE MONROE CLIMATE NORMALS FOR TOMORROW
                         NORMAL    RECORD    YEAR
 MAXIMUM TEMPERATURE (F)   74        88      1935
 MINIMUM TEMPERATURE (F)   48        27      1993


SUNRISE AND SUNSET
OCTOBER 31 2014.......SUNRISE   725 AM CDT   SUNSET   618 PM CDT
NOVEMBER  1 2014......SUNRISE   725 AM CDT   SUNSET   617 PM CDT


-  INDICATES NEGATIVE NUMBERS.
R  INDICATES RECORD WAS SET OR TIED.
MM INDICATES DATA IS MISSING.
T  INDICATES TRACE AMOUNT.




$$
