000
CDUS44 KSHV 180832
CLIMLU


CLIMATE REPORT
NATIONAL WEATHER SERVICE SHREVEPORT, LA
232 AM CST MON DEC 18 2017


...................................

...THE MONROE CLIMATE SUMMARY FOR DECEMBER 17 2017...

CLIMATE NORMAL PERIOD 1981 TO 2010
CLIMATE RECORD PERIOD 1930 TO 2017


WEATHER ITEM   OBSERVED TIME   RECORD YEAR NORMAL DEPARTURE LAST
                VALUE   (LST)  VALUE       VALUE  FROM      YEAR
                                                  NORMAL
..................................................................
TEMPERATURE (F)
 YESTERDAY
  MAXIMUM         MM        MM  89    1908  58     MM       81
  MINIMUM         MM        MM  17    1972  37     MM       50
                                      1932
  AVERAGE         MM                        48     MM       66

PRECIPITATION (IN)
  YESTERDAY        0.91          2.10 1931   0.17   0.74     0.13
  MONTH TO DATE    2.49                      2.96  -0.47     3.88
  SINCE DEC 1      2.49                      2.96  -0.47     3.88
  SINCE JAN 1     52.89                     51.69   1.20    67.49

SNOWFALL (IN)
  YESTERDAY        0.0
  MONTH TO DATE    0.0
  SINCE DEC 1      0.0
  SINCE JUL 1      0.0
  SNOW DEPTH       0

DEGREE DAYS
 HEATING
  YESTERDAY       MM                        18     MM        0
  MONTH TO DATE  233                       272    -39      281
  SINCE DEC 1    233                       272    -39      281
  SINCE JUL 1    537                       644   -107      494

 COOLING
  YESTERDAY       MM                         0     MM        1
  MONTH TO DATE    2                         0      2        1
  SINCE DEC 1      2                         0      2        1
  SINCE JAN 1   2626                      2508    118     2733
..................................................................


WIND (MPH)
  HIGHEST WIND SPEED    16   HIGHEST WIND DIRECTION    NW (320)
  HIGHEST GUST SPEED    43   HIGHEST GUST DIRECTION     W (280)
  AVERAGE WIND SPEED     2.9


SKY COVER
  POSSIBLE SUNSHINE  MM
  AVERAGE SKY COVER 1.0


WEATHER CONDITIONS
 THE FOLLOWING WEATHER WAS RECORDED YESTERDAY.
  HEAVY RAIN
  RAIN
  LIGHT RAIN
  FOG
  FOG W/VISIBILITY <= 1/4 MILE


RELATIVE HUMIDITY (PERCENT)
 HIGHEST   100          1000 AM
 LOWEST     93           400 PM
 AVERAGE    97

..........................................................


THE MONROE CLIMATE NORMALS FOR TODAY
                         NORMAL    RECORD    YEAR
 MAXIMUM TEMPERATURE (F)   58        78      1908
 MINIMUM TEMPERATURE (F)   37        18      1979


SUNRISE AND SUNSET
DECEMBER 18 2017......SUNRISE   704 AM CST   SUNSET   505 PM CST
DECEMBER 19 2017......SUNRISE   705 AM CST   SUNSET   506 PM CST


-  INDICATES NEGATIVE NUMBERS.
R  INDICATES RECORD WAS SET OR TIED.
MM INDICATES DATA IS MISSING.
T  INDICATES TRACE AMOUNT.




$$
