000
CDUS44 KSHV 262234
CLIMLU


CLIMATE REPORT
NATIONAL WEATHER SERVICE SHREVEPORT, LA
431 PM CST MON JAN 26 2015


...................................

...THE MONROE CLIMATE SUMMARY FOR JANUARY 26 2015...
VALID TODAY AS OF 0400 PM LOCAL TIME.

CLIMATE NORMAL PERIOD 1981 TO 2010
CLIMATE RECORD PERIOD 1930 TO 2015


WEATHER ITEM   OBSERVED TIME   RECORD YEAR NORMAL DEPARTURE LAST
                VALUE   (LST)  VALUE       VALUE  FROM      YEAR
                                                  NORMAL
..................................................................
TEMPERATURE (F)
 TODAY
  MAXIMUM         60    359 PM  78    1950  58      2       62
  MINIMUM         39    737 AM  21    1985  36      3       34
  AVERAGE         50                        47      3       48

PRECIPITATION (IN)
  TODAY            0.00          3.35 1932   0.17  -0.17     0.00
  MONTH TO DATE    4.91                      4.15   0.76     0.85
  SINCE DEC 1      9.39                      9.44  -0.05     4.11
  SINCE JAN 1      4.91                      4.15   0.76     0.85

SNOWFALL (IN)
  TODAY            0.0
  MONTH TO DATE    T
  SINCE DEC 1      T
  SINCE JUL 1      T
  SNOW DEPTH       0

DEGREE DAYS
 HEATING
  TODAY           15                        18     -3       17
  MONTH TO DATE  580                       490     90      586
  SINCE DEC 1   1043                      1020     23     1164
  SINCE JUL 1   1517                      1392    125     1644

 COOLING
  TODAY            0                         0      0        0
  MONTH TO DATE    0                         0      0        0
  SINCE DEC 1      1                         7     -6       11
  SINCE JAN 1      0                         0      0        0
..................................................................


WIND (MPH)
  HIGHEST WIND SPEED    15   HIGHEST WIND DIRECTION    NW (330)
  HIGHEST GUST SPEED    19   HIGHEST GUST DIRECTION     N (340)
  AVERAGE WIND SPEED     8.0


SKY COVER
  POSSIBLE SUNSHINE  MM
  AVERAGE SKY COVER 0.0


WEATHER CONDITIONS
 THE FOLLOWING WEATHER WAS RECORDED TODAY.
  NO SIGNIFICANT WEATHER WAS OBSERVED.


RELATIVE HUMIDITY (PERCENT)
 HIGHEST    76           700 AM
 LOWEST     36           400 PM
 AVERAGE    56

..........................................................


THE MONROE CLIMATE NORMALS FOR TOMORROW
                         NORMAL    RECORD    YEAR
 MAXIMUM TEMPERATURE (F)   58        80      1975
 MINIMUM TEMPERATURE (F)   36        16      1963


SUNRISE AND SUNSET
JANUARY 26 2015.......SUNRISE   706 AM CST   SUNSET   535 PM CST
JANUARY 27 2015.......SUNRISE   706 AM CST   SUNSET   536 PM CST


-  INDICATES NEGATIVE NUMBERS.
R  INDICATES RECORD WAS SET OR TIED.
MM INDICATES DATA IS MISSING.
T  INDICATES TRACE AMOUNT.




$$
