000
CDUS44 KSHV 292200
CLIMLU


CLIMATE REPORT
NATIONAL WEATHER SERVICE SHREVEPORT, LA
500 PM CDT MON MAY 29 2017


...................................

...THE MONROE CLIMATE SUMMARY FOR MAY 29 2017...
VALID TODAY AS OF 0500 PM LOCAL TIME.

CLIMATE NORMAL PERIOD 1981 TO 2010
CLIMATE RECORD PERIOD 1930 TO 2017


WEATHER ITEM   OBSERVED TIME   RECORD YEAR NORMAL DEPARTURE LAST
                VALUE   (LST)  VALUE       VALUE  FROM      YEAR
                                                  NORMAL
..................................................................
TEMPERATURE (F)
 TODAY
  MAXIMUM         84    259 PM  97    1989  88     -4       92
                                      1977
  MINIMUM         67    641 AM  55    1973  66      1       67
                                      1961
                                      1915
  AVERAGE         76                        77     -1       80

PRECIPITATION (IN)
  TODAY            0.00          2.46 1992   0.16  -0.16     0.00
  MONTH TO DATE    5.12                      4.87   0.25     2.41
  SINCE DEC 1     30.42                     29.02   1.40    50.11
  SINCE JAN 1     25.59                     23.73   1.86    43.72

DEGREE DAYS
 HEATING
  TODAY            0                         0      0        0
  MONTH TO DATE   12                         3      9        1
  SINCE MAR 1    204                       333   -129      167
  SINCE JUL 1   1400                      2227   -827     1595

 COOLING
  TODAY           11                        12     -1       15
  MONTH TO DATE  196                       263    -67      203
  SINCE MAR 1    434                       399     35      344
  SINCE JAN 1    493                       410     83      352
..................................................................


WIND (MPH)
  HIGHEST WIND SPEED    15   HIGHEST WIND DIRECTION     S (180)
  HIGHEST GUST SPEED    19   HIGHEST GUST DIRECTION     S (170)
  AVERAGE WIND SPEED     6.8


SKY COVER
  POSSIBLE SUNSHINE  MM
  AVERAGE SKY COVER 0.3


WEATHER CONDITIONS
 THE FOLLOWING WEATHER WAS RECORDED TODAY.
  NO SIGNIFICANT WEATHER WAS OBSERVED.


RELATIVE HUMIDITY (PERCENT)
 HIGHEST    93           300 AM
 LOWEST     55           200 PM
 AVERAGE    74

..........................................................


THE MONROE CLIMATE NORMALS FOR TOMORROW
                         NORMAL    RECORD    YEAR
 MAXIMUM TEMPERATURE (F)   89        98      1977
 MINIMUM TEMPERATURE (F)   67        50      1984


SUNRISE AND SUNSET
MAY 29 2017...........SUNRISE   602 AM CDT   SUNSET   809 PM CDT
MAY 30 2017...........SUNRISE   602 AM CDT   SUNSET   810 PM CDT


-  INDICATES NEGATIVE NUMBERS.
R  INDICATES RECORD WAS SET OR TIED.
MM INDICATES DATA IS MISSING.
T  INDICATES TRACE AMOUNT.




$$
