000
CDUS44 KSHV 242235
CLIMLU


CLIMATE REPORT
NATIONAL WEATHER SERVICE SHREVEPORT, LA
432 PM CST WED DEC 24 2014


...................................

...THE MONROE CLIMATE SUMMARY FOR DECEMBER 24 2014...
VALID TODAY AS OF 0400 PM LOCAL TIME.

CLIMATE NORMAL PERIOD 1981 TO 2010
CLIMATE RECORD PERIOD 1930 TO 2014


WEATHER ITEM   OBSERVED TIME   RECORD YEAR NORMAL DEPARTURE LAST
                VALUE   (LST)  VALUE       VALUE  FROM      YEAR
                                                  NORMAL
..................................................................
TEMPERATURE (F)
 TODAY
  MAXIMUM         49    350 PM  81    1955  57     -8       46
  MINIMUM         41    747 AM   8    1989  36      5       27
  AVERAGE         45                        47     -2       37

PRECIPITATION (IN)
  TODAY            T             2.56 1973   0.17  -0.17     0.00
  MONTH TO DATE    1.76                      4.14  -2.38     3.26
  SINCE DEC 1      1.76                      4.14  -2.38     3.26
  SINCE JAN 1     49.37                     52.87  -3.50    50.31

SNOWFALL (IN)
  TODAY            0.0
  MONTH TO DATE    0.0
  SINCE DEC 1      0.0
  SINCE JUL 1      0.0
  SNOW DEPTH       0

DEGREE DAYS
 HEATING
  TODAY           20                        18      2       28
  MONTH TO DATE  327                       398    -71      419
  SINCE DEC 1    327                       398    -71      419
  SINCE JUL 1    801                       770     31      899

 COOLING
  TODAY            0                         0      0        0
  MONTH TO DATE    1                         0      1       11
  SINCE DEC 1      1                         0      1       11
  SINCE JAN 1   2284                      2508   -224     2444
..................................................................


WIND (MPH)
  HIGHEST WIND SPEED    18   HIGHEST WIND DIRECTION     W (280)
  HIGHEST GUST SPEED    25   HIGHEST GUST DIRECTION    NW (300)
  AVERAGE WIND SPEED    12.0


SKY COVER
  POSSIBLE SUNSHINE  MM
  AVERAGE SKY COVER 0.7


WEATHER CONDITIONS
 THE FOLLOWING WEATHER WAS RECORDED TODAY.
  NO SIGNIFICANT WEATHER WAS OBSERVED.


RELATIVE HUMIDITY (PERCENT)
 HIGHEST    86          1200 AM
 LOWEST     61          1200 PM
 AVERAGE    74

..........................................................


THE MONROE CLIMATE NORMALS FOR TOMORROW
                         NORMAL    RECORD    YEAR
 MAXIMUM TEMPERATURE (F)   57        76      1987
 MINIMUM TEMPERATURE (F)   36         5      1983


SUNRISE AND SUNSET
DECEMBER 24 2014......SUNRISE   707 AM CST   SUNSET   508 PM CST
DECEMBER 25 2014......SUNRISE   708 AM CST   SUNSET   509 PM CST


-  INDICATES NEGATIVE NUMBERS.
R  INDICATES RECORD WAS SET OR TIED.
MM INDICATES DATA IS MISSING.
T  INDICATES TRACE AMOUNT.




$$
