000
CDUS46 KPQR 281141
CLIMMV


CLIMATE REPORT
NATIONAL WEATHER SERVICE PORTLAND OREGON
441 AM PDT WED JUN 28 2017


...................................

...THE MCMINNVILLE OR CLIMATE SUMMARY FOR JUNE 27 2017...

CLIMATE NORMAL PERIOD 1981 TO 2010
CLIMATE RECORD PERIOD 1894 TO 2017


WEATHER ITEM   OBSERVED TIME   RECORD YEAR NORMAL DEPARTURE LAST
                VALUE   (LST)  VALUE       VALUE  FROM      YEAR
                                                  NORMAL
..................................................................
TEMPERATURE (F)
 YESTERDAY
  MAXIMUM         76    511 PM  97    2000  76      0       87
  MINIMUM         53   1159 PM  32    1965  49      4       57
  AVERAGE         65                        62      3       72

PRECIPITATION (IN)
  YESTERDAY        0.00          0.51 2001   0.04  -0.04     0.00
  MONTH TO DATE    0.84                      1.41  -0.57     1.56
  SINCE OCT 1     53.31                     37.16  16.15    49.19
  SINCE JAN 1     29.50                     21.13   8.37    24.12

DEGREE DAYS
 HEATING
  YESTERDAY        0                         4     -4        0
  MONTH TO DATE   97                       159    -62      101
  SINCE JUL 1   4602                      4861   -259     3805

 COOLING
  YESTERDAY        0                         1     -1        7
  MONTH TO DATE   52                         8     44       66
  SINCE JAN 1     76                        14     62       85
..................................................................


WIND (MPH)
  HIGHEST WIND SPEED    14   HIGHEST WIND DIRECTION    SW (230)
  HIGHEST GUST SPEED    17   HIGHEST GUST DIRECTION    SW (230)
  AVERAGE WIND SPEED     4.9


SKY COVER
  POSSIBLE SUNSHINE  MM
  AVERAGE SKY COVER 0.6


WEATHER CONDITIONS
 THE FOLLOWING WEATHER WAS RECORDED YESTERDAY.
  NO SIGNIFICANT WEATHER WAS OBSERVED.


RELATIVE HUMIDITY (PERCENT)
 HIGHEST    86          1200 AM
 LOWEST     43           400 PM
 AVERAGE    65

..........................................................


THE MCMINNVILLE OR CLIMATE NORMALS FOR TODAY
                         NORMAL    RECORD    YEAR
 MAXIMUM TEMPERATURE (F)   76        99      2008
                                             1924
 MINIMUM TEMPERATURE (F)   49        33      1971


SUNRISE AND SUNSET
JUNE 28 2017..........SUNRISE   428 AM PST   SUNSET   804 PM PST
JUNE 29 2017..........SUNRISE   428 AM PST   SUNSET   804 PM PST


-  INDICATES NEGATIVE NUMBERS.
R  INDICATES RECORD WAS SET OR TIED.
MM INDICATES DATA IS MISSING.
T  INDICATES TRACE AMOUNT.




$$
