000
CDUS46 KPQR 291147
CLIMMV


CLIMATE REPORT
NATIONAL WEATHER SERVICE PORTLAND OREGON
445 AM PDT SAT AUG 29 2015


...................................

...THE MCMINNVILLE OR CLIMATE SUMMARY FOR AUGUST 28 2015...

CLIMATE NORMAL PERIOD 1981 TO 2010
CLIMATE RECORD PERIOD 1894 TO 2015


WEATHER ITEM   OBSERVED TIME   RECORD YEAR NORMAL DEPARTURE LAST
                VALUE   (LST)  VALUE       VALUE  FROM      YEAR
                                                  NORMAL
..................................................................
TEMPERATURE (F)
 YESTERDAY
  MAXIMUM         78    428 PM 103    1923  81     -3       86
  MINIMUM         62    552 AM  36    1957  50     12       56
  AVERAGE         70                        65      5       71

PRECIPITATION (IN)
  YESTERDAY        0.05          0.55 1983   0.03   0.02     0.00
  MONTH TO DATE    0.05                      0.50  -0.45     0.01
  SINCE OCT 1     32.49                     38.28  -5.79    27.47
  SINCE JAN 1     16.25                     22.25  -6.00    22.51

DEGREE DAYS
 HEATING
  YESTERDAY        0                         2     -2        0
  MONTH TO DATE    0                        33    -33        1
  SINCE JUL 1      5                        77    -72        5

 COOLING
  YESTERDAY        5                         2      3        6
  MONTH TO DATE  144                        75     69      201
  SINCE JAN 1    490                       175    315      441
..................................................................


WIND (MPH)
  HIGHEST WIND SPEED    15   HIGHEST WIND DIRECTION    SW (230)
  HIGHEST GUST SPEED    18   HIGHEST GUST DIRECTION     W (250)
  AVERAGE WIND SPEED     3.9


SKY COVER
  POSSIBLE SUNSHINE  MM
  AVERAGE SKY COVER 0.5


WEATHER CONDITIONS
 THE FOLLOWING WEATHER WAS RECORDED YESTERDAY.
  LIGHT RAIN
  FOG


RELATIVE HUMIDITY (PERCENT)
 HIGHEST    93           700 AM
 LOWEST     42          1200 AM
 AVERAGE    68

..........................................................


THE MCMINNVILLE OR CLIMATE NORMALS FOR TODAY
                         NORMAL    RECORD    YEAR
 MAXIMUM TEMPERATURE (F)   81       105      1931
 MINIMUM TEMPERATURE (F)   50        34      1969


SUNRISE AND SUNSET
AUGUST 29 2015........SUNRISE   530 AM PST   SUNSET   656 PM PST
AUGUST 30 2015........SUNRISE   532 AM PST   SUNSET   654 PM PST


-  INDICATES NEGATIVE NUMBERS.
R  INDICATES RECORD WAS SET OR TIED.
MM INDICATES DATA IS MISSING.
T  INDICATES TRACE AMOUNT.




$$
