373
CDUS46 KPQR 231141
CLIMMV


CLIMATE REPORT
NATIONAL WEATHER SERVICE PORTLAND OREGON
440 AM PDT SAT JUL 23 2016


...................................

...THE MCMINNVILLE OR CLIMATE SUMMARY FOR JULY 22 2016...

CLIMATE NORMAL PERIOD 1981 TO 2010
CLIMATE RECORD PERIOD 1894 TO 2016


WEATHER ITEM   OBSERVED TIME   RECORD YEAR NORMAL DEPARTURE LAST
                VALUE   (LST)  VALUE       VALUE  FROM      YEAR
                                                  NORMAL
..................................................................
TEMPERATURE (F)
 YESTERDAY
  MAXIMUM         74    235 PM 102    1928  83     -9       74
  MINIMUM         60   1159 PM  36    1960  52      8       50
  AVERAGE         67                        67      0       62

PRECIPITATION (IN)
  YESTERDAY        0.00          0.31 1898   0.01  -0.01     0.00
  MONTH TO DATE    0.35                      0.42  -0.07      T
  SINCE OCT 1     49.54                     37.70  11.84    32.44
  SINCE JAN 1     24.47                     21.67   2.80    16.20

DEGREE DAYS
 HEATING
  YESTERDAY        0                         1     -1        3
  MONTH TO DATE   17                        36    -19        3
  SINCE JUL 1     17                        36    -19        3

 COOLING
  YESTERDAY        2                         3     -1        0
  MONTH TO DATE   30                        50    -20      160
  SINCE JAN 1    121                        72     49      290
..................................................................


WIND (MPH)
  HIGHEST WIND SPEED    14   HIGHEST WIND DIRECTION     N (340)
  HIGHEST GUST SPEED    17   HIGHEST GUST DIRECTION     N (340)
  AVERAGE WIND SPEED     7.1


SKY COVER
  POSSIBLE SUNSHINE  MM
  AVERAGE SKY COVER 0.9


WEATHER CONDITIONS
 THE FOLLOWING WEATHER WAS RECORDED YESTERDAY.
  NO SIGNIFICANT WEATHER WAS OBSERVED.


RELATIVE HUMIDITY (PERCENT)
 HIGHEST    84           100 AM
 LOWEST     49           100 PM
 AVERAGE    67

..........................................................


THE MCMINNVILLE OR CLIMATE NORMALS FOR TODAY
                         NORMAL    RECORD    YEAR
 MAXIMUM TEMPERATURE (F)   83       108      1924
 MINIMUM TEMPERATURE (F)   52        36      1960


SUNRISE AND SUNSET
JULY 23 2016..........SUNRISE   448 AM PST   SUNSET   749 PM PST
JULY 24 2016..........SUNRISE   449 AM PST   SUNSET   748 PM PST


-  INDICATES NEGATIVE NUMBERS.
R  INDICATES RECORD WAS SET OR TIED.
MM INDICATES DATA IS MISSING.
T  INDICATES TRACE AMOUNT.




$$
