015
CDUS46 KPQR 240221
CLIMMV


CLIMATE REPORT
NATIONAL WEATHER SERVICE PORTLAND OREGON
721 PM PDT SUN APR 23 2017


...................................

...THE MCMINNVILLE OR CLIMATE SUMMARY FOR APRIL 23 2017...
VALID TODAY AS OF 0700 PM LOCAL TIME.

CLIMATE NORMAL PERIOD 1981 TO 2010
CLIMATE RECORD PERIOD 1894 TO 2017


WEATHER ITEM   OBSERVED TIME   RECORD YEAR NORMAL DEPARTURE LAST
                VALUE   (LST)  VALUE       VALUE  FROM      YEAR
                                                  NORMAL
..................................................................
TEMPERATURE (F)
 TODAY
  MAXIMUM         56    202 PM  85    1910  62     -6       63
  MINIMUM         47    555 AM  29    1954  40      7       45
  AVERAGE         52                        51      1       54

PRECIPITATION (IN)
  TODAY            0.10                      0.08   0.02     0.04
  MONTH TO DATE    3.03                      2.38   0.65     2.36
  SINCE OCT 1     49.14                     32.98  16.16    46.22
  SINCE JAN 1     25.33                     16.95   8.38    21.15

DEGREE DAYS
 HEATING
  TODAY           13                                        11
  MONTH TO DATE  345                                       184
  SINCE MAR 1    882                                       672
  SINCE JUL 1   4178                                      3432

 COOLING
  TODAY            0                                         0
  MONTH TO DATE    0                                        11
  SINCE MAR 1      0                                        11
  SINCE JAN 1      0                                        11
..................................................................


WIND (MPH)
  HIGHEST WIND SPEED    18   HIGHEST WIND DIRECTION    SW (240)
  HIGHEST GUST SPEED    23   HIGHEST GUST DIRECTION    SW (240)
  AVERAGE WIND SPEED    10.0


SKY COVER
  POSSIBLE SUNSHINE  MM
  AVERAGE SKY COVER 0.9


WEATHER CONDITIONS
 THE FOLLOWING WEATHER WAS RECORDED TODAY.
  RAIN
  LIGHT RAIN
  FOG


RELATIVE HUMIDITY (PERCENT)
 HIGHEST    93           300 AM
 LOWEST     66           300 PM
 AVERAGE    80

..........................................................


THE MCMINNVILLE OR CLIMATE NORMALS FOR TOMORROW
                         NORMAL    RECORD    YEAR
 MAXIMUM TEMPERATURE (F)   63        85      1923
 MINIMUM TEMPERATURE (F)   40        27      1955


SUNRISE AND SUNSET
APRIL 23 2017.........SUNRISE   513 AM PST   SUNSET   709 PM PST
APRIL 24 2017.........SUNRISE   512 AM PST   SUNSET   710 PM PST


-  INDICATES NEGATIVE NUMBERS.
R  INDICATES RECORD WAS SET OR TIED.
MM INDICATES DATA IS MISSING.
T  INDICATES TRACE AMOUNT.




$$
