952
CDUS46 KPQR 191147
CLIMMV


CLIMATE REPORT
NATIONAL WEATHER SERVICE PORTLAND OREGON
346 AM PST SUN FEB 19 2017


...................................

...THE MCMINNVILLE OR CLIMATE SUMMARY FOR FEBRUARY 18 2017...

CLIMATE NORMAL PERIOD 1981 TO 2010
CLIMATE RECORD PERIOD 1894 TO 2017


WEATHER ITEM   OBSERVED TIME   RECORD YEAR NORMAL DEPARTURE LAST
                VALUE   (LST)  VALUE       VALUE  FROM      YEAR
                                                  NORMAL
..................................................................
TEMPERATURE (F)
 YESTERDAY
  MAXIMUM         54    301 PM  66    1977  51      3       51
  MINIMUM         42    806 PM  20    1955  35      7       44
  AVERAGE         48                        43      5       48

PRECIPITATION (IN)
  YESTERDAY        0.14          2.00 1992   0.11   0.03     0.44
  MONTH TO DATE    9.39                      2.98   6.41     2.48
  SINCE OCT 1     36.88                     25.11  11.77    36.06
  SINCE JAN 1     13.07                      9.08   3.99    10.99

DEGREE DAYS
 HEATING
  YESTERDAY       17                        22     -5       17
  MONTH TO DATE  380                       410    -30      289
  SINCE JUL 1   3060                      3165   -105     2567

 COOLING
  YESTERDAY        0                         0      0        0
  MONTH TO DATE    0                         0      0        0
  SINCE JAN 1      0                         0      0        0
..................................................................


WIND (MPH)
  HIGHEST WIND SPEED    18   HIGHEST WIND DIRECTION     W (250)
  HIGHEST GUST SPEED    23   HIGHEST GUST DIRECTION     W (250)
  AVERAGE WIND SPEED     6.6


SKY COVER
  POSSIBLE SUNSHINE  MM
  AVERAGE SKY COVER 0.9


WEATHER CONDITIONS
 THE FOLLOWING WEATHER WAS RECORDED YESTERDAY.
  LIGHT RAIN


RELATIVE HUMIDITY (PERCENT)
 HIGHEST    92           700 AM
 LOWEST     66          1200 AM
 AVERAGE    79

..........................................................


THE MCMINNVILLE OR CLIMATE NORMALS FOR TODAY
                         NORMAL    RECORD    YEAR
 MAXIMUM TEMPERATURE (F)   51        65      1916
 MINIMUM TEMPERATURE (F)   35        20      1955


SUNRISE AND SUNSET
FEBRUARY 19 2017......SUNRISE   707 AM PST   SUNSET   546 PM PST
FEBRUARY 20 2017......SUNRISE   705 AM PST   SUNSET   548 PM PST


-  INDICATES NEGATIVE NUMBERS.
R  INDICATES RECORD WAS SET OR TIED.
MM INDICATES DATA IS MISSING.
T  INDICATES TRACE AMOUNT.




$$
