000
CDUS46 KPQR 271145
CLIMMV


CLIMATE REPORT
NATIONAL WEATHER SERVICE PORTLAND OREGON
445 AM PDT MON JUL 27 2015


...................................

...THE MCMINNVILLE OR CLIMATE SUMMARY FOR JULY 26 2015...

CLIMATE NORMAL PERIOD 1981 TO 2010
CLIMATE RECORD PERIOD 1894 TO 2015


WEATHER ITEM   OBSERVED TIME   RECORD YEAR NORMAL DEPARTURE LAST
                VALUE   (LST)  VALUE       VALUE  FROM      YEAR
                                                  NORMAL
..................................................................
TEMPERATURE (F)
 YESTERDAY
  MAXIMUM         73    418 PM 104    1939  83    -10       88
  MINIMUM         54    104 AM  39    1969  52      2       52
  AVERAGE         64                        68     -4       70

PRECIPITATION (IN)
  YESTERDAY        T             0.49 1978   0.01  -0.01     0.00
  MONTH TO DATE    T                         0.46  -0.46     0.38
  SINCE OCT 1     32.44                     37.74  -5.30    27.46
  SINCE JAN 1     16.20                     21.71  -5.51    22.50

DEGREE DAYS
 HEATING
  YESTERDAY        1                         1      0        0
  MONTH TO DATE    4                        40    -36        4
  SINCE JUL 1      4                        40    -36        4

 COOLING
  YESTERDAY        0                         3     -3        5
  MONTH TO DATE  167                        62    105      162
  SINCE JAN 1    297                        84    213      192
..................................................................


WIND (MPH)
  HIGHEST WIND SPEED    15   HIGHEST WIND DIRECTION     N (10)
  HIGHEST GUST SPEED    25   HIGHEST GUST DIRECTION     N (10)
  AVERAGE WIND SPEED     4.1


SKY COVER
  POSSIBLE SUNSHINE  MM
  AVERAGE SKY COVER 0.9


WEATHER CONDITIONS
 THE FOLLOWING WEATHER WAS RECORDED YESTERDAY.
  LIGHT RAIN


RELATIVE HUMIDITY (PERCENT)
 HIGHEST    86           300 AM
 LOWEST     46           200 PM
 AVERAGE    66

..........................................................


THE MCMINNVILLE OR CLIMATE NORMALS FOR TODAY
                         NORMAL    RECORD    YEAR
 MAXIMUM TEMPERATURE (F)   83       105      1958
 MINIMUM TEMPERATURE (F)   52        35      1956


SUNRISE AND SUNSET
JULY 27 2015..........SUNRISE   452 AM PST   SUNSET   746 PM PST
JULY 28 2015..........SUNRISE   453 AM PST   SUNSET   745 PM PST


-  INDICATES NEGATIVE NUMBERS.
R  INDICATES RECORD WAS SET OR TIED.
MM INDICATES DATA IS MISSING.
T  INDICATES TRACE AMOUNT.




$$
