000
CDUS46 KPQR 161142
CLIMMV


CLIMATE REPORT
NATIONAL WEATHER SERVICE PORTLAND OREGON
341 AM PST SAT DEC 16 2017


...................................

...THE MCMINNVILLE OR CLIMATE SUMMARY FOR DECEMBER 15 2017...

CLIMATE NORMAL PERIOD 1981 TO 2010
CLIMATE RECORD PERIOD 1894 TO 2017


WEATHER ITEM   OBSERVED TIME   RECORD YEAR NORMAL DEPARTURE LAST
                VALUE   (LST)  VALUE       VALUE  FROM      YEAR
                                                  NORMAL
..................................................................
TEMPERATURE (F)
 YESTERDAY
  MAXIMUM         40    210 PM  65    1930  45     -5       33
  MINIMUM         27    325 AM   2    1919  34     -7       26
  AVERAGE         34                        39     -5       30

PRECIPITATION (IN)
  YESTERDAY        T             2.82 1977   0.20  -0.20      T
  MONTH TO DATE    0.55                      2.90  -2.35     3.32
  SINCE OCT 1     12.71                     12.84  -0.13    21.63
  SINCE JAN 1     44.45                     36.55   7.90    46.90

DEGREE DAYS
 HEATING
  YESTERDAY       31                        26      5       35
  MONTH TO DATE  373                       368      5      388
  SINCE JUL 1   1346                      1590   -244     1290

 COOLING
  YESTERDAY        0                         0      0        0
  MONTH TO DATE    0                         0      0        0
  SINCE JAN 1    507                       215    292      363
..................................................................


WIND (MPH)
  HIGHEST WIND SPEED     7   HIGHEST WIND DIRECTION    SE (120)
  HIGHEST GUST SPEED    12   HIGHEST GUST DIRECTION     S (190)
  AVERAGE WIND SPEED     2.3


SKY COVER
  POSSIBLE SUNSHINE  MM
  AVERAGE SKY COVER 0.5


WEATHER CONDITIONS
 THE FOLLOWING WEATHER WAS RECORDED YESTERDAY.
  LIGHT RAIN
  FOG
  FOG W/VISIBILITY <= 1/4 MILE
  HAZE


RELATIVE HUMIDITY (PERCENT)
 HIGHEST   100           500 AM
 LOWEST     79           200 PM
 AVERAGE    90

..........................................................


THE MCMINNVILLE OR CLIMATE NORMALS FOR TODAY
                         NORMAL    RECORD    YEAR
 MAXIMUM TEMPERATURE (F)   45        60      1974
 MINIMUM TEMPERATURE (F)   33         9      1919


SUNRISE AND SUNSET
DECEMBER 16 2017......SUNRISE   746 AM PST   SUNSET   431 PM PST
DECEMBER 17 2017......SUNRISE   746 AM PST   SUNSET   431 PM PST


-  INDICATES NEGATIVE NUMBERS.
R  INDICATES RECORD WAS SET OR TIED.
MM INDICATES DATA IS MISSING.
T  INDICATES TRACE AMOUNT.




$$
