000
CDUS46 KPQR 191144
CLIMMV


CLIMATE REPORT
NATIONAL WEATHER SERVICE PORTLAND OREGON
443 AM PDT SAT AUG 19 2017


...................................

...THE MCMINNVILLE OR CLIMATE SUMMARY FOR AUGUST 18 2017...

CLIMATE NORMAL PERIOD 1981 TO 2010
CLIMATE RECORD PERIOD 1894 TO 2017


WEATHER ITEM   OBSERVED TIME   RECORD YEAR NORMAL DEPARTURE LAST
                VALUE   (LST)  VALUE       VALUE  FROM      YEAR
                                                  NORMAL
..................................................................
TEMPERATURE (F)
 YESTERDAY
  MAXIMUM         86    420 PM 104    1897  82      4      102
  MINIMUM         50    507 AM  34    1970  50      0       52
  AVERAGE         68                        66      2       77

PRECIPITATION (IN)
  YESTERDAY        0.00          0.59 1924   0.02  -0.02     0.00
  MONTH TO DATE    0.19                      0.27  -0.08     0.26
  SINCE OCT 1     53.51                     38.05  15.46    49.80
  SINCE JAN 1     29.70                     22.02   7.68    24.73

DEGREE DAYS
 HEATING
  YESTERDAY        0                         1     -1        0
  MONTH TO DATE    4                        18    -14       13
  SINCE JUL 1      9                        62    -53       30

 COOLING
  YESTERDAY        3                         3      0       12
  MONTH TO DATE  136                        54     82       94
  SINCE JAN 1    334                       154    180      274
..................................................................


WIND (MPH)
  HIGHEST WIND SPEED    17   HIGHEST WIND DIRECTION     N (360)
  HIGHEST GUST SPEED    23   HIGHEST GUST DIRECTION    SE (150)
  AVERAGE WIND SPEED     4.0


SKY COVER
  POSSIBLE SUNSHINE  MM
  AVERAGE SKY COVER 0.0


WEATHER CONDITIONS
 THE FOLLOWING WEATHER WAS RECORDED YESTERDAY.
  NO SIGNIFICANT WEATHER WAS OBSERVED.


RELATIVE HUMIDITY (PERCENT)
 HIGHEST   100           400 AM
 LOWEST     34           300 PM
 AVERAGE    67

..........................................................


THE MCMINNVILLE OR CLIMATE NORMALS FOR TODAY
                         NORMAL    RECORD    YEAR
 MAXIMUM TEMPERATURE (F)   82       104      1897
 MINIMUM TEMPERATURE (F)   50        37      1916


SUNRISE AND SUNSET
AUGUST 19 2017........SUNRISE   519 AM PST   SUNSET   712 PM PST
AUGUST 20 2017........SUNRISE   520 AM PST   SUNSET   710 PM PST


-  INDICATES NEGATIVE NUMBERS.
R  INDICATES RECORD WAS SET OR TIED.
MM INDICATES DATA IS MISSING.
T  INDICATES TRACE AMOUNT.




$$
