167
CDUS46 KPQR 271155
CLIMMV


CLIMATE REPORT
NATIONAL WEATHER SERVICE PORTLAND OREGON
455 AM PDT MON MAR 27 2017


...................................

...THE MCMINNVILLE OR CLIMATE SUMMARY FOR MARCH 26 2017...

CLIMATE NORMAL PERIOD 1981 TO 2010
CLIMATE RECORD PERIOD 1894 TO 2017


WEATHER ITEM   OBSERVED TIME   RECORD YEAR NORMAL DEPARTURE LAST
                VALUE   (LST)  VALUE       VALUE  FROM      YEAR
                                                  NORMAL
..................................................................
TEMPERATURE (F)
 YESTERDAY
  MAXIMUM         53    442 PM  81    1923  58     -5       58
  MINIMUM         44    900 AM  15    1920  38      6       39
  AVERAGE         49                        48      1       49

PRECIPITATION (IN)
  YESTERDAY        0.55          1.56 1916   0.12   0.43     0.11
  MONTH TO DATE    6.68                      3.44   3.24     6.32
  SINCE OCT 1     45.67                     30.01  15.66    43.83
  SINCE JAN 1     21.86                     13.98   7.88    18.76

DEGREE DAYS
 HEATING
  YESTERDAY       16                        17     -1       16
  MONTH TO DATE  461                       488    -27      418
  SINCE JUL 1   3757                      3867   -110     3178

 COOLING
  YESTERDAY        0                         0      0        0
  MONTH TO DATE    0                         0      0        0
  SINCE JAN 1      0                         0      0        0
..................................................................


WIND (MPH)
  HIGHEST WIND SPEED    18   HIGHEST WIND DIRECTION     S (200)
  HIGHEST GUST SPEED    23   HIGHEST GUST DIRECTION     S (190)
  AVERAGE WIND SPEED     8.0


SKY COVER
  POSSIBLE SUNSHINE  MM
  AVERAGE SKY COVER 1.0


WEATHER CONDITIONS
 THE FOLLOWING WEATHER WAS RECORDED YESTERDAY.
  RAIN
  LIGHT RAIN
  FOG


RELATIVE HUMIDITY (PERCENT)
 HIGHEST    93          1200 PM
 LOWEST     76          1200 AM
 AVERAGE    85

..........................................................


THE MCMINNVILLE OR CLIMATE NORMALS FOR TODAY
                         NORMAL    RECORD    YEAR
 MAXIMUM TEMPERATURE (F)   58        86      1923
 MINIMUM TEMPERATURE (F)   38        23      1920


SUNRISE AND SUNSET
MARCH 27 2017.........SUNRISE   602 AM PST   SUNSET   635 PM PST
MARCH 28 2017.........SUNRISE   600 AM PST   SUNSET   636 PM PST


-  INDICATES NEGATIVE NUMBERS.
R  INDICATES RECORD WAS SET OR TIED.
MM INDICATES DATA IS MISSING.
T  INDICATES TRACE AMOUNT.




$$
