574
CDUS46 KPQR 200221
CLIMMV


CLIMATE REPORT
NATIONAL WEATHER SERVICE PORTLAND OREGON
721 PM PDT THU OCT 19 2017


...................................

...THE MCMINNVILLE OR CLIMATE SUMMARY FOR OCTOBER 19 2017...
VALID TODAY AS OF 0700 PM LOCAL TIME.

CLIMATE NORMAL PERIOD 1981 TO 2010
CLIMATE RECORD PERIOD 1894 TO 2017


WEATHER ITEM   OBSERVED TIME   RECORD YEAR NORMAL DEPARTURE LAST
                VALUE   (LST)  VALUE       VALUE  FROM      YEAR
                                                  NORMAL
..................................................................
TEMPERATURE (F)
 TODAY
  MAXIMUM         59    128 AM  81    1940  61     -2       54
  MINIMUM         52    559 PM  26    1949  40     12       46
  AVERAGE         56                        51      5       50

PRECIPITATION (IN)
  TODAY            0.41                      0.12   0.29     0.18
  MONTH TO DATE    0.93                      1.64  -0.71     7.69
  SINCE OCT 1      0.93                      1.64  -0.71     7.69
  SINCE JAN 1     32.67                     25.35   7.32    32.96

DEGREE DAYS
 HEATING
  TODAY            9                                        15
  MONTH TO DATE  230                                       183
  SINCE SEP 1    321                                       305
  SINCE JUL 1    330                                       341

 COOLING
  TODAY            0                                         0
  MONTH TO DATE    0                                         0
  SINCE SEP 1    111                                        14
  SINCE JAN 1    507                                       363
..................................................................


WIND (MPH)
  HIGHEST WIND SPEED    22   HIGHEST WIND DIRECTION     S (190)
  HIGHEST GUST SPEED    28   HIGHEST GUST DIRECTION     S (190)
  AVERAGE WIND SPEED    10.4


SKY COVER
  POSSIBLE SUNSHINE  MM
  AVERAGE SKY COVER 1.0


WEATHER CONDITIONS
 THE FOLLOWING WEATHER WAS RECORDED TODAY.
  HEAVY RAIN
  RAIN
  LIGHT RAIN
  FOG


RELATIVE HUMIDITY (PERCENT)
 HIGHEST   100           800 AM
 LOWEST     75          1200 AM
 AVERAGE    88

..........................................................


THE MCMINNVILLE OR CLIMATE NORMALS FOR TOMORROW
                         NORMAL    RECORD    YEAR
 MAXIMUM TEMPERATURE (F)   61        76      1999
 MINIMUM TEMPERATURE (F)   40        26      1961


SUNRISE AND SUNSET
OCTOBER 19 2017.......SUNRISE   634 AM PST   SUNSET   520 PM PST
OCTOBER 20 2017.......SUNRISE   636 AM PST   SUNSET   518 PM PST


-  INDICATES NEGATIVE NUMBERS.
R  INDICATES RECORD WAS SET OR TIED.
MM INDICATES DATA IS MISSING.
T  INDICATES TRACE AMOUNT.




$$
