565
CDUS46 KPQR 191142
CLIMMV


CLIMATE REPORT
NATIONAL WEATHER SERVICE PORTLAND OREGON
341 AM PST THU JAN 19 2017


...................................

...THE MCMINNVILLE OR CLIMATE SUMMARY FOR JANUARY 18 2017...

CLIMATE NORMAL PERIOD 1981 TO 2010
CLIMATE RECORD PERIOD 1894 TO 2017


WEATHER ITEM   OBSERVED TIME   RECORD YEAR NORMAL DEPARTURE LAST
                VALUE   (LST)  VALUE       VALUE  FROM      YEAR
                                                  NORMAL
..................................................................
TEMPERATURE (F)
 YESTERDAY
  MAXIMUM         55   1138 AM  65    2005  48      7       51
  MINIMUM         45   1003 PM  10    1943  34     11       40
  AVERAGE         50                        41      9       46

PRECIPITATION (IN)
  YESTERDAY        0.99          4.46 1911   0.20   0.79     0.42
  MONTH TO DATE    3.26                      3.79  -0.53     5.08
  SINCE OCT 1     27.07                     19.82   7.25    30.15
  SINCE JAN 1      3.26                      3.79  -0.53     5.08

DEGREE DAYS
 HEATING
  YESTERDAY       15                        24     -9       19
  MONTH TO DATE  610                       444    166      440
  SINCE JUL 1   2379                      2449    -70     2055

 COOLING
  YESTERDAY        0                         0      0        0
  MONTH TO DATE    0                         0      0        0
  SINCE JAN 1      0                         0      0        0
..................................................................


WIND (MPH)
  HIGHEST WIND SPEED    39   HIGHEST WIND DIRECTION     S (180)
  HIGHEST GUST SPEED    49   HIGHEST GUST DIRECTION     S (170)
  AVERAGE WIND SPEED    18.6


SKY COVER
  POSSIBLE SUNSHINE  MM
  AVERAGE SKY COVER 1.0


WEATHER CONDITIONS
 THE FOLLOWING WEATHER WAS RECORDED YESTERDAY.
  RAIN
  LIGHT RAIN
  FOG
  HAZE


RELATIVE HUMIDITY (PERCENT)
 HIGHEST    93           300 PM
 LOWEST     74           700 PM
 AVERAGE    84

..........................................................


THE MCMINNVILLE OR CLIMATE NORMALS FOR TODAY
                         NORMAL    RECORD    YEAR
 MAXIMUM TEMPERATURE (F)   48        60      2005
                                             1958
 MINIMUM TEMPERATURE (F)   34         2      1916


SUNRISE AND SUNSET
JANUARY 19 2017.......SUNRISE   745 AM PST   SUNSET   502 PM PST
JANUARY 20 2017.......SUNRISE   744 AM PST   SUNSET   504 PM PST


-  INDICATES NEGATIVE NUMBERS.
R  INDICATES RECORD WAS SET OR TIED.
MM INDICATES DATA IS MISSING.
T  INDICATES TRACE AMOUNT.




$$
