000
CDUS46 KPQR 240228
CLIMMV


CLIMATE REPORT
NATIONAL WEATHER SERVICE PORTLAND OREGON
728 PM PDT WED JUL 23 2014


...................................

...THE MCMINNVILLE OR CLIMATE SUMMARY FOR JULY 23 2014...
VALID TODAY AS OF 0700 PM LOCAL TIME.

CLIMATE NORMAL PERIOD 1981 TO 2010
CLIMATE RECORD PERIOD 1894 TO 2014


WEATHER ITEM   OBSERVED TIME   RECORD YEAR NORMAL DEPARTURE LAST
                VALUE   (LST)  VALUE       VALUE  FROM      YEAR
                                                  NORMAL
..................................................................
TEMPERATURE (F)
 TODAY
  MAXIMUM         69        MM 108    1924  83    -14       96
  MINIMUM         59        MM  36    1960  52      7       55
  AVERAGE         64                        67     -3       76

PRECIPITATION (IN)
  TODAY            0.30R         0.06 1919   0.01   0.29     0.00
  MONTH TO DATE    0.35                      0.43  -0.08      T
  SINCE OCT 1     27.43                     37.71 -10.28    31.54
  SINCE JAN 1     22.47                     21.68   0.79    10.40

DEGREE DAYS
 HEATING
  TODAY            1                         1      0        0
  MONTH TO DATE    2                        37    -35       10
  SINCE JUL 1      2                        37    -35       10

 COOLING
  TODAY            0                         3     -3       11
  MONTH TO DATE  157                        53    104       99
  SINCE JAN 1    187                        75    112      152
..................................................................


WIND (MPH)
  HIGHEST WIND SPEED    14   HIGHEST WIND DIRECTION    SW (240)
  HIGHEST GUST SPEED    MM   HIGHEST GUST DIRECTION    MM
  AVERAGE WIND SPEED     9.5


SKY COVER
  POSSIBLE SUNSHINE  MM
  AVERAGE SKY COVER 0.9


WEATHER CONDITIONS
 THE FOLLOWING WEATHER WAS RECORDED TODAY.
  RAIN
  LIGHT RAIN
  FOG


RELATIVE HUMIDITY (PERCENT)
 HIGHEST    93           800 AM
 LOWEST     58           400 PM
 AVERAGE    76

..........................................................


THE MCMINNVILLE OR CLIMATE NORMALS FOR TOMORROW
                         NORMAL    RECORD    YEAR
 MAXIMUM TEMPERATURE (F)   83       110      1924
 MINIMUM TEMPERATURE (F)   52        35      1960


SUNRISE AND SUNSET
JULY 23 2014..........SUNRISE   448 AM PST   SUNSET   750 PM PST
JULY 24 2014..........SUNRISE   449 AM PST   SUNSET   749 PM PST


-  INDICATES NEGATIVE NUMBERS.
R  INDICATES RECORD WAS SET OR TIED.
MM INDICATES DATA IS MISSING.
T  INDICATES TRACE AMOUNT.




$$
