377
CDUS44 KMOB 032305
CLIMOB


CLIMATE REPORT
NATIONAL WEATHER SERVICE MOBILE AL
604 PM CDT TUE MAY 3 2016


...................................

...THE MOBILE CLIMATE SUMMARY FOR MAY 3 2016...
VALID TODAY AS OF 0500 PM LOCAL TIME.

CLIMATE NORMAL PERIOD 1981 TO 2010
CLIMATE RECORD PERIOD 1842 TO 2016


WEATHER ITEM   OBSERVED TIME   RECORD YEAR NORMAL DEPARTURE LAST
                VALUE   (LST)  VALUE       VALUE  FROM      YEAR
                                                  NORMAL
..................................................................
TEMPERATURE (F)
 TODAY
  MAXIMUM         79   1208 PM  90    1952  82     -3       80
  MINIMUM         66   1229 AM  47    2004  60      6       52
  AVERAGE         73                        71      2       66

PRECIPITATION (IN)
  TODAY            0.01          5.97 1978   0.15  -0.14     0.00
  MONTH TO DATE    0.11                      0.45  -0.34     0.00
  SINCE MAR 1     16.16                     11.38   4.78    17.86
  SINCE JAN 1     25.61                     22.15   3.46    23.91

DEGREE DAYS
 COOLING
  TODAY            8                         6      2        1
  MONTH TO DATE   27                        18      9        3
  SINCE MAR 1    199                       161     38      278
  SINCE JAN 1    213                       177     36      282
..................................................................


WIND (MPH)
  HIGHEST WIND SPEED    13   HIGHEST WIND DIRECTION     N (360)
  HIGHEST GUST SPEED    15   HIGHEST GUST DIRECTION     N (340)
  AVERAGE WIND SPEED     4.1


SKY COVER
  POSSIBLE SUNSHINE  MM
  AVERAGE SKY COVER 0.9


WEATHER CONDITIONS
 THE FOLLOWING WEATHER WAS RECORDED TODAY.
  LIGHT RAIN
  FOG
  FOG W/VISIBILITY <= 1/4 MILE
  HAZE


RELATIVE HUMIDITY (PERCENT)
 HIGHEST   100          1200 AM
 LOWEST     69           100 PM
 AVERAGE    85

..........................................................


THE MOBILE CLIMATE NORMALS FOR TOMORROW
                         NORMAL    RECORD    YEAR
 MAXIMUM TEMPERATURE (F)   82        94      1952
 MINIMUM TEMPERATURE (F)   60        43      2013


SUNRISE AND SUNSET
MAY  3 2016...........SUNRISE   607 AM CDT   SUNSET   733 PM CDT
MAY  4 2016...........SUNRISE   606 AM CDT   SUNSET   734 PM CDT


-  INDICATES NEGATIVE NUMBERS.
R  INDICATES RECORD WAS SET OR TIED.
MM INDICATES DATA IS MISSING.
T  INDICATES TRACE AMOUNT.




$$
