000
CDUS44 KMOB 200645
CLIMOB


CLIMATE REPORT
NATIONAL WEATHER SERVICE MOBILE AL
1245 AM CST MON NOV 20 2017


...................................

...THE MOBILE CLIMATE SUMMARY FOR NOVEMBER 19 2017...

CLIMATE NORMAL PERIOD 1981 TO 2010
CLIMATE RECORD PERIOD 1842 TO 2017


WEATHER ITEM   OBSERVED TIME   RECORD YEAR NORMAL DEPARTURE LAST
                VALUE   (LST)  VALUE       VALUE  FROM      YEAR
                                                  NORMAL
..................................................................
TEMPERATURE (F)
 YESTERDAY
  MAXIMUM         62    222 PM  82    1985  70     -8       67
  MINIMUM         42   1159 PM  23    2014  48     -6       44
  AVERAGE         52                        59     -7       56

PRECIPITATION (IN)
  YESTERDAY        0.00          1.99 1948   0.18  -0.18      T
  MONTH TO DATE    0.32                      3.28  -2.96     0.51
  SINCE MAR 1     67.04                     48.47  18.57    43.27
  SINCE JAN 1     79.25                     59.24  20.01    52.72

SNOWFALL (IN)
  YESTERDAY        0.0           0.0  2002   0.0    0.0      0.0
                                      2001
                                      2000
  MONTH TO DATE    0.0                       0.0    0.0      0.0
  SINCE MAR 1      0.0                       0.1   -0.1      0.0
  SINCE JUL 1      0.0                       0.0    0.0      0.0
  SNOW DEPTH       0

DEGREE DAYS
 HEATING
  YESTERDAY       13                         7      6        9
  MONTH TO DATE   55                       104    -49       47
  SINCE SEP 1    113                       159    -46       58
  SINCE JUL 1    113                       159    -46       58

 COOLING
  YESTERDAY        0                         1     -1        0
  MONTH TO DATE   56                        31     25       43
  SINCE SEP 1    689                       566    123      741
  SINCE JAN 1   2775                      2493    282     2791
..................................................................


WIND (MPH)
  HIGHEST WIND SPEED    25   HIGHEST WIND DIRECTION     N (340)
  HIGHEST GUST SPEED    33   HIGHEST GUST DIRECTION     N (340)
  AVERAGE WIND SPEED    13.0


SKY COVER
  POSSIBLE SUNSHINE  MM
  AVERAGE SKY COVER 0.2


WEATHER CONDITIONS
 THE FOLLOWING WEATHER WAS RECORDED YESTERDAY.
  NO SIGNIFICANT WEATHER WAS OBSERVED.


RELATIVE HUMIDITY (PERCENT)
 HIGHEST    76          1000 PM
 LOWEST     35           100 PM
 AVERAGE    56

..........................................................


THE MOBILE CLIMATE NORMALS FOR TODAY
                         NORMAL    RECORD    YEAR
 MAXIMUM TEMPERATURE (F)   69        84      1973
 MINIMUM TEMPERATURE (F)   47        27      1937


SUNRISE AND SUNSET
NOVEMBER 20 2017......SUNRISE   624 AM CST   SUNSET   453 PM CST
NOVEMBER 21 2017......SUNRISE   625 AM CST   SUNSET   453 PM CST


-  INDICATES NEGATIVE NUMBERS.
R  INDICATES RECORD WAS SET OR TIED.
MM INDICATES DATA IS MISSING.
T  INDICATES TRACE AMOUNT.




$$
