000
CDUS44 KMOB 222243
CLIMOB


CLIMATE REPORT
NATIONAL WEATHER SERVICE MOBILE AL
541 PM CDT FRI MAY 22 2015


...................................

...THE MOBILE CLIMATE SUMMARY FOR MAY 22 2015...
VALID TODAY AS OF 0500 PM LOCAL TIME.

CLIMATE NORMAL PERIOD 1981 TO 2010
CLIMATE RECORD PERIOD 1842 TO 2015


WEATHER ITEM   OBSERVED TIME   RECORD YEAR NORMAL DEPARTURE LAST
                VALUE   (LST)  VALUE       VALUE  FROM      YEAR
                                                  NORMAL
..................................................................
TEMPERATURE (F)
 TODAY
  MAXIMUM         84    354 PM  96    1996  86     -2       88
  MINIMUM         57    559 AM  48    1993  65     -8       58
  AVERAGE         71                        76     -5       73

PRECIPITATION (IN)
  TODAY            0.00          3.80 1965   0.17  -0.17     0.00
  MONTH TO DATE    6.27                      3.58   2.69     4.76
  SINCE MAR 1     24.13                     14.51   9.62    29.35
  SINCE JAN 1     30.18                     25.28   4.90    36.47

DEGREE DAYS
 COOLING
  TODAY            6                        11     -5        8
  MONTH TO DATE  211                       181     30      129
  SINCE MAR 1    486                       324    162      232
  SINCE JAN 1    490                       340    150      244
..................................................................


WIND (MPH)
  HIGHEST WIND SPEED    17   HIGHEST WIND DIRECTION     N (20)
  HIGHEST GUST SPEED    22   HIGHEST GUST DIRECTION     N (20)
  AVERAGE WIND SPEED     8.4


SKY COVER
  POSSIBLE SUNSHINE  MM
  AVERAGE SKY COVER 0.6


WEATHER CONDITIONS
 THE FOLLOWING WEATHER WAS RECORDED TODAY.
  NO SIGNIFICANT WEATHER WAS OBSERVED.


RELATIVE HUMIDITY (PERCENT)
 HIGHEST    93          1200 AM
 LOWEST     45           100 PM
 AVERAGE    69

..........................................................


THE MOBILE CLIMATE NORMALS FOR TOMORROW
                         NORMAL    RECORD    YEAR
 MAXIMUM TEMPERATURE (F)   86        95      1996
                                             1972
                                             1920
 MINIMUM TEMPERATURE (F)   66        47      1883


SUNRISE AND SUNSET
MAY 22 2015...........SUNRISE   555 AM CDT   SUNSET   745 PM CDT
MAY 23 2015...........SUNRISE   554 AM CDT   SUNSET   746 PM CDT


-  INDICATES NEGATIVE NUMBERS.
R  INDICATES RECORD WAS SET OR TIED.
MM INDICATES DATA IS MISSING.
T  INDICATES TRACE AMOUNT.




$$
