000
CDUS44 KMOB 262336
CLIMOB


CLIMATE REPORT
NATIONAL WEATHER SERVICE MOBILE AL
532 PM CST THU FEB 26 2015


...................................

...THE MOBILE CLIMATE SUMMARY FOR FEBRUARY 26 2015...
VALID TODAY AS OF 0500 PM LOCAL TIME.

CLIMATE NORMAL PERIOD 1981 TO 2010
CLIMATE RECORD PERIOD 1842 TO 2015


WEATHER ITEM   OBSERVED TIME   RECORD YEAR NORMAL DEPARTURE LAST
                VALUE   (LST)  VALUE       VALUE  FROM      YEAR
                                                  NORMAL
..................................................................
TEMPERATURE (F)
 TODAY
  MAXIMUM         47    452 PM  81    1972  67    -20       62
  MINIMUM         34    803 AM  25    1974  46    -12       38
                                      1967
  AVERAGE         41                        56    -15       50

PRECIPITATION (IN)
  TODAY            0.00          2.32 1929   0.18  -0.18     0.90
  MONTH TO DATE    2.16                      4.75  -2.59     4.20
  SINCE MAR 1     71.64                     65.78   5.86    62.22
  SINCE JAN 1      6.05                     10.40  -4.35     7.12

DEGREE DAYS
 HEATING
  TODAY           24                         9     15       15
  MONTH TO DATE  448                       304    144      294
  SINCE DEC 1   1271                      1167    104     1375
  SINCE JUL 1   1664                      1425    239     1659

 COOLING
  TODAY            0                         0      0        0
  MONTH TO DATE    1                         0      1       12
  SINCE DEC 1      7                        22    -15       39
  SINCE JAN 1      4                         7     -3       12
..................................................................


WIND (MPH)
  HIGHEST WIND SPEED    20   HIGHEST WIND DIRECTION     N (340)
  HIGHEST GUST SPEED    25   HIGHEST GUST DIRECTION     N (340)
  AVERAGE WIND SPEED    11.6


SKY COVER
  POSSIBLE SUNSHINE  MM
  AVERAGE SKY COVER 1.0


WEATHER CONDITIONS
 THE FOLLOWING WEATHER WAS RECORDED TODAY.
  FOG
  HAZE


RELATIVE HUMIDITY (PERCENT)
 HIGHEST   100          1200 AM
 LOWEST     60           400 PM
 AVERAGE    80

..........................................................


THE MOBILE CLIMATE NORMALS FOR TOMORROW
                         NORMAL    RECORD    YEAR
 MAXIMUM TEMPERATURE (F)   67        82      1981
                                             1962
 MINIMUM TEMPERATURE (F)   46        24      2002


SUNRISE AND SUNSET
FEBRUARY 26 2015......SUNRISE   623 AM CST   SUNSET   549 PM CST
FEBRUARY 27 2015......SUNRISE   622 AM CST   SUNSET   550 PM CST


-  INDICATES NEGATIVE NUMBERS.
R  INDICATES RECORD WAS SET OR TIED.
MM INDICATES DATA IS MISSING.
T  INDICATES TRACE AMOUNT.




$$
