000
CDUS44 KMOB 230645
CLIMOB


CLIMATE REPORT
NATIONAL WEATHER SERVICE MOBILE AL
145 AM CDT SUN APR 23 2017


...................................

...THE MOBILE CLIMATE SUMMARY FOR APRIL 22 2017...

CLIMATE NORMAL PERIOD 1981 TO 2010
CLIMATE RECORD PERIOD 1842 TO 2017


WEATHER ITEM   OBSERVED TIME   RECORD YEAR NORMAL DEPARTURE LAST
                VALUE   (LST)  VALUE       VALUE  FROM      YEAR
                                                  NORMAL
..................................................................
TEMPERATURE (F)
 YESTERDAY
  MAXIMUM         84    232 PM  92    1987  79      5       82
  MINIMUM         62    100 AM  42    1993  57      5       63
  AVERAGE         73                        68      5       73

PRECIPITATION (IN)
  YESTERDAY        0.36          4.32 1983   0.15   0.21     0.02
  MONTH TO DATE    3.30                      3.59  -0.29     4.14
  SINCE MAR 1      6.44                      9.73  -3.29    14.30
  SINCE JAN 1     18.65                     20.50  -1.85    23.75

DEGREE DAYS
 HEATING
  YESTERDAY        0                         1     -1        0
  MONTH TO DATE   22                        54    -32       21
  SINCE MAR 1    141                       243   -102      117
  SINCE JUL 1    912                      1685   -773     1215

 COOLING
  YESTERDAY        8                         4      4        8
  MONTH TO DATE  111                        64     47       41
  SINCE MAR 1    206                       103    103      111
  SINCE JAN 1    281                       119    162      125
..................................................................


WIND (MPH)
  HIGHEST WIND SPEED    24   HIGHEST WIND DIRECTION     N (350)
  HIGHEST GUST SPEED    35   HIGHEST GUST DIRECTION     N (360)
  AVERAGE WIND SPEED     7.0


SKY COVER
  POSSIBLE SUNSHINE  MM
  AVERAGE SKY COVER 0.4


WEATHER CONDITIONS
 THE FOLLOWING WEATHER WAS RECORDED YESTERDAY.
  THUNDERSTORM
  HEAVY RAIN
  LIGHT RAIN
  FOG


RELATIVE HUMIDITY (PERCENT)
 HIGHEST    93           100 AM
 LOWEST     49          1100 AM
 AVERAGE    71

..........................................................


THE MOBILE CLIMATE NORMALS FOR TODAY
                         NORMAL    RECORD    YEAR
 MAXIMUM TEMPERATURE (F)   79        90      1883
 MINIMUM TEMPERATURE (F)   57        43      1927


SUNRISE AND SUNSET
APRIL 23 2017.........SUNRISE   617 AM CDT   SUNSET   726 PM CDT
APRIL 24 2017.........SUNRISE   616 AM CDT   SUNSET   727 PM CDT


-  INDICATES NEGATIVE NUMBERS.
R  INDICATES RECORD WAS SET OR TIED.
MM INDICATES DATA IS MISSING.
T  INDICATES TRACE AMOUNT.




$$
