000
CDUS44 KMOB 280645
CLIMOB


CLIMATE REPORT
NATIONAL WEATHER SERVICE MOBILE AL
145 AM CDT SUN AUG 28 2016


...................................

...THE MOBILE CLIMATE SUMMARY FOR AUGUST 27 2016...

CLIMATE NORMAL PERIOD 1981 TO 2010
CLIMATE RECORD PERIOD 1842 TO 2016


WEATHER ITEM   OBSERVED TIME   RECORD YEAR NORMAL DEPARTURE LAST
                VALUE   (LST)  VALUE       VALUE  FROM      YEAR
                                                  NORMAL
..................................................................
TEMPERATURE (F)
 YESTERDAY
  MAXIMUM         91    147 PM  97    2000  90      1       87
  MINIMUM         72    457 AM  62    2015  72      0       62
                                      1958
  AVERAGE         82                        81      1       75

PRECIPITATION (IN)
  YESTERDAY        T             1.90 1984   0.18  -0.18     0.00
  MONTH TO DATE    4.45                      6.24  -1.79     3.21
  SINCE MAR 1     37.38                     35.67   1.71    41.02
  SINCE JAN 1     46.83                     46.44   0.39    47.07

DEGREE DAYS
 COOLING
  YESTERDAY       17                        16      1       10
  MONTH TO DATE  475                       455     20      465
  SINCE JUN 1   1518                      1421     97     1521
  SINCE JAN 1   1977                      1866    111     2121
..................................................................


WIND (MPH)
  HIGHEST WIND SPEED    15   HIGHEST WIND DIRECTION    SE (120)
  HIGHEST GUST SPEED    18   HIGHEST GUST DIRECTION    SE (150)
  AVERAGE WIND SPEED     5.7


SKY COVER
  POSSIBLE SUNSHINE  MM
  AVERAGE SKY COVER 0.3


WEATHER CONDITIONS
 THE FOLLOWING WEATHER WAS RECORDED YESTERDAY.
  THUNDERSTORM


RELATIVE HUMIDITY (PERCENT)
 HIGHEST    94           900 PM
 LOWEST     52           100 PM
 AVERAGE    73

..........................................................


THE MOBILE CLIMATE NORMALS FOR TODAY
                         NORMAL    RECORD    YEAR
 MAXIMUM TEMPERATURE (F)   90        97      2000
                                             1954
                                             1909
 MINIMUM TEMPERATURE (F)   72        66      2015
                                             2013
                                             1992


SUNRISE AND SUNSET
AUGUST 28 2016........SUNRISE   627 AM CDT   SUNSET   720 PM CDT
AUGUST 29 2016........SUNRISE   628 AM CDT   SUNSET   719 PM CDT


-  INDICATES NEGATIVE NUMBERS.
R  INDICATES RECORD WAS SET OR TIED.
MM INDICATES DATA IS MISSING.
T  INDICATES TRACE AMOUNT.




$$
