000
CDUS44 KMOB 170730
CLIMOB


CLIMATE REPORT
NATIONAL WEATHER SERVICE MOBILE AL
130 AM CST WED JAN 17 2018


...................................

...THE MOBILE CLIMATE SUMMARY FOR JANUARY 16 2018...

CLIMATE NORMAL PERIOD 1981 TO 2010
CLIMATE RECORD PERIOD 1842 TO 2018


WEATHER ITEM   OBSERVED TIME   RECORD YEAR NORMAL DEPARTURE LAST
                VALUE   (LST)  VALUE       VALUE  FROM      YEAR
                                                  NORMAL
..................................................................
TEMPERATURE (F)
 YESTERDAY
  MAXIMUM         49    915 AM  79    1974  61    -12       78
                                      1950
  MINIMUM         26   1154 PM  20    1927  40    -14       62
  AVERAGE         38                        50    -12       70

PRECIPITATION (IN)
  YESTERDAY        0.02          3.46 1925   0.18  -0.16      T
  MONTH TO DATE    2.08                      2.85  -0.77     8.85
  SINCE MAR 1     73.65                     58.23  15.42    61.99
  SINCE JAN 1      2.08                      2.85  -0.77     8.85

SNOWFALL (IN)
  YESTERDAY        T            MM      MM   0.0    0.0      0.0
  MONTH TO DATE    T                         0.0    0.0      0.0
  SINCE MAR 1      1.0                       0.1    0.9      0.0
  SINCE JUL 1      1.0                       T      1.0      0.0
  SNOW DEPTH       0

DEGREE DAYS
 HEATING
  YESTERDAY       27                        15     12        0
  MONTH TO DATE  341                       240    101      144
  SINCE DEC 1    725                       644     81      419
  SINCE JUL 1    941                       902     39      553

 COOLING
  YESTERDAY        0                         0      0        5
  MONTH TO DATE    2                         0      2       18
  SINCE DEC 1     18                        15      3       59
  SINCE JAN 1      2                         0      2       18
..................................................................


WIND (MPH)
  HIGHEST WIND SPEED    24   HIGHEST WIND DIRECTION     N (350)
  HIGHEST GUST SPEED    32   HIGHEST GUST DIRECTION     N (340)
  AVERAGE WIND SPEED    10.8


SKY COVER
  POSSIBLE SUNSHINE  MM
  AVERAGE SKY COVER 0.8


WEATHER CONDITIONS
 THE FOLLOWING WEATHER WAS RECORDED YESTERDAY.
  LT FREEZING RAIN
  LIGHT SNOW
  FOG


RELATIVE HUMIDITY (PERCENT)
 HIGHEST    86          1200 AM
 LOWEST     64           800 PM
 AVERAGE    75

..........................................................


THE MOBILE CLIMATE NORMALS FOR TODAY
                         NORMAL    RECORD    YEAR
 MAXIMUM TEMPERATURE (F)   61        79      2017
 MINIMUM TEMPERATURE (F)   40        15      1977


SUNRISE AND SUNSET
JANUARY 17 2018.......SUNRISE   651 AM CST   SUNSET   516 PM CST
JANUARY 18 2018.......SUNRISE   650 AM CST   SUNSET   517 PM CST


-  INDICATES NEGATIVE NUMBERS.
R  INDICATES RECORD WAS SET OR TIED.
MM INDICATES DATA IS MISSING.
T  INDICATES TRACE AMOUNT.




$$
