000
CDUS44 KMOB 280645
CLIMOB


CLIMATE REPORT
NATIONAL WEATHER SERVICE MOBILE AL
145 AM CDT SUN MAY 28 2017


...................................

...THE MOBILE CLIMATE SUMMARY FOR MAY 27 2017...

CLIMATE NORMAL PERIOD 1981 TO 2010
CLIMATE RECORD PERIOD 1842 TO 2017


WEATHER ITEM   OBSERVED TIME   RECORD YEAR NORMAL DEPARTURE LAST
                VALUE   (LST)  VALUE       VALUE  FROM      YEAR
                                                  NORMAL
..................................................................
TEMPERATURE (F)
 YESTERDAY
  MAXIMUM         88    229 PM 100    1953  87      1       86
  MINIMUM         70   1221 AM  49    1961  67      3       72
  AVERAGE         79                        77      2       79

PRECIPITATION (IN)
  YESTERDAY        0.00          3.89 1976   0.17  -0.17     0.00
  MONTH TO DATE   10.29                      4.42   5.87     2.48
  SINCE MAR 1     19.19                     15.35   3.84    18.53
  SINCE JAN 1     31.40                     26.12   5.28    27.98

DEGREE DAYS
 COOLING
  YESTERDAY       14                        12      2       14
  MONTH TO DATE  212                       238    -26      219
  SINCE MAR 1    472                       381     91      391
  SINCE JAN 1    547                       397    150      405
..................................................................


WIND (MPH)
  HIGHEST WIND SPEED    16   HIGHEST WIND DIRECTION     S (190)
  HIGHEST GUST SPEED    20   HIGHEST GUST DIRECTION     S (200)
  AVERAGE WIND SPEED     6.4


SKY COVER
  POSSIBLE SUNSHINE  MM
  AVERAGE SKY COVER 0.7


WEATHER CONDITIONS
 THE FOLLOWING WEATHER WAS RECORDED YESTERDAY.
  NO SIGNIFICANT WEATHER WAS OBSERVED.


RELATIVE HUMIDITY (PERCENT)
 HIGHEST    93           300 AM
 LOWEST     55           100 PM
 AVERAGE    74

..........................................................


THE MOBILE CLIMATE NORMALS FOR TODAY
                         NORMAL    RECORD    YEAR
 MAXIMUM TEMPERATURE (F)   87        98      1962
 MINIMUM TEMPERATURE (F)   67        50      1961


SUNRISE AND SUNSET
MAY 28 2017...........SUNRISE   552 AM CDT   SUNSET   749 PM CDT
MAY 29 2017...........SUNRISE   552 AM CDT   SUNSET   750 PM CDT


-  INDICATES NEGATIVE NUMBERS.
R  INDICATES RECORD WAS SET OR TIED.
MM INDICATES DATA IS MISSING.
T  INDICATES TRACE AMOUNT.




$$
