000
CDUS44 KMOB 010627
CLIMOB


CLIMATE REPORT
NATIONAL WEATHER SERVICE MOBILE AL
126 AM CDT FRI AUG 1 2014


...................................

...THE MOBILE CLIMATE SUMMARY FOR JULY 31 2014...

CLIMATE NORMAL PERIOD 1981 TO 2010
CLIMATE RECORD PERIOD 1842 TO 2014


WEATHER ITEM   OBSERVED TIME   RECORD YEAR NORMAL DEPARTURE LAST
                VALUE   (LST)  VALUE       VALUE  FROM      YEAR
                                                  NORMAL
..................................................................
TEMPERATURE (F)
 YESTERDAY
  MAXIMUM         89    247 PM  99    1986  91     -2       92
                                      1896
  MINIMUM         63R   520 AM  66    1984  73    -10       77
  AVERAGE         76                        82     -6       85

PRECIPITATION (IN)
  YESTERDAY        0.00          4.15 1975   0.24  -0.24     0.00
  MONTH TO DATE    7.92                      7.25   0.67     9.10
  SINCE MAR 1     47.45                     29.43  18.02    27.57
  SINCE JAN 1     54.57                     40.20  14.37    41.75

DEGREE DAYS
 COOLING
  YESTERDAY       11                        17     -6       20
  MONTH TO DATE  463                       522    -59      482
  SINCE JUN 1    873                       966    -93      968
  SINCE JAN 1   1211                      1411   -200     1332
..................................................................


WIND (MPH)
  HIGHEST WIND SPEED    13   HIGHEST WIND DIRECTION     N (10)
  HIGHEST GUST SPEED    18   HIGHEST GUST DIRECTION     N (10)
  AVERAGE WIND SPEED     3.3


SKY COVER
  POSSIBLE SUNSHINE  MM
  AVERAGE SKY COVER 0.5


WEATHER CONDITIONS
 THE FOLLOWING WEATHER WAS RECORDED YESTERDAY.
  NO SIGNIFICANT WEATHER WAS OBSERVED.


RELATIVE HUMIDITY (PERCENT)
 HIGHEST    93          1200 AM
 LOWEST     39           100 PM
 AVERAGE    66

..........................................................


THE MOBILE CLIMATE NORMALS FOR TODAY
                         NORMAL    RECORD    YEAR
 MAXIMUM TEMPERATURE (F)   91       101      2010
 MINIMUM TEMPERATURE (F)   73        66      1936


SUNRISE AND SUNSET
AUGUST  1 2014........SUNRISE   611 AM CDT   SUNSET   747 PM CDT
AUGUST  2 2014........SUNRISE   611 AM CDT   SUNSET   747 PM CDT


-  INDICATES NEGATIVE NUMBERS.
R  INDICATES RECORD WAS SET OR TIED.
MM INDICATES DATA IS MISSING.
T  INDICATES TRACE AMOUNT.




$$
