000
CDUS44 KMOB 020658
CLIMOB


CLIMATE REPORT
NATIONAL WEATHER SERVICE MOBILE AL
157 AM CDT THU JUL 2 2015


...................................

...THE MOBILE CLIMATE SUMMARY FOR JULY 1 2015...

CLIMATE NORMAL PERIOD 1981 TO 2010
CLIMATE RECORD PERIOD 1842 TO 2015


WEATHER ITEM   OBSERVED TIME   RECORD YEAR NORMAL DEPARTURE LAST
                VALUE   (LST)  VALUE       VALUE  FROM      YEAR
                                                  NORMAL
..................................................................
TEMPERATURE (F)
 YESTERDAY
  MAXIMUM         90    247 PM  99    1883  91     -1       93
  MINIMUM         70    534 AM  63    1985  72     -2       74
  AVERAGE         80                        81     -1       84

PRECIPITATION (IN)
  YESTERDAY        0.05          2.15 1941   0.22  -0.17     0.00
  MONTH TO DATE    0.05                      0.22  -0.17     0.00
  SINCE MAR 1     31.02                     22.40   8.62    39.53
  SINCE JAN 1     37.07                     33.17   3.90    46.65

DEGREE DAYS
 COOLING
  YESTERDAY       15                        16     -1       19
  MONTH TO DATE   15                        16     -1       19
  SINCE JUN 1    493                       460     33      429
  SINCE JAN 1   1093                       905    188      767
..................................................................


WIND (MPH)
  HIGHEST WIND SPEED    21   HIGHEST WIND DIRECTION     W (250)
  HIGHEST GUST SPEED    32   HIGHEST GUST DIRECTION    SW (230)
  AVERAGE WIND SPEED     5.8


SKY COVER
  POSSIBLE SUNSHINE  MM
  AVERAGE SKY COVER 0.5


WEATHER CONDITIONS
 THE FOLLOWING WEATHER WAS RECORDED YESTERDAY.
  THUNDERSTORM
  LIGHT RAIN
  FOG


RELATIVE HUMIDITY (PERCENT)
 HIGHEST   100          1100 PM
 LOWEST     56           100 PM
 AVERAGE    78

..........................................................


THE MOBILE CLIMATE NORMALS FOR TODAY
                         NORMAL    RECORD    YEAR
 MAXIMUM TEMPERATURE (F)   91       101      2009
 MINIMUM TEMPERATURE (F)   72        64      1924


SUNRISE AND SUNSET
JULY  2 2015..........SUNRISE   554 AM CDT   SUNSET   800 PM CDT
JULY  3 2015..........SUNRISE   555 AM CDT   SUNSET   800 PM CDT


-  INDICATES NEGATIVE NUMBERS.
R  INDICATES RECORD WAS SET OR TIED.
MM INDICATES DATA IS MISSING.
T  INDICATES TRACE AMOUNT.




$$
