000
CDUS44 KMOB 200626
CLIMOB


CLIMATE REPORT
NATIONAL WEATHER SERVICE MOBILE AL
125 AM CDT WED AUG 20 2014


...................................

...THE MOBILE CLIMATE SUMMARY FOR AUGUST 19 2014...

CLIMATE NORMAL PERIOD 1981 TO 2010
CLIMATE RECORD PERIOD 1842 TO 2014


WEATHER ITEM   OBSERVED TIME   RECORD YEAR NORMAL DEPARTURE LAST
                VALUE   (LST)  VALUE       VALUE  FROM      YEAR
                                                  NORMAL
..................................................................
TEMPERATURE (F)
 YESTERDAY
  MAXIMUM         91    153 PM 101    2000  91      0       89
  MINIMUM         74   1159 PM  64    1976  73      1       73
  AVERAGE         83                        82      1       81

PRECIPITATION (IN)
  YESTERDAY        0.01          3.03 1953   0.22  -0.21      T
  MONTH TO DATE    1.68                      4.60  -2.92     9.55
  SINCE MAR 1     49.13                     34.03  15.10    37.12
  SINCE JAN 1     56.25                     44.80  11.45    51.30

DEGREE DAYS
 COOLING
  YESTERDAY       18                        17      1       16
  MONTH TO DATE  311                       323    -12      321
  SINCE JUN 1   1184                      1289   -105     1289
  SINCE JAN 1   1522                      1734   -212     1653
..................................................................


WIND (MPH)
  HIGHEST WIND SPEED    17   HIGHEST WIND DIRECTION     S (170)
  HIGHEST GUST SPEED    20   HIGHEST GUST DIRECTION    SW (220)
  AVERAGE WIND SPEED     6.9


SKY COVER
  POSSIBLE SUNSHINE  MM
  AVERAGE SKY COVER 0.4


WEATHER CONDITIONS
 THE FOLLOWING WEATHER WAS RECORDED YESTERDAY.
  THUNDERSTORM
  LIGHT RAIN


RELATIVE HUMIDITY (PERCENT)
 HIGHEST   100           600 AM
 LOWEST     56           200 PM
 AVERAGE    78

..........................................................


THE MOBILE CLIMATE NORMALS FOR TODAY
                         NORMAL    RECORD    YEAR
 MAXIMUM TEMPERATURE (F)   91        99      1925
 MINIMUM TEMPERATURE (F)   73        66      1976


SUNRISE AND SUNSET
AUGUST 20 2014........SUNRISE   622 AM CDT   SUNSET   730 PM CDT
AUGUST 21 2014........SUNRISE   623 AM CDT   SUNSET   729 PM CDT


-  INDICATES NEGATIVE NUMBERS.
R  INDICATES RECORD WAS SET OR TIED.
MM INDICATES DATA IS MISSING.
T  INDICATES TRACE AMOUNT.




$$
