000
CDUS46 KSTO 230041
CLIMOD


CLIMATE REPORT
NATIONAL WEATHER SERVICE SACRAMENTO, CA
540 PM PDT FRI MAY 22 2015


...................................

...THE MODESTO CA CLIMATE SUMMARY FOR MAY 22 2015...
VALID TODAY AS OF 0500 PM LOCAL TIME.

CLIMATE NORMAL PERIOD 1981 TO 2010
CLIMATE RECORD PERIOD 1931 TO 2015


WEATHER ITEM   OBSERVED TIME   RECORD YEAR NORMAL DEPARTURE LAST
                VALUE   (LST)  VALUE       VALUE  FROM      YEAR
                                                  NORMAL
..................................................................
TEMPERATURE (F)
 TODAY
  MAXIMUM         78    320 PM 100    1967  84     -6       85
  MINIMUM         56    342 AM  41    1960  56      0       59
  AVERAGE         67

PRECIPITATION (IN)
  TODAY            T             0.82 1958   0.02  -0.02     0.00
  MONTH TO DATE    0.27                      0.49  -0.22     0.01
  SINCE OCT 1     10.25                     12.57  -2.32     6.87
  SINCE JAN 1      2.85                      8.49  -5.64     5.51

SNOWFALL (IN)
  TODAY            0.0          MM      MM
  MONTH TO DATE    0.0
  SINCE MAR 1      0.0
  SINCE JUL 1      0.0

DEGREE DAYS
 HEATING
  TODAY            0                         1     -1        0
  MONTH TO DATE   23                        29     -6       12
  SINCE MAR 1    200                       395   -195      271
  SINCE JUL 1   1612                      2163   -551     1969

 COOLING
  TODAY            2                         6     -4        7
  MONTH TO DATE   41                        96    -55      103
  SINCE MAR 1    124                       140    -16      164
  SINCE JAN 1    124                       140    -16      164
..................................................................


WIND (MPH)
  RESULTANT WIND SPEED   3   RESULTANT WIND DIRECTION   N (340)
  HIGHEST WIND SPEED    10   HIGHEST WIND DIRECTION    NW (300)
  HIGHEST GUST SPEED    14   HIGHEST GUST DIRECTION     N (10)


SKY COVER
  POSSIBLE SUNSHINE  MM
  AVERAGE SKY COVER 0.3


WEATHER CONDITIONS
 THE FOLLOWING WEATHER WAS RECORDED TODAY.
  NO SIGNIFICANT WEATHER WAS OBSERVED.


RELATIVE HUMIDITY (PERCENT)
 HIGHEST    72           100 AM
 LOWEST     33           300 PM
 AVERAGE    53

..........................................................


THE MODESTO CA CLIMATE NORMALS FOR TOMORROW
                         NORMAL    RECORD    YEAR
 MAXIMUM TEMPERATURE (F)   85        99      2001
 MINIMUM TEMPERATURE (F)   56        43      1960


SUNRISE AND SUNSET
MAY 22 2015...........SUNRISE   549 AM PDT   SUNSET   812 PM PDT
MAY 23 2015...........SUNRISE   549 AM PDT   SUNSET   813 PM PDT


-  INDICATES NEGATIVE NUMBERS.
R  INDICATES RECORD WAS SET OR TIED.
MM INDICATES DATA IS MISSING.
T  INDICATES TRACE AMOUNT.




$$
