000
CDUS46 KSTO 021447
CLIMOD


CLIMATE REPORT
NATIONAL WEATHER SERVICE SACRAMENTO, CA
746 AM PDT THU OCT 2 2014


...................................

...THE MODESTO CA CLIMATE SUMMARY FOR OCTOBER 1 2014...

CLIMATE NORMAL PERIOD 1981 TO 2010
CLIMATE RECORD PERIOD 1931 TO 2014


WEATHER ITEM   OBSERVED TIME   RECORD YEAR NORMAL DEPARTURE LAST
                VALUE   (LST)  VALUE       VALUE  FROM      YEAR
                                                  NORMAL
..................................................................
TEMPERATURE (F)
 YESTERDAY
  MAXIMUM         85    306 PM  99    2001  85      0       78
  MINIMUM         62   1102 PM  40    1950  56      6       56
  AVERAGE         74

PRECIPITATION (IN)
  YESTERDAY        0.00          0.19 1976   0.01  -0.01     0.00
  MONTH TO DATE    0.00                      0.01  -0.01     0.00
  SINCE JUL 1      0.30                      0.29   0.01     0.13
  SINCE JAN 1      5.81                      9.04  -3.23     3.34

SNOWFALL (IN)
  YESTERDAY        0.0          MM      MM
  MONTH TO DATE    0.0
  SINCE SEP 1      0.0
  SINCE JUL 1      0.0
  SNOW DEPTH       0

DEGREE DAYS
 HEATING
  YESTERDAY        0                         0      0        0
  MONTH TO DATE    0                         0      0        0
  SINCE SEP 1      1                         3     -2        2
  SINCE JUL 1      1                         3     -2        2

 COOLING
  YESTERDAY        9                         6      3        2
  MONTH TO DATE    9                         6      3        2
  SINCE SEP 1    308                       282     26      236
  SINCE JAN 1   1737                      1618    119     1708
..................................................................


WIND (MPH)
  RESULTANT WIND SPEED  10   RESULTANT WIND DIRECTION  NW (300)
  HIGHEST WIND SPEED    18   HIGHEST WIND DIRECTION    NW (300)
  HIGHEST GUST SPEED    24   HIGHEST GUST DIRECTION     N (350)


SKY COVER
  POSSIBLE SUNSHINE  MM
  AVERAGE SKY COVER 0.0


WEATHER CONDITIONS
 THE FOLLOWING WEATHER WAS RECORDED YESTERDAY.
  NO SIGNIFICANT WEATHER WAS OBSERVED.


RELATIVE HUMIDITY (PERCENT)
 HIGHEST    59          1200 AM
 LOWEST     17           300 PM
 AVERAGE    38

..........................................................


THE MODESTO CA CLIMATE NORMALS FOR TODAY
                         NORMAL    RECORD    YEAR
 MAXIMUM TEMPERATURE (F)   85        99      2012
 MINIMUM TEMPERATURE (F)   56        41      1973


SUNRISE AND SUNSET
OCTOBER  2 2014.......SUNRISE   700 AM PDT   SUNSET   645 PM PDT
OCTOBER  3 2014.......SUNRISE   701 AM PDT   SUNSET   644 PM PDT


-  INDICATES NEGATIVE NUMBERS.
R  INDICATES RECORD WAS SET OR TIED.
MM INDICATES DATA IS MISSING.
T  INDICATES TRACE AMOUNT.




$$
