000
CDUS46 KSTO 090842
CLIMOD


CLIMATE REPORT
NATIONAL WEATHER SERVICE SACRAMENTO, CA
1242 AM PST FRI DEC 9 2016


...................................

...THE MODESTO CA CLIMATE SUMMARY FOR DECEMBER 8 2016...

CLIMATE NORMAL PERIOD 1981 TO 2010
CLIMATE RECORD PERIOD 1931 TO 2016


WEATHER ITEM   OBSERVED TIME   RECORD YEAR NORMAL DEPARTURE LAST
                VALUE   (LST)  VALUE       VALUE  FROM      YEAR
                                                  NORMAL
..................................................................
TEMPERATURE (F)
 YESTERDAY
  MAXIMUM         57    448 PM  70    2006  57      0       60
  MINIMUM         47    537 AM  25    2009  40      7       44
                                      1978
  AVERAGE         52

PRECIPITATION (IN)
  YESTERDAY        0.37          0.71 1955   0.06   0.31     0.00
  MONTH TO DATE    0.38                      0.44  -0.06     0.29
  SINCE OCT 1      3.37                      2.48   0.89     2.71
  SINCE JAN 1     14.57                     11.51   3.06     5.56

SNOWFALL (IN)
  YESTERDAY       MM            MM      MM
  MONTH TO DATE    0.0
  SINCE DEC 1      0.0
  SINCE JUL 1      0.0
  SNOW DEPTH       0

DEGREE DAYS
 HEATING
  YESTERDAY       13                        16     -3       13
  MONTH TO DATE  129                       125      4      112
  SINCE DEC 1    129                       125      4      112
  SINCE JUL 1    342                       486   -144      483

 COOLING
  YESTERDAY        0                         0      0        0
  MONTH TO DATE    0                         0      0        0
  SINCE DEC 1      0                         0      0        0
  SINCE JAN 1   1982                      1699    283     2087
..................................................................


WIND (MPH)
  RESULTANT WIND SPEED   8   RESULTANT WIND DIRECTION  SE (140)
  HIGHEST WIND SPEED    17   HIGHEST WIND DIRECTION    SE (130)
  HIGHEST GUST SPEED    24   HIGHEST GUST DIRECTION    SE (150)


SKY COVER
  POSSIBLE SUNSHINE  MM
  AVERAGE SKY COVER 0.9


WEATHER CONDITIONS
 THE FOLLOWING WEATHER WAS RECORDED YESTERDAY.
  RAIN
  LIGHT RAIN
  FOG
  HAZE


RELATIVE HUMIDITY (PERCENT)
 HIGHEST    89          1000 PM
 LOWEST     67           100 PM
 AVERAGE    78

..........................................................


THE MODESTO CA CLIMATE NORMALS FOR TODAY
                         NORMAL    RECORD    YEAR
 MAXIMUM TEMPERATURE (F)   57        71      1939
 MINIMUM TEMPERATURE (F)   40        22      1972


SUNRISE AND SUNSET
DECEMBER  9 2016......SUNRISE   708 AM PST   SUNSET   445 PM PST
DECEMBER 10 2016......SUNRISE   708 AM PST   SUNSET   445 PM PST


-  INDICATES NEGATIVE NUMBERS.
R  INDICATES RECORD WAS SET OR TIED.
MM INDICATES DATA IS MISSING.
T  INDICATES TRACE AMOUNT.




$$
