000
CDUS46 KSTO 300837
CLIMOD


CLIMATE REPORT
NATIONAL WEATHER SERVICE SACRAMENTO, CA
137 AM PDT THU OCT 30 2014


...................................

...THE MODESTO CA CLIMATE SUMMARY FOR OCTOBER 29 2014...

CLIMATE NORMAL PERIOD 1981 TO 2010
CLIMATE RECORD PERIOD 1931 TO 2014


WEATHER ITEM   OBSERVED TIME   RECORD YEAR NORMAL DEPARTURE LAST
                VALUE   (LST)  VALUE       VALUE  FROM      YEAR
                                                  NORMAL
..................................................................
TEMPERATURE (F)
 YESTERDAY
  MAXIMUM         80    330 PM  86    1993  73      7       65
  MINIMUM         46    629 AM  30    1946  49     -3       46
  AVERAGE         63

PRECIPITATION (IN)
  YESTERDAY        0.00          0.82 1996   0.04  -0.04     0.00
  MONTH TO DATE    0.03                      0.61  -0.58     0.00
  SINCE JUL 1      0.33                      0.89  -0.56     0.13
  SINCE JAN 1      5.84                      9.64  -3.80     3.34

SNOWFALL (IN)
  YESTERDAY        0.0           0.0  2002
                                      2001
  MONTH TO DATE    0.0
  SINCE SEP 1      0.0
  SINCE JUL 1      0.0
  SNOW DEPTH       0

DEGREE DAYS
 HEATING
  YESTERDAY        2                         4     -2        9
  MONTH TO DATE   24                        50    -26       56
  SINCE SEP 1     25                        53    -28       58
  SINCE JUL 1     25                        53    -28       58

 COOLING
  YESTERDAY        0                         1     -1        0
  MONTH TO DATE  127                        84     43       12
  SINCE SEP 1    426                       360     66      246
  SINCE JAN 1   1855                      1696    159     1718
..................................................................


WIND (MPH)
  RESULTANT WIND SPEED   1   RESULTANT WIND DIRECTION  SE (120)
  HIGHEST WIND SPEED     8   HIGHEST WIND DIRECTION    SE (120)
  HIGHEST GUST SPEED     8   HIGHEST GUST DIRECTION     E (70)


SKY COVER
  POSSIBLE SUNSHINE  MM
  AVERAGE SKY COVER 0.0


WEATHER CONDITIONS
 THE FOLLOWING WEATHER WAS RECORDED YESTERDAY.
  HAZE


RELATIVE HUMIDITY (PERCENT)
 HIGHEST    86           400 AM
 LOWEST     30           200 PM
 AVERAGE    58

..........................................................


THE MODESTO CA CLIMATE NORMALS FOR TODAY
                         NORMAL    RECORD    YEAR
 MAXIMUM TEMPERATURE (F)   73        87      1993
 MINIMUM TEMPERATURE (F)   49        32      1946


SUNRISE AND SUNSET
OCTOBER 30 2014.......SUNRISE   727 AM PDT   SUNSET   607 PM PDT
OCTOBER 31 2014.......SUNRISE   728 AM PDT   SUNSET   606 PM PDT


-  INDICATES NEGATIVE NUMBERS.
R  INDICATES RECORD WAS SET OR TIED.
MM INDICATES DATA IS MISSING.
T  INDICATES TRACE AMOUNT.




$$
