000
CDUS43 KBIS 280039
CLIMOT


CLIMATE REPORT
NATIONAL WEATHER SERVICE BISMARCK ND
738 PM CDT SAT AUG 27 2016


...................................

...THE MINOT ND CLIMATE SUMMARY FOR AUGUST 27 2016...
VALID TODAY AS OF 0700 PM LOCAL TIME.

CLIMATE NORMAL PERIOD 1981 TO 2010
CLIMATE RECORD PERIOD 1897 TO 2016


WEATHER ITEM   OBSERVED TIME   RECORD YEAR NORMAL DEPARTURE LAST
                VALUE   (LST)  VALUE       VALUE  FROM      YEAR
                                                  NORMAL
..................................................................
TEMPERATURE (F)
 TODAY
  MAXIMUM         80    501 PM  99    1973  79      1       82
  MINIMUM         53    527 AM  31    1934  53      0       53
  AVERAGE         67                        66      1       68

PRECIPITATION (IN)
  TODAY            0.00          2.20 1903   0.06  -0.06     0.00
  MONTH TO DATE    1.24                      1.79  -0.55     1.26
  SINCE JUN 1      6.71                      7.80  -1.09     7.33
  SINCE JAN 1     11.86                     13.19  -1.33    11.46

DEGREE DAYS
 HEATING
  TODAY            0                         3     -3        0
  MONTH TO DATE    4                        36    -32       39
  SINCE JUN 1     26                       166   -140      112
  SINCE JUL 1     11                        60    -49       50

 COOLING
  TODAY            2                         3     -1        3
  MONTH TO DATE  220                       140     80      129
  SINCE JUN 1    596                       382    214      398
  SINCE JAN 1    636                       398    238      405
..................................................................


WIND (MPH)
  RESULTANT WIND SPEED   4   RESULTANT WIND DIRECTION   S (190)
  HIGHEST WIND SPEED    16   HIGHEST WIND DIRECTION     S (160)
  HIGHEST GUST SPEED    20   HIGHEST GUST DIRECTION    SE (150)
  AVERAGE WIND SPEED     6.7


SKY COVER
  POSSIBLE SUNSHINE  MM
  AVERAGE SKY COVER 0.2


WEATHER CONDITIONS
 THE FOLLOWING WEATHER WAS RECORDED TODAY.
  NO SIGNIFICANT WEATHER WAS OBSERVED.


RELATIVE HUMIDITY (PERCENT)
 HIGHEST    93           500 AM
 LOWEST     28           500 PM
 AVERAGE    61

..........................................................


THE MINOT ND CLIMATE NORMALS FOR TOMORROW
                         NORMAL    RECORD    YEAR
 MAXIMUM TEMPERATURE (F)   78       101      1971
 MINIMUM TEMPERATURE (F)   53        29      1917


SUNRISE AND SUNSET
AUGUST 27 2016........SUNRISE   657 AM CDT   SUNSET   835 PM CDT
AUGUST 28 2016........SUNRISE   658 AM CDT   SUNSET   833 PM CDT


-  INDICATES NEGATIVE NUMBERS.
R  INDICATES RECORD WAS SET OR TIED.
MM INDICATES DATA IS MISSING.
T  INDICATES TRACE AMOUNT.




$$
