000
CDUS43 KBIS 070738
CLIMOT


CLIMATE REPORT
NATIONAL WEATHER SERVICE BISMARCK ND
136 AM CST SUN FEB 7 2016


...................................

...THE MINOT ND CLIMATE SUMMARY FOR FEBRUARY 6 2016...

CLIMATE NORMAL PERIOD 1981 TO 2010
CLIMATE RECORD PERIOD 1897 TO 2016


WEATHER ITEM   OBSERVED TIME   RECORD YEAR NORMAL DEPARTURE LAST
                VALUE   (LST)  VALUE       VALUE  FROM      YEAR
                                                  NORMAL
..................................................................
TEMPERATURE (F)
 YESTERDAY
  MAXIMUM         51R   437 PM  46    1996  23     28       20
                                      1987
  MINIMUM         31    210 AM -45    1936   6     25        9
  AVERAGE         41                        15     26       15

PRECIPITATION (IN)
  YESTERDAY        0.02          0.10 1959   0.01   0.01      T
                                      1900
  MONTH TO DATE    0.03                      0.08  -0.05     0.01
  SINCE DEC 1      0.55                      0.97  -0.42     0.26
  SINCE JAN 1      0.24                      0.59  -0.35     0.25

DEGREE DAYS
 HEATING
  YESTERDAY       24                        50    -26       50
  MONTH TO DATE  216                       305    -89      345
  SINCE DEC 1   2899                      3479   -580     3251
  SINCE JUL 1   4600                      5537   -937     5430
..................................................................


WIND (MPH)
  HIGHEST WIND SPEED    37   HIGHEST WIND DIRECTION     W (280)
  HIGHEST GUST SPEED    47   HIGHEST GUST DIRECTION     W (280)
  AVERAGE WIND SPEED    19.7


SKY COVER
  POSSIBLE SUNSHINE  MM
  AVERAGE SKY COVER 0.6


WEATHER CONDITIONS
 THE FOLLOWING WEATHER WAS RECORDED YESTERDAY.
  LIGHT RAIN


RELATIVE HUMIDITY (PERCENT)
 HIGHEST    69           200 AM
 LOWEST     38           100 PM
 AVERAGE    54

..........................................................


THE MINOT ND CLIMATE NORMALS FOR TODAY
                         NORMAL    RECORD    YEAR
 MAXIMUM TEMPERATURE (F)   24        59      1963
 MINIMUM TEMPERATURE (F)    6       -36      1914


SUNRISE AND SUNSET
FEBRUARY  7 2016......SUNRISE   806 AM CST   SUNSET   554 PM CST
FEBRUARY  8 2016......SUNRISE   804 AM CST   SUNSET   555 PM CST


-  INDICATES NEGATIVE NUMBERS.
R  INDICATES RECORD WAS SET OR TIED.
MM INDICATES DATA IS MISSING.
T  INDICATES TRACE AMOUNT.




$$
