000
CDUS43 KBIS 060925
CLIMOT


CLIMATE REPORT
NATIONAL WEATHER SERVICE BISMARCK ND
424 AM CDT FRI MAY 6 2016


...................................

...THE MINOT ND CLIMATE SUMMARY FOR MAY 5 2016...

CLIMATE NORMAL PERIOD 1981 TO 2010
CLIMATE RECORD PERIOD 1897 TO 2016


WEATHER ITEM   OBSERVED TIME   RECORD YEAR NORMAL DEPARTURE LAST
                VALUE   (LST)  VALUE       VALUE  FROM      YEAR
                                                  NORMAL
..................................................................
TEMPERATURE (F)
 YESTERDAY
  MAXIMUM         95    336 PM  98    1926  64     31       78
  MINIMUM         65    601 AM  13    1929  39     26       51
  AVERAGE         80                        51     29       65

PRECIPITATION (IN)
  YESTERDAY        0.00          2.08 1999   0.07  -0.07     0.00
  MONTH TO DATE    0.01                      0.32  -0.31     0.00
  SINCE MAR 1      2.59                      2.30   0.29     0.96
  SINCE JAN 1      3.17                      3.21  -0.04     1.43

DEGREE DAYS
 COOLING
  YESTERDAY       15                         0     15        0
  MONTH TO DATE   16                         0     16        0
  SINCE MAR 1     16                         1     15        0
  SINCE JAN 1     16                         1     15        0
..................................................................


WIND (MPH)
  HIGHEST WIND SPEED    23   HIGHEST WIND DIRECTION    SW (210)
  HIGHEST GUST SPEED    29   HIGHEST GUST DIRECTION     S (200)
  AVERAGE WIND SPEED    12.1


SKY COVER
  POSSIBLE SUNSHINE  MM
  AVERAGE SKY COVER 0.0


WEATHER CONDITIONS
 THE FOLLOWING WEATHER WAS RECORDED YESTERDAY.
  NO SIGNIFICANT WEATHER WAS OBSERVED.


RELATIVE HUMIDITY (PERCENT)
 HIGHEST    44           500 AM
 LOWEST     12           300 PM
 AVERAGE    28

..........................................................


THE MINOT ND CLIMATE NORMALS FOR TODAY
                         NORMAL    RECORD    YEAR
 MAXIMUM TEMPERATURE (F)   64        88      1992
 MINIMUM TEMPERATURE (F)   40        15      1931


SUNRISE AND SUNSET
MAY  6 2016...........SUNRISE   617 AM CDT   SUNSET   907 PM CDT
MAY  7 2016...........SUNRISE   616 AM CDT   SUNSET   908 PM CDT


-  INDICATES NEGATIVE NUMBERS.
R  INDICATES RECORD WAS SET OR TIED.
MM INDICATES DATA IS MISSING.
T  INDICATES TRACE AMOUNT.




$$
