000
CDUS43 KBIS 170733
CLIMOT


CLIMATE REPORT
NATIONAL WEATHER SERVICE BISMARCK ND
232 AM CDT THU AUG 17 2017


...................................

...THE MINOT ND CLIMATE SUMMARY FOR AUGUST 16 2017...

CLIMATE NORMAL PERIOD 1981 TO 2010
CLIMATE RECORD PERIOD 1897 TO 2017


WEATHER ITEM   OBSERVED TIME   RECORD YEAR NORMAL DEPARTURE LAST
                VALUE   (LST)  VALUE       VALUE  FROM      YEAR
                                                  NORMAL
..................................................................
TEMPERATURE (F)
 YESTERDAY
  MAXIMUM         80    545 PM 103    1903  82     -2       92
  MINIMUM         57   1219 AM  40    1943  56      1       58
  AVERAGE         69                        69      0       75

PRECIPITATION (IN)
  YESTERDAY        0.00          2.14 1985   0.07  -0.07     0.00
  MONTH TO DATE    2.16                      1.07   1.09     0.10
  SINCE JUN 1      3.85                      7.08  -3.23     5.57
  SINCE JAN 1      5.21                     12.47  -7.26    10.72

DEGREE DAYS
 COOLING
  YESTERDAY        4                         5     -1       10
  MONTH TO DATE   31                        93    -62      169
  SINCE JUN 1    434                       335     99      545
  SINCE JAN 1    437                       351     86      585
..................................................................


WIND (MPH)
  HIGHEST WIND SPEED    15   HIGHEST WIND DIRECTION    NW (310)
  HIGHEST GUST SPEED    20   HIGHEST GUST DIRECTION    NW (320)
  AVERAGE WIND SPEED     5.1


SKY COVER
  POSSIBLE SUNSHINE  MM
  AVERAGE SKY COVER 0.5


WEATHER CONDITIONS
 THE FOLLOWING WEATHER WAS RECORDED YESTERDAY.
  FOG
  FOG W/VISIBILITY <= 1/4 MILE


RELATIVE HUMIDITY (PERCENT)
 HIGHEST   100           200 AM
 LOWEST     33           400 PM
 AVERAGE    67

..........................................................


THE MINOT ND CLIMATE NORMALS FOR TODAY
                         NORMAL    RECORD    YEAR
 MAXIMUM TEMPERATURE (F)   82       104      2003
                                             1934
 MINIMUM TEMPERATURE (F)   56        37      1950


SUNRISE AND SUNSET
AUGUST 17 2017........SUNRISE   642 AM CDT   SUNSET   855 PM CDT
AUGUST 18 2017........SUNRISE   644 AM CDT   SUNSET   853 PM CDT


-  INDICATES NEGATIVE NUMBERS.
R  INDICATES RECORD WAS SET OR TIED.
MM INDICATES DATA IS MISSING.
T  INDICATES TRACE AMOUNT.




$$
