000
CDUS43 KBIS 250028
CLIMOT


CLIMATE REPORT
NATIONAL WEATHER SERVICE BISMARCK ND
727 PM CDT SAT SEP 24 2016


...................................

...THE MINOT ND CLIMATE SUMMARY FOR SEPTEMBER 24 2016...
VALID TODAY AS OF 0700 PM LOCAL TIME.

CLIMATE NORMAL PERIOD 1981 TO 2010
CLIMATE RECORD PERIOD 1897 TO 2016


WEATHER ITEM   OBSERVED TIME   RECORD YEAR NORMAL DEPARTURE LAST
                VALUE   (LST)  VALUE       VALUE  FROM      YEAR
                                                  NORMAL
..................................................................
TEMPERATURE (F)
 TODAY
  MAXIMUM         79    400 PM  92    1917  66     13       74
  MINIMUM         59    251 AM  23    1922  43     16       54
  AVERAGE         69                        54     15       64

PRECIPITATION (IN)
  TODAY            0.07          1.07 1977   0.05   0.02     0.00
  MONTH TO DATE    2.90                      1.18   1.72     1.59
  SINCE SEP 1      2.90                      1.18   1.72     1.59
  SINCE JAN 1     14.76                     14.62   0.14    13.09

DEGREE DAYS
 HEATING
  TODAY            0                        11    -11        1
  MONTH TO DATE  139                       174    -35      123
  SINCE SEP 1    139                       174    -35      123
  SINCE JUL 1    150                       245    -95      173

 COOLING
  TODAY            4                         0      4        0
  MONTH TO DATE   30                        30      0       47
  SINCE SEP 1     30                        30      0       47
  SINCE JAN 1    683                       441    242      491
..................................................................


WIND (MPH)
  RESULTANT WIND SPEED   5   RESULTANT WIND DIRECTION  SE (130)
  HIGHEST WIND SPEED    18   HIGHEST WIND DIRECTION     S (190)
  HIGHEST GUST SPEED    23   HIGHEST GUST DIRECTION    SE (150)
  AVERAGE WIND SPEED     8.5


SKY COVER
  POSSIBLE SUNSHINE  MM
  AVERAGE SKY COVER 0.9


WEATHER CONDITIONS
 THE FOLLOWING WEATHER WAS RECORDED TODAY.
  THUNDERSTORM
  LIGHT RAIN
  FOG
  FOG W/VISIBILITY <= 1/4 MILE


RELATIVE HUMIDITY (PERCENT)
 HIGHEST   100           400 AM
 LOWEST     58           400 PM
 AVERAGE    79

..........................................................


THE MINOT ND CLIMATE NORMALS FOR TOMORROW
                         NORMAL    RECORD    YEAR
 MAXIMUM TEMPERATURE (F)   65        93      2014
                                             1938
 MINIMUM TEMPERATURE (F)   42        11      1927


SUNRISE AND SUNSET
SEPTEMBER 24 2016.....SUNRISE   735 AM CDT   SUNSET   738 PM CDT
SEPTEMBER 25 2016.....SUNRISE   737 AM CDT   SUNSET   735 PM CDT


-  INDICATES NEGATIVE NUMBERS.
R  INDICATES RECORD WAS SET OR TIED.
MM INDICATES DATA IS MISSING.
T  INDICATES TRACE AMOUNT.




$$
