000
CDUS41 KPHI 240630
CLIMPO


CLIMATE REPORT
NATIONAL WEATHER SERVICE MOUNT HOLLY NJ
129 AM EST FRI FEB 24 2017


...................................

...THE MOUNT POCONO PA CLIMATE SUMMARY FOR FEBRUARY 23 2017...

CLIMATE NORMAL PERIOD 1981 TO 2010
CLIMATE RECORD PERIOD 1901 TO 2017


WEATHER ITEM   OBSERVED TIME   RECORD YEAR NORMAL DEPARTURE LAST
                VALUE   (LST)  VALUE       VALUE  FROM      YEAR
                                                  NORMAL
..................................................................
TEMPERATURE (F)
 YESTERDAY
  MAXIMUM         63R   442 PM  60    1977  36     27       30
  MINIMUM         35    302 AM -13    1908  19     16       25
  AVERAGE         49                        28     21       28

PRECIPITATION (IN)
  YESTERDAY        0.07          1.40 1974   0.09  -0.02     0.21
  MONTH TO DATE    1.34                      1.92  -0.58     3.03
  SINCE DEC 1      6.46                      8.64  -2.18    10.09
  SINCE JAN 1      4.27                      4.77  -0.50     6.26

DEGREE DAYS
 HEATING
  YESTERDAY       16                        37    -21       37
  MONTH TO DATE  799                       908   -109      881
  SINCE DEC 1   3100                      3360   -260     2845
  SINCE JUL 1   4493                      4939   -446     4112

 COOLING
  YESTERDAY        0                         0      0        0
  MONTH TO DATE    0                         0      0        0
  SINCE DEC 1      0                         0      0        0
  SINCE JAN 1      0                         0      0        0
..................................................................


WIND (MPH)
  HIGHEST WIND SPEED    17   HIGHEST WIND DIRECTION    SW (230)
  HIGHEST GUST SPEED    24   HIGHEST GUST DIRECTION    SW (230)
  AVERAGE WIND SPEED     6.4


SKY COVER
  POSSIBLE SUNSHINE  MM
  AVERAGE SKY COVER 0.4


WEATHER CONDITIONS
 THE FOLLOWING WEATHER WAS RECORDED YESTERDAY.
  FOG


RELATIVE HUMIDITY (PERCENT)
 HIGHEST   100           300 AM
 LOWEST     65           200 PM
 AVERAGE    83

..........................................................


THE MOUNT POCONO PA CLIMATE NORMALS FOR TODAY
                         NORMAL    RECORD    YEAR
 MAXIMUM TEMPERATURE (F)   36        60      1984
 MINIMUM TEMPERATURE (F)   20       -16      2015


SUNRISE AND SUNSET
FEBRUARY 24 2017......SUNRISE   643 AM EST   SUNSET   547 PM EST
FEBRUARY 25 2017......SUNRISE   642 AM EST   SUNSET   548 PM EST


-  INDICATES NEGATIVE NUMBERS.
R  INDICATES RECORD WAS SET OR TIED.
MM INDICATES DATA IS MISSING.
T  INDICATES TRACE AMOUNT.




$$
