000
CDUS41 KPHI 120629
CLIMPO


CLIMATE REPORT
NATIONAL WEATHER SERVICE MOUNT HOLLY NJ
228 AM EDT SAT JUL 12 2014


...................................

...THE MOUNT POCONO PA CLIMATE SUMMARY FOR JULY 11 2014...

CLIMATE NORMAL PERIOD 1981 TO 2010
CLIMATE RECORD PERIOD 1901 TO 2014


WEATHER ITEM   OBSERVED TIME   RECORD YEAR NORMAL DEPARTURE LAST
                VALUE   (LST)  VALUE       VALUE  FROM      YEAR
                                                  NORMAL
..................................................................
TEMPERATURE (F)
 YESTERDAY
  MAXIMUM         76    345 PM  93    1911  78     -2       80
  MINIMUM         57   1150 PM  40    1983  58     -1       64
  AVERAGE         67                        68     -1       72

PRECIPITATION (IN)
  YESTERDAY        0.00          2.00 1938   0.13  -0.13     0.01
  MONTH TO DATE    2.30                      1.35   0.95     3.84
  SINCE JUN 1      5.75                      5.73   0.02    13.03
  SINCE JAN 1     24.51                     23.23   1.28    27.04

SNOWFALL (IN)
  YESTERDAY       MM            MM      MM  MM     MM       MM
  MONTH TO DATE   MM                        MM     MM       MM
  SINCE JUN 1     MM                        MM     MM       MM
  SINCE JUL 1     MM                        MM     MM       MM
  SNOW DEPTH      MM

DEGREE DAYS
 HEATING
  YESTERDAY        0                         1     -1        0
  MONTH TO DATE    5                        11     -6        0
  SINCE JUN 1     60                       111    -51       76
  SINCE JUL 1      5                        11     -6        0

 COOLING
  YESTERDAY        2                         4     -2        7
  MONTH TO DATE   56                        43     13      102
  SINCE JUN 1    116                       105     11      183
  SINCE JAN 1    123                       124     -1      215
..................................................................


WIND (MPH)
  HIGHEST WIND SPEED    10   HIGHEST WIND DIRECTION     E (70)
  HIGHEST GUST SPEED    13   HIGHEST GUST DIRECTION    NE (30)
  AVERAGE WIND SPEED     3.8


SKY COVER
  POSSIBLE SUNSHINE  MM
  AVERAGE SKY COVER 0.4


WEATHER CONDITIONS
 THE FOLLOWING WEATHER WAS RECORDED YESTERDAY.
  NO SIGNIFICANT WEATHER WAS OBSERVED.


RELATIVE HUMIDITY (PERCENT)
 HIGHEST    97           900 PM
 LOWEST     49           100 PM
 AVERAGE    73

..........................................................


THE MOUNT POCONO PA CLIMATE NORMALS FOR TODAY
                         NORMAL    RECORD    YEAR
 MAXIMUM TEMPERATURE (F)   78        90      1914
 MINIMUM TEMPERATURE (F)   59        38      1978


SUNRISE AND SUNSET
JULY 12 2014..........SUNRISE   540 AM EDT   SUNSET   834 PM EDT
JULY 13 2014..........SUNRISE   540 AM EDT   SUNSET   834 PM EDT


-  INDICATES NEGATIVE NUMBERS.
R  INDICATES RECORD WAS SET OR TIED.
MM INDICATES DATA IS MISSING.
T  INDICATES TRACE AMOUNT.




$$
