000
CDUS41 KPHI 190628
CLIMPO


CLIMATE REPORT
NATIONAL WEATHER SERVICE MOUNT HOLLY NJ
127 AM EST THU JAN 19 2017


...................................

...THE MOUNT POCONO PA CLIMATE SUMMARY FOR JANUARY 18 2017...

CLIMATE NORMAL PERIOD 1981 TO 2010
CLIMATE RECORD PERIOD 1901 TO 2017


WEATHER ITEM   OBSERVED TIME   RECORD YEAR NORMAL DEPARTURE LAST
                VALUE   (LST)  VALUE       VALUE  FROM      YEAR
                                                  NORMAL
..................................................................
TEMPERATURE (F)
 YESTERDAY
  MAXIMUM         38    134 PM  61    1929  30      8       24
  MINIMUM         32   1003 AM -11    1977  15     17        8
  AVERAGE         35                        23     12       16

PRECIPITATION (IN)
  YESTERDAY        0.09          2.43 2006   0.07   0.02     0.01
  MONTH TO DATE    1.56                      1.87  -0.31     2.72
  SINCE DEC 1      3.75                      5.74  -1.99     6.55
  SINCE JAN 1      1.56                      1.87  -0.31     2.72

DEGREE DAYS
 HEATING
  YESTERDAY       30                        42    -12       49
  MONTH TO DATE  724                       752    -28      717
  SINCE DEC 1   1874                      1910    -36     1428
  SINCE JUL 1   3267                      3489   -222     2695

 COOLING
  YESTERDAY        0                         0      0        0
  MONTH TO DATE    0                         0      0        0
  SINCE DEC 1      0                         0      0        0
  SINCE JAN 1      0                         0      0        0
..................................................................


WIND (MPH)
  HIGHEST WIND SPEED    16   HIGHEST WIND DIRECTION    NW (330)
  HIGHEST GUST SPEED    22   HIGHEST GUST DIRECTION    NW (330)
  AVERAGE WIND SPEED     5.4


SKY COVER
  POSSIBLE SUNSHINE  MM
  AVERAGE SKY COVER 1.0


WEATHER CONDITIONS
 THE FOLLOWING WEATHER WAS RECORDED YESTERDAY.
  FREEZING RAIN
  LT FREEZING RAIN
  FOG
  FOG W/VISIBILITY <= 1/4 MILE


RELATIVE HUMIDITY (PERCENT)
 HIGHEST   100           900 PM
 LOWEST     85           300 PM
 AVERAGE    93

..........................................................


THE MOUNT POCONO PA CLIMATE NORMALS FOR TODAY
                         NORMAL    RECORD    YEAR
 MAXIMUM TEMPERATURE (F)   31        54      1951
 MINIMUM TEMPERATURE (F)   15       -24      1904


SUNRISE AND SUNSET
JANUARY 19 2017.......SUNRISE   722 AM EST   SUNSET   503 PM EST
JANUARY 20 2017.......SUNRISE   722 AM EST   SUNSET   504 PM EST


-  INDICATES NEGATIVE NUMBERS.
R  INDICATES RECORD WAS SET OR TIED.
MM INDICATES DATA IS MISSING.
T  INDICATES TRACE AMOUNT.




$$
