248
CDUS41 KPHI 200549
CLIMPO


CLIMATE REPORT
NATIONAL WEATHER SERVICE MOUNT HOLLY NJ
147 AM EDT WED SEP 20 2017


...................................

...THE MOUNT POCONO PA CLIMATE SUMMARY FOR SEPTEMBER 19 2017...

CLIMATE NORMAL PERIOD 1981 TO 2010
CLIMATE RECORD PERIOD 1901 TO 2017


WEATHER ITEM   OBSERVED TIME   RECORD YEAR NORMAL DEPARTURE LAST
                VALUE   (LST)  VALUE       VALUE  FROM      YEAR
                                                  NORMAL
..................................................................
TEMPERATURE (F)
 YESTERDAY
  MAXIMUM         76    247 PM  86    1983  66     10       72
  MINIMUM         60   1251 AM  28    1929  49     11       62
  AVERAGE         68                        58     10       67

PRECIPITATION (IN)
  YESTERDAY        0.00          1.78 1991   0.17  -0.17     0.96
  MONTH TO DATE    2.76                      3.20  -0.44     1.23
  SINCE SEP 1      2.76                      3.20  -0.44     1.23
  SINCE JAN 1     33.37                     34.18  -0.81    30.82

DEGREE DAYS
 HEATING
  YESTERDAY        0                         8     -8        0
  MONTH TO DATE  112                        94     18       53
  SINCE SEP 1    112                        94     18       53
  SINCE JUL 1    210                       157     53       85

 COOLING
  YESTERDAY        3                         0      3        2
  MONTH TO DATE   11                        13     -2       49
  SINCE SEP 1     11                        13     -2       49
  SINCE JAN 1    240                       309    -69      395
..................................................................


WIND (MPH)
  HIGHEST WIND SPEED    18   HIGHEST WIND DIRECTION    NE (50)
  HIGHEST GUST SPEED    21   HIGHEST GUST DIRECTION    NE (60)
  AVERAGE WIND SPEED     9.9


SKY COVER
  POSSIBLE SUNSHINE  MM
  AVERAGE SKY COVER 0.6


WEATHER CONDITIONS
 THE FOLLOWING WEATHER WAS RECORDED YESTERDAY.
  FOG


RELATIVE HUMIDITY (PERCENT)
 HIGHEST   100          1200 AM
 LOWEST     57           600 PM
 AVERAGE    79

..........................................................


THE MOUNT POCONO PA CLIMATE NORMALS FOR TODAY
                         NORMAL    RECORD    YEAR
 MAXIMUM TEMPERATURE (F)   66        85      1983
 MINIMUM TEMPERATURE (F)   48        28      1979


SUNRISE AND SUNSET
SEPTEMBER 20 2017.....SUNRISE   647 AM EDT   SUNSET   702 PM EDT
SEPTEMBER 21 2017.....SUNRISE   648 AM EDT   SUNSET   700 PM EDT


-  INDICATES NEGATIVE NUMBERS.
R  INDICATES RECORD WAS SET OR TIED.
MM INDICATES DATA IS MISSING.
T  INDICATES TRACE AMOUNT.




$$
