000
CDUS41 KPHI 010637
CLIMPO


CLIMATE REPORT
NATIONAL WEATHER SERVICE MOUNT HOLLY NJ
131 AM EST SUN FEB 1 2015


...................................

...THE MOUNT POCONO PA CLIMATE SUMMARY FOR JANUARY 31 2015...

CLIMATE NORMAL PERIOD 1981 TO 2010
CLIMATE RECORD PERIOD 1901 TO 2015


WEATHER ITEM   OBSERVED TIME   RECORD YEAR NORMAL DEPARTURE LAST
                VALUE   (LST)  VALUE       VALUE  FROM      YEAR
                                                  NORMAL
..................................................................
TEMPERATURE (F)
 YESTERDAY
  MAXIMUM         17    426 PM  59    1916  32    -15       32
  MINIMUM          2    802 AM -15    1908  16    -14       16
  AVERAGE         10                        24    -14       24

PRECIPITATION (IN)
  YESTERDAY        0.00          0.80 1921   0.07  -0.07     0.00
  MONTH TO DATE    1.72                      2.85  -1.13     3.35
  SINCE DEC 1      4.52                      6.72  -2.20     5.98
  SINCE JAN 1      1.72                      2.85  -1.13     3.35

SNOWFALL (IN)
  YESTERDAY       MM            MM      MM  MM     MM       MM
  MONTH TO DATE   MM                        MM     MM       MM
  SINCE DEC 1     MM                        MM     MM       MM
  SINCE JUL 1     MM                        MM     MM       MM
  SNOW DEPTH      MM

DEGREE DAYS
 HEATING
  YESTERDAY       55                        41     14       41
  MONTH TO DATE 1398                      1295    103     1446
  SINCE DEC 1   2434                      2452    -18     2566
  SINCE JUL 1   4001                      4031    -30     4178

 COOLING
  YESTERDAY        0                         0      0        0
  MONTH TO DATE    0                         0      0        0
  SINCE DEC 1      0                         0      0        0
  SINCE JAN 1      0                         0      0        0
..................................................................


WIND (MPH)
  HIGHEST WIND SPEED    33   HIGHEST WIND DIRECTION    NW (320)
  HIGHEST GUST SPEED    45   HIGHEST GUST DIRECTION    NW (320)
  AVERAGE WIND SPEED    19.5


SKY COVER
  POSSIBLE SUNSHINE  MM
  AVERAGE SKY COVER 0.4


WEATHER CONDITIONS
 THE FOLLOWING WEATHER WAS RECORDED YESTERDAY.
  BLOWING SNOW


RELATIVE HUMIDITY (PERCENT)
 HIGHEST    76           300 AM
 LOWEST     49           400 PM
 AVERAGE    63

..........................................................


THE MOUNT POCONO PA CLIMATE NORMALS FOR TODAY
                         NORMAL    RECORD    YEAR
 MAXIMUM TEMPERATURE (F)   32        59      1989
 MINIMUM TEMPERATURE (F)   16       -15      1920


SUNRISE AND SUNSET
FEBRUARY  1 2015......SUNRISE   713 AM EST   SUNSET   518 PM EST
FEBRUARY  2 2015......SUNRISE   712 AM EST   SUNSET   519 PM EST


-  INDICATES NEGATIVE NUMBERS.
R  INDICATES RECORD WAS SET OR TIED.
MM INDICATES DATA IS MISSING.
T  INDICATES TRACE AMOUNT.




$$
