000
CDUS41 KBTV 010533
CLIMPV


CLIMATE REPORT
NATIONAL WEATHER SERVICE BURLINGTON VT
131 AM EDT SAT AUG 1 2015


...................................

...THE MONTPELIER VT CLIMATE SUMMARY FOR JULY 31 2015...

CLIMATE NORMAL PERIOD 1981 TO 2010
CLIMATE RECORD PERIOD 1948 TO 2015


WEATHER ITEM   OBSERVED TIME   RECORD YEAR NORMAL DEPARTURE LAST
                VALUE   (LST)  VALUE       VALUE  FROM      YEAR
                                                  NORMAL
..................................................................
TEMPERATURE (F)
 YESTERDAY
  MAXIMUM         77    514 PM  90    1975  78     -1       70
  MINIMUM         57    308 AM  42    1966  56      1       51
  AVERAGE         67                        67      0       61

PRECIPITATION (IN)
  YESTERDAY        0.00          2.06        0.15  -0.15     0.09
  MONTH TO DATE    4.37                      4.08   0.29     5.68
  SINCE JUN 1     13.42                      7.88   5.54     9.70
  SINCE JAN 1     24.12                     20.79   3.33    22.30

DEGREE DAYS
 HEATING
  YESTERDAY        0                         1     -1        4
  MONTH TO DATE   51                        37     14       43
  SINCE JUN 1    213                       161     52      143
  SINCE JUL 1     51                        40     11       43

 COOLING
  YESTERDAY        2                         3     -1        0
  MONTH TO DATE   99                       105     -6      101
  SINCE JUN 1    111                       158    -47      131
  SINCE JAN 1    145                       168    -23      132
..................................................................


WIND (MPH)
  HIGHEST WIND SPEED    16   HIGHEST WIND DIRECTION    NW (300)
  HIGHEST GUST SPEED    23   HIGHEST GUST DIRECTION    NW (310)
  AVERAGE WIND SPEED     4.6


SKY COVER
  AVERAGE SKY COVER 0.3


WEATHER CONDITIONS
 THE FOLLOWING WEATHER WAS RECORDED YESTERDAY.
  NO SIGNIFICANT WEATHER WAS OBSERVED.


RELATIVE HUMIDITY (PERCENT)
 HIGHEST    90           400 AM
 LOWEST     43           300 PM
 AVERAGE    67

..........................................................


THE MONTPELIER VT CLIMATE NORMALS FOR TODAY
                         NORMAL    RECORD    YEAR
 MAXIMUM TEMPERATURE (F)   78        94      1975
 MINIMUM TEMPERATURE (F)   56        39      1964


SUNRISE AND SUNSET
AUGUST  1 2015........SUNRISE   538 AM EDT   SUNSET   815 PM EDT
AUGUST  2 2015........SUNRISE   539 AM EDT   SUNSET   814 PM EDT


-  INDICATES NEGATIVE NUMBERS.
R  INDICATES RECORD WAS SET OR TIED.
MM INDICATES DATA IS MISSING.
T  INDICATES TRACE AMOUNT.




$$
