000
CDUS41 KBTV 040535
CLIMPV


CLIMATE REPORT
NATIONAL WEATHER SERVICE BURLINGTON VT
1231 AM EST SUN DEC 4 2016


...................................

...THE MONTPELIER VT CLIMATE SUMMARY FOR DECEMBER 3 2016...

CLIMATE NORMAL PERIOD 1981 TO 2010
CLIMATE RECORD PERIOD 1948 TO 2016


WEATHER ITEM   OBSERVED TIME   RECORD YEAR NORMAL DEPARTURE LAST
                VALUE   (LST)  VALUE       VALUE  FROM      YEAR
                                                  NORMAL
..................................................................
TEMPERATURE (F)
 YESTERDAY
  MAXIMUM         32    147 PM  59    2009  36     -4       38
  MINIMUM         28   1159 PM  -8    1976  20      8       33
  AVERAGE         30                        28      2       36

PRECIPITATION (IN)
  YESTERDAY        0.01          1.50        0.10  -0.09     0.06
  MONTH TO DATE    0.41                      0.30   0.11     0.84
  SINCE DEC 1      0.41                      0.30   0.11     0.84
  SINCE JAN 1     32.32                     34.83  -2.51    35.74

DEGREE DAYS
 HEATING
  YESTERDAY       35                        37     -2       29
  MONTH TO DATE   87                       109    -22       98
  SINCE DEC 1     87                       109    -22       98
  SINCE JUL 1   1676                      1955   -279     1741

 COOLING
  YESTERDAY        0                         0      0        0
  MONTH TO DATE    0                         0      0        0
  SINCE DEC 1      0                         0      0        0
  SINCE JAN 1    300                       264     36      290
..................................................................


WIND (MPH)
  HIGHEST WIND SPEED    20   HIGHEST WIND DIRECTION    NW (300)
  HIGHEST GUST SPEED    29   HIGHEST GUST DIRECTION    NW (310)
  AVERAGE WIND SPEED    10.4


SKY COVER
  AVERAGE SKY COVER 1.0


WEATHER CONDITIONS
 THE FOLLOWING WEATHER WAS RECORDED YESTERDAY.
  LIGHT SNOW
  FOG


RELATIVE HUMIDITY (PERCENT)
 HIGHEST    92          1200 AM
 LOWEST     85          1100 AM
 AVERAGE    89

..........................................................


THE MONTPELIER VT CLIMATE NORMALS FOR TODAY
                         NORMAL    RECORD    YEAR
 MAXIMUM TEMPERATURE (F)   36        64      1982
 MINIMUM TEMPERATURE (F)   20        -7      1966


SUNRISE AND SUNSET
DECEMBER  4 2016......SUNRISE   709 AM EST   SUNSET   412 PM EST
DECEMBER  5 2016......SUNRISE   710 AM EST   SUNSET   412 PM EST


-  INDICATES NEGATIVE NUMBERS.
R  INDICATES RECORD WAS SET OR TIED.
MM INDICATES DATA IS MISSING.
T  INDICATES TRACE AMOUNT.




$$
