000
CDUS41 KBTV 180652
CLIMPV


CLIMATE REPORT
NATIONAL WEATHER SERVICE BURLINGTON VT
157 AM EDT FRI APR 18 2014


...................................

...THE MONTPELIER VT CLIMATE SUMMARY FOR APRIL 17 2014...

CLIMATE NORMAL PERIOD 1981 TO 2010
CLIMATE RECORD PERIOD 1948 TO 2014


WEATHER ITEM   OBSERVED TIME   RECORD YEAR NORMAL DEPARTURE LAST
                VALUE   (LST)  VALUE       VALUE  FROM      YEAR
                                                  NORMAL
..................................................................
TEMPERATURE (F)
 YESTERDAY
  MAXIMUM         45    409 PM  86    2002  54     -9       53
                                      1976
  MINIMUM         14R   508 AM  17    2003  32    -18       29
                                      1971
  AVERAGE         30                        43    -13       41

PRECIPITATION (IN)
  YESTERDAY        0.00          0.51        0.09  -0.09     0.00
  MONTH TO DATE    1.34                      1.48  -0.14     1.41
  SINCE MAR 1      4.39                      3.87   0.52     2.30
  SINCE JAN 1      8.70                      8.36   0.34     4.54

DEGREE DAYS
 HEATING
  YESTERDAY       35                        22     13       24
  MONTH TO DATE  452                       433     19      478
  SINCE MAR 1   1901                      1550    351     1542
  SINCE JUL 1   8066                      7458    608     7091

 COOLING
  YESTERDAY        0                         0      0        0
  MONTH TO DATE    0                         0      0        0
  SINCE MAR 1      0                         0      0        0
  SINCE JAN 1      0                         0      0        0
..................................................................


WIND (MPH)
  HIGHEST WIND SPEED    18   HIGHEST WIND DIRECTION     S (170)
  HIGHEST GUST SPEED    25   HIGHEST GUST DIRECTION     S (160)
  AVERAGE WIND SPEED     6.3


SKY COVER
  AVERAGE SKY COVER 0.0


WEATHER CONDITIONS
 THE FOLLOWING WEATHER WAS RECORDED YESTERDAY.
  NO SIGNIFICANT WEATHER WAS OBSERVED.


RELATIVE HUMIDITY (PERCENT)
 HIGHEST    96           500 AM
 LOWEST     25           400 PM
 AVERAGE    61

..........................................................


THE MONTPELIER VT CLIMATE NORMALS FOR TODAY
                         NORMAL    RECORD    YEAR
 MAXIMUM TEMPERATURE (F)   55        90      1976
 MINIMUM TEMPERATURE (F)   33        21      1962


SUNRISE AND SUNSET
APRIL 18 2014.........SUNRISE   602 AM EDT   SUNSET   738 PM EDT
APRIL 19 2014.........SUNRISE   600 AM EDT   SUNSET   739 PM EDT


-  INDICATES NEGATIVE NUMBERS.
R  INDICATES RECORD WAS SET OR TIED.
MM INDICATES DATA IS MISSING.
T  INDICATES TRACE AMOUNT.




$$
