000
CDUS41 KBTV 270545
CLIMPV


CLIMATE REPORT
NATIONAL WEATHER SERVICE BURLINGTON VT
1243 AM EST SAT DEC 27 2014


...................................

...THE MONTPELIER VT CLIMATE SUMMARY FOR DECEMBER 26 2014...

CLIMATE NORMAL PERIOD 1981 TO 2010
CLIMATE RECORD PERIOD 1948 TO 2014


WEATHER ITEM   OBSERVED TIME   RECORD YEAR NORMAL DEPARTURE LAST
                VALUE   (LST)  VALUE       VALUE  FROM      YEAR
                                                  NORMAL
..................................................................
TEMPERATURE (F)
 YESTERDAY
  MAXIMUM         41    159 PM  63    1982  28     13       25
  MINIMUM         28    818 PM -27    1980  10     18       14
  AVERAGE         35                        19     16       20

PRECIPITATION (IN)
  YESTERDAY        0.00          1.28        0.08  -0.08     0.01
  MONTH TO DATE    3.52                      2.37   1.15     1.61
  SINCE DEC 1      3.52                      2.37   1.15     1.61
  SINCE JAN 1     36.31                     36.90  -0.59    36.70

DEGREE DAYS
 HEATING
  YESTERDAY       30                        46    -16       45
  MONTH TO DATE  992                      1069    -77     1136
  SINCE DEC 1    992                      1069    -77     1136
  SINCE JUL 1   2810                      2915   -105     3040

 COOLING
  YESTERDAY        0                         0      0        0
  MONTH TO DATE    0                         0      0        0
  SINCE DEC 1      0                         0      0        0
  SINCE JAN 1    188                       264    -76      323
..................................................................


WIND (MPH)
  HIGHEST WIND SPEED    21   HIGHEST WIND DIRECTION     W (280)
  HIGHEST GUST SPEED    31   HIGHEST GUST DIRECTION     W (290)
  AVERAGE WIND SPEED     7.2


SKY COVER
  AVERAGE SKY COVER 0.6


WEATHER CONDITIONS
 THE FOLLOWING WEATHER WAS RECORDED YESTERDAY.
  NO SIGNIFICANT WEATHER WAS OBSERVED.


RELATIVE HUMIDITY (PERCENT)
 HIGHEST    85           700 PM
 LOWEST     59          1200 AM
 AVERAGE    72

..........................................................


THE MONTPELIER VT CLIMATE NORMALS FOR TODAY
                         NORMAL    RECORD    YEAR
 MAXIMUM TEMPERATURE (F)   28        56      1949
 MINIMUM TEMPERATURE (F)   10       -24      1968


SUNRISE AND SUNSET
DECEMBER 27 2014......SUNRISE   725 AM EST   SUNSET   418 PM EST
DECEMBER 28 2014......SUNRISE   725 AM EST   SUNSET   419 PM EST


-  INDICATES NEGATIVE NUMBERS.
R  INDICATES RECORD WAS SET OR TIED.
MM INDICATES DATA IS MISSING.
T  INDICATES TRACE AMOUNT.




$$
