000
CDUS41 KBTV 210546
CLIMPV


CLIMATE REPORT
NATIONAL WEATHER SERVICE BURLINGTON VT
144 AM EDT MON AUG 21 2017


...................................

...THE MONTPELIER VT CLIMATE SUMMARY FOR AUGUST 20 2017...

CLIMATE NORMAL PERIOD 1981 TO 2010
CLIMATE RECORD PERIOD 1948 TO 2017


WEATHER ITEM   OBSERVED TIME   RECORD YEAR NORMAL DEPARTURE LAST
                VALUE   (LST)  VALUE       VALUE  FROM      YEAR
                                                  NORMAL
..................................................................
TEMPERATURE (F)
 YESTERDAY
  MAXIMUM         75    321 PM  87    1955  77     -2       82
  MINIMUM         56   1158 PM  39    1953  53      3       52
  AVERAGE         66                        65      1       67

PRECIPITATION (IN)
  YESTERDAY        T             0.91        0.12  -0.12     0.00
  MONTH TO DATE    2.58                      2.86  -0.28     4.35
  SINCE JUN 1     15.90                     10.74   5.16    11.13
  SINCE JAN 1     31.10                     23.65   7.45    23.41

DEGREE DAYS
 HEATING
  YESTERDAY        0                         2     -2        0
  MONTH TO DATE   28                        36     -8        5
  SINCE JUN 1    220                       197     23      169
  SINCE JUL 1     74                        76     -2       37

 COOLING
  YESTERDAY        1                         2     -1        2
  MONTH TO DATE   38                        56    -18       80
  SINCE JUN 1    171                       214    -43      215
  SINCE JAN 1    188                       224    -36      244
..................................................................


WIND (MPH)
  HIGHEST WIND SPEED    17   HIGHEST WIND DIRECTION    NW (300)
  HIGHEST GUST SPEED    27   HIGHEST GUST DIRECTION    NW (310)
  AVERAGE WIND SPEED     6.3


SKY COVER
  AVERAGE SKY COVER 0.5


WEATHER CONDITIONS
 THE FOLLOWING WEATHER WAS RECORDED YESTERDAY.
  LIGHT RAIN


RELATIVE HUMIDITY (PERCENT)
 HIGHEST   100           100 AM
 LOWEST     57           100 PM
 AVERAGE    79

..........................................................


THE MONTPELIER VT CLIMATE NORMALS FOR TODAY
                         NORMAL    RECORD    YEAR
 MAXIMUM TEMPERATURE (F)   76        90      1979
 MINIMUM TEMPERATURE (F)   53        38      1953


SUNRISE AND SUNSET
AUGUST 21 2017........SUNRISE   601 AM EDT   SUNSET   745 PM EDT
AUGUST 22 2017........SUNRISE   602 AM EDT   SUNSET   743 PM EDT


-  INDICATES NEGATIVE NUMBERS.
R  INDICATES RECORD WAS SET OR TIED.
MM INDICATES DATA IS MISSING.
T  INDICATES TRACE AMOUNT.




$$
