000
CDUS41 KBTV 210520
CLIMPV


CLIMATE REPORT
NATIONAL WEATHER SERVICE BURLINGTON VT
119 AM EDT SAT OCT 21 2017


...................................

...THE MONTPELIER VT CLIMATE SUMMARY FOR OCTOBER 20 2017...

CLIMATE NORMAL PERIOD 1981 TO 2010
CLIMATE RECORD PERIOD 1948 TO 2017


WEATHER ITEM   OBSERVED TIME   RECORD YEAR NORMAL DEPARTURE LAST
                VALUE   (LST)  VALUE       VALUE  FROM      YEAR
                                                  NORMAL
..................................................................
TEMPERATURE (F)
 YESTERDAY
  MAXIMUM         59   1200 AM  76    1965  54      5       55
  MINIMUM         48    600 AM  14    1972  34     14       37
  AVERAGE         54                        44     10       46

PRECIPITATION (IN)
  YESTERDAY        0.00          1.71        0.10  -0.10     0.10
  MONTH TO DATE    1.02                      2.30  -1.28     0.28
  SINCE SEP 1      3.51                      5.42  -1.91     2.06
  SINCE JAN 1     35.13                     30.22   4.91    26.62

DEGREE DAYS
 HEATING
  YESTERDAY       11                        21    -10       19
  MONTH TO DATE  213                       352   -139      259
  SINCE SEP 1    371                       599   -228      421
  SINCE JUL 1    517                       707   -190      475

 COOLING
  YESTERDAY        0                         0      0        0
  MONTH TO DATE    0                         0      0        0
  SINCE SEP 1     47                        19     28       28
  SINCE JAN 1    243                       263    -20      300
..................................................................


WIND (MPH)
  HIGHEST WIND SPEED    10   HIGHEST WIND DIRECTION    NW (300)
  HIGHEST GUST SPEED    21   HIGHEST GUST DIRECTION    NW (300)
  AVERAGE WIND SPEED     7.2


SKY COVER
  AVERAGE SKY COVER 0.0


WEATHER CONDITIONS
 THE FOLLOWING WEATHER WAS RECORDED YESTERDAY.
  NO SIGNIFICANT WEATHER WAS OBSERVED.


RELATIVE HUMIDITY (PERCENT)
 HIGHEST    61           100 AM
 LOWEST     50           400 AM
 AVERAGE    56

..........................................................


THE MONTPELIER VT CLIMATE NORMALS FOR TODAY
                         NORMAL    RECORD    YEAR
 MAXIMUM TEMPERATURE (F)   54        77      1979
 MINIMUM TEMPERATURE (F)   34        15      1972


SUNRISE AND SUNSET
OCTOBER 21 2017.......SUNRISE   713 AM EDT   SUNSET   556 PM EDT
OCTOBER 22 2017.......SUNRISE   714 AM EDT   SUNSET   554 PM EDT


-  INDICATES NEGATIVE NUMBERS.
R  INDICATES RECORD WAS SET OR TIED.
MM INDICATES DATA IS MISSING.
T  INDICATES TRACE AMOUNT.




$$
