000
CDUS41 KBTV 020618
CLIMPV


CLIMATE REPORT
NATIONAL WEATHER SERVICE BURLINGTON VT
116 AM EST MON MAR 2 2015


...................................

...THE MONTPELIER VT CLIMATE SUMMARY FOR MARCH 1 2015...

CLIMATE NORMAL PERIOD 1981 TO 2010
CLIMATE RECORD PERIOD 1948 TO 2015


WEATHER ITEM   OBSERVED TIME   RECORD YEAR NORMAL DEPARTURE LAST
                VALUE   (LST)  VALUE       VALUE  FROM      YEAR
                                                  NORMAL
..................................................................
TEMPERATURE (F)
 YESTERDAY
  MAXIMUM         26    203 PM  53    1991  34     -8       28
  MINIMUM         -8    448 AM -12    1992  13    -21       -9
  AVERAGE          9                        24    -15       10

PRECIPITATION (IN)
  YESTERDAY        0.01          0.93        0.07  -0.06     0.00
  MONTH TO DATE    0.01                      0.07  -0.06     0.00
  SINCE MAR 1      0.01                      0.07  -0.06     0.00
  SINCE JAN 1      2.88                      4.56  -1.68     4.31

DEGREE DAYS
 HEATING
  YESTERDAY       56                        42     14       55
  MONTH TO DATE   56                        42     14       55
  SINCE MAR 1     56                        42     14       55
  SINCE JUL 1   6394                      5950    444     6220

 COOLING
  YESTERDAY        0                         0      0        0
  MONTH TO DATE    0                         0      0        0
  SINCE MAR 1      0                         0      0        0
  SINCE JAN 1      0                         0      0        0
..................................................................


WIND (MPH)
  HIGHEST WIND SPEED    20   HIGHEST WIND DIRECTION     S (170)
  HIGHEST GUST SPEED    25   HIGHEST GUST DIRECTION     S (190)
  AVERAGE WIND SPEED     5.9


SKY COVER
  AVERAGE SKY COVER 0.7


WEATHER CONDITIONS
 THE FOLLOWING WEATHER WAS RECORDED YESTERDAY.
  LIGHT SNOW
  FOG
  HAZE


RELATIVE HUMIDITY (PERCENT)
 HIGHEST    91           800 PM
 LOWEST     38          1200 PM
 AVERAGE    65

..........................................................


THE MONTPELIER VT CLIMATE NORMALS FOR TODAY
                         NORMAL    RECORD    YEAR
 MAXIMUM TEMPERATURE (F)   34        61      1991
 MINIMUM TEMPERATURE (F)   13       -15      1980


SUNRISE AND SUNSET
MARCH  2 2015.........SUNRISE   626 AM EST   SUNSET   539 PM EST
MARCH  3 2015.........SUNRISE   624 AM EST   SUNSET   541 PM EST


-  INDICATES NEGATIVE NUMBERS.
R  INDICATES RECORD WAS SET OR TIED.
MM INDICATES DATA IS MISSING.
T  INDICATES TRACE AMOUNT.




$$
