000
CDUS41 KBTV 170537
CLIMPV


CLIMATE REPORT
NATIONAL WEATHER SERVICE BURLINGTON VT
1233 AM EST SUN DEC 17 2017


...................................

...THE MONTPELIER VT CLIMATE SUMMARY FOR DECEMBER 16 2017...

CLIMATE NORMAL PERIOD 1981 TO 2010
CLIMATE RECORD PERIOD 1948 TO 2017


WEATHER ITEM   OBSERVED TIME   RECORD YEAR NORMAL DEPARTURE LAST
                VALUE   (LST)  VALUE       VALUE  FROM      YEAR
                                                  NORMAL
..................................................................
TEMPERATURE (F)
 YESTERDAY
  MAXIMUM         24    148 PM  53    1982  31     -7        4
  MINIMUM          4   1155 PM -19    1951  14    -10       -8
  AVERAGE         14                        23     -9       -2

PRECIPITATION (IN)
  YESTERDAY        T             1.20        0.09  -0.09      T
  MONTH TO DATE    0.85                      1.55  -0.70     1.03
  SINCE DEC 1      0.85                      1.55  -0.70     1.03
  SINCE JAN 1     41.78                     36.08   5.70    32.94

DEGREE DAYS
 HEATING
  YESTERDAY       51                        42      9       67
  MONTH TO DATE  645                       627     18      666
  SINCE DEC 1    645                       627     18      666
  SINCE JUL 1   2279                      2473   -194     2255

 COOLING
  YESTERDAY        0                         0      0        0
  MONTH TO DATE    0                         0      0        0
  SINCE DEC 1      0                         0      0        0
  SINCE JAN 1    243                       264    -21      300
..................................................................


WIND (MPH)
  HIGHEST WIND SPEED    26   HIGHEST WIND DIRECTION     W (290)
  HIGHEST GUST SPEED    34   HIGHEST GUST DIRECTION     W (290)
  AVERAGE WIND SPEED     3.3


SKY COVER
  AVERAGE SKY COVER 0.8


WEATHER CONDITIONS
 THE FOLLOWING WEATHER WAS RECORDED YESTERDAY.
  LIGHT SNOW
  FOG


RELATIVE HUMIDITY (PERCENT)
 HIGHEST   100           600 AM
 LOWEST     67           400 PM
 AVERAGE    84

..........................................................


THE MONTPELIER VT CLIMATE NORMALS FOR TODAY
                         NORMAL    RECORD    YEAR
 MAXIMUM TEMPERATURE (F)   31        56      1984
 MINIMUM TEMPERATURE (F)   14       -20      2013


SUNRISE AND SUNSET
DECEMBER 17 2017......SUNRISE   720 AM EST   SUNSET   413 PM EST
DECEMBER 18 2017......SUNRISE   721 AM EST   SUNSET   413 PM EST


-  INDICATES NEGATIVE NUMBERS.
R  INDICATES RECORD WAS SET OR TIED.
MM INDICATES DATA IS MISSING.
T  INDICATES TRACE AMOUNT.




$$
