000
CDUS43 KMPX 160708
CLIMPX


CLIMATE REPORT
NATIONAL WEATHER SERVICE CHANHASSEN MN
107 AM CST SAT DEC 16 2017


...................................

...THE CHANHASSEN MN CLIMATE SUMMARY FOR DECEMBER 15 2017...

CLIMATE NORMAL PERIOD 1981 TO 2010
CLIMATE RECORD PERIOD 1995 TO 2017


WEATHER ITEM   OBSERVED TIME   RECORD YEAR NORMAL DEPARTURE LAST
                VALUE   (LST)  VALUE       VALUE  FROM      YEAR
                                                  NORMAL
..................................................................
TEMPERATURE (F)
 YESTERDAY
  MAXIMUM         28        MM  50    2014  25      3        3
  MINIMUM         20        MM -14    2016  10     10      -14
  AVERAGE         24                        18      6       -5

PRECIPITATION (IN)
  YESTERDAY        0.02R         T    1999   0.03  -0.01     0.02
                                      1999
                                      2011
  MONTH TO DATE    0.51                      0.62  -0.11     0.79
  SINCE DEC 1      0.51                      0.62  -0.11     0.79
  SINCE JAN 1     37.73                     30.53   7.20    39.07

SNOWFALL (IN)
  YESTERDAY        0.2           1.5  2005   0.5   -0.3      0.4
  MONTH TO DATE    4.3                       6.7   -2.4     12.9
  SINCE DEC 1      4.3                       6.7   -2.4     12.9
  SINCE JUL 1      6.1                      12.5   -6.4     18.0
  SNOW DEPTH       2

DEGREE DAYS
 HEATING
  YESTERDAY       41                        47     -6       70
  MONTH TO DATE  603                       667    -64      727
  SINCE DEC 1    603                       667    -64      727
  SINCE JUL 1   2216                      2374   -158     1950

 COOLING
  YESTERDAY        0                         0      0        0
  MONTH TO DATE    0                         0      0        0
  SINCE DEC 1      0                         0      0        0
  SINCE JAN 1    478                       605   -127      631
..................................................................


WIND (MPH)
  HIGHEST WIND SPEED    MM   HIGHEST WIND DIRECTION    MM
  HIGHEST GUST SPEED    MM   HIGHEST GUST DIRECTION    MM
  AVERAGE WIND SPEED    MM


SKY COVER
  POSSIBLE SUNSHINE  MM
  AVERAGE SKY COVER  MM


WEATHER CONDITIONS
 THE FOLLOWING WEATHER WAS RECORDED YESTERDAY.
  NO SIGNIFICANT WEATHER WAS OBSERVED.


RELATIVE HUMIDITY (PERCENT)
 HIGHEST    MM
 LOWEST     MM
 AVERAGE    MM

..........................................................


THE CHANHASSEN MN CLIMATE NORMALS FOR TODAY
                         NORMAL    RECORD    YEAR
 MAXIMUM TEMPERATURE (F)   25        46      2006
 MINIMUM TEMPERATURE (F)   10       -14      2008


SUNRISE AND SUNSET
DECEMBER 16 2017......SUNRISE   746 AM CST   SUNSET   434 PM CST
DECEMBER 17 2017......SUNRISE   747 AM CST   SUNSET   434 PM CST


-  INDICATES NEGATIVE NUMBERS.
R  INDICATES RECORD WAS SET OR TIED.
MM INDICATES DATA IS MISSING.
T  INDICATES TRACE AMOUNT.




$$
