000
CDUS43 KMPX 220712
CLIMPX


CLIMATE REPORT
NATIONAL WEATHER SERVICE CHANHASSEN MN
212 AM CDT TUE AUG 22 2017


...................................

...THE CHANHASSEN MN CLIMATE SUMMARY FOR AUGUST 21 2017...

CLIMATE NORMAL PERIOD 1981 TO 2010
CLIMATE RECORD PERIOD 1995 TO 2017


WEATHER ITEM   OBSERVED TIME   RECORD YEAR NORMAL DEPARTURE LAST
                VALUE   (LST)  VALUE       VALUE  FROM      YEAR
                                                  NORMAL
..................................................................
TEMPERATURE (F)
 YESTERDAY
  MAXIMUM         78        MM  MM      MM  79     -1       73
  MINIMUM         63        MM  MM      MM  60      3       54
  AVERAGE         71                        70      1       64

PRECIPITATION (IN)
  YESTERDAY        0.13         MM      MM   0.15  -0.02     0.00
  MONTH TO DATE    5.70                      2.76   2.94     7.58
  SINCE JUN 1     15.22                     10.37   4.85    17.59
  SINCE JAN 1     27.64                     20.62   7.02    25.84

SNOWFALL (IN)
  YESTERDAY        0.0          MM      MM   0.0    0.0      0.0
  MONTH TO DATE    0.0                       0.0    0.0      0.0
  SINCE JUN 1      T                         0.0    0.0       T
  SINCE JUL 1      0.0                       0.0    0.0      0.0
  SNOW DEPTH       0

DEGREE DAYS
 HEATING
  YESTERDAY        0                         0      0        1
  MONTH TO DATE   10                         0     10        3
  SINCE JUN 1     51                        57     -6       27
  SINCE JUL 1     12                         8      4        6

 COOLING
  YESTERDAY        6                         5      1        0
  MONTH TO DATE   46                       128    -82      142
  SINCE JUN 1    376                       480   -104      507
  SINCE JAN 1    389                       513   -124      549
..................................................................


WIND (MPH)
  HIGHEST WIND SPEED    MM   HIGHEST WIND DIRECTION    MM
  HIGHEST GUST SPEED    MM   HIGHEST GUST DIRECTION    MM
  AVERAGE WIND SPEED    MM


SKY COVER
  POSSIBLE SUNSHINE  MM
  AVERAGE SKY COVER  MM


WEATHER CONDITIONS
 THE FOLLOWING WEATHER WAS RECORDED YESTERDAY.
  NO SIGNIFICANT WEATHER WAS OBSERVED.


RELATIVE HUMIDITY (PERCENT)
 HIGHEST    MM
 LOWEST     MM
 AVERAGE    MM

..........................................................


THE CHANHASSEN MN CLIMATE NORMALS FOR TODAY
                         NORMAL    RECORD    YEAR
 MAXIMUM TEMPERATURE (F)   79        MM        MM
 MINIMUM TEMPERATURE (F)   60        MM        MM


SUNRISE AND SUNSET
AUGUST 22 2017........SUNRISE   625 AM CDT   SUNSET   808 PM CDT
AUGUST 23 2017........SUNRISE   626 AM CDT   SUNSET   807 PM CDT


-  INDICATES NEGATIVE NUMBERS.
R  INDICATES RECORD WAS SET OR TIED.
MM INDICATES DATA IS MISSING.
T  INDICATES TRACE AMOUNT.




$$
