000
CDUS43 KMPX 060737
CLIMPX


CLIMATE REPORT
NATIONAL WEATHER SERVICE CHANHASSEN MN
236 AM CDT FRI MAY 6 2016


...................................

...THE CHANHASSEN MN CLIMATE SUMMARY FOR MAY 5 2016...

CLIMATE NORMAL PERIOD 1981 TO 2010
CLIMATE RECORD PERIOD 1995 TO 2016


WEATHER ITEM   OBSERVED TIME   RECORD YEAR NORMAL DEPARTURE LAST
                VALUE   (LST)  VALUE       VALUE  FROM      YEAR
                                                  NORMAL
..................................................................
TEMPERATURE (F)
 YESTERDAY
  MAXIMUM         78        MM  MM      MM  66     12       68
  MINIMUM         39        MM  MM      MM  44     -5       48
  AVERAGE         59                        55      4       58

PRECIPITATION (IN)
  YESTERDAY        0.00         MM      MM   0.11  -0.11     0.01
  MONTH TO DATE    T                         0.57  -0.57     0.52
  SINCE MAR 1      4.73                      5.35  -0.62     3.52
  SINCE JAN 1      6.22                      7.16  -0.94     4.28

SNOWFALL (IN)
  YESTERDAY        0.0          MM      MM   0.1   -0.1      0.0
  MONTH TO DATE    0.0                       0.2   -0.2       T
  SINCE MAR 1      5.6                      14.4   -8.8      9.3
  SINCE JUL 1     35.5                      54.1  -18.6     33.4
  SNOW DEPTH       0

DEGREE DAYS
 HEATING
  YESTERDAY        6                        11     -5        7
  MONTH TO DATE   55                        57     -2       22
  SINCE MAR 1   1396                      1661   -265     1498
  SINCE JUL 1   6611                      7676  -1065     7756

 COOLING
  YESTERDAY        0                         0      0        0
  MONTH TO DATE    0                         0      0        1
  SINCE MAR 1      7                         3      4        1
  SINCE JAN 1      7                         3      4        1
..................................................................


WIND (MPH)
  HIGHEST WIND SPEED    MM   HIGHEST WIND DIRECTION    MM
  HIGHEST GUST SPEED    MM   HIGHEST GUST DIRECTION    MM
  AVERAGE WIND SPEED    MM


SKY COVER
  POSSIBLE SUNSHINE  MM
  AVERAGE SKY COVER  MM


WEATHER CONDITIONS
 THE FOLLOWING WEATHER WAS RECORDED YESTERDAY.
  NO SIGNIFICANT WEATHER WAS OBSERVED.


RELATIVE HUMIDITY (PERCENT)
 HIGHEST    MM
 LOWEST     MM
 AVERAGE    MM

..........................................................


THE CHANHASSEN MN CLIMATE NORMALS FOR TODAY
                         NORMAL    RECORD    YEAR
 MAXIMUM TEMPERATURE (F)   66        MM        MM
 MINIMUM TEMPERATURE (F)   44        MM        MM


SUNRISE AND SUNSET
MAY  6 2016...........SUNRISE   556 AM CDT   SUNSET   826 PM CDT
MAY  7 2016...........SUNRISE   555 AM CDT   SUNSET   827 PM CDT


-  INDICATES NEGATIVE NUMBERS.
R  INDICATES RECORD WAS SET OR TIED.
MM INDICATES DATA IS MISSING.
T  INDICATES TRACE AMOUNT.




$$
