000
CDUS43 KMQT 032104
CLIMQT


CLIMATE REPORT
NATIONAL WEATHER SERVICE MARQUETTE MI
503 PM EDT WED JUN 3 2015


...................................

...THE MARQUETTE MI CLIMATE SUMMARY FOR JUNE 3 2015...
VALID TODAY AS OF 0500 PM LOCAL TIME.

CLIMATE NORMAL PERIOD 1981 TO 2010
CLIMATE RECORD PERIOD 1961 TO 2015


WEATHER ITEM   OBSERVED RECORD YEAR NORMAL DEPARTURE LAST
                VALUE   VALUE       VALUE  FROM      YEAR
                                           NORMAL
...........................................................
TEMPERATURE (F)
 TODAY
  MAXIMUM         76     83    1967  68      8       67
                               1966
  MINIMUM         49     28    1962  46      3       46
  AVERAGE         63                 57      6       57

PRECIPITATION (IN)
  TODAY            0.00   1.73 1981   0.10  -0.10      T
  MONTH TO DATE    0.00               0.31  -0.31     1.10
  SINCE JUN 1      0.00               0.31  -0.31     1.10
  SINCE JAN 1     11.32              13.95  -2.63    13.56

SNOWFALL (IN)
  TODAY            0.0    T    1990   0.0    0.0      0.0
  MONTH TO DATE    0.0                0.0    0.0      0.0
  SINCE JUN 1      0.0                0.0    0.0      0.0
  SINCE JUL 1    178.7              203.3  -24.6    198.9
  SNOW DEPTH       0

DEGREE DAYS
 HEATING
  TODAY            2                  9     -7        8
  MONTH TO DATE   30                 28      2        8
  SINCE JUN 1     30                 28      2        8
  SINCE JUL 1   9815               9180    635    10244

 COOLING
  TODAY            0                  1     -1        0
  MONTH TO DATE    0                  3     -3        7
  SINCE JUN 1      0                  3     -3        7
  SINCE JAN 1      2                 15    -13       27
...........................................................


WIND (MPH)
  HIGHEST WIND SPEED    MM   HIGHEST WIND DIRECTION    MM
  HIGHEST GUST SPEED    27   HIGHEST GUST DIRECTION    SW (225)
  AVERAGE WIND SPEED    MM


SKY COVER
  POSSIBLE SUNSHINE  MM
  AVERAGE SKY COVER  MM


WEATHER CONDITIONS
 THE FOLLOWING WEATHER WAS RECORDED TODAY.
  NO SIGNIFICANT WEATHER WAS OBSERVED.


RELATIVE HUMIDITY (PERCENT)
 HIGHEST    MM
 LOWEST     MM
 AVERAGE    MM

..........................................................


THE MARQUETTE MI CLIMATE NORMALS FOR TOMORROW
                         NORMAL    RECORD    YEAR
 MAXIMUM TEMPERATURE (F)   68        84      1971
 MINIMUM TEMPERATURE (F)   46        25      1964


SUNRISE AND SUNSET
JUNE  3 2015..........SUNRISE   600 AM EDT   SUNSET   937 PM EDT
JUNE  4 2015..........SUNRISE   559 AM EDT   SUNSET   938 PM EDT


-  INDICATES NEGATIVE NUMBERS.
R  INDICATES RECORD WAS SET OR TIED.
MM INDICATES DATA IS MISSING.
T  INDICATES TRACE AMOUNT.




$$
