000
CDUS43 KMQT 170511
CLIMQT


CLIMATE REPORT
NATIONAL WEATHER SERVICE MARQUETTE MI
110 AM EDT WED SEP 17 2014


...................................

...THE MARQUETTE MI CLIMATE SUMMARY FOR SEPTEMBER 16 2014...

CLIMATE NORMAL PERIOD 1981 TO 2010
CLIMATE RECORD PERIOD 1961 TO 2014


WEATHER ITEM   OBSERVED RECORD YEAR NORMAL DEPARTURE LAST
                VALUE   VALUE       VALUE  FROM      YEAR
                                           NORMAL
...........................................................
TEMPERATURE (F)
 YESTERDAY
  MAXIMUM         66     79    2012  66      0       56
  MINIMUM         37     29    2011  46     -9       35
  AVERAGE         52                 56     -4       46

PRECIPITATION (IN)
  YESTERDAY        0.00   0.89 1972   0.12  -0.12     0.00
  MONTH TO DATE    3.15               1.85   1.30     0.93
  SINCE SEP 1      3.15               1.85   1.30     0.93
  SINCE JAN 1     29.89              24.22   5.67    28.68

SNOWFALL (IN)
  YESTERDAY        0.0   MM      MM   0.0    0.0      0.0
  MONTH TO DATE    0.0                0.0    0.0      0.0
  SINCE SEP 1      0.0                0.0    0.0      0.0
  SINCE JUL 1      T                  0.0    0.0      0.0
  SNOW DEPTH       0

DEGREE DAYS
 HEATING
  YESTERDAY       13                 10      3       19
  MONTH TO DATE  148                121     27      127
  SINCE SEP 1    148                121     27      127
  SINCE JUL 1    395                306     89      341

 COOLING
  YESTERDAY        0                  1     -1        0
  MONTH TO DATE    2                 19    -17        7
  SINCE SEP 1      2                 19    -17        7
  SINCE JAN 1    149                239    -90      277
...........................................................


WIND (MPH)
  RESULTANT WIND SPEED  MM   RESULTANT WIND DIRECTION  MM
  HIGHEST WIND SPEED    MM   HIGHEST WIND DIRECTION    MM
  HIGHEST GUST SPEED    25   HIGHEST GUST DIRECTION     W (270)
  AVERAGE WIND SPEED    MM


SKY COVER
  POSSIBLE SUNSHINE  MM
  AVERAGE SKY COVER  MM


WEATHER CONDITIONS
 THE FOLLOWING WEATHER WAS RECORDED YESTERDAY.
  NO SIGNIFICANT WEATHER WAS OBSERVED.


RELATIVE HUMIDITY (PERCENT)
 HIGHEST    MM
 LOWEST     MM
 AVERAGE    MM

..........................................................


THE MARQUETTE MI CLIMATE NORMALS FOR TODAY
                         NORMAL    RECORD    YEAR
 MAXIMUM TEMPERATURE (F)   65        82      2002
 MINIMUM TEMPERATURE (F)   45        31      1973


SUNRISE AND SUNSET
SEPTEMBER 17 2014.....SUNRISE   731 AM EDT   SUNSET   758 PM EDT
SEPTEMBER 18 2014.....SUNRISE   732 AM EDT   SUNSET   756 PM EDT


-  INDICATES NEGATIVE NUMBERS.
R  INDICATES RECORD WAS SET OR TIED.
MM INDICATES DATA IS MISSING.
T  INDICATES TRACE AMOUNT.

$$

TITUS
