000
CDUS43 KMQT 040633
CLIMQT


CLIMATE REPORT
NATIONAL WEATHER SERVICE MARQUETTE MI
231 AM EDT TUE AUG 4 2015


...................................

...THE MARQUETTE MI CLIMATE SUMMARY FOR AUGUST 3 2015...

CLIMATE NORMAL PERIOD 1981 TO 2010
CLIMATE RECORD PERIOD 1961 TO 2015


WEATHER ITEM   OBSERVED RECORD YEAR NORMAL DEPARTURE LAST
                VALUE   VALUE       VALUE  FROM      YEAR
                                           NORMAL
...........................................................
TEMPERATURE (F)
 YESTERDAY
  MAXIMUM         70     93    2005  76     -6       76
  MINIMUM         52     40    1972  54     -2       54
  AVERAGE         61                 65     -4       65

PRECIPITATION (IN)
  YESTERDAY        T      2.39 1974   0.10  -0.10     0.00
  MONTH TO DATE    0.33               0.29   0.04     0.00
  SINCE JUN 1      4.52               5.97  -1.45     9.81
  SINCE JAN 1     15.84              19.61  -3.77    22.27

SNOWFALL (IN)
  YESTERDAY        0.0   MM      MM   0.0    0.0      0.0
  MONTH TO DATE    0.0                0.0    0.0      0.0
  SINCE JUN 1      0.0                0.0    0.0       T
  SINCE JUL 1      0.0                0.0    0.0       T
  SNOW DEPTH       0

DEGREE DAYS
 HEATING
  YESTERDAY        4                  3      1        0
  MONTH TO DATE    5                  9     -4        6
  SINCE JUN 1    275                270      5      290
  SINCE JUL 1     73                 88    -15      127

 COOLING
  YESTERDAY        0                  3     -3        0
  MONTH TO DATE    2                  9     -7        0
  SINCE JUN 1    108                151    -43       96
  SINCE JAN 1    110                163    -53      116
...........................................................


WIND (MPH)
  HIGHEST WIND SPEED    MM   HIGHEST WIND DIRECTION    MM
  HIGHEST GUST SPEED    23   HIGHEST GUST DIRECTION     W (270)
  AVERAGE WIND SPEED    MM


SKY COVER
  POSSIBLE SUNSHINE  MM
  AVERAGE SKY COVER  MM


WEATHER CONDITIONS
 THE FOLLOWING WEATHER WAS RECORDED YESTERDAY.
  LIGHT RAIN


RELATIVE HUMIDITY (PERCENT)
 HIGHEST    MM
 LOWEST     MM
 AVERAGE    MM

..........................................................


THE MARQUETTE MI CLIMATE NORMALS FOR TODAY
                         NORMAL    RECORD    YEAR
 MAXIMUM TEMPERATURE (F)   76        91      1989
 MINIMUM TEMPERATURE (F)   54        36      1972


SUNRISE AND SUNSET
AUGUST  4 2015........SUNRISE   634 AM EDT   SUNSET   917 PM EDT
AUGUST  5 2015........SUNRISE   636 AM EDT   SUNSET   916 PM EDT


-  INDICATES NEGATIVE NUMBERS.
R  INDICATES RECORD WAS SET OR TIED.
MM INDICATES DATA IS MISSING.
T  INDICATES TRACE AMOUNT.




$$
