000
CDUS41 KLWX 060534
CLIMRB


CLIMATE REPORT
NATIONAL WEATHER SERVICE BALTIMORE MD/WASHINGTON DC
1234 AM EST SAT FEB 6 2016


...................................

...THE MARTINSBURG WV CLIMATE SUMMARY FOR FEBRUARY 5 2016...

CLIMATE NORMAL PERIOD 1981 TO 2010
CLIMATE RECORD PERIOD 1926 TO 2016


WEATHER ITEM   OBSERVED TIME   RECORD YEAR NORMAL DEPARTURE LAST
                VALUE   (LST)  VALUE       VALUE  FROM      YEAR
                                                  NORMAL
..................................................................
TEMPERATURE (F)
 YESTERDAY
  MAXIMUM         39    308 PM  73    1991  41     -2       45
  MINIMUM         23   1022 PM  -5    1996  23      0       16
  AVERAGE         31                        32     -1       31

PRECIPITATION (IN)
  YESTERDAY        0.00          1.17 2010   0.08  -0.08     0.00
  MONTH TO DATE    0.78                      0.42   0.36     0.16
  SINCE DEC 1      4.80                      5.57  -0.77     4.99
  SINCE JAN 1      2.14                      2.86  -0.72     2.22

DEGREE DAYS
 HEATING
  YESTERDAY       34                        33      1       34
  MONTH TO DATE  131                       165    -34      164
  SINCE DEC 1   1815                      2178   -363     2043
  SINCE JUL 1   2673                      3248   -575     3002

 COOLING
  YESTERDAY        0                         0      0        0
  MONTH TO DATE    0                         0      0        0
  SINCE DEC 1      0                         0      0        0
  SINCE JAN 1      0                         0      0        0
..................................................................


WIND (MPH)
  HIGHEST WIND SPEED    23   HIGHEST WIND DIRECTION    NW (300)
  HIGHEST GUST SPEED    30   HIGHEST GUST DIRECTION    NW (320)
  AVERAGE WIND SPEED    10.8


SKY COVER
  POSSIBLE SUNSHINE  MM
  AVERAGE SKY COVER 0.5


WEATHER CONDITIONS
 THE FOLLOWING WEATHER WAS RECORDED YESTERDAY.
  NO SIGNIFICANT WEATHER WAS OBSERVED.


RELATIVE HUMIDITY (PERCENT)
 HIGHEST    68          1000 PM
 LOWEST     37           500 PM
 AVERAGE    53

..........................................................


THE MARTINSBURG WV CLIMATE NORMALS FOR TODAY
                         NORMAL    RECORD    YEAR
 MAXIMUM TEMPERATURE (F)   41        68      1965
 MINIMUM TEMPERATURE (F)   23        -1      1961


SUNRISE AND SUNSET
FEBRUARY  6 2016......SUNRISE   715 AM EST   SUNSET   538 PM EST
FEBRUARY  7 2016......SUNRISE   714 AM EST   SUNSET   539 PM EST


-  INDICATES NEGATIVE NUMBERS.
R  INDICATES RECORD WAS SET OR TIED.
MM INDICATES DATA IS MISSING.
T  INDICATES TRACE AMOUNT.




$$
