000
CDUS41 KLWX 230546
CLIMRB


CLIMATE REPORT
NATIONAL WEATHER SERVICE BALTIMORE MD/WASHINGTON DC
145 AM EDT TUE SEP 23 2014


...................................

...THE MARTINSBURG WV CLIMATE SUMMARY FOR SEPTEMBER 22 2014...

CLIMATE NORMAL PERIOD 1981 TO 2010
CLIMATE RECORD PERIOD 1926 TO 2014


WEATHER ITEM   OBSERVED TIME   RECORD YEAR NORMAL DEPARTURE LAST
                VALUE   (LST)  VALUE       VALUE  FROM      YEAR
                                                  NORMAL
..................................................................
TEMPERATURE (F)
 YESTERDAY
  MAXIMUM         71    206 PM  97    1931  74     -3       72
  MINIMUM         49   1141 PM  32    1962  51     -2       53
  AVERAGE         60                        63     -3       63

PRECIPITATION (IN)
  YESTERDAY        0.00          1.12 1975   0.12  -0.12     0.00
  MONTH TO DATE    1.83                      2.63  -0.80     1.24
  SINCE SEP 1      1.83                      2.63  -0.80     1.24
  SINCE JAN 1     26.30                     28.87  -2.57    23.62

DEGREE DAYS
 HEATING
  YESTERDAY        5                         4      1        2
  MONTH TO DATE   29                        43    -14       43
  SINCE SEP 1     29                        43    -14       43
  SINCE JUL 1     32                        50    -18       47

 COOLING
  YESTERDAY        0                         2     -2        0
  MONTH TO DATE  123                        83     40       99
  SINCE SEP 1    123                        83     40       99
  SINCE JAN 1    951                       875     76     1017
..................................................................


WIND (MPH)
  HIGHEST WIND SPEED    24   HIGHEST WIND DIRECTION     W (280)
  HIGHEST GUST SPEED    29   HIGHEST GUST DIRECTION    NW (320)
  AVERAGE WIND SPEED    11.4


SKY COVER
  POSSIBLE SUNSHINE  MM
  AVERAGE SKY COVER 0.3


WEATHER CONDITIONS
 THE FOLLOWING WEATHER WAS RECORDED YESTERDAY.
  NO SIGNIFICANT WEATHER WAS OBSERVED.


RELATIVE HUMIDITY (PERCENT)
 HIGHEST    64           500 AM
 LOWEST     33           200 PM
 AVERAGE    49

..........................................................


THE MARTINSBURG WV CLIMATE NORMALS FOR TODAY
                         NORMAL    RECORD    YEAR
 MAXIMUM TEMPERATURE (F)   74       101      1931
 MINIMUM TEMPERATURE (F)   51        31      1963


SUNRISE AND SUNSET
SEPTEMBER 23 2014.....SUNRISE   700 AM EDT   SUNSET   707 PM EDT
SEPTEMBER 24 2014.....SUNRISE   701 AM EDT   SUNSET   706 PM EDT


-  INDICATES NEGATIVE NUMBERS.
R  INDICATES RECORD WAS SET OR TIED.
MM INDICATES DATA IS MISSING.
T  INDICATES TRACE AMOUNT.




$$
