000
CDUS41 KLWX 312122
CLIMRB


CLIMATE REPORT
NATIONAL WEATHER SERVICE BALTIMORE MD/WASHINGTON DC
522 PM EDT WED AUG 31 2016


...................................

...THE MARTINSBURG WV CLIMATE SUMMARY FOR AUGUST 31 2016...
VALID TODAY AS OF 0500 PM LOCAL TIME.

CLIMATE NORMAL PERIOD 1981 TO 2010
CLIMATE RECORD PERIOD 1926 TO 2016


WEATHER ITEM   OBSERVED TIME   RECORD YEAR NORMAL DEPARTURE LAST
                VALUE   (LST)  VALUE       VALUE  FROM      YEAR
                                                  NORMAL
..................................................................
TEMPERATURE (F)
 TODAY
  MAXIMUM         90    225 PM 100    1953  82      8       89
  MINIMUM         62    611 AM  43    1934  59      3       66
  AVERAGE         76                        71      5       78

PRECIPITATION (IN)
  TODAY            0.00          1.45 1975   0.10  -0.10      T
  MONTH TO DATE    2.19                      3.08  -0.89     1.36
  SINCE JUN 1      5.26                     10.51  -5.25     8.01
  SINCE JAN 1     16.85                     26.24  -9.39    18.95

DEGREE DAYS
 HEATING
  TODAY            0                         0      0        0
  MONTH TO DATE    0                         0      0        0
  SINCE JUN 1      5                        31    -26       15
  SINCE JUL 1      0                         7     -7        0

 COOLING
  TODAY           11                         6      5       13
  MONTH TO DATE  380                       249    131      256
  SINCE JUN 1    999                       735    264      821
  SINCE JAN 1   1072                       792    280      969
..................................................................


WIND (MPH)
  HIGHEST WIND SPEED    10   HIGHEST WIND DIRECTION    SE (140)
  HIGHEST GUST SPEED    13   HIGHEST GUST DIRECTION    SE (140)
  AVERAGE WIND SPEED     1.6


SKY COVER
  POSSIBLE SUNSHINE  MM
  AVERAGE SKY COVER 0.1


WEATHER CONDITIONS
 THE FOLLOWING WEATHER WAS RECORDED TODAY.
  FOG


RELATIVE HUMIDITY (PERCENT)
 HIGHEST   100           400 AM
 LOWEST     46           200 PM
 AVERAGE    73

..........................................................


THE MARTINSBURG WV CLIMATE NORMALS FOR TOMORROW
                         NORMAL    RECORD    YEAR
 MAXIMUM TEMPERATURE (F)   82       103      1932
 MINIMUM TEMPERATURE (F)   59        44      2009
                                             1946


SUNRISE AND SUNSET
AUGUST 31 2016........SUNRISE   640 AM EDT   SUNSET   743 PM EDT
SEPTEMBER  1 2016.....SUNRISE   641 AM EDT   SUNSET   742 PM EDT


-  INDICATES NEGATIVE NUMBERS.
R  INDICATES RECORD WAS SET OR TIED.
MM INDICATES DATA IS MISSING.
T  INDICATES TRACE AMOUNT.




$$
