000
CDUS41 KLWX 060530
CLIMRB


CLIMATE REPORT
NATIONAL WEATHER SERVICE BALTIMORE MD/WASHINGTON DC
1226 AM EST TUE DEC 6 2016


...................................

...THE MARTINSBURG WV CLIMATE SUMMARY FOR DECEMBER 5 2016...

CLIMATE NORMAL PERIOD 1981 TO 2010
CLIMATE RECORD PERIOD 1926 TO 2016


WEATHER ITEM   OBSERVED TIME   RECORD YEAR NORMAL DEPARTURE LAST
                VALUE   (LST)  VALUE       VALUE  FROM      YEAR
                                                  NORMAL
..................................................................
TEMPERATURE (F)
 YESTERDAY
  MAXIMUM         53    237 PM  78    2001  46      7       51
  MINIMUM         33   1139 PM  12    1976  28      5       22
  AVERAGE         43                        37      6       37

PRECIPITATION (IN)
  YESTERDAY        0.11          1.51 1993   0.11   0.00     0.00
  MONTH TO DATE    0.17                      0.53  -0.36     0.61
  SINCE DEC 1      0.17                      0.53  -0.36     0.61
  SINCE JAN 1     23.41                     36.52 -13.11    27.35

DEGREE DAYS
 HEATING
  YESTERDAY       22                        28     -6       28
  MONTH TO DATE  111                       136    -25      118
  SINCE DEC 1    111                       136    -25      118
  SINCE JUL 1    915                      1206   -291      976

 COOLING
  YESTERDAY        0                         0      0        0
  MONTH TO DATE    0                         0      0        0
  SINCE DEC 1      0                         0      0        0
  SINCE JAN 1   1296                       895    401     1113
..................................................................


WIND (MPH)
  HIGHEST WIND SPEED    17   HIGHEST WIND DIRECTION    NW (300)
  HIGHEST GUST SPEED    24   HIGHEST GUST DIRECTION    NW (310)
  AVERAGE WIND SPEED     4.5


SKY COVER
  POSSIBLE SUNSHINE  MM
  AVERAGE SKY COVER 0.5


WEATHER CONDITIONS
 THE FOLLOWING WEATHER WAS RECORDED YESTERDAY.
  LIGHT RAIN
  FOG


RELATIVE HUMIDITY (PERCENT)
 HIGHEST   100           700 AM
 LOWEST     41           200 PM
 AVERAGE    71

..........................................................


THE MARTINSBURG WV CLIMATE NORMALS FOR TODAY
                         NORMAL    RECORD    YEAR
 MAXIMUM TEMPERATURE (F)   46        78      1998
 MINIMUM TEMPERATURE (F)   28         6      2007


SUNRISE AND SUNSET
DECEMBER  6 2016......SUNRISE   718 AM EST   SUNSET   448 PM EST
DECEMBER  7 2016......SUNRISE   719 AM EST   SUNSET   448 PM EST


-  INDICATES NEGATIVE NUMBERS.
R  INDICATES RECORD WAS SET OR TIED.
MM INDICATES DATA IS MISSING.
T  INDICATES TRACE AMOUNT.




$$
