000
CDUS41 KLWX 062128
CLIMRB


CLIMATE REPORT
NATIONAL WEATHER SERVICE BALTIMORE MD/WASHINGTON DC
427 PM EST FRI MAR 6 2015


...................................

...THE MARTINSBURG WV CLIMATE SUMMARY FOR MARCH 6 2015...
VALID TODAY AS OF 0400 PM LOCAL TIME.

CLIMATE NORMAL PERIOD 1981 TO 2010
CLIMATE RECORD PERIOD 1926 TO 2015


WEATHER ITEM   OBSERVED TIME   RECORD YEAR NORMAL DEPARTURE LAST
                VALUE   (LST)  VALUE       VALUE  FROM      YEAR
                                                  NORMAL
..................................................................
TEMPERATURE (F)
 TODAY
  MAXIMUM         28    347 PM  75    1946  49    -21       33
  MINIMUM          1R   647 AM  10    1926  28    -27       21
  AVERAGE         15                        39    -24       27

PRECIPITATION (IN)
  TODAY            0.02          1.69 1989   0.11  -0.09     0.00
  MONTH TO DATE    0.70                      0.58   0.12     0.33
  SINCE MAR 1      0.70                      0.58   0.12     0.33
  SINCE JAN 1      2.99                      5.36  -2.37     4.08

DEGREE DAYS
 HEATING
  TODAY           50                        26     24       38
  MONTH TO DATE  212                       163     49      241
  SINCE MAR 1    212                       163     49      241
  SINCE JUL 1   4135                      4119     16     4334

 COOLING
  TODAY            0                         0      0        0
  MONTH TO DATE    0                         0      0        0
  SINCE MAR 1      0                         0      0        0
  SINCE JAN 1      0                         0      0        0
..................................................................


WIND (MPH)
  HIGHEST WIND SPEED    13   HIGHEST WIND DIRECTION    NW (330)
  HIGHEST GUST SPEED    16   HIGHEST GUST DIRECTION    NW (320)
  AVERAGE WIND SPEED     3.9


SKY COVER
  POSSIBLE SUNSHINE  MM
  AVERAGE SKY COVER 0.0


WEATHER CONDITIONS
 THE FOLLOWING WEATHER WAS RECORDED TODAY.
  SNOW
  LIGHT SNOW
  HAZE


RELATIVE HUMIDITY (PERCENT)
 HIGHEST    76           300 AM
 LOWEST     33           300 PM
 AVERAGE    55

..........................................................


THE MARTINSBURG WV CLIMATE NORMALS FOR TOMORROW
                         NORMAL    RECORD    YEAR
 MAXIMUM TEMPERATURE (F)   49        81      1974
 MINIMUM TEMPERATURE (F)   29         4      1960


SUNRISE AND SUNSET
MARCH  6 2015.........SUNRISE   638 AM EST   SUNSET   609 PM EST
MARCH  7 2015.........SUNRISE   636 AM EST   SUNSET   610 PM EST


-  INDICATES NEGATIVE NUMBERS.
R  INDICATES RECORD WAS SET OR TIED.
MM INDICATES DATA IS MISSING.
T  INDICATES TRACE AMOUNT.




$$
