000
CDUS41 KLWX 010610
CLIMRB


CLIMATE REPORT
NATIONAL WEATHER SERVICE BALTIMORE MD/WASHINGTON DC
159 AM EDT WED JUL 1 2015


...................................

...THE MARTINSBURG WV CLIMATE SUMMARY FOR JUNE 30 2015...

CLIMATE NORMAL PERIOD 1981 TO 2010
CLIMATE RECORD PERIOD 1926 TO 2015


WEATHER ITEM   OBSERVED TIME   RECORD YEAR NORMAL DEPARTURE LAST
                VALUE   (LST)  VALUE       VALUE  FROM      YEAR
                                                  NORMAL
..................................................................
TEMPERATURE (F)
 YESTERDAY
  MAXIMUM         85    250 PM 106    1934  85      0       88
  MINIMUM         64   1227 AM  49    1929  63      1       68
  AVERAGE         75                        74      1       78

PRECIPITATION (IN)
  YESTERDAY        T             1.05 1935   0.12  -0.12     0.02
  MONTH TO DATE    4.26                      3.76   0.50     2.68
  SINCE JUN 1      4.26                      3.76   0.50     2.68
  SINCE JAN 1     15.20                     19.49  -4.29    17.55

DEGREE DAYS
 HEATING
  YESTERDAY        0                         0      0        0
  MONTH TO DATE   15                        22     -7        2
  SINCE JUN 1     15                        24     -9        2
  SINCE JUL 1   5030                      5249   -219     5388

 COOLING
  YESTERDAY       10                         9      1       13
  MONTH TO DATE  249                       183     66      236
  SINCE JUN 1    249                       183     66      236
  SINCE JAN 1    397                       240    157      317
..................................................................


WIND (MPH)
  HIGHEST WIND SPEED    16   HIGHEST WIND DIRECTION    SE (150)
  HIGHEST GUST SPEED    22   HIGHEST GUST DIRECTION    SW (220)
  AVERAGE WIND SPEED     3.5


SKY COVER
  POSSIBLE SUNSHINE  MM
  AVERAGE SKY COVER 0.4


WEATHER CONDITIONS
 THE FOLLOWING WEATHER WAS RECORDED YESTERDAY.
  HEAVY RAIN
  RAIN
  LIGHT RAIN
  HAZE


RELATIVE HUMIDITY (PERCENT)
 HIGHEST    87           300 AM
 LOWEST     48           200 PM
 AVERAGE    68

..........................................................


THE MARTINSBURG WV CLIMATE NORMALS FOR TODAY
                         NORMAL    RECORD    YEAR
 MAXIMUM TEMPERATURE (F)   85       102      1933
 MINIMUM TEMPERATURE (F)   63        41      1943


SUNRISE AND SUNSET
JULY  1 2015..........SUNRISE   549 AM EDT   SUNSET   843 PM EDT
JULY  2 2015..........SUNRISE   549 AM EDT   SUNSET   843 PM EDT


-  INDICATES NEGATIVE NUMBERS.
R  INDICATES RECORD WAS SET OR TIED.
MM INDICATES DATA IS MISSING.
T  INDICATES TRACE AMOUNT.




$$
