000
CDUS41 KLWX 272138
CLIMRB


CLIMATE REPORT
NATIONAL WEATHER SERVICE BALTIMORE MD/WASHINGTON DC
538 PM EDT SAT MAY 27 2017


...................................

...THE MARTINSBURG WV CLIMATE SUMMARY FOR MAY 27 2017...
VALID TODAY AS OF 0500 PM LOCAL TIME.

CLIMATE NORMAL PERIOD 1981 TO 2010
CLIMATE RECORD PERIOD 1926 TO 2017


WEATHER ITEM   OBSERVED TIME   RECORD YEAR NORMAL DEPARTURE LAST
                VALUE   (LST)  VALUE       VALUE  FROM      YEAR
                                                  NORMAL
..................................................................
TEMPERATURE (F)
 TODAY
  MAXIMUM         67    117 PM  95    1941  76     -9       88
  MINIMUM         53    242 AM  37    1958  53      0       65
  AVERAGE         60                        64     -4       77

PRECIPITATION (IN)
  TODAY            0.05          1.47 1968   0.13  -0.08      T
  MONTH TO DATE    6.72                      3.57   3.15     4.48
  SINCE MAR 1     12.22                     10.43   1.79     7.32
  SINCE JAN 1     16.60                     15.21   1.39    11.41

DEGREE DAYS
 HEATING
  TODAY            5                         3      2        0
  MONTH TO DATE  164                       158      6      182
  SINCE MAR 1   1048                      1259   -211     1058
  SINCE JUL 1   4126                      5215  -1089     4473

 COOLING
  TODAY            0                         3     -3       12
  MONTH TO DATE   38                        40     -2       26
  SINCE MAR 1     93                        49     44       38
  SINCE JAN 1     93                        49     44       38
..................................................................


WIND (MPH)
  HIGHEST WIND SPEED     8   HIGHEST WIND DIRECTION    NE (30)
  HIGHEST GUST SPEED    12   HIGHEST GUST DIRECTION     N (10)
  AVERAGE WIND SPEED     1.8


SKY COVER
  POSSIBLE SUNSHINE  MM
  AVERAGE SKY COVER 0.6


WEATHER CONDITIONS
 THE FOLLOWING WEATHER WAS RECORDED TODAY.
  LIGHT RAIN
  FOG


RELATIVE HUMIDITY (PERCENT)
 HIGHEST   100           400 AM
 LOWEST     78          1100 AM
 AVERAGE    89

..........................................................


THE MARTINSBURG WV CLIMATE NORMALS FOR TOMORROW
                         NORMAL    RECORD    YEAR
 MAXIMUM TEMPERATURE (F)   76        96      1941
 MINIMUM TEMPERATURE (F)   53        36      1994


SUNRISE AND SUNSET
MAY 27 2017...........SUNRISE   549 AM EDT   SUNSET   829 PM EDT
MAY 28 2017...........SUNRISE   549 AM EDT   SUNSET   830 PM EDT


-  INDICATES NEGATIVE NUMBERS.
R  INDICATES RECORD WAS SET OR TIED.
MM INDICATES DATA IS MISSING.
T  INDICATES TRACE AMOUNT.




$$
