000
CDUS41 KLWX 220528
CLIMRB


CLIMATE REPORT
NATIONAL WEATHER SERVICE BALTIMORE MD/WASHINGTON DC
1227 AM EST MON DEC 22 2014


...................................

...THE MARTINSBURG WV CLIMATE SUMMARY FOR DECEMBER 21 2014...

CLIMATE NORMAL PERIOD 1981 TO 2010
CLIMATE RECORD PERIOD 1926 TO 2014


WEATHER ITEM   OBSERVED TIME   RECORD YEAR NORMAL DEPARTURE LAST
                VALUE   (LST)  VALUE       VALUE  FROM      YEAR
                                                  NORMAL
..................................................................
TEMPERATURE (F)
 YESTERDAY
  MAXIMUM         42    231 PM  67    2013  41      1       67
  MINIMUM         24   1138 PM  -2    1942  24      0       50
  AVERAGE         33                        33      0       59

PRECIPITATION (IN)
  YESTERDAY        0.00          0.89 1972   0.08  -0.08      T
  MONTH TO DATE    2.03                      1.97   0.06     3.14
  SINCE DEC 1      2.03                      1.97   0.06     3.14
  SINCE JAN 1     34.42                     37.96  -3.54    34.30

DEGREE DAYS
 HEATING
  YESTERDAY       32                        32      0        6
  MONTH TO DATE  546                       623    -77      596
  SINCE DEC 1    546                       623    -77      596
  SINCE JUL 1   1505                      1693   -188     1687

 COOLING
  YESTERDAY        0                         0      0        0
  MONTH TO DATE    0                         0      0        0
  SINCE DEC 1      0                         0      0        0
  SINCE JAN 1    958                       895     63     1057
..................................................................


WIND (MPH)
  HIGHEST WIND SPEED     7   HIGHEST WIND DIRECTION     E (70)
  HIGHEST GUST SPEED    11   HIGHEST GUST DIRECTION    NW (330)
  AVERAGE WIND SPEED     1.6


SKY COVER
  POSSIBLE SUNSHINE  MM
  AVERAGE SKY COVER 0.6


WEATHER CONDITIONS
 THE FOLLOWING WEATHER WAS RECORDED YESTERDAY.
  HAZE


RELATIVE HUMIDITY (PERCENT)
 HIGHEST    81          1100 PM
 LOWEST     45           200 PM
 AVERAGE    63

..........................................................


THE MARTINSBURG WV CLIMATE NORMALS FOR TODAY
                         NORMAL    RECORD    YEAR
 MAXIMUM TEMPERATURE (F)   41        68      2013
 MINIMUM TEMPERATURE (F)   24        -2      1960


SUNRISE AND SUNSET
DECEMBER 22 2014......SUNRISE   729 AM EST   SUNSET   452 PM EST
DECEMBER 23 2014......SUNRISE   729 AM EST   SUNSET   453 PM EST


-  INDICATES NEGATIVE NUMBERS.
R  INDICATES RECORD WAS SET OR TIED.
MM INDICATES DATA IS MISSING.
T  INDICATES TRACE AMOUNT.




$$
