000
CDUS41 KLWX 172123
CLIMRB


CLIMATE REPORT
NATIONAL WEATHER SERVICE BALTIMORE MD/WASHINGTON DC
522 PM EDT THU APR 17 2014


...................................

...THE MARTINSBURG WV CLIMATE SUMMARY FOR APRIL 17 2014...
VALID TODAY AS OF 0500 PM LOCAL TIME.

CLIMATE NORMAL PERIOD 1981 TO 2010
CLIMATE RECORD PERIOD 1926 TO 2014


WEATHER ITEM   OBSERVED TIME   RECORD YEAR NORMAL DEPARTURE LAST
                VALUE   (LST)  VALUE       VALUE  FROM      YEAR
                                                  NORMAL
..................................................................
TEMPERATURE (F)
 TODAY
  MAXIMUM         58    321 PM  93    2002  65     -7       71
  MINIMUM         29    605 AM  25    1962  41    -12       56
  AVERAGE         44                        53     -9       64

PRECIPITATION (IN)
  TODAY            0.00          1.45 1933   0.10  -0.10     0.02
  MONTH TO DATE    1.23                      1.88  -0.65     0.79
  SINCE MAR 1      3.35                      5.40  -2.05     3.01
  SINCE JAN 1      7.10                     10.18  -3.08     7.83

DEGREE DAYS
 HEATING
  TODAY           21                        12      9        1
  MONTH TO DATE  211                       251    -40      184
  SINCE MAR 1   1046                       965     81      962
  SINCE JUL 1   5139                      4921    218     4597

 COOLING
  TODAY            0                         0      0        0
  MONTH TO DATE    7                         0      7       28
  SINCE MAR 1      7                         1      6       28
  SINCE JAN 1      7                         1      6       28
..................................................................


WIND (MPH)
  HIGHEST WIND SPEED    16   HIGHEST WIND DIRECTION    SE (140)
  HIGHEST GUST SPEED    20   HIGHEST GUST DIRECTION    SE (130)
  AVERAGE WIND SPEED     4.6


SKY COVER
  POSSIBLE SUNSHINE  MM
  AVERAGE SKY COVER 0.0


WEATHER CONDITIONS
 THE FOLLOWING WEATHER WAS RECORDED TODAY.
  NO SIGNIFICANT WEATHER WAS OBSERVED.


RELATIVE HUMIDITY (PERCENT)
 HIGHEST    63           300 AM
 LOWEST     28           200 PM
 AVERAGE    46

..........................................................


THE MARTINSBURG WV CLIMATE NORMALS FOR TOMORROW
                         NORMAL    RECORD    YEAR
 MAXIMUM TEMPERATURE (F)   65        92      1976
 MINIMUM TEMPERATURE (F)   42        23      1928


SUNRISE AND SUNSET
APRIL 17 2014.........SUNRISE   632 AM EDT   SUNSET   752 PM EDT
APRIL 18 2014.........SUNRISE   630 AM EDT   SUNSET   753 PM EDT


-  INDICATES NEGATIVE NUMBERS.
R  INDICATES RECORD WAS SET OR TIED.
MM INDICATES DATA IS MISSING.
T  INDICATES TRACE AMOUNT.




$$
