382
CDUS41 KLWX 060522
CLIMRB


CLIMATE REPORT
NATIONAL WEATHER SERVICE BALTIMORE MD/WASHINGTON DC
122 AM EDT FRI MAY 6 2016


...................................

...THE MARTINSBURG WV CLIMATE SUMMARY FOR MAY 5 2016...

CLIMATE NORMAL PERIOD 1981 TO 2010
CLIMATE RECORD PERIOD 1926 TO 2016


WEATHER ITEM   OBSERVED TIME   RECORD YEAR NORMAL DEPARTURE LAST
                VALUE   (LST)  VALUE       VALUE  FROM      YEAR
                                                  NORMAL
..................................................................
TEMPERATURE (F)
 YESTERDAY
  MAXIMUM         58    248 PM  90    1980  70    -12       81
  MINIMUM         50   1159 PM  30    1966  46      4       58
  AVERAGE         54                        58     -4       70

PRECIPITATION (IN)
  YESTERDAY        0.22          1.63 1989   0.13   0.09      T
  MONTH TO DATE    1.66                      0.65   1.01      T
  SINCE MAR 1      4.50                      7.51  -3.01     5.62
  SINCE JAN 1      8.59                     12.29  -3.70     7.91

DEGREE DAYS
 HEATING
  YESTERDAY       11                         8      3        0
  MONTH TO DATE   26                        41    -15       14
  SINCE MAR 1    902                      1142   -240     1041
  SINCE JUL 1   4317                      5098   -781     4964

 COOLING
  YESTERDAY        0                         1     -1        5
  MONTH TO DATE    4                         5     -1        6
  SINCE MAR 1     16                        14      2        7
  SINCE JAN 1     16                        14      2        7
..................................................................


WIND (MPH)
  HIGHEST WIND SPEED    14   HIGHEST WIND DIRECTION    NE (30)
  HIGHEST GUST SPEED    17   HIGHEST GUST DIRECTION     N (10)
  AVERAGE WIND SPEED     6.8


SKY COVER
  POSSIBLE SUNSHINE  MM
  AVERAGE SKY COVER 1.0


WEATHER CONDITIONS
 THE FOLLOWING WEATHER WAS RECORDED YESTERDAY.
  RAIN
  LIGHT RAIN
  FOG


RELATIVE HUMIDITY (PERCENT)
 HIGHEST    96           100 AM
 LOWEST     67           300 PM
 AVERAGE    82

..........................................................


THE MARTINSBURG WV CLIMATE NORMALS FOR TODAY
                         NORMAL    RECORD    YEAR
 MAXIMUM TEMPERATURE (F)   70        93      1928
 MINIMUM TEMPERATURE (F)   47        36      1974


SUNRISE AND SUNSET
MAY  6 2016...........SUNRISE   607 AM EDT   SUNSET   811 PM EDT
MAY  7 2016...........SUNRISE   606 AM EDT   SUNSET   812 PM EDT


-  INDICATES NEGATIVE NUMBERS.
R  INDICATES RECORD WAS SET OR TIED.
MM INDICATES DATA IS MISSING.
T  INDICATES TRACE AMOUNT.




$$
