000
CDUS41 KLWX 230525
CLIMRB


CLIMATE REPORT
NATIONAL WEATHER SERVICE BALTIMORE MD/WASHINGTON DC
1223 AM EST FRI FEB 23 2018


...................................

...THE MARTINSBURG WV CLIMATE SUMMARY FOR FEBRUARY 22 2018...

CLIMATE NORMAL PERIOD 1981 TO 2010
CLIMATE RECORD PERIOD 1926 TO 2018


WEATHER ITEM   OBSERVED TIME   NORMAL DEPARTURE LAST
                VALUE   (LST)  VALUE  FROM      YEAR
                                      NORMAL
......................................................
TEMPERATURE (F)
 YESTERDAY
  MAXIMUM         61   1227 AM  45     16       67
  MINIMUM         40   1159 PM  26     14       41
  AVERAGE         51            35     16       54

PRECIPITATION (IN)
  YESTERDAY        0.03          0.09  -0.06     0.00
  MONTH TO DATE    2.59          1.81   0.78     0.66
  SINCE DEC 1      6.31          6.96  -0.65     5.92
  SINCE JAN 1      5.35          4.25   1.10     4.13

DEGREE DAYS
 HEATING
  YESTERDAY       14            30    -16       11
  MONTH TO DATE  564           700   -136      497
  SINCE DEC 1   2559          2713   -154     2188
  SINCE JUL 1   3445          3783   -338     2992

 COOLING
  YESTERDAY        0             0      0        0
  MONTH TO DATE    5             0      5        0
  SINCE DEC 1      5             0      5        0
  SINCE JAN 1      5             0      5        0
......................................................


WIND (MPH)
  HIGHEST WIND SPEED    17   HIGHEST WIND DIRECTION     N (20)
  HIGHEST GUST SPEED    23   HIGHEST GUST DIRECTION     N (20)
  AVERAGE WIND SPEED     9.2


SKY COVER
  POSSIBLE SUNSHINE  MM
  AVERAGE SKY COVER 1.0


WEATHER CONDITIONS
 THE FOLLOWING WEATHER WAS RECORDED YESTERDAY.
  LIGHT RAIN
  FOG


RELATIVE HUMIDITY (PERCENT)
 HIGHEST   100           900 PM
 LOWEST     56           600 AM
 AVERAGE    78

..........................................................


THE MARTINSBURG WV CLIMATE NORMALS FOR TODAY
                         NORMAL    RECORD    YEAR
 MAXIMUM TEMPERATURE (F)   45        77      2017
 MINIMUM TEMPERATURE (F)   26        -1      1964


SUNRISE AND SUNSET
FEBRUARY 23 2018......SUNRISE   653 AM EST   SUNSET   558 PM EST
FEBRUARY 24 2018......SUNRISE   652 AM EST   SUNSET   559 PM EST


-  INDICATES NEGATIVE NUMBERS.
R  INDICATES RECORD WAS SET OR TIED.
MM INDICATES DATA IS MISSING.
T  INDICATES TRACE AMOUNT.




$$
