000
CDUS41 KLWX 252124
CLIMRB


CLIMATE REPORT
NATIONAL WEATHER SERVICE BALTIMORE MD/WASHINGTON DC
524 PM EDT MON SEP 25 2017


...................................

...THE MARTINSBURG WV CLIMATE SUMMARY FOR SEPTEMBER 25 2017...
VALID TODAY AS OF 0500 PM LOCAL TIME.

CLIMATE NORMAL PERIOD 1981 TO 2010
CLIMATE RECORD PERIOD 1926 TO 2017


WEATHER ITEM   OBSERVED TIME   RECORD YEAR NORMAL DEPARTURE LAST
                VALUE   (LST)  VALUE       VALUE  FROM      YEAR
                                                  NORMAL
..................................................................
TEMPERATURE (F)
 TODAY
  MAXIMUM         89    234 PM  95    2010  73     16       74
  MINIMUM         60    633 AM  29    1963  50     10       51
  AVERAGE         75                        62     13       63

PRECIPITATION (IN)
  TODAY            0.00          1.86 1975   0.11  -0.11     0.00
  MONTH TO DATE    1.46                      2.97  -1.51     1.02
  SINCE SEP 1      1.46                      2.97  -1.51     1.02
  SINCE JAN 1     28.40                     29.21  -0.81    17.87

DEGREE DAYS
 HEATING
  TODAY            0                         5     -5        2
  MONTH TO DATE   45                        57    -12        2
  SINCE SEP 1     45                        57    -12        2
  SINCE JUL 1     47                        64    -17        2

 COOLING
  TODAY           10                         1      9        0
  MONTH TO DATE   99                        88     11      199
  SINCE SEP 1     99                        88     11      199
  SINCE JAN 1    995                       880    115     1271
..................................................................


WIND (MPH)
  HIGHEST WIND SPEED     9   HIGHEST WIND DIRECTION    NE (40)
  HIGHEST GUST SPEED    11   HIGHEST GUST DIRECTION     E (70)
  AVERAGE WIND SPEED     1.3


SKY COVER
  POSSIBLE SUNSHINE  MM
  AVERAGE SKY COVER 0.0


WEATHER CONDITIONS
 THE FOLLOWING WEATHER WAS RECORDED TODAY.
  FOG


RELATIVE HUMIDITY (PERCENT)
 HIGHEST   100           200 AM
 LOWEST     46           100 PM
 AVERAGE    73

..........................................................


THE MARTINSBURG WV CLIMATE NORMALS FOR TOMORROW
                         NORMAL    RECORD    YEAR
 MAXIMUM TEMPERATURE (F)   73        93      1998
 MINIMUM TEMPERATURE (F)   50        33      1927


SUNRISE AND SUNSET
SEPTEMBER 25 2017.....SUNRISE   703 AM EDT   SUNSET   704 PM EDT
SEPTEMBER 26 2017.....SUNRISE   703 AM EDT   SUNSET   702 PM EDT


-  INDICATES NEGATIVE NUMBERS.
R  INDICATES RECORD WAS SET OR TIED.
MM INDICATES DATA IS MISSING.
T  INDICATES TRACE AMOUNT.




$$
