000
CDUS44 KHUN 050801
CLIMSL


CLIMATE REPORT
NATIONAL WEATHER SERVICE HUNTSVILLE AL
201 AM CST MON DEC 5 2016


...................................

...THE MUSCLE SHOALS CLIMATE SUMMARY FOR DECEMBER 4 2016...

CLIMATE NORMAL PERIOD 1981 TO 2010
CLIMATE RECORD PERIOD 1893 TO 2016


WEATHER ITEM   OBSERVED TIME   RECORD YEAR NORMAL DEPARTURE LAST
                VALUE   (LST)  VALUE       VALUE  FROM      YEAR
                                                  NORMAL
..................................................................
TEMPERATURE (F)
 YESTERDAY
  MAXIMUM         50    800 PM  76    2013  56     -6       58
                                      1998
  MINIMUM         43    303 AM  10    1929  36      7       30
  AVERAGE         47                        46      1       44

PRECIPITATION (IN)
  YESTERDAY        1.75          2.05 1912   0.20   1.55     0.00
  MONTH TO DATE    2.08                      0.80   1.28     1.04
  SINCE DEC 1      2.08                      0.80   1.28     1.04
  SINCE JAN 1     37.54                     48.32 -10.78    45.29

SNOWFALL (IN)
  YESTERDAY        0.0
  MONTH TO DATE    0.0
  SINCE DEC 1      0.0
  SINCE JUL 1      0.0
  SNOW DEPTH       0

DEGREE DAYS
 HEATING
  YESTERDAY       18                        19     -1       21
  MONTH TO DATE   80                        75      5       66
  SINCE DEC 1     80                        75      5       66
  SINCE JUL 1    408                       637   -229      431

 COOLING
  YESTERDAY        0                         0      0        0
  MONTH TO DATE    0                         0      0        0
  SINCE DEC 1      0                         0      0        0
  SINCE JAN 1   2366                      1871    495     2008
..................................................................


WIND (MPH)
  HIGHEST WIND SPEED    21   HIGHEST WIND DIRECTION    SE (130)
  HIGHEST GUST SPEED    28   HIGHEST GUST DIRECTION    SE (140)
  AVERAGE WIND SPEED     5.5


SKY COVER
  POSSIBLE SUNSHINE  MM
  AVERAGE SKY COVER 1.0


WEATHER CONDITIONS
 THE FOLLOWING WEATHER WAS RECORDED YESTERDAY.
  HEAVY RAIN
  RAIN
  LIGHT RAIN
  FOG


RELATIVE HUMIDITY (PERCENT)
 HIGHEST    96           300 AM
 LOWEST     86           500 AM
 AVERAGE    91

..........................................................


THE MUSCLE SHOALS CLIMATE NORMALS FOR TODAY
                         NORMAL    RECORD    YEAR
 MAXIMUM TEMPERATURE (F)   56        78      1933
 MINIMUM TEMPERATURE (F)   36        17      1935


SUNRISE AND SUNSET
DECEMBER  5 2016......SUNRISE   643 AM CST   SUNSET   439 PM CST
DECEMBER  6 2016......SUNRISE   644 AM CST   SUNSET   439 PM CST


-  INDICATES NEGATIVE NUMBERS.
R  INDICATES RECORD WAS SET OR TIED.
MM INDICATES DATA IS MISSING.
T  INDICATES TRACE AMOUNT.




$$
