000
CDUS44 KHUN 230710
CLIMSL


CLIMATE REPORT
NATIONAL WEATHER SERVICE HUNTSVILLE AL
207 AM CDT SAT AUG 23 2014


...................................

...THE MUSCLE SHOALS CLIMATE SUMMARY FOR AUGUST 22 2014...

CLIMATE NORMAL PERIOD 1981 TO 2010
CLIMATE RECORD PERIOD 1893 TO 2014


WEATHER ITEM   OBSERVED TIME   RECORD YEAR NORMAL DEPARTURE LAST
                VALUE   (LST)  VALUE       VALUE  FROM      YEAR
                                                  NORMAL
..................................................................
TEMPERATURE (F)
 YESTERDAY
  MAXIMUM         94    207 PM 103    2007  91      3       91
  MINIMUM         71    526 AM  54    1915  68      3       68
  AVERAGE         83                        80      3       80

PRECIPITATION (IN)
  YESTERDAY        0.00          2.03 1912   0.10  -0.10     0.00
  MONTH TO DATE    3.62                      2.26   1.36     5.70
  SINCE JUN 1     16.11                     11.32   4.79    17.98
  SINCE JAN 1     32.90                     34.82  -1.92    42.89

SNOWFALL (IN)
  YESTERDAY        0.0
  MONTH TO DATE    0.0
  SINCE JUN 1      0.0
  SINCE JUL 1      0.0
  SNOW DEPTH       0

DEGREE DAYS
 HEATING
  YESTERDAY        0                         0      0        0
  MONTH TO DATE    0                         0      0        0
  SINCE JUN 1      0                         1     -1        0
  SINCE JUL 1      0                         0      0        0

 COOLING
  YESTERDAY       18                        15      3       15
  MONTH TO DATE  293                       337    -44      282
  SINCE JUN 1   1061                      1176   -115     1108
  SINCE JAN 1   1318                      1420   -102     1348
..................................................................


WIND (MPH)
  HIGHEST WIND SPEED    10   HIGHEST WIND DIRECTION     W (290)
  HIGHEST GUST SPEED    14   HIGHEST GUST DIRECTION     W (290)
  AVERAGE WIND SPEED     2.6


SKY COVER
  POSSIBLE SUNSHINE  MM
  AVERAGE SKY COVER 0.1


WEATHER CONDITIONS
 THE FOLLOWING WEATHER WAS RECORDED YESTERDAY.
  FOG


RELATIVE HUMIDITY (PERCENT)
 HIGHEST    94          1100 PM
 LOWEST     46           200 PM
 AVERAGE    70

..........................................................


THE MUSCLE SHOALS CLIMATE NORMALS FOR TODAY
                         NORMAL    RECORD    YEAR
 MAXIMUM TEMPERATURE (F)   91       104      2007
 MINIMUM TEMPERATURE (F)   68        55      1956
                                             1950
                                             1931


SUNRISE AND SUNSET
AUGUST 23 2014........SUNRISE   617 AM CDT   SUNSET   729 PM CDT
AUGUST 24 2014........SUNRISE   618 AM CDT   SUNSET   727 PM CDT


-  INDICATES NEGATIVE NUMBERS.
R  INDICATES RECORD WAS SET OR TIED.
MM INDICATES DATA IS MISSING.
T  INDICATES TRACE AMOUNT.




$$
