000
CDUS44 KHUN 250816
CLIMSL


CLIMATE REPORT
NATIONAL WEATHER SERVICE HUNTSVILLE AL
215 AM CST SUN JAN 25 2015


...................................

...THE MUSCLE SHOALS CLIMATE SUMMARY FOR JANUARY 24 2015...

CLIMATE NORMAL PERIOD 1981 TO 2010
CLIMATE RECORD PERIOD 1893 TO 2015


WEATHER ITEM   OBSERVED TIME   RECORD YEAR NORMAL DEPARTURE LAST
                VALUE   (LST)  VALUE       VALUE  FROM      YEAR
                                                  NORMAL
..................................................................
TEMPERATURE (F)
 YESTERDAY
  MAXIMUM         51    353 PM  78    1972  51      0       33
  MINIMUM         31    627 AM  -3    1963  31      0        9
  AVERAGE         41                        41      0       21

PRECIPITATION (IN)
  YESTERDAY        0.02          2.17 2002   0.15  -0.13     0.00
  MONTH TO DATE    2.93                      3.52  -0.59     1.70
  SINCE DEC 1      8.06                      9.20  -1.14     6.47
  SINCE JAN 1      2.93                      3.52  -0.59     1.70

SNOWFALL (IN)
  YESTERDAY        0.0
  MONTH TO DATE    0.0
  SINCE DEC 1      0.0
  SINCE JUL 1      0.0
  SNOW DEPTH       0

DEGREE DAYS
 HEATING
  YESTERDAY       24                        24      0       44
  MONTH TO DATE  612                       576     36      685
  SINCE DEC 1   1176                      1250    -74     1327
  SINCE JUL 1   1828                      1812     16     1944

 COOLING
  YESTERDAY        0                         0      0        0
  MONTH TO DATE    0                         0      0        0
  SINCE DEC 1      0                         1     -1        8
  SINCE JAN 1      0                         0      0        0
..................................................................


WIND (MPH)
  HIGHEST WIND SPEED    17   HIGHEST WIND DIRECTION     W (260)
  HIGHEST GUST SPEED    21   HIGHEST GUST DIRECTION    SW (240)
  AVERAGE WIND SPEED     7.7


SKY COVER
  POSSIBLE SUNSHINE  MM
  AVERAGE SKY COVER 0.5


WEATHER CONDITIONS
 THE FOLLOWING WEATHER WAS RECORDED YESTERDAY.
  LIGHT SNOW
  FOG
  HAZE


RELATIVE HUMIDITY (PERCENT)
 HIGHEST    89          1200 AM
 LOWEST     44           400 PM
 AVERAGE    67

..........................................................


THE MUSCLE SHOALS CLIMATE NORMALS FOR TODAY
                         NORMAL    RECORD    YEAR
 MAXIMUM TEMPERATURE (F)   51        79      1909
 MINIMUM TEMPERATURE (F)   31         3      1905
                                             1894


SUNRISE AND SUNSET
JANUARY 25 2015.......SUNRISE   653 AM CST   SUNSET   512 PM CST
JANUARY 26 2015.......SUNRISE   653 AM CST   SUNSET   513 PM CST


-  INDICATES NEGATIVE NUMBERS.
R  INDICATES RECORD WAS SET OR TIED.
MM INDICATES DATA IS MISSING.
T  INDICATES TRACE AMOUNT.




$$
