000
CDUS43 KMKX 210731
CLIMSN


CLIMATE REPORT
NATIONAL WEATHER SERVICE IN MILWAUKEE
131 AM CST SUN DEC 21 2014


...................................

...THE MADISON WI CLIMATE SUMMARY FOR DECEMBER 20 2014...

CLIMATE NORMAL PERIOD 1981 TO 2010
CLIMATE RECORD PERIOD 1871 TO 2014


WEATHER ITEM   OBSERVED TIME   RECORD YEAR NORMAL DEPARTURE LAST
                VALUE   (LST)  VALUE       VALUE  FROM      YEAR
                                                  NORMAL
..................................................................
TEMPERATURE (F)
 YESTERDAY
  MAXIMUM         31   1143 PM  62    1877  29      2       25
  MINIMUM         26    426 AM -17    1963  14     12       21
  AVERAGE         29                        22      7       23

PRECIPITATION (IN)
  YESTERDAY        T             1.16 2012   0.04  -0.04     0.02
  MONTH TO DATE    0.50                      1.24  -0.74     0.82
  SINCE DEC 1      0.50                      1.24  -0.74     0.82
  SINCE JAN 1     34.78                     33.98   0.80    44.58

SNOWFALL (IN)
  YESTERDAY        T            13.3  2012   0.4   -0.4      0.2
  MONTH TO DATE    0.1                       8.8   -8.7     10.1
  SINCE DEC 1      0.1                       8.8   -8.7     10.1
  SINCE JUL 1      8.6                      12.9   -4.3     13.6
  SNOW DEPTH       0

DEGREE DAYS
 HEATING
  YESTERDAY       36                        44     -8       42
  MONTH TO DATE  729                       809    -80      911
  SINCE DEC 1    729                       809    -80      911
  SINCE JUL 1   2413                      2388     25     2430

 COOLING
  YESTERDAY        0                         0      0        0
  MONTH TO DATE    0                         0      0        0
  SINCE DEC 1      0                         0      0        0
  SINCE JAN 1    620                       568     52      709
..................................................................


WIND (MPH)
  HIGHEST WIND SPEED     9   HIGHEST WIND DIRECTION     S (170)
  HIGHEST GUST SPEED    11   HIGHEST GUST DIRECTION     S (170)
  AVERAGE WIND SPEED     5.5


SKY COVER
  POSSIBLE SUNSHINE  MM
  AVERAGE SKY COVER 1.0


WEATHER CONDITIONS
 THE FOLLOWING WEATHER WAS RECORDED YESTERDAY.
  LIGHT SNOW
  FOG
  HAZE


RELATIVE HUMIDITY (PERCENT)
 HIGHEST    85          1000 AM
 LOWEST     78           100 PM
 AVERAGE    82

..........................................................


THE MADISON WI CLIMATE NORMALS FOR TODAY
                         NORMAL    RECORD    YEAR
 MAXIMUM TEMPERATURE (F)   28        58      1877
 MINIMUM TEMPERATURE (F)   14       -22      1872


SUNRISE AND SUNSET
DECEMBER 21 2014......SUNRISE   726 AM CST   SUNSET   425 PM CST
DECEMBER 22 2014......SUNRISE   726 AM CST   SUNSET   426 PM CST


-  INDICATES NEGATIVE NUMBERS.
R  INDICATES RECORD WAS SET OR TIED.
MM INDICATES DATA IS MISSING.
T  INDICATES TRACE AMOUNT.




$$
