000
CDUS45 KMSO 222231
CLIMSO


CLIMATE REPORT
NATIONAL WEATHER SERVICE MISSOULA, MT
431 PM MDT FRI MAY 22 2015


...................................

...THE MISSOULA MT CLIMATE SUMMARY FOR MAY 22 2015...
VALID TODAY AS OF 0400 PM LOCAL TIME.

CLIMATE NORMAL PERIOD 1981 TO 2010
CLIMATE RECORD PERIOD 1893 TO 2015


WEATHER ITEM   OBSERVED TIME   RECORD YEAR NORMAL DEPARTURE LAST
                VALUE   (LST)  VALUE       VALUE  FROM      YEAR
                                                  NORMAL
..................................................................
TEMPERATURE (F)
 TODAY
  MAXIMUM         78    259 PM  90    1919  69      9       83
  MINIMUM         41    509 AM  22    1960  42     -1       43
  AVERAGE         60                        55      5       63

PRECIPITATION (IN)
  TODAY            0.00          0.95 1908   0.07  -0.07     0.00
  MONTH TO DATE    0.35                      1.26  -0.91     0.92
  SINCE OCT 1      8.82                      7.96   0.86     8.47
  SINCE JAN 1      3.51                      5.03  -1.52     6.76

SNOWFALL (IN)
  TODAY            0.0
  MONTH TO DATE    0.0
  SINCE JAN 1     13.3
  SINCE JUL 1     33.9
  SNOW DEPTH       0

DEGREE DAYS
 HEATING
  TODAY            5                        10     -5        2
  MONTH TO DATE  262                       280    -18      267
  SINCE MAR 1   1603                      1674    -71     1749
  SINCE JUL 1   6595                      7043   -448     7259

 COOLING
  TODAY            0                         0      0        0
  MONTH TO DATE    0                         0      0        0
  SINCE MAR 1      0                         0      0        0
  SINCE JAN 1      0                         0      0        0
..................................................................


WIND (MPH)
  HIGHEST WIND SPEED    14   HIGHEST WIND DIRECTION     N (360)
  HIGHEST GUST SPEED    18   HIGHEST GUST DIRECTION     N (360)
  AVERAGE WIND SPEED     3.0


SKY COVER
  POSSIBLE SUNSHINE  MM
  AVERAGE SKY COVER 0.1


WEATHER CONDITIONS
 THE FOLLOWING WEATHER WAS RECORDED TODAY.
  NO SIGNIFICANT WEATHER WAS OBSERVED.


RELATIVE HUMIDITY (PERCENT)
 HIGHEST    89           500 AM
 LOWEST     26           300 PM
 AVERAGE    58

..........................................................


THE MISSOULA MT CLIMATE NORMALS FOR TOMORROW
                         NORMAL    RECORD    YEAR
 MAXIMUM TEMPERATURE (F)   69        89      1941
 MINIMUM TEMPERATURE (F)   42        26      1966
                                             1960


SUNRISE AND SUNSET
MAY 22 2015...........SUNRISE   554 AM MDT   SUNSET   913 PM MDT
MAY 23 2015...........SUNRISE   553 AM MDT   SUNSET   914 PM MDT


-  INDICATES NEGATIVE NUMBERS.
R  INDICATES RECORD WAS SET OR TIED.
MM INDICATES DATA IS MISSING.
T  INDICATES TRACE AMOUNT.




$$
