000
CDUS45 KMSO 252334
CLIMSO


CLIMATE REPORT
NATIONAL WEATHER SERVICE MISSOULA, MT
433 PM MST THU DEC 25 2014


...................................

...THE MISSOULA MT CLIMATE SUMMARY FOR DECEMBER 25 2014...
VALID TODAY AS OF 0400 PM LOCAL TIME.

CLIMATE NORMAL PERIOD 1981 TO 2010
CLIMATE RECORD PERIOD 1893 TO 2014


WEATHER ITEM   OBSERVED TIME   RECORD YEAR NORMAL DEPARTURE LAST
                VALUE   (LST)  VALUE       VALUE  FROM      YEAR
                                                  NORMAL
..................................................................
TEMPERATURE (F)
 TODAY
  MAXIMUM         32   1233 PM  52    1908  30      2       29
  MINIMUM         24   1054 AM -18    1948  16      8       12
  AVERAGE         28                        23      5       21

PRECIPITATION (IN)
  TODAY            0.21          0.47 1996   0.03   0.18     0.00
  MONTH TO DATE    1.06                      0.84   0.22     1.07
  SINCE OCT 1      5.11                      2.73   2.38     1.66
  SINCE JAN 1     15.41                     13.93   1.48     9.39

SNOWFALL (IN)
  TODAY            3.4
  MONTH TO DATE    6.5
  SINCE JAN 1     68.4
  SINCE JUL 1     16.5
  SNOW DEPTH       3

DEGREE DAYS
 HEATING
  TODAY           37                        42     -5       44
  MONTH TO DATE  884                      1024   -140     1103
  SINCE DEC 1    884                      1024   -140     1103
  SINCE JUL 1   2640                      2920   -280     2958

 COOLING
  TODAY            0                         0      0        0
  MONTH TO DATE    0                         0      0        0
  SINCE DEC 1      0                         0      0        0
  SINCE JAN 1    390                       332     58      579
..................................................................


WIND (MPH)
  HIGHEST WIND SPEED    12   HIGHEST WIND DIRECTION    NW (310)
  HIGHEST GUST SPEED    14   HIGHEST GUST DIRECTION    NW (310)
  AVERAGE WIND SPEED     4.2


SKY COVER
  POSSIBLE SUNSHINE  MM
  AVERAGE SKY COVER 1.0


WEATHER CONDITIONS
 THE FOLLOWING WEATHER WAS RECORDED TODAY.
  LIGHT SNOW
  FOG


RELATIVE HUMIDITY (PERCENT)
 HIGHEST   100           100 AM
 LOWEST     85           400 PM
 AVERAGE    93

..........................................................


THE MISSOULA MT CLIMATE NORMALS FOR TOMORROW
                         NORMAL    RECORD    YEAR
 MAXIMUM TEMPERATURE (F)   30        55      1980
 MINIMUM TEMPERATURE (F)   16       -21      1948


SUNRISE AND SUNSET
DECEMBER 25 2014......SUNRISE   821 AM MST   SUNSET   452 PM MST
DECEMBER 26 2014......SUNRISE   821 AM MST   SUNSET   453 PM MST


-  INDICATES NEGATIVE NUMBERS.
R  INDICATES RECORD WAS SET OR TIED.
MM INDICATES DATA IS MISSING.
T  INDICATES TRACE AMOUNT.




$$
