000
CDUS45 KMSO 030738
CLIMSO


CLIMATE REPORT
NATIONAL WEATHER SERVICE MISSOULA, MT
137 AM MDT FRI JUL 3 2015


...................................

...THE MISSOULA MT CLIMATE SUMMARY FOR JULY 2 2015...

CLIMATE NORMAL PERIOD 1981 TO 2010
CLIMATE RECORD PERIOD 1893 TO 2015


WEATHER ITEM   OBSERVED TIME   RECORD YEAR NORMAL DEPARTURE LAST
                VALUE   (LST)  VALUE       VALUE  FROM      YEAR
                                                  NORMAL
..................................................................
TEMPERATURE (F)
 YESTERDAY
  MAXIMUM         94    508 PM 102    1924  81     13       94
  MINIMUM         67    525 AM  36    1979  49     18       52
                                      1973
  AVERAGE         81                        65     16       73

PRECIPITATION (IN)
  YESTERDAY        0.00          0.54 1956   0.04  -0.04     0.00
  MONTH TO DATE    0.00                      0.08  -0.08     0.00
  SINCE OCT 1      9.74                     10.86  -1.12    10.55
  SINCE JAN 1      4.43                      7.93  -3.50     8.84

SNOWFALL (IN)
  YESTERDAY        0.0
  MONTH TO DATE    0.0
  SINCE JAN 1     13.3
  SINCE JUL 1      0.0
  SNOW DEPTH       0

DEGREE DAYS
 HEATING
  YESTERDAY        0                         2     -2        0
  MONTH TO DATE    0                         5     -5        0
  SINCE JUN 1     47                       165   -118      177
  SINCE JUL 1      0                         5     -5        0

 COOLING
  YESTERDAY       16                         3     13        8
  MONTH TO DATE   26                         6     20       10
  SINCE JUN 1    168                        43    125       18
  SINCE JAN 1    168                        49    119       18
..................................................................


WIND (MPH)
  HIGHEST WIND SPEED    17   HIGHEST WIND DIRECTION    SE (120)
  HIGHEST GUST SPEED    22   HIGHEST GUST DIRECTION    SE (130)
  AVERAGE WIND SPEED     8.3


SKY COVER
  POSSIBLE SUNSHINE  MM
  AVERAGE SKY COVER 0.0


WEATHER CONDITIONS
 THE FOLLOWING WEATHER WAS RECORDED YESTERDAY.
  NO SIGNIFICANT WEATHER WAS OBSERVED.


RELATIVE HUMIDITY (PERCENT)
 HIGHEST    53           500 AM
 LOWEST     15           400 PM
 AVERAGE    34

..........................................................


THE MISSOULA MT CLIMATE NORMALS FOR TODAY
                         NORMAL    RECORD    YEAR
 MAXIMUM TEMPERATURE (F)   82        97      1985
 MINIMUM TEMPERATURE (F)   50        30      1901


SUNRISE AND SUNSET
JULY  3 2015..........SUNRISE   547 AM MDT   SUNSET   934 PM MDT
JULY  4 2015..........SUNRISE   547 AM MDT   SUNSET   934 PM MDT


-  INDICATES NEGATIVE NUMBERS.
R  INDICATES RECORD WAS SET OR TIED.
MM INDICATES DATA IS MISSING.
T  INDICATES TRACE AMOUNT.




$$
