000
CDUS45 KMSO 200740
CLIMSO


CLIMATE REPORT
NATIONAL WEATHER SERVICE MISSOULA, MT
139 AM MDT SUN APR 20 2014


...................................

...THE MISSOULA MT CLIMATE SUMMARY FOR APRIL 19 2014...

CLIMATE NORMAL PERIOD 1981 TO 2010
CLIMATE RECORD PERIOD 1893 TO 2014


WEATHER ITEM   OBSERVED TIME   RECORD YEAR NORMAL DEPARTURE LAST
                VALUE   (LST)  VALUE       VALUE  FROM      YEAR
                                                  NORMAL
..................................................................
TEMPERATURE (F)
 YESTERDAY
  MAXIMUM         69    509 PM  83    1910  59     10       52
  MINIMUM         24    542 AM  14    1951  33     -9       39
  AVERAGE         47                        46      1       46

PRECIPITATION (IN)
  YESTERDAY        T             0.43 1984   0.04  -0.04     0.05
  MONTH TO DATE    0.27                      0.76  -0.49     0.27
  SINCE OCT 1      7.09                      6.24   0.85     7.12
  SINCE JAN 1      5.38                      3.31   2.07     2.33

SNOWFALL (IN)
  YESTERDAY        0.0
  MONTH TO DATE    T
  SINCE JAN 1     51.8
  SINCE JUL 1     65.7
  SNOW DEPTH       0

DEGREE DAYS
 HEATING
  YESTERDAY       18                        19     -1       19
  MONTH TO DATE  402                       390     12      435
  SINCE MAR 1   1270                      1204     66     1260
  SINCE JUL 1   6780                      6573    207     6251

 COOLING
  YESTERDAY        0                         0      0        0
  MONTH TO DATE    0                         0      0        0
  SINCE MAR 1      0                         0      0        0
  SINCE JAN 1      0                         0      0        0
..................................................................


WIND (MPH)
  HIGHEST WIND SPEED    33   HIGHEST WIND DIRECTION    NW (310)
  HIGHEST GUST SPEED    43   HIGHEST GUST DIRECTION    NW (320)
  AVERAGE WIND SPEED     5.3


SKY COVER
  POSSIBLE SUNSHINE  MM
  AVERAGE SKY COVER 0.2


WEATHER CONDITIONS
 THE FOLLOWING WEATHER WAS RECORDED YESTERDAY.
  LIGHT RAIN
  HAZE


RELATIVE HUMIDITY (PERCENT)
 HIGHEST    81           300 AM
 LOWEST     14           500 PM
 AVERAGE    48

..........................................................


THE MISSOULA MT CLIMATE NORMALS FOR TODAY
                         NORMAL    RECORD    YEAR
 MAXIMUM TEMPERATURE (F)   60        84      1980
 MINIMUM TEMPERATURE (F)   33        16      1927


SUNRISE AND SUNSET
APRIL 20 2014.........SUNRISE   639 AM MDT   SUNSET   832 PM MDT
APRIL 21 2014.........SUNRISE   638 AM MDT   SUNSET   833 PM MDT


-  INDICATES NEGATIVE NUMBERS.
R  INDICATES RECORD WAS SET OR TIED.
MM INDICATES DATA IS MISSING.
T  INDICATES TRACE AMOUNT.




$$
