000
CDUS45 KMSO 290741
CLIMSO


CLIMATE REPORT
NATIONAL WEATHER SERVICE MISSOULA, MT
140 AM MDT SUN MAY 29 2016


...................................

...THE MISSOULA MT CLIMATE SUMMARY FOR MAY 28 2016...

CLIMATE NORMAL PERIOD 1981 TO 2010
CLIMATE RECORD PERIOD 1893 TO 2016


WEATHER ITEM   OBSERVED TIME   RECORD YEAR NORMAL DEPARTURE LAST
                VALUE   (LST)  VALUE       VALUE  FROM      YEAR
                                                  NORMAL
..................................................................
TEMPERATURE (F)
 YESTERDAY
  MAXIMUM         63    540 PM  93    1934  70     -7       70
  MINIMUM         36    522 AM  29    1960  43     -7       48
  AVERAGE         50                        57     -7       59

PRECIPITATION (IN)
  YESTERDAY        0.00          0.85 1906   0.09  -0.09     0.07
  MONTH TO DATE    1.71                      1.75  -0.04     0.44
  SINCE OCT 1      8.38                      8.45  -0.07     8.91
  SINCE JAN 1      4.99                      5.52  -0.53     3.60

SNOWFALL (IN)
  YESTERDAY        0.0
  MONTH TO DATE    0.0
  SINCE JAN 1     13.1
  SINCE JUL 1     30.2
  SNOW DEPTH       0

DEGREE DAYS
 HEATING
  YESTERDAY       15                         9      6        6
  MONTH TO DATE  301                       335    -34      309
  SINCE MAR 1   1515                      1729   -214     1650
  SINCE JUL 1   6699                      7098   -399     6642

 COOLING
  YESTERDAY        0                         0      0        0
  MONTH TO DATE    0                         0      0        0
  SINCE MAR 1      0                         0      0        0
  SINCE JAN 1      0                         0      0        0
..................................................................


WIND (MPH)
  HIGHEST WIND SPEED    12   HIGHEST WIND DIRECTION    NW (320)
  HIGHEST GUST SPEED    15   HIGHEST GUST DIRECTION    NW (320)
  AVERAGE WIND SPEED     3.3


SKY COVER
  POSSIBLE SUNSHINE  MM
  AVERAGE SKY COVER 0.5


WEATHER CONDITIONS
 THE FOLLOWING WEATHER WAS RECORDED YESTERDAY.
  NO SIGNIFICANT WEATHER WAS OBSERVED.


RELATIVE HUMIDITY (PERCENT)
 HIGHEST    85           300 AM
 LOWEST     32           500 PM
 AVERAGE    59

..........................................................


THE MISSOULA MT CLIMATE NORMALS FOR TODAY
                         NORMAL    RECORD    YEAR
 MAXIMUM TEMPERATURE (F)   71        95      1936
 MINIMUM TEMPERATURE (F)   43        27      1951


SUNRISE AND SUNSET
MAY 29 2016...........SUNRISE   547 AM MDT   SUNSET   921 PM MDT
MAY 30 2016...........SUNRISE   546 AM MDT   SUNSET   922 PM MDT


-  INDICATES NEGATIVE NUMBERS.
R  INDICATES RECORD WAS SET OR TIED.
MM INDICATES DATA IS MISSING.
T  INDICATES TRACE AMOUNT.




$$
