000
CDUS45 KMSO 290737
CLIMSO


CLIMATE REPORT
NATIONAL WEATHER SERVICE MISSOULA, MT
137 AM MDT SAT AUG 29 2015


...................................

...THE MISSOULA MT CLIMATE SUMMARY FOR AUGUST 28 2015...

CLIMATE NORMAL PERIOD 1981 TO 2010
CLIMATE RECORD PERIOD 1893 TO 2015


WEATHER ITEM   OBSERVED TIME   RECORD YEAR NORMAL DEPARTURE LAST
                VALUE   (LST)  VALUE       VALUE  FROM      YEAR
                                                  NORMAL
..................................................................
TEMPERATURE (F)
 YESTERDAY
  MAXIMUM         78    620 PM  97    1986  81     -3       89
  MINIMUM         48    610 AM  32    1960  48      0       49
  AVERAGE         63                        64     -1       69

PRECIPITATION (IN)
  YESTERDAY        0.00          0.69 1964   0.04  -0.04     0.00
  MONTH TO DATE    0.17                      1.06  -0.89     0.91
  SINCE OCT 1     11.43                     12.83  -1.40    11.70
  SINCE JAN 1      6.12                      9.90  -3.78     9.99

SNOWFALL (IN)
  YESTERDAY        0.0
  MONTH TO DATE    0.0
  SINCE JAN 1     13.3
  SINCE JUL 1      0.0
  SNOW DEPTH       0

DEGREE DAYS
 HEATING
  YESTERDAY        2                         3     -1        0
  MONTH TO DATE   26                        38    -12       32
  SINCE JUN 1     94                       236   -142      215
  SINCE JUL 1     47                        76    -29       38

 COOLING
  YESTERDAY        0                         2     -2        4
  MONTH TO DATE  114                       118     -4      132
  SINCE JUN 1    397                       306     91      372
  SINCE JAN 1    397                       312     85      372
..................................................................


WIND (MPH)
  HIGHEST WIND SPEED    12   HIGHEST WIND DIRECTION    SE (140)
  HIGHEST GUST SPEED    15   HIGHEST GUST DIRECTION     W (260)
  AVERAGE WIND SPEED     3.1


SKY COVER
  POSSIBLE SUNSHINE  MM
  AVERAGE SKY COVER 1.0


WEATHER CONDITIONS
 THE FOLLOWING WEATHER WAS RECORDED YESTERDAY.
  HAZE


RELATIVE HUMIDITY (PERCENT)
 HIGHEST    66           800 AM
 LOWEST     29           700 PM
 AVERAGE    48

..........................................................


THE MISSOULA MT CLIMATE NORMALS FOR TODAY
                         NORMAL    RECORD    YEAR
 MAXIMUM TEMPERATURE (F)   81        94      2006
                                             1998
                                             1948
 MINIMUM TEMPERATURE (F)   47        32      1980


SUNRISE AND SUNSET
AUGUST 29 2015........SUNRISE   652 AM MDT   SUNSET   822 PM MDT
AUGUST 30 2015........SUNRISE   653 AM MDT   SUNSET   820 PM MDT


-  INDICATES NEGATIVE NUMBERS.
R  INDICATES RECORD WAS SET OR TIED.
MM INDICATES DATA IS MISSING.
T  INDICATES TRACE AMOUNT.




$$
