000
CDUS45 KMSO 010740
CLIMSO


CLIMATE REPORT
NATIONAL WEATHER SERVICE MISSOULA, MT
138 AM MDT WED OCT 1 2014


...................................

...THE MISSOULA MT CLIMATE SUMMARY FOR SEPTEMBER 30 2014...

CLIMATE NORMAL PERIOD 1981 TO 2010
CLIMATE RECORD PERIOD 1893 TO 2014


WEATHER ITEM   OBSERVED TIME   RECORD YEAR NORMAL DEPARTURE LAST
                VALUE   (LST)  VALUE       VALUE  FROM      YEAR
                                                  NORMAL
..................................................................
TEMPERATURE (F)
 YESTERDAY
  MAXIMUM         60   1207 PM  88    1912  66     -6       53
  MINIMUM         45    811 PM  20    1985  37      8       43
  AVERAGE         53                        52      1       48

PRECIPITATION (IN)
  YESTERDAY        0.09          0.59 2000   0.03   0.06     0.25
  MONTH TO DATE    0.28                      1.17  -0.89     1.42
  SINCE OCT 1     12.01                     14.13  -2.12    12.52
  SINCE JAN 1     10.30                     11.20  -0.90     7.73

SNOWFALL (IN)
  YESTERDAY        0.0
  MONTH TO DATE    0.0
  SINCE JAN 1     51.9
  SINCE JUL 1      0.0
  SNOW DEPTH       0

DEGREE DAYS
 HEATING
  YESTERDAY       12                        14     -2       17
  MONTH TO DATE  191                       243    -52      193
  SINCE SEP 1    191                       241    -50      193
  SINCE JUL 1    233                       325    -92      201

 COOLING
  YESTERDAY        0                         0      0        0
  MONTH TO DATE   12                        15     -3       87
  SINCE SEP 1     12                        15     -3       87
  SINCE JAN 1    390                       332     58      579
..................................................................


WIND (MPH)
  HIGHEST WIND SPEED    22   HIGHEST WIND DIRECTION     W (270)
  HIGHEST GUST SPEED    29   HIGHEST GUST DIRECTION     W (270)
  AVERAGE WIND SPEED     6.7


SKY COVER
  POSSIBLE SUNSHINE  MM
  AVERAGE SKY COVER 0.9


WEATHER CONDITIONS
 THE FOLLOWING WEATHER WAS RECORDED YESTERDAY.
  LIGHT RAIN
  FOG


RELATIVE HUMIDITY (PERCENT)
 HIGHEST   100          1200 AM
 LOWEST     51          1200 PM
 AVERAGE    76

..........................................................


THE MISSOULA MT CLIMATE NORMALS FOR TODAY
                         NORMAL    RECORD    YEAR
 MAXIMUM TEMPERATURE (F)   66        83      2010
                                             1992
 MINIMUM TEMPERATURE (F)   37        21      1971


SUNRISE AND SUNSET
OCTOBER  1 2014.......SUNRISE   735 AM MDT   SUNSET   716 PM MDT
OCTOBER  2 2014.......SUNRISE   736 AM MDT   SUNSET   714 PM MDT


-  INDICATES NEGATIVE NUMBERS.
R  INDICATES RECORD WAS SET OR TIED.
MM INDICATES DATA IS MISSING.
T  INDICATES TRACE AMOUNT.




$$
