000
CDUS45 KMSO 262338
CLIMSO


CLIMATE REPORT
NATIONAL WEATHER SERVICE MISSOULA, MT
438 PM MST SUN FEB 26 2017


...................................

...THE MISSOULA MT CLIMATE SUMMARY FOR FEBRUARY 26 2017...
VALID TODAY AS OF 0400 PM LOCAL TIME.

CLIMATE NORMAL PERIOD 1981 TO 2010
CLIMATE RECORD PERIOD 1893 TO 2017


WEATHER ITEM   OBSERVED TIME   RECORD YEAR NORMAL DEPARTURE LAST
                VALUE   (LST)  VALUE       VALUE  FROM      YEAR
                                                  NORMAL
..................................................................
TEMPERATURE (F)
 TODAY
  MAXIMUM         32    241 PM  60    1896  43    -11       55
  MINIMUM         24    609 AM -10    1962  23      1       24
  AVERAGE         28                        33     -5       40

PRECIPITATION (IN)
  TODAY            0.01          0.52 1976   0.03  -0.02     0.00
  MONTH TO DATE    2.17                      0.65   1.52     0.42
  SINCE OCT 1      7.81                      4.43   3.38     4.41
  SINCE JAN 1      3.15                      1.50   1.65     1.02

SNOWFALL (IN)
  TODAY            0.2
  MONTH TO DATE    9.5
  SINCE JAN 1     23.3
  SINCE JUL 1     52.4
  SNOW DEPTH       T

DEGREE DAYS
 HEATING
  TODAY           37                        32      5       25
  MONTH TO DATE  951                       916     35      784
  SINCE DEC 1   3948                      3409    539     3258
  SINCE JUL 1   5702                      5305    397     5111

 COOLING
  TODAY            0                         0      0        0
  MONTH TO DATE    0                         0      0        0
  SINCE DEC 1      0                         0      0        0
  SINCE JAN 1      0                         0      0        0
..................................................................


WIND (MPH)
  HIGHEST WIND SPEED    14   HIGHEST WIND DIRECTION     E (100)
  HIGHEST GUST SPEED    17   HIGHEST GUST DIRECTION     E (110)
  AVERAGE WIND SPEED     5.9


SKY COVER
  POSSIBLE SUNSHINE  MM
  AVERAGE SKY COVER 1.0


WEATHER CONDITIONS
 THE FOLLOWING WEATHER WAS RECORDED TODAY.
  SNOW
  LIGHT SNOW
  FOG
  HAZE


RELATIVE HUMIDITY (PERCENT)
 HIGHEST    92           200 AM
 LOWEST     63          1200 AM
 AVERAGE    78

..........................................................


THE MISSOULA MT CLIMATE NORMALS FOR TOMORROW
                         NORMAL    RECORD    YEAR
 MAXIMUM TEMPERATURE (F)   43        64      1932
 MINIMUM TEMPERATURE (F)   23        -8      1993
                                             1962


SUNRISE AND SUNSET
FEBRUARY 26 2017......SUNRISE   721 AM MST   SUNSET   618 PM MST
FEBRUARY 27 2017......SUNRISE   719 AM MST   SUNSET   619 PM MST


-  INDICATES NEGATIVE NUMBERS.
R  INDICATES RECORD WAS SET OR TIED.
MM INDICATES DATA IS MISSING.
T  INDICATES TRACE AMOUNT.




$$
