000
CDUS45 KMSO 232234
CLIMSO


CLIMATE REPORT
NATIONAL WEATHER SERVICE MISSOULA, MT
434 PM MDT TUE SEP 23 2014


...................................

...THE MISSOULA MT CLIMATE SUMMARY FOR SEPTEMBER 23 2014...
VALID TODAY AS OF 0400 PM LOCAL TIME.

CLIMATE NORMAL PERIOD 1981 TO 2010
CLIMATE RECORD PERIOD 1893 TO 2014


WEATHER ITEM   OBSERVED TIME   RECORD YEAR NORMAL DEPARTURE LAST
                VALUE   (LST)  VALUE       VALUE  FROM      YEAR
                                                  NORMAL
..................................................................
TEMPERATURE (F)
 TODAY
  MAXIMUM         80    244 PM  91    1938  70     10       59
  MINIMUM         49    448 AM  20    2000  39     10       44
  AVERAGE         65                        54     11       52

PRECIPITATION (IN)
  TODAY            0.00          1.01 2007   0.04  -0.04     0.07
  MONTH TO DATE    0.07                      0.94  -0.87     0.42
  SINCE OCT 1     11.80                     13.90  -2.10    11.52
  SINCE JAN 1     10.09                     10.97  -0.88     6.73

SNOWFALL (IN)
  TODAY            0.0
  MONTH TO DATE    0.0
  SINCE JAN 1     51.9
  SINCE JUL 1      0.0
  SNOW DEPTH       0

DEGREE DAYS
 HEATING
  TODAY            0                        11    -11       13
  MONTH TO DATE  147                       157    -10       69
  SINCE SEP 1    147                       157    -10       69
  SINCE JUL 1    189                       241    -52       77

 COOLING
  TODAY            0                         0      0        0
  MONTH TO DATE    4                        13     -9       87
  SINCE SEP 1      4                        13     -9       87
  SINCE JAN 1    382                       330     52      579
..................................................................


WIND (MPH)
  HIGHEST WIND SPEED    12   HIGHEST WIND DIRECTION    SE (150)
  HIGHEST GUST SPEED    15   HIGHEST GUST DIRECTION    SE (140)
  AVERAGE WIND SPEED     4.7


SKY COVER
  POSSIBLE SUNSHINE  MM
  AVERAGE SKY COVER 0.2


WEATHER CONDITIONS
 THE FOLLOWING WEATHER WAS RECORDED TODAY.
  NO SIGNIFICANT WEATHER WAS OBSERVED.


RELATIVE HUMIDITY (PERCENT)
 HIGHEST    77           300 AM
 LOWEST     32           200 PM
 AVERAGE    55

..........................................................


THE MISSOULA MT CLIMATE NORMALS FOR TOMORROW
                         NORMAL    RECORD    YEAR
 MAXIMUM TEMPERATURE (F)   69        90      2001
                                             1994
 MINIMUM TEMPERATURE (F)   39        17      1926


SUNRISE AND SUNSET
SEPTEMBER 23 2014.....SUNRISE   725 AM MDT   SUNSET   732 PM MDT
SEPTEMBER 24 2014.....SUNRISE   726 AM MDT   SUNSET   730 PM MDT


-  INDICATES NEGATIVE NUMBERS.
R  INDICATES RECORD WAS SET OR TIED.
MM INDICATES DATA IS MISSING.
T  INDICATES TRACE AMOUNT.




$$
