000
CDUS45 KMSO 220738
CLIMSO


CLIMATE REPORT
NATIONAL WEATHER SERVICE MISSOULA, MT
1238 AM MST MON JAN 22 2018


...................................

...THE MISSOULA MT CLIMATE SUMMARY FOR JANUARY 21 2018...

CLIMATE NORMAL PERIOD 1981 TO 2010
CLIMATE RECORD PERIOD 1893 TO 2018


WEATHER ITEM   OBSERVED TIME   RECORD YEAR NORMAL DEPARTURE LAST
                VALUE   (LST)  VALUE       VALUE  FROM      YEAR
                                                  NORMAL
..................................................................
TEMPERATURE (F)
 YESTERDAY
  MAXIMUM         36    459 PM  55    1919  34      2       26
  MINIMUM         25   1220 AM -24    1937  19      6       15
  AVERAGE         31                        26      5       21

PRECIPITATION (IN)
  YESTERDAY        T             0.61 1943   0.03  -0.03     0.03
  MONTH TO DATE    0.56                      0.60  -0.04     0.86
  SINCE OCT 1      4.38                      3.53   0.85     5.52
  SINCE JAN 1      0.56                      0.60  -0.04     0.86

SNOWFALL (IN)
  YESTERDAY        T
  MONTH TO DATE    3.3
  SINCE JAN 1      3.3
  SINCE JUL 1     30.6
  SNOW DEPTH       0

DEGREE DAYS
 HEATING
  YESTERDAY       34                        38     -4       44
  MONTH TO DATE  783                       838    -55     1163
  SINCE DEC 1   2067                      2114    -47     2581
  SINCE JUL 1   3957                      4010    -53     4335

 COOLING
  YESTERDAY        0                         0      0        0
  MONTH TO DATE    0                         0      0        0
  SINCE DEC 1      0                         0      0        0
  SINCE JAN 1      0                         0      0        0
..................................................................


WIND (MPH)
  HIGHEST WIND SPEED    16   HIGHEST WIND DIRECTION    SE (140)
  HIGHEST GUST SPEED    20   HIGHEST GUST DIRECTION    SE (140)
  AVERAGE WIND SPEED     8.7


SKY COVER
  POSSIBLE SUNSHINE  MM
  AVERAGE SKY COVER 0.6


WEATHER CONDITIONS
 THE FOLLOWING WEATHER WAS RECORDED YESTERDAY.
  LIGHT SNOW


RELATIVE HUMIDITY (PERCENT)
 HIGHEST    85           200 AM
 LOWEST     52           600 PM
 AVERAGE    69

..........................................................


THE MISSOULA MT CLIMATE NORMALS FOR TODAY
                         NORMAL    RECORD    YEAR
 MAXIMUM TEMPERATURE (F)   34        53      1910
 MINIMUM TEMPERATURE (F)   19       -23      1962


SUNRISE AND SUNSET
JANUARY 22 2018.......SUNRISE   812 AM MST   SUNSET   525 PM MST
JANUARY 23 2018.......SUNRISE   811 AM MST   SUNSET   526 PM MST


-  INDICATES NEGATIVE NUMBERS.
R  INDICATES RECORD WAS SET OR TIED.
MM INDICATES DATA IS MISSING.
T  INDICATES TRACE AMOUNT.




$$
