000
CDUS45 KMSO 220737
CLIMSO


CLIMATE REPORT
NATIONAL WEATHER SERVICE MISSOULA, MT
137 AM MDT TUE AUG 22 2017


...................................

...THE MISSOULA MT CLIMATE SUMMARY FOR AUGUST 21 2017...

CLIMATE NORMAL PERIOD 1981 TO 2010
CLIMATE RECORD PERIOD 1893 TO 2017


WEATHER ITEM   OBSERVED TIME   RECORD YEAR NORMAL DEPARTURE LAST
                VALUE   (LST)  VALUE       VALUE  FROM      YEAR
                                                  NORMAL
..................................................................
TEMPERATURE (F)
 YESTERDAY
  MAXIMUM         85    514 PM 100    1969  84      1       93
  MINIMUM         47    520 AM  36    1904  49     -2       47
  AVERAGE         66                        66      0       70

PRECIPITATION (IN)
  YESTERDAY        0.00          0.66 1933   0.04  -0.04     0.00
  MONTH TO DATE    0.14                      0.78  -0.64     0.25
  SINCE OCT 1     14.85                     12.55   2.30    11.56
  SINCE JAN 1     10.19                      9.62   0.57     8.17

SNOWFALL (IN)
  YESTERDAY        0.0
  MONTH TO DATE    0.0
  SINCE JAN 1     38.2
  SINCE JUL 1      0.0
  SNOW DEPTH       0

DEGREE DAYS
 HEATING
  YESTERDAY        0                         2     -2        0
  MONTH TO DATE    1                        23    -22       19
  SINCE JUN 1    116                       221   -105      195
  SINCE JUL 1      1                        61    -60       76

 COOLING
  YESTERDAY        1                         3     -2        5
  MONTH TO DATE  106                       101      5       70
  SINCE JUN 1    421                       289    132      258
  SINCE JAN 1    430                       295    135      258
..................................................................


WIND (MPH)
  HIGHEST WIND SPEED    16   HIGHEST WIND DIRECTION     N (10)
  HIGHEST GUST SPEED    21   HIGHEST GUST DIRECTION     N (20)
  AVERAGE WIND SPEED     3.3


SKY COVER
  POSSIBLE SUNSHINE  MM
  AVERAGE SKY COVER 0.0


WEATHER CONDITIONS
 THE FOLLOWING WEATHER WAS RECORDED YESTERDAY.
  HAZE


RELATIVE HUMIDITY (PERCENT)
 HIGHEST    66           500 AM
 LOWEST     16           500 PM
 AVERAGE    41

..........................................................


THE MISSOULA MT CLIMATE NORMALS FOR TODAY
                         NORMAL    RECORD    YEAR
 MAXIMUM TEMPERATURE (F)   83       100      1969
 MINIMUM TEMPERATURE (F)   49        35      1906


SUNRISE AND SUNSET
AUGUST 22 2017........SUNRISE   643 AM MDT   SUNSET   834 PM MDT
AUGUST 23 2017........SUNRISE   645 AM MDT   SUNSET   832 PM MDT


-  INDICATES NEGATIVE NUMBERS.
R  INDICATES RECORD WAS SET OR TIED.
MM INDICATES DATA IS MISSING.
T  INDICATES TRACE AMOUNT.




$$
