000
CDUS45 KMSO 300738
CLIMSO


CLIMATE REPORT
NATIONAL WEATHER SERVICE MISSOULA, MT
1237 AM MST FRI JAN 30 2015


...................................

...THE MISSOULA MT CLIMATE SUMMARY FOR JANUARY 29 2015...

CLIMATE NORMAL PERIOD 1981 TO 2010
CLIMATE RECORD PERIOD 1893 TO 2015


WEATHER ITEM   OBSERVED TIME   RECORD YEAR NORMAL DEPARTURE LAST
                VALUE   (LST)  VALUE       VALUE  FROM      YEAR
                                                  NORMAL
..................................................................
TEMPERATURE (F)
 YESTERDAY
  MAXIMUM         36    440 PM  52    1971  35      1       34
  MINIMUM         17    809 AM -19    1963  20     -3       25
                                      1951
                                      1950
  AVERAGE         27                        27      0       30

PRECIPITATION (IN)
  YESTERDAY        0.00          0.37 1961   0.02  -0.02     0.24
  MONTH TO DATE    1.22                      0.80   0.42     0.63
  SINCE OCT 1      6.53                      3.73   2.80     2.34
  SINCE JAN 1      1.22                      0.80   0.42     0.63

SNOWFALL (IN)
  YESTERDAY        0.0
  MONTH TO DATE    9.4
  SINCE JAN 1      9.4
  SINCE JUL 1     30.0
  SNOW DEPTH       1

DEGREE DAYS
 HEATING
  YESTERDAY       38                        38      0       35
  MONTH TO DATE 1127                      1142    -15     1020
  SINCE DEC 1   2316                      2418   -102     2322
  SINCE JUL 1   4072                      4314   -242     4177

 COOLING
  YESTERDAY        0                         0      0        0
  MONTH TO DATE    0                         0      0        0
  SINCE DEC 1      0                         0      0        0
  SINCE JAN 1      0                         0      0        0
..................................................................


WIND (MPH)
  HIGHEST WIND SPEED     5   HIGHEST WIND DIRECTION     E (90)
  HIGHEST GUST SPEED     6   HIGHEST GUST DIRECTION     W (260)
  AVERAGE WIND SPEED     1.0


SKY COVER
  POSSIBLE SUNSHINE  MM
  AVERAGE SKY COVER 0.1


WEATHER CONDITIONS
 THE FOLLOWING WEATHER WAS RECORDED YESTERDAY.
  FOG
  FOG W/VISIBILITY <= 1/4 MILE


RELATIVE HUMIDITY (PERCENT)
 HIGHEST   100          1000 AM
 LOWEST     64           400 PM
 AVERAGE    82

..........................................................


THE MISSOULA MT CLIMATE NORMALS FOR TODAY
                         NORMAL    RECORD    YEAR
 MAXIMUM TEMPERATURE (F)   35        56      1989
 MINIMUM TEMPERATURE (F)   20       -20      1979
                                             1916


SUNRISE AND SUNSET
JANUARY 30 2015.......SUNRISE   804 AM MST   SUNSET   536 PM MST
JANUARY 31 2015.......SUNRISE   802 AM MST   SUNSET   538 PM MST


-  INDICATES NEGATIVE NUMBERS.
R  INDICATES RECORD WAS SET OR TIED.
MM INDICATES DATA IS MISSING.
T  INDICATES TRACE AMOUNT.




$$
