000
CDUS45 KMSO 240741
CLIMSO


CLIMATE REPORT
NATIONAL WEATHER SERVICE MISSOULA, MT
141 AM MDT WED MAY 24 2017


...................................

...THE MISSOULA MT CLIMATE SUMMARY FOR MAY 23 2017...

CLIMATE NORMAL PERIOD 1981 TO 2010
CLIMATE RECORD PERIOD 1893 TO 2017


WEATHER ITEM   OBSERVED TIME   RECORD YEAR NORMAL DEPARTURE LAST
                VALUE   (LST)  VALUE       VALUE  FROM      YEAR
                                                  NORMAL
..................................................................
TEMPERATURE (F)
 YESTERDAY
  MAXIMUM         84    455 PM  89    1941  69     15       51
  MINIMUM         43    506 AM  26    1966  42      1       43
                                      1960
  AVERAGE         64                        56      8       47

PRECIPITATION (IN)
  YESTERDAY        0.00          1.10 1980   0.08  -0.08     0.15
  MONTH TO DATE    1.33                      1.34  -0.01     1.30
  SINCE OCT 1     12.63                      8.04   4.59     7.97
  SINCE JAN 1      7.97                      5.11   2.86     4.58

SNOWFALL (IN)
  YESTERDAY        0.0
  MONTH TO DATE    2.7
  SINCE JAN 1     38.2
  SINCE JUL 1     67.3
  SNOW DEPTH       0

DEGREE DAYS
 HEATING
  YESTERDAY        1                        10     -9       18
  MONTH TO DATE  297                       290      7      240
  SINCE MAR 1   1669                      1684    -15     1454
  SINCE JUL 1   7445                      7053    392     6638

 COOLING
  YESTERDAY        0                         0      0        0
  MONTH TO DATE    0                         0      0        0
  SINCE MAR 1      0                         0      0        0
  SINCE JAN 1      0                         0      0        0
..................................................................


WIND (MPH)
  HIGHEST WIND SPEED    20   HIGHEST WIND DIRECTION     W (270)
  HIGHEST GUST SPEED    25   HIGHEST GUST DIRECTION    SW (240)
  AVERAGE WIND SPEED     2.8


SKY COVER
  POSSIBLE SUNSHINE  MM
  AVERAGE SKY COVER 0.0


WEATHER CONDITIONS
 THE FOLLOWING WEATHER WAS RECORDED YESTERDAY.
  NO SIGNIFICANT WEATHER WAS OBSERVED.


RELATIVE HUMIDITY (PERCENT)
 HIGHEST    89           500 AM
 LOWEST     23           600 PM
 AVERAGE    56

..........................................................


THE MISSOULA MT CLIMATE NORMALS FOR TODAY
                         NORMAL    RECORD    YEAR
 MAXIMUM TEMPERATURE (F)   70        93      1934
 MINIMUM TEMPERATURE (F)   42        29      1964


SUNRISE AND SUNSET
MAY 24 2017...........SUNRISE   551 AM MDT   SUNSET   916 PM MDT
MAY 25 2017...........SUNRISE   550 AM MDT   SUNSET   917 PM MDT


-  INDICATES NEGATIVE NUMBERS.
R  INDICATES RECORD WAS SET OR TIED.
MM INDICATES DATA IS MISSING.
T  INDICATES TRACE AMOUNT.




$$
