000
CDUS45 KMSO 270737
CLIMSO


CLIMATE REPORT
NATIONAL WEATHER SERVICE MISSOULA, MT
137 AM MDT TUE JUN 27 2017


...................................

...THE MISSOULA MT CLIMATE SUMMARY FOR JUNE 26 2017...

CLIMATE NORMAL PERIOD 1981 TO 2010
CLIMATE RECORD PERIOD 1893 TO 2017


WEATHER ITEM   OBSERVED TIME   RECORD YEAR NORMAL DEPARTURE LAST
                VALUE   (LST)  VALUE       VALUE  FROM      YEAR
                                                  NORMAL
..................................................................
TEMPERATURE (F)
 YESTERDAY
  MAXIMUM         94    424 PM  99    1926  79     15       81
  MINIMUM         50    526 AM  32    1976  48      2       42
  AVERAGE         72                        64      8       62

PRECIPITATION (IN)
  YESTERDAY        T             0.66 2014   0.05  -0.05     0.00
  MONTH TO DATE    1.99                      1.87   0.12     0.70
  SINCE OCT 1     14.68                     10.58   4.10     9.19
  SINCE JAN 1     10.02                      7.65   2.37     5.80

SNOWFALL (IN)
  YESTERDAY        0.0
  MONTH TO DATE    T
  SINCE JAN 1     38.2
  SINCE JUL 1     67.3
  SNOW DEPTH       0

DEGREE DAYS
 HEATING
  YESTERDAY        0                         4     -4        3
  MONTH TO DATE  115                       149    -34      119
  SINCE JUN 1    115                       149    -34      119
  SINCE JUL 1   7593                      7273    320     6848

 COOLING
  YESTERDAY        7                         2      5        0
  MONTH TO DATE   32                        32      0       35
  SINCE JUN 1     32                        32      0       35
  SINCE JAN 1     41                        38      3       35
..................................................................


WIND (MPH)
  HIGHEST WIND SPEED    30   HIGHEST WIND DIRECTION    SW (230)
  HIGHEST GUST SPEED    40   HIGHEST GUST DIRECTION    SW (220)
  AVERAGE WIND SPEED     5.8


SKY COVER
  POSSIBLE SUNSHINE  MM
  AVERAGE SKY COVER 0.0


WEATHER CONDITIONS
 THE FOLLOWING WEATHER WAS RECORDED YESTERDAY.
  THUNDERSTORM
  LIGHT RAIN


RELATIVE HUMIDITY (PERCENT)
 HIGHEST    83           600 AM
 LOWEST     19           400 PM
 AVERAGE    51

..........................................................


THE MISSOULA MT CLIMATE NORMALS FOR TODAY
                         NORMAL    RECORD    YEAR
 MAXIMUM TEMPERATURE (F)   79       101      2015
 MINIMUM TEMPERATURE (F)   49        33      1976
                                             1901


SUNRISE AND SUNSET
JUNE 27 2017..........SUNRISE   544 AM MDT   SUNSET   935 PM MDT
JUNE 28 2017..........SUNRISE   544 AM MDT   SUNSET   935 PM MDT


-  INDICATES NEGATIVE NUMBERS.
R  INDICATES RECORD WAS SET OR TIED.
MM INDICATES DATA IS MISSING.
T  INDICATES TRACE AMOUNT.




$$
