000
CDUS43 KMPX 260754
CLIMSP


CLIMATE REPORT
NATIONAL WEATHER SERVICE CHANHASSEN MN
254 AM CDT TUE SEP 26 2017


...................................

...THE TWIN CITIES MN CLIMATE SUMMARY FOR SEPTEMBER 25 2017...

CLIMATE NORMAL PERIOD 1981 TO 2010
CLIMATE RECORD PERIOD 1871 TO 2017


WEATHER ITEM   OBSERVED TIME   RECORD YEAR NORMAL DEPARTURE LAST
                VALUE   (LST)  VALUE       VALUE  FROM      YEAR
                                                  NORMAL
..................................................................
TEMPERATURE (F)
 YESTERDAY
  MAXIMUM         71   1206 AM  91    1920  68      3       69
  MINIMUM         58   1159 PM  31    1926  48     10       55
  AVERAGE         65                        58      7       62

PRECIPITATION (IN)
  YESTERDAY        0.41          1.34 1934   0.11   0.30     0.23
  MONTH TO DATE    0.93                      2.60  -1.67     5.43
  SINCE SEP 1      0.93                      2.60  -1.67     5.43
  SINCE JAN 1     26.58                     24.77   1.81    31.75

SNOWFALL (IN)
  YESTERDAY        0.0           0.0    MM   0.0    0.0      0.0
  MONTH TO DATE    0.0                       0.0    0.0       T
  SINCE SEP 1      0.0                       0.0    0.0       T
  SINCE JUL 1      0.0                       0.0    0.0       T
  SNOW DEPTH       0

DEGREE DAYS
 HEATING
  YESTERDAY        0                         8     -8        3
  MONTH TO DATE   35                       109    -74       13
  SINCE SEP 1     35                       109    -74       13
  SINCE JUL 1     42                       128    -86       16

 COOLING
  YESTERDAY        0                         1     -1        0
  MONTH TO DATE  141                        62     79       91
  SINCE SEP 1    141                        62     79       91
  SINCE JAN 1    829                       743     86      962
..................................................................


WIND (MPH)
  HIGHEST WIND SPEED    14   HIGHEST WIND DIRECTION     N (340)
  HIGHEST GUST SPEED    23   HIGHEST GUST DIRECTION     N (360)
  AVERAGE WIND SPEED     8.5


SKY COVER
  POSSIBLE SUNSHINE  MM
  AVERAGE SKY COVER 1.0


WEATHER CONDITIONS
 THE FOLLOWING WEATHER WAS RECORDED YESTERDAY.
  THUNDERSTORM
  HEAVY RAIN
  RAIN
  LIGHT RAIN
  FOG


RELATIVE HUMIDITY (PERCENT)
 HIGHEST   100           300 AM
 LOWEST     84           400 PM
 AVERAGE    92

..........................................................


THE TWIN CITIES MN CLIMATE NORMALS FOR TODAY
                         NORMAL    RECORD    YEAR
 MAXIMUM TEMPERATURE (F)   67        87      1923
 MINIMUM TEMPERATURE (F)   48        27      1965


SUNRISE AND SUNSET
SEPTEMBER 26 2017.....SUNRISE   705 AM CDT   SUNSET   702 PM CDT
SEPTEMBER 27 2017.....SUNRISE   706 AM CDT   SUNSET   700 PM CDT


-  INDICATES NEGATIVE NUMBERS.
R  INDICATES RECORD WAS SET OR TIED.
MM INDICATES DATA IS MISSING.
T  INDICATES TRACE AMOUNT.




$$
