712
CDUS43 KMPX 290730
CLIMSP


CLIMATE REPORT
NATIONAL WEATHER SERVICE CHANHASSEN MN
229 AM CDT MON MAY 29 2017


...................................

...THE TWIN CITIES MN CLIMATE SUMMARY FOR MAY 28 2017...

CLIMATE NORMAL PERIOD 1981 TO 2010
CLIMATE RECORD PERIOD 1871 TO 2017


WEATHER ITEM   OBSERVED TIME   RECORD YEAR NORMAL DEPARTURE LAST
                VALUE   (LST)  VALUE       VALUE  FROM      YEAR
                                                  NORMAL
..................................................................
TEMPERATURE (F)
 YESTERDAY
  MAXIMUM         73    344 PM  98    1934  73      0       68
  MINIMUM         56   1021 PM  36    1965  53      3       61
                                      1889
  AVERAGE         65                        63      2       65

PRECIPITATION (IN)
  YESTERDAY        0.02          2.08 1899   0.11  -0.09     0.31
  MONTH TO DATE    4.80                      3.03   1.77     2.40
  SINCE MAR 1      9.93                      7.58   2.35     7.50
  SINCE JAN 1     11.55                      9.25   2.30     8.90

SNOWFALL (IN)
  YESTERDAY        0.0           T    1965   0.0    0.0      0.0
  MONTH TO DATE    T                         0.0    0.0      0.0
  SINCE MAR 1      5.2                      12.7   -7.5      5.9
  SINCE JUL 1     32.0                      54.4  -22.4     36.7
  SNOW DEPTH       0

DEGREE DAYS
 HEATING
  YESTERDAY        0                         4     -4        0
  MONTH TO DATE  199                       206     -7      174
  SINCE MAR 1   1582                      1734   -152     1411
  SINCE JUL 1   6283                      7524  -1241     6276

 COOLING
  YESTERDAY        0                         2     -2        0
  MONTH TO DATE   21                        32    -11       52
  SINCE MAR 1     21                        37    -16       60
  SINCE JAN 1     21                        37    -16       60
..................................................................


WIND (MPH)
  HIGHEST WIND SPEED    31   HIGHEST WIND DIRECTION    NW (300)
  HIGHEST GUST SPEED    42   HIGHEST GUST DIRECTION    NW (330)
  AVERAGE WIND SPEED    12.3


SKY COVER
  POSSIBLE SUNSHINE  MM
  AVERAGE SKY COVER 0.6


WEATHER CONDITIONS
 THE FOLLOWING WEATHER WAS RECORDED YESTERDAY.
  THUNDERSTORM
  LIGHT RAIN


RELATIVE HUMIDITY (PERCENT)
 HIGHEST    83          1000 PM
 LOWEST     33           300 PM
 AVERAGE    58

..........................................................


THE TWIN CITIES MN CLIMATE NORMALS FOR TODAY
                         NORMAL    RECORD    YEAR
 MAXIMUM TEMPERATURE (F)   73        94      2006
 MINIMUM TEMPERATURE (F)   53        33      1965


SUNRISE AND SUNSET
MAY 29 2017...........SUNRISE   531 AM CDT   SUNSET   850 PM CDT
MAY 30 2017...........SUNRISE   531 AM CDT   SUNSET   851 PM CDT


-  INDICATES NEGATIVE NUMBERS.
R  INDICATES RECORD WAS SET OR TIED.
MM INDICATES DATA IS MISSING.
T  INDICATES TRACE AMOUNT.




$$
