000
CDUS43 KMPX 010912
CLIMSP


CLIMATE REPORT
NATIONAL WEATHER SERVICE CHANHASSEN MN
410 AM CDT TUE SEP 1 2015


...................................

...THE TWIN CITIES MN CLIMATE SUMMARY FOR AUGUST 31 2015...

CLIMATE NORMAL PERIOD 1981 TO 2010
CLIMATE RECORD PERIOD 1871 TO 2015


WEATHER ITEM   OBSERVED TIME   RECORD YEAR NORMAL DEPARTURE LAST
                VALUE   (LST)  VALUE       VALUE  FROM      YEAR
                                                  NORMAL
..................................................................
TEMPERATURE (F)
 YESTERDAY
  MAXIMUM         86    316 PM  94    1907  78      8       85
                                      1898
  MINIMUM         63    503 AM  40    1974  59      4       62
  AVERAGE         75                        68      7       74

PRECIPITATION (IN)
  YESTERDAY        0.00          1.50 1914   0.12  -0.12     0.47
  MONTH TO DATE    2.99                      4.30  -1.31     2.90
  SINCE JUN 1     14.71                     12.59   2.12    16.53
  SINCE JAN 1     22.04                     22.17  -0.13    31.00

SNOWFALL (IN)
  YESTERDAY        0.0           0.0    MM   0.0    0.0      0.0
  MONTH TO DATE    0.0                       0.0    0.0      0.0
  SINCE JUN 1      0.0                       0.0    0.0      0.0
  SINCE JUL 1      0.0                       0.0    0.0      0.0
  SNOW DEPTH       0

DEGREE DAYS
 HEATING
  YESTERDAY        0                         1     -1        0
  MONTH TO DATE   13                        10      3        0
  SINCE JUN 1     22                        63    -41       28
  SINCE JUL 1     15                        19     -4        7

 COOLING
  YESTERDAY       10                         4      6        9
  MONTH TO DATE  199                       205     -6      265
  SINCE JUN 1    622                       639    -17      644
  SINCE JAN 1    649                       681    -32      696
..................................................................


WIND (MPH)
  HIGHEST WIND SPEED    20   HIGHEST WIND DIRECTION     S (190)
  HIGHEST GUST SPEED    27   HIGHEST GUST DIRECTION     S (190)
  AVERAGE WIND SPEED     9.4


SKY COVER
  POSSIBLE SUNSHINE  MM
  AVERAGE SKY COVER 0.6


WEATHER CONDITIONS
 THE FOLLOWING WEATHER WAS RECORDED YESTERDAY.
  FOG
  HAZE


RELATIVE HUMIDITY (PERCENT)
 HIGHEST   100           400 AM
 LOWEST     59           300 PM
 AVERAGE    80

..........................................................


THE TWIN CITIES MN CLIMATE NORMALS FOR TODAY
                         NORMAL    RECORD    YEAR
 MAXIMUM TEMPERATURE (F)   77        97      1913
 MINIMUM TEMPERATURE (F)   59        36      1974


SUNRISE AND SUNSET
SEPTEMBER  1 2015.....SUNRISE   635 AM CDT   SUNSET   750 PM CDT
SEPTEMBER  2 2015.....SUNRISE   636 AM CDT   SUNSET   748 PM CDT


-  INDICATES NEGATIVE NUMBERS.
R  INDICATES RECORD WAS SET OR TIED.
MM INDICATES DATA IS MISSING.
T  INDICATES TRACE AMOUNT.




$$
