000
CDUS41 KBTV 180530
CLIMSS


CLIMATE REPORT
NATIONAL WEATHER SERVICE BURLINGTON VT
1227 AM EST WED JAN 18 2017


...................................

...THE MASSENA NY CLIMATE SUMMARY FOR JANUARY 17 2017...

CLIMATE NORMAL PERIOD 1981 TO 2010
CLIMATE RECORD PERIOD 1948 TO 2017


WEATHER ITEM   OBSERVED TIME   RECORD YEAR NORMAL DEPARTURE LAST
                VALUE   (LST)  VALUE       VALUE  FROM      YEAR
                                                  NORMAL
..................................................................
TEMPERATURE (F)
 YESTERDAY
  MAXIMUM         35   1242 PM  51    1990  24     11       26
  MINIMUM         17    751 AM -34    1974   4     13        3
  AVERAGE         26                        14     12       15

PRECIPITATION (IN)
  YESTERDAY        0.06          0.35        0.07  -0.01     0.04
  MONTH TO DATE    1.37                      1.26   0.11     0.32
  SINCE DEC 1      3.70                      3.69   0.01     2.97
  SINCE JAN 1      1.37                      1.26   0.11     0.32

DEGREE DAYS
 HEATING
  YESTERDAY       39                        51    -12       50
  MONTH TO DATE  713                       854   -141      752
  SINCE DEC 1   1936                      2184   -248     1623
  SINCE JUL 1   3342                      3953   -611     3097

 COOLING
  YESTERDAY        0                         0      0        0
  MONTH TO DATE    0                         0      0        0
  SINCE DEC 1      0                         0      0        0
  SINCE JAN 1      0                         0      0        0
..................................................................


WIND (MPH)
  HIGHEST WIND SPEED    22   HIGHEST WIND DIRECTION    NE (60)
  HIGHEST GUST SPEED    26   HIGHEST GUST DIRECTION    NE (50)
  AVERAGE WIND SPEED     9.7


SKY COVER
  AVERAGE SKY COVER 0.3


WEATHER CONDITIONS
 THE FOLLOWING WEATHER WAS RECORDED YESTERDAY.
  LIGHT SNOW
  FOG


RELATIVE HUMIDITY (PERCENT)
 HIGHEST    92           100 AM
 LOWEST     72           400 PM
 AVERAGE    82

..........................................................


THE MASSENA NY CLIMATE NORMALS FOR TODAY
                         NORMAL    RECORD    YEAR
 MAXIMUM TEMPERATURE (F)   24        61      1996
 MINIMUM TEMPERATURE (F)    4       -36      1976


SUNRISE AND SUNSET
JANUARY 18 2017.......SUNRISE   732 AM EST   SUNSET   448 PM EST
JANUARY 19 2017.......SUNRISE   731 AM EST   SUNSET   450 PM EST


-  INDICATES NEGATIVE NUMBERS.
R  INDICATES RECORD WAS SET OR TIED.
MM INDICATES DATA IS MISSING.
T  INDICATES TRACE AMOUNT.




$$
