000
CDUS41 KBTV 230611
CLIMSS


CLIMATE REPORT
NATIONAL WEATHER SERVICE BURLINGTON VT
209 AM EDT TUE SEP 23 2014


...................................

...THE MASSENA NY CLIMATE SUMMARY FOR SEPTEMBER 22 2014...

CLIMATE NORMAL PERIOD 1981 TO 2010
CLIMATE RECORD PERIOD 1948 TO 2014


WEATHER ITEM   OBSERVED TIME   RECORD YEAR NORMAL DEPARTURE LAST
                VALUE   (LST)  VALUE       VALUE  FROM      YEAR
                                                  NORMAL
..................................................................
TEMPERATURE (F)
 YESTERDAY
  MAXIMUM         54   1204 AM  88    1965  67    -13       59
  MINIMUM         41   1159 PM  31    1962  45     -4       44
  AVERAGE         48                        56     -8       52

PRECIPITATION (IN)
  YESTERDAY        0.02          1.02        0.13  -0.11     0.36
  MONTH TO DATE    1.21                      2.63  -1.42     5.44
  SINCE SEP 1      1.21                      2.63  -1.42     5.44
  SINCE JAN 1     26.67                     25.17   1.50    28.56

DEGREE DAYS
 HEATING
  YESTERDAY       17                         9      8       13
  MONTH TO DATE  165                       133     32      155
  SINCE SEP 1    165                       133     32      155
  SINCE JUL 1    225                       208     17      211

 COOLING
  YESTERDAY        0                         0      0        0
  MONTH TO DATE   40                        24     16       31
  SINCE SEP 1     40                        24     16       31
  SINCE JAN 1    328                       360    -32      418
..................................................................


WIND (MPH)
  HIGHEST WIND SPEED    22   HIGHEST WIND DIRECTION     W (260)
  HIGHEST GUST SPEED    30   HIGHEST GUST DIRECTION     W (290)
  AVERAGE WIND SPEED    12.4


SKY COVER
  AVERAGE SKY COVER 0.9


WEATHER CONDITIONS
 THE FOLLOWING WEATHER WAS RECORDED YESTERDAY.
  LIGHT RAIN
  FOG


RELATIVE HUMIDITY (PERCENT)
 HIGHEST   100           100 AM
 LOWEST     59           200 PM
 AVERAGE    80

..........................................................


THE MASSENA NY CLIMATE NORMALS FOR TODAY
                         NORMAL    RECORD    YEAR
 MAXIMUM TEMPERATURE (F)   66        84      1964
 MINIMUM TEMPERATURE (F)   45        27      1955


SUNRISE AND SUNSET
SEPTEMBER 23 2014.....SUNRISE   648 AM EDT   SUNSET   655 PM EDT
SEPTEMBER 24 2014.....SUNRISE   649 AM EDT   SUNSET   653 PM EDT


-  INDICATES NEGATIVE NUMBERS.
R  INDICATES RECORD WAS SET OR TIED.
MM INDICATES DATA IS MISSING.
T  INDICATES TRACE AMOUNT.




$$
