000
CDUS41 KBTV 080534
CLIMSS


CLIMATE REPORT
NATIONAL WEATHER SERVICE BURLINGTON VT
1231 AM EST MON FEB 8 2016


...................................

...THE MASSENA NY CLIMATE SUMMARY FOR FEBRUARY 7 2016...

CLIMATE NORMAL PERIOD 1981 TO 2010
CLIMATE RECORD PERIOD 1948 TO 2016


WEATHER ITEM   OBSERVED TIME   RECORD YEAR NORMAL DEPARTURE LAST
                VALUE   (LST)  VALUE       VALUE  FROM      YEAR
                                                  NORMAL
..................................................................
TEMPERATURE (F)
 YESTERDAY
  MAXIMUM         35    114 AM  49    2005  26      9       18
  MINIMUM         17   1159 PM -38    1993   6     11        8
  AVERAGE         26                        16     10       13

PRECIPITATION (IN)
  YESTERDAY        0.00          1.49        0.05  -0.05     0.01
  MONTH TO DATE    0.59                      0.40   0.19     0.11
  SINCE DEC 1      3.77                      5.01  -1.24     2.37
  SINCE JAN 1      1.12                      2.58  -1.46     1.39

DEGREE DAYS
 HEATING
  YESTERDAY       39                        49    -10       52
  MONTH TO DATE  221                       347   -126      426
  SINCE DEC 1   2506                      3241   -735     3285
  SINCE JUL 1   3980                      5010  -1030     4846

 COOLING
  YESTERDAY        0                         0      0        0
  MONTH TO DATE    0                         0      0        0
  SINCE DEC 1      0                         0      0        0
  SINCE JAN 1      0                         0      0        0
..................................................................


WIND (MPH)
  HIGHEST WIND SPEED    24   HIGHEST WIND DIRECTION    NE (60)
  HIGHEST GUST SPEED    31   HIGHEST GUST DIRECTION    NE (60)
  AVERAGE WIND SPEED    13.7


SKY COVER
  AVERAGE SKY COVER 0.8


WEATHER CONDITIONS
 THE FOLLOWING WEATHER WAS RECORDED YESTERDAY.
  NO SIGNIFICANT WEATHER WAS OBSERVED.


RELATIVE HUMIDITY (PERCENT)
 HIGHEST    78           900 AM
 LOWEST     51           800 PM
 AVERAGE    65

..........................................................


THE MASSENA NY CLIMATE NORMALS FOR TODAY
                         NORMAL    RECORD    YEAR
 MAXIMUM TEMPERATURE (F)   26        48      1990
 MINIMUM TEMPERATURE (F)    6       -30      1959


SUNRISE AND SUNSET
FEBRUARY  8 2016......SUNRISE   711 AM EST   SUNSET   517 PM EST
FEBRUARY  9 2016......SUNRISE   710 AM EST   SUNSET   518 PM EST


-  INDICATES NEGATIVE NUMBERS.
R  INDICATES RECORD WAS SET OR TIED.
MM INDICATES DATA IS MISSING.
T  INDICATES TRACE AMOUNT.




$$
