000
CDUS41 KBTV 250611
CLIMSS


CLIMATE REPORT
NATIONAL WEATHER SERVICE BURLINGTON VT
209 AM EDT SUN JUN 25 2017


...................................

...THE MASSENA NY CLIMATE SUMMARY FOR JUNE 24 2017...

CLIMATE NORMAL PERIOD 1981 TO 2010
CLIMATE RECORD PERIOD 1948 TO 2017


WEATHER ITEM   OBSERVED TIME   RECORD YEAR NORMAL DEPARTURE LAST
                VALUE   (LST)  VALUE       VALUE  FROM      YEAR
                                                  NORMAL
..................................................................
TEMPERATURE (F)
 YESTERDAY
  MAXIMUM         81    223 PM  91    1957  78      3       80
  MINIMUM         58   1150 PM  39    1988  56      2       45
  AVERAGE         70                        67      3       63

PRECIPITATION (IN)
  YESTERDAY        0.33          1.33        0.11   0.22     0.00
  MONTH TO DATE    2.22                      2.80  -0.58     2.80
  SINCE JUN 1      2.22                      2.80  -0.58     2.80
  SINCE JAN 1     16.87                     14.73   2.14    12.14

DEGREE DAYS
 HEATING
  YESTERDAY        0                         2     -2        2
  MONTH TO DATE   77                        87    -10       65
  SINCE JUN 1     77                        87    -10       65
  SINCE JUL 1   7094                      8188  -1094     7163

 COOLING
  YESTERDAY        5                         3      2        0
  MONTH TO DATE   74                        50     24       37
  SINCE JUN 1     74                        50     24       37
  SINCE JAN 1     90                        64     26       83
..................................................................


WIND (MPH)
  HIGHEST WIND SPEED    23   HIGHEST WIND DIRECTION     W (280)
  HIGHEST GUST SPEED    31   HIGHEST GUST DIRECTION     W (270)
  AVERAGE WIND SPEED     8.6


SKY COVER
  AVERAGE SKY COVER 0.5


WEATHER CONDITIONS
 THE FOLLOWING WEATHER WAS RECORDED YESTERDAY.
  THUNDERSTORM
  HEAVY RAIN
  RAIN
  LIGHT RAIN
  FOG


RELATIVE HUMIDITY (PERCENT)
 HIGHEST   100          1200 AM
 LOWEST     42           400 PM
 AVERAGE    71

..........................................................


THE MASSENA NY CLIMATE NORMALS FOR TODAY
                         NORMAL    RECORD    YEAR
 MAXIMUM TEMPERATURE (F)   78        92      1995
                                             1993
 MINIMUM TEMPERATURE (F)   56        38      1979


SUNRISE AND SUNSET
JUNE 25 2017..........SUNRISE   514 AM EDT   SUNSET   850 PM EDT
JUNE 26 2017..........SUNRISE   515 AM EDT   SUNSET   850 PM EDT


-  INDICATES NEGATIVE NUMBERS.
R  INDICATES RECORD WAS SET OR TIED.
MM INDICATES DATA IS MISSING.
T  INDICATES TRACE AMOUNT.




$$
