000
CDUS41 KBTV 300523
CLIMSS


CLIMATE REPORT
NATIONAL WEATHER SERVICE BURLINGTON VT
121 AM EDT SUN APR 30 2017


...................................

...THE MASSENA NY CLIMATE SUMMARY FOR APRIL 29 2017...

CLIMATE NORMAL PERIOD 1981 TO 2010
CLIMATE RECORD PERIOD 1948 TO 2017


WEATHER ITEM   OBSERVED TIME   RECORD YEAR NORMAL DEPARTURE LAST
                VALUE   (LST)  VALUE       VALUE  FROM      YEAR
                                                  NORMAL
..................................................................
TEMPERATURE (F)
 YESTERDAY
  MAXIMUM         69    201 PM  82    1990  61      8       55
  MINIMUM         40   1159 PM  24    2001  38      2       28
  AVERAGE         55                        50      5       42

PRECIPITATION (IN)
  YESTERDAY        0.00          0.65        0.10  -0.10     0.00
  MONTH TO DATE    3.47                      2.72   0.75     1.66
  SINCE MAR 1      5.59                      4.81   0.78     3.89
  SINCE JAN 1      9.02                      8.76   0.26     8.55

DEGREE DAYS
 HEATING
  YESTERDAY       10                        16     -6       23
  MONTH TO DATE  490                       635   -145      738
  SINCE MAR 1   1746                      1779    -33     1744
  SINCE JUL 1   6672                      7766  -1094     6790

 COOLING
  YESTERDAY        0                         0      0        0
  MONTH TO DATE    2                         0      2        0
  SINCE MAR 1      2                         0      2        0
  SINCE JAN 1      2                         0      2        0
..................................................................


WIND (MPH)
  HIGHEST WIND SPEED    25   HIGHEST WIND DIRECTION     W (270)
  HIGHEST GUST SPEED    32   HIGHEST GUST DIRECTION     W (250)
  AVERAGE WIND SPEED    12.1


SKY COVER
  AVERAGE SKY COVER 0.5


WEATHER CONDITIONS
 THE FOLLOWING WEATHER WAS RECORDED YESTERDAY.
  NO SIGNIFICANT WEATHER WAS OBSERVED.


RELATIVE HUMIDITY (PERCENT)
 HIGHEST    62           500 AM
 LOWEST     33           600 PM
 AVERAGE    48

..........................................................


THE MASSENA NY CLIMATE NORMALS FOR TODAY
                         NORMAL    RECORD    YEAR
 MAXIMUM TEMPERATURE (F)   61        82      2004
 MINIMUM TEMPERATURE (F)   38        24      2012


SUNRISE AND SUNSET
APRIL 30 2017.........SUNRISE   550 AM EDT   SUNSET   804 PM EDT
MAY  1 2017...........SUNRISE   549 AM EDT   SUNSET   805 PM EDT


-  INDICATES NEGATIVE NUMBERS.
R  INDICATES RECORD WAS SET OR TIED.
MM INDICATES DATA IS MISSING.
T  INDICATES TRACE AMOUNT.




$$
