000
CDUS41 KBTV 190541
CLIMSS


CLIMATE REPORT
NATIONAL WEATHER SERVICE BURLINGTON VT
1239 AM EST FRI DEC 19 2014


...................................

...THE MASSENA NY CLIMATE SUMMARY FOR DECEMBER 18 2014...

CLIMATE NORMAL PERIOD 1981 TO 2010
CLIMATE RECORD PERIOD 1948 TO 2014


WEATHER ITEM   OBSERVED TIME   RECORD YEAR NORMAL DEPARTURE LAST
                VALUE   (LST)  VALUE       VALUE  FROM      YEAR
                                                  NORMAL
..................................................................
TEMPERATURE (F)
 YESTERDAY
  MAXIMUM         34    320 AM  44    1949  29      5       25
  MINIMUM         26   1159 PM -16    1985  13     13        4
  AVERAGE         30                        21      9       15

PRECIPITATION (IN)
  YESTERDAY        0.01          0.62        0.07  -0.06      T
  MONTH TO DATE    0.48                      1.49  -1.01     0.23
  SINCE DEC 1      0.48                      1.49  -1.01     0.23
  SINCE JAN 1     30.64                     34.02  -3.38    34.11

DEGREE DAYS
 HEATING
  YESTERDAY       35                        44     -9       50
  MONTH TO DATE  683                       724    -41      835
  SINCE DEC 1    683                       724    -41      835
  SINCE JUL 1   2244                      2493   -249     2586

 COOLING
  YESTERDAY        0                         0      0        0
  MONTH TO DATE    0                         0      0        0
  SINCE DEC 1      0                         0      0        0
  SINCE JAN 1    336                       363    -27      418
..................................................................


WIND (MPH)
  HIGHEST WIND SPEED    20   HIGHEST WIND DIRECTION     W (270)
  HIGHEST GUST SPEED    25   HIGHEST GUST DIRECTION     W (270)
  AVERAGE WIND SPEED    10.6


SKY COVER
  AVERAGE SKY COVER 1.0


WEATHER CONDITIONS
 THE FOLLOWING WEATHER WAS RECORDED YESTERDAY.
  LIGHT SNOW
  FOG


RELATIVE HUMIDITY (PERCENT)
 HIGHEST    92           700 AM
 LOWEST     78           200 PM
 AVERAGE    85

..........................................................


THE MASSENA NY CLIMATE NORMALS FOR TODAY
                         NORMAL    RECORD    YEAR
 MAXIMUM TEMPERATURE (F)   29        55      1957
 MINIMUM TEMPERATURE (F)   12       -26      1975


SUNRISE AND SUNSET
DECEMBER 19 2014......SUNRISE   733 AM EST   SUNSET   420 PM EST
DECEMBER 20 2014......SUNRISE   734 AM EST   SUNSET   420 PM EST


-  INDICATES NEGATIVE NUMBERS.
R  INDICATES RECORD WAS SET OR TIED.
MM INDICATES DATA IS MISSING.
T  INDICATES TRACE AMOUNT.




$$
