000
CDUS41 KBTV 290540
CLIMSS


CLIMATE REPORT
NATIONAL WEATHER SERVICE BURLINGTON VT
136 AM EDT SAT AUG 29 2015


...................................

...THE MASSENA NY CLIMATE SUMMARY FOR AUGUST 28 2015...

CLIMATE NORMAL PERIOD 1981 TO 2010
CLIMATE RECORD PERIOD 1948 TO 2015


WEATHER ITEM   OBSERVED TIME   RECORD YEAR NORMAL DEPARTURE LAST
                VALUE   (LST)  VALUE       VALUE  FROM      YEAR
                                                  NORMAL
..................................................................
TEMPERATURE (F)
 YESTERDAY
  MAXIMUM         75    258 PM  92    1953  76     -1       70
  MINIMUM         51    556 AM  36    1957  53     -2       52
  AVERAGE         63                        64     -1       61

PRECIPITATION (IN)
  YESTERDAY        0.00          1.02        0.11  -0.11     0.00
  MONTH TO DATE    3.24                      3.19   0.05     3.35
  SINCE JUN 1     11.78                     10.28   1.50    13.75
  SINCE JAN 1     17.77                     22.21  -4.44    23.68

DEGREE DAYS
 HEATING
  YESTERDAY        2                         3     -1        4
  MONTH TO DATE   11                        42    -31       34
  SINCE JUN 1    134                       161    -27       94
  SINCE JUL 1     33                        65    -32       56

 COOLING
  YESTERDAY        0                         2     -2        0
  MONTH TO DATE  118                        94     24       72
  SINCE JUN 1    321                       314      7      263
  SINCE JAN 1    366                       328     38      278
..................................................................


WIND (MPH)
  HIGHEST WIND SPEED    13   HIGHEST WIND DIRECTION     W (270)
  HIGHEST GUST SPEED    16   HIGHEST GUST DIRECTION     W (260)
  AVERAGE WIND SPEED     5.0


SKY COVER
  AVERAGE SKY COVER 0.3


WEATHER CONDITIONS
 THE FOLLOWING WEATHER WAS RECORDED YESTERDAY.
  FOG
  FOG W/VISIBILITY <= 1/4 MILE


RELATIVE HUMIDITY (PERCENT)
 HIGHEST    96           600 AM
 LOWEST     53          1200 PM
 AVERAGE    75

..........................................................


THE MASSENA NY CLIMATE NORMALS FOR TODAY
                         NORMAL    RECORD    YEAR
 MAXIMUM TEMPERATURE (F)   76        92      1953
 MINIMUM TEMPERATURE (F)   53        39      1982


SUNRISE AND SUNSET
AUGUST 29 2015........SUNRISE   618 AM EDT   SUNSET   742 PM EDT
AUGUST 30 2015........SUNRISE   619 AM EDT   SUNSET   741 PM EDT


-  INDICATES NEGATIVE NUMBERS.
R  INDICATES RECORD WAS SET OR TIED.
MM INDICATES DATA IS MISSING.
T  INDICATES TRACE AMOUNT.




$$
