000
CDUS41 KBTV 230538
CLIMSS

CLIMATE REPORT
NATIONAL WEATHER SERVICE BURLINGTON VT
1236 AM EST FRI FEB 23 2018

...................................

...THE MASSENA NY CLIMATE SUMMARY FOR FEBRUARY 22 2018...

CLIMATE NORMAL PERIOD 1981 TO 2010
CLIMATE RECORD PERIOD 1948 TO 2018


WEATHER ITEM   OBSERVED TIME   RECORD YEAR NORMAL DEPARTURE LAST
                VALUE   (LST)  VALUE       VALUE  FROM      YEAR
                                                  NORMAL
..................................................................
TEMPERATURE (F)
 YESTERDAY
  MAXIMUM         30   1235 AM  57    1981  30      0       47
  MINIMUM         16   1159 PM -19    1972   9      7       33
  AVERAGE         23                        20      3       40

PRECIPITATION (IN)
  YESTERDAY        0.00          0.57        0.07  -0.07     0.00
  MONTH TO DATE    1.32                      1.35  -0.03     1.30
  SINCE DEC 1      3.93                      5.96  -2.03     5.20
  SINCE JAN 1      2.96                      3.53  -0.57     2.87

DEGREE DAYS
 HEATING
  YESTERDAY       42                        46     -4       25
  MONTH TO DATE  948                      1058   -110      918
  SINCE DEC 1   3636                      3952   -316     3361
  SINCE JUL 1   5035                      5721   -686     4767

 COOLING
  YESTERDAY        0                         0      0        0
  MONTH TO DATE    0                         0      0        0
  SINCE DEC 1      0                         0      0        0
  SINCE JAN 1      0                         0      0        0
..................................................................


WIND (MPH)
  HIGHEST WIND SPEED    10   HIGHEST WIND DIRECTION    NE (40)
  HIGHEST GUST SPEED    12   HIGHEST GUST DIRECTION    NE (40)
  AVERAGE WIND SPEED     4.3


SKY COVER
  AVERAGE SKY COVER 0.0


WEATHER CONDITIONS
 THE FOLLOWING WEATHER WAS RECORDED YESTERDAY.
  NO SIGNIFICANT WEATHER WAS OBSERVED.


RELATIVE HUMIDITY (PERCENT)
 HIGHEST    92          1200 AM
 LOWEST     60           500 AM
 AVERAGE    76

..........................................................


THE MASSENA NY CLIMATE NORMALS FOR TODAY
                         NORMAL    RECORD    YEAR
 MAXIMUM TEMPERATURE (F)   30        62      2017
 MINIMUM TEMPERATURE (F)    9       -37      1972


SUNRISE AND SUNSET
FEBRUARY 23 2018......SUNRISE   647 AM EST   SUNSET   539 PM EST
FEBRUARY 24 2018......SUNRISE   646 AM EST   SUNSET   540 PM EST


-  INDICATES NEGATIVE NUMBERS.
R  INDICATES RECORD WAS SET OR TIED.
MM INDICATES DATA IS MISSING.
T  INDICATES TRACE AMOUNT.

$$
