000
CDUS41 KBTV 120925
CLIMSS


CLIMATE REPORT
NATIONAL WEATHER SERVICE BURLINGTON VT
423 AM EST TUE DEC 12 2017


...................................

...THE MASSENA NY CLIMATE SUMMARY FOR DECEMBER 11 2017...

CLIMATE NORMAL PERIOD 1981 TO 2010
CLIMATE RECORD PERIOD 1948 TO 2017


WEATHER ITEM   OBSERVED TIME   RECORD YEAR NORMAL DEPARTURE LAST
                VALUE   (LST)  VALUE       VALUE  FROM      YEAR
                                                  NORMAL
..................................................................
TEMPERATURE (F)
 YESTERDAY
  MAXIMUM         28   1208 AM  60    2015  32     -4       30
                                      1979
  MINIMUM         11    751 AM -19    1977  16     -5        8
  AVERAGE         20                        24     -4       19

PRECIPITATION (IN)
  YESTERDAY        T             1.33        0.08  -0.08      T
  MONTH TO DATE    0.21                      0.95  -0.74     0.65
  SINCE DEC 1      0.21                      0.95  -0.74     0.65
  SINCE JAN 1     38.26                     33.48   4.78    28.53

DEGREE DAYS
 HEATING
  YESTERDAY       45                        41      4       46
  MONTH TO DATE  345                       425    -80      378
  SINCE DEC 1    345                       425    -80      378
  SINCE JUL 1   1744                      2194   -450     1784

 COOLING
  YESTERDAY        0                         0      0        0
  MONTH TO DATE    0                         0      0        0
  SINCE DEC 1      0                         0      0        0
  SINCE JAN 1    399                       363     36      527
..................................................................


WIND (MPH)
  HIGHEST WIND SPEED    15   HIGHEST WIND DIRECTION    NW (320)
  HIGHEST GUST SPEED    19   HIGHEST GUST DIRECTION    NW (330)
  AVERAGE WIND SPEED     7.0


SKY COVER
  AVERAGE SKY COVER 0.5


WEATHER CONDITIONS
 THE FOLLOWING WEATHER WAS RECORDED YESTERDAY.
  LIGHT SNOW
  FOG


RELATIVE HUMIDITY (PERCENT)
 HIGHEST    84           700 AM
 LOWEST     49           300 PM
 AVERAGE    67

..........................................................


THE MASSENA NY CLIMATE NORMALS FOR TODAY
                         NORMAL    RECORD    YEAR
 MAXIMUM TEMPERATURE (F)   32        60      1979
 MINIMUM TEMPERATURE (F)   16       -19      1977


SUNRISE AND SUNSET
DECEMBER 12 2017......SUNRISE   728 AM EST   SUNSET   418 PM EST
DECEMBER 13 2017......SUNRISE   729 AM EST   SUNSET   418 PM EST


-  INDICATES NEGATIVE NUMBERS.
R  INDICATES RECORD WAS SET OR TIED.
MM INDICATES DATA IS MISSING.
T  INDICATES TRACE AMOUNT.




$$
