642
CDUS42 KKEY 070536 RRA
CLIMTH

CLIMATE REPORT
NATIONAL WEATHER SERVICE KEY WEST, FL
1230 AM EST SUN FEB 7 2016

...................................

...THE MARATHON CLIMATE SUMMARY FOR FEBRUARY 6 2016...

CLIMATE NORMAL PERIOD 1981 TO 2010

WEATHER ITEM   OBSERVED TIME   NORMAL DEPARTURE LAST
                VALUE   (LST)  VALUE  FROM      YEAR
                                      NORMAL
......................................................
TEMPERATURE (F)
 YESTERDAY
  MAXIMUM         79    133 PM  76      3       75
  MINIMUM         63   1149 PM  66     -3       60
  AVERAGE         71            71      0       68

PRECIPITATION (IN)
  YESTERDAY        0.62          0.06   0.56     0.00
  MONTH TO DATE    2.55          0.37   2.18     0.61
  SINCE DEC 1     15.72          4.00  11.72     2.35
  SINCE JAN 1      7.78          1.98   5.80     0.81

SNOWFALL (IN)
  YESTERDAY        0.0
  MONTH TO DATE    0.0
  SINCE DEC 1      0.0
  SINCE JUL 1      0.0
  SNOW DEPTH       0

DEGREE DAYS
 HEATING
  YESTERDAY        0             1     -1        0
  MONTH TO DATE    0             2     -2        0
  SINCE DEC 1     27            60    -33       18
  SINCE JUL 1     27            61    -34       24

 COOLING
  YESTERDAY        6             7     -1        3
  MONTH TO DATE   57            37     20       42
  SINCE DEC 1    587           446    141      513
  SINCE JAN 1    191           218    -27      274
......................................................


WIND (MPH)
  HIGHEST WIND SPEED    21   HIGHEST WIND DIRECTION    NW (320)
  HIGHEST GUST SPEED    30   HIGHEST GUST DIRECTION    NW (330)
  AVERAGE WIND SPEED    11.1


SKY COVER
  POSSIBLE SUNSHINE  MM
  AVERAGE SKY COVER 0.7


WEATHER CONDITIONS
 THE FOLLOWING WEATHER WAS RECORDED YESTERDAY.
  HEAVY RAIN
  RAIN
  LIGHT RAIN
  FOG


RELATIVE HUMIDITY (PERCENT)
 HIGHEST   100
 LOWEST     69
 AVERAGE    85

..........................................................


THE MARATHON CLIMATE NORMALS FOR TODAY
                         NORMAL
 MAXIMUM TEMPERATURE (F)   77
 MINIMUM TEMPERATURE (F)   66


SUNRISE AND SUNSET
FEBRUARY  7 2016......SUNRISE   704 AM EST   SUNSET   613 PM EST
FEBRUARY  8 2016......SUNRISE   703 AM EST   SUNSET   614 PM EST


-  INDICATES NEGATIVE NUMBERS.
R  INDICATES RECORD WAS SET OR TIED.
MM INDICATES DATA IS MISSING.
T  INDICATES TRACE AMOUNT.

$$

BWC
