000
CDUS42 KKEY 222044
CLIMTH

CLIMATE REPORT
NATIONAL WEATHER SERVICE KEY WEST, FL
436 PM EDT FRI AUG 22 2014

...................................

...THE MARATHON CLIMATE SUMMARY FOR AUGUST 22 2014...
VALID TODAY AS OF 0400 PM LOCAL TIME.

CLIMATE NORMAL PERIOD 1981 TO 2010

WEATHER ITEM   OBSERVED TIME   NORMAL DEPARTURE LAST
                VALUE   (LST)  VALUE  FROM      YEAR
                                      NORMAL
......................................................
TEMPERATURE (F)
 TODAY
  MAXIMUM         93    246 PM  91      2       91
  MINIMUM         82    425 AM  79      3       78
  AVERAGE         88            85      3       85

PRECIPITATION (IN)
  TODAY            T             0.23  -0.23     0.15
  MONTH TO DATE    5.14          4.55   0.59     1.10
  SINCE JUN 1     11.58         14.44  -2.86    18.39
  SINCE JAN 1     18.16         26.38  -8.22    38.15

SNOWFALL (IN)
  TODAY            0.0
  MONTH TO DATE    0.0
  SINCE JUN 1      0.0
  SINCE JUL 1      0.0
  SNOW DEPTH       0

DEGREE DAYS
 HEATING
  TODAY            0             0      0        0
  MONTH TO DATE    0             0      0        0
  SINCE JUN 1      0             0      0        0
  SINCE JUL 1      0             0      0        0

 COOLING
  TODAY           23            20      3       20
  MONTH TO DATE  482           452     30      485
  SINCE JUN 1   1716          1666     50     1725
  SINCE JAN 1   3501          3209    292     3555
......................................................


WIND (MPH)
  HIGHEST WIND SPEED    12   HIGHEST WIND DIRECTION     E (70)
  HIGHEST GUST SPEED    17   HIGHEST GUST DIRECTION    SE (140)
  AVERAGE WIND SPEED     6.0


SKY COVER
  POSSIBLE SUNSHINE  MM
  AVERAGE SKY COVER 0.1


WEATHER CONDITIONS
 THE FOLLOWING WEATHER WAS RECORDED TODAY.
  LIGHT RAIN


RELATIVE HUMIDITY (PERCENT)
 HIGHEST    82
 LOWEST     52
 AVERAGE    67

..........................................................


THE MARATHON CLIMATE NORMALS FOR TOMORROW
                         NORMAL
 MAXIMUM TEMPERATURE (F)   91
 MINIMUM TEMPERATURE (F)   79


SUNRISE AND SUNSET
AUGUST 22 2014........SUNRISE   702 AM EDT   SUNSET   752 PM EDT
AUGUST 23 2014........SUNRISE   702 AM EDT   SUNSET   752 PM EDT


-  INDICATES NEGATIVE NUMBERS.
R  INDICATES RECORD WAS SET OR TIED.
MM INDICATES DATA IS MISSING.
T  INDICATES TRACE AMOUNT.




$$
