000
CDUS42 KKEY 272043
CLIMTH

CLIMATE REPORT
NATIONAL WEATHER SERVICE KEY WEST, FL
437 PM EDT TUE SEP 27 2016

...................................

...THE MARATHON CLIMATE SUMMARY FOR SEPTEMBER 27 2016...
VALID TODAY AS OF 0400 PM LOCAL TIME.

CLIMATE NORMAL PERIOD 1981 TO 2010

WEATHER ITEM   OBSERVED TIME   NORMAL DEPARTURE LAST
                VALUE   (LST)  VALUE  FROM      YEAR
                                      NORMAL
......................................................

TEMPERATURE (F)
 TODAY
  MAXIMUM         86    941 AM  89     -3       86
  MINIMUM         71   1206 PM  78     -7       73
  AVERAGE         79            83     -4       80

PRECIPITATION (IN)
  TODAY            1.63          0.21   1.42     0.51
  MONTH TO DATE    2.52          7.15  -4.63     6.27
  SINCE SEP 1      2.52          7.15  -4.63     6.27
  SINCE JAN 1     31.71         35.97  -4.26    20.38

SNOWFALL (IN)
  TODAY            0.0
  MONTH TO DATE    0.0
  SINCE SEP 1      0.0
  SINCE JUL 1      0.0
  SNOW DEPTH       0

DEGREE DAYS
 HEATING
  TODAY            0             0      0        0
  MONTH TO DATE    0             0      0        0
  SINCE SEP 1      0             0      0        0
  SINCE JUL 1      0             0      0        0

 COOLING
  TODAY           14            18     -4       15
  MONTH TO DATE  544           513     31      541
  SINCE SEP 1    544           513     31      541
  SINCE JAN 1   4024          3899    125     4357

......................................................

WIND (MPH)
  HIGHEST WIND SPEED    16   HIGHEST WIND DIRECTION     S (190)
  HIGHEST GUST SPEED    24   HIGHEST GUST DIRECTION    SW (210)
  AVERAGE WIND SPEED     4.4

SKY COVER
  POSSIBLE SUNSHINE  MM
  AVERAGE SKY COVER 0.4

WEATHER CONDITIONS
 THE FOLLOWING WEATHER WAS RECORDED TODAY.
  THUNDERSTORM
  HEAVY RAIN
  RAIN
  LIGHT RAIN
  FOG

RELATIVE HUMIDITY (PERCENT)
 HIGHEST   100
 LOWEST     70
 AVERAGE    85

..........................................................

THE MARATHON CLIMATE NORMALS FOR TOMORROW
                         NORMAL
 MAXIMUM TEMPERATURE (F)   88
 MINIMUM TEMPERATURE (F)   78

SUNRISE AND SUNSET

SEPTEMBER 27 2016.....SUNRISE   715 AM EDT   SUNSET   715 PM EDT
SEPTEMBER 28 2016.....SUNRISE   715 AM EDT   SUNSET   714 PM EDT

-  INDICATES NEGATIVE NUMBERS.
R  INDICATES RECORD WAS SET OR TIED.
MM INDICATES DATA IS MISSING.
T  INDICATES TRACE AMOUNT.

$$
