000
CDUS43 KILX 300636
CLIMTO


CLIMATE REPORT
NATIONAL WEATHER SERVICE LINCOLN IL
136 AM CDT THU MAR 30 2017


...................................

...THE MATTOON IL AIRPORT CLIMATE SUMMARY FOR MARCH 29 2017...

CLIMATE NORMAL PERIOD 1981 TO 2010
CLIMATE RECORD PERIOD 9999 TO 9999


WEATHER ITEM   OBSERVED TIME   RECORD YEAR NORMAL DEPARTURE LAST
                VALUE   (LST)  VALUE       VALUE  FROM      YEAR
                                                  NORMAL
..................................................................
TEMPERATURE (F)
 YESTERDAY
  MAXIMUM         57    637 PM  MM      MM  58     -1       59
  MINIMUM         39    312 AM  MM      MM  37      2       34
  AVERAGE         48                        47      1       47

PRECIPITATION (IN)
  YESTERDAY        0.01         MM      MM   0.12  -0.11     0.00
  MONTH TO DATE    0.91                      2.35  -1.44     2.58
  SINCE MAR 1      0.91                      2.35  -1.44     2.58
  SINCE JAN 1      2.74                      6.33  -3.59     3.31

DEGREE DAYS
 HEATING
  YESTERDAY       17                        18     -1       18
  MONTH TO DATE  625                       664    -39      489
  SINCE MAR 1    625                       664    -39      489
  SINCE JUL 1   4006                      4868   -862     4011

 COOLING
  YESTERDAY        0                         0      0        0
  MONTH TO DATE    0                         0      0        0
  SINCE MAR 1      0                         0      0        0
  SINCE JAN 1      0                         0      0        0
..................................................................


WIND (MPH)
  HIGHEST WIND SPEED    20   HIGHEST WIND DIRECTION     E (80)
  HIGHEST GUST SPEED    26   HIGHEST GUST DIRECTION    SE (120)
  AVERAGE WIND SPEED    11.1


SKY COVER
  POSSIBLE SUNSHINE  MM
  AVERAGE SKY COVER 0.5


WEATHER CONDITIONS
 THE FOLLOWING WEATHER WAS RECORDED YESTERDAY.
  LIGHT RAIN
  FOG


RELATIVE HUMIDITY (PERCENT)
 HIGHEST   100           100 AM
 LOWEST     72          1000 AM
 AVERAGE    86

..........................................................


THE MATTOON IL AIRPORT CLIMATE NORMALS FOR TODAY
                         NORMAL    RECORD    YEAR
 MAXIMUM TEMPERATURE (F)   58        MM        MM
 MINIMUM TEMPERATURE (F)   37        MM        MM


SUNRISE AND SUNSET
MARCH 30 2017.........SUNRISE   640 AM CDT   SUNSET   715 PM CDT
MARCH 31 2017.........SUNRISE   639 AM CDT   SUNSET   716 PM CDT


-  INDICATES NEGATIVE NUMBERS.
R  INDICATES RECORD WAS SET OR TIED.
MM INDICATES DATA IS MISSING.
T  INDICATES TRACE AMOUNT.




$$
