520
CDUS43 KILX 192133
CLIMTO


CLIMATE REPORT
NATIONAL WEATHER SERVICE LINCOLN IL
433 PM CDT TUE SEP 19 2017


...................................

...THE MATTOON IL AIRPORT CLIMATE SUMMARY FOR SEPTEMBER 19 2017...
VALID TODAY AS OF 0400 PM LOCAL TIME.

CLIMATE NORMAL PERIOD 1981 TO 2010
CLIMATE RECORD PERIOD 9999 TO 9999


WEATHER ITEM   OBSERVED TIME   RECORD YEAR NORMAL DEPARTURE LAST
                VALUE   (LST)  VALUE       VALUE  FROM      YEAR
                                                  NORMAL
..................................................................
TEMPERATURE (F)
 TODAY
  MAXIMUM         86    256 PM  MM      MM  77      9       84
  MINIMUM         66    646 AM  MM      MM  54     12       56
  AVERAGE         76                        66     10       70

PRECIPITATION (IN)
  TODAY            T            MM      MM   0.08  -0.08     0.00
  MONTH TO DATE    0.24                      1.97  -1.73     1.59
  SINCE SEP 1      0.24                      1.97  -1.73     1.59
  SINCE JAN 1     27.39                     27.87  -0.48    25.06

DEGREE DAYS
 HEATING
  TODAY            0                         2     -2        0
  MONTH TO DATE   35                        18     17        0
  SINCE SEP 1     35                        18     17        0
  SINCE JUL 1     36                        23     13        5

 COOLING
  TODAY           11                         3      8        5
  MONTH TO DATE   74                        94    -20      129
  SINCE SEP 1     74                        94    -20      129
  SINCE JAN 1    999                      1014    -15     1192
..................................................................


WIND (MPH)
  HIGHEST WIND SPEED    10   HIGHEST WIND DIRECTION     W (270)
  HIGHEST GUST SPEED    13   HIGHEST GUST DIRECTION    SW (230)
  AVERAGE WIND SPEED     3.5


SKY COVER
  POSSIBLE SUNSHINE  MM
  AVERAGE SKY COVER 0.7


WEATHER CONDITIONS
 THE FOLLOWING WEATHER WAS RECORDED TODAY.
  LIGHT RAIN
  FOG
  FOG W/VISIBILITY <= 1/4 MILE


RELATIVE HUMIDITY (PERCENT)
 HIGHEST   100          1200 AM
 LOWEST     48           300 PM
 AVERAGE    74

..........................................................


THE MATTOON IL AIRPORT CLIMATE NORMALS FOR TOMORROW
                         NORMAL    RECORD    YEAR
 MAXIMUM TEMPERATURE (F)   77        MM        MM
 MINIMUM TEMPERATURE (F)   54        MM        MM


SUNRISE AND SUNSET
SEPTEMBER 19 2017.....SUNRISE   638 AM CDT   SUNSET   655 PM CDT
SEPTEMBER 20 2017.....SUNRISE   639 AM CDT   SUNSET   653 PM CDT


-  INDICATES NEGATIVE NUMBERS.
R  INDICATES RECORD WAS SET OR TIED.
MM INDICATES DATA IS MISSING.
T  INDICATES TRACE AMOUNT.




$$
