000
CDUS43 KILX 082228
CLIMTO


CLIMATE REPORT
NATIONAL WEATHER SERVICE LINCOLN IL
428 PM CST THU DEC 8 2016


...................................

...THE MATTOON IL AIRPORT CLIMATE SUMMARY FOR DECEMBER 8 2016...
VALID TODAY AS OF 0400 PM LOCAL TIME.

CLIMATE NORMAL PERIOD 1981 TO 2010
CLIMATE RECORD PERIOD 9999 TO 9999


WEATHER ITEM   OBSERVED TIME   RECORD YEAR NORMAL DEPARTURE LAST
                VALUE   (LST)  VALUE       VALUE  FROM      YEAR
                                                  NORMAL
..................................................................
TEMPERATURE (F)
 TODAY
  MAXIMUM         26    115 AM  MM      MM  40    -14       54
  MINIMUM         19    724 AM  MM      MM  26     -7       39
  AVERAGE         23                        33    -10       47

PRECIPITATION (IN)
  TODAY            T            MM      MM   0.09  -0.09     0.00
  MONTH TO DATE    0.10                      0.73  -0.63      T
  SINCE DEC 1      0.10                      0.73  -0.63      T
  SINCE JAN 1     31.11                     36.01  -4.90    33.45

DEGREE DAYS
 HEATING
  TODAY           42                        32     10       18
  MONTH TO DATE  248                       242      6      221
  SINCE DEC 1    248                       242      6      221
  SINCE JUL 1    959                      1301   -342     1013

 COOLING
  TODAY            0                         0      0        0
  MONTH TO DATE    0                         0      0        0
  SINCE DEC 1      0                         0      0        0
  SINCE JAN 1   1316                      1057    259     1103
..................................................................


WIND (MPH)
  HIGHEST WIND SPEED    24   HIGHEST WIND DIRECTION    NW (300)
  HIGHEST GUST SPEED    31   HIGHEST GUST DIRECTION    NW (300)
  AVERAGE WIND SPEED    15.6


SKY COVER
  POSSIBLE SUNSHINE  MM
  AVERAGE SKY COVER 0.6


WEATHER CONDITIONS
 THE FOLLOWING WEATHER WAS RECORDED TODAY.
  NO SIGNIFICANT WEATHER WAS OBSERVED.


RELATIVE HUMIDITY (PERCENT)
 HIGHEST    73           500 AM
 LOWEST     65           200 AM
 AVERAGE    69

..........................................................


THE MATTOON IL AIRPORT CLIMATE NORMALS FOR TOMORROW
                         NORMAL    RECORD    YEAR
 MAXIMUM TEMPERATURE (F)   40        MM        MM
 MINIMUM TEMPERATURE (F)   26        MM        MM


SUNRISE AND SUNSET
DECEMBER  8 2016......SUNRISE   701 AM CST   SUNSET   429 PM CST
DECEMBER  9 2016......SUNRISE   702 AM CST   SUNSET   429 PM CST


-  INDICATES NEGATIVE NUMBERS.
R  INDICATES RECORD WAS SET OR TIED.
MM INDICATES DATA IS MISSING.
T  INDICATES TRACE AMOUNT.




$$
