000
CDUS43 KILX 112129
CLIMTO


CLIMATE REPORT
NATIONAL WEATHER SERVICE LINCOLN IL
428 PM CDT FRI JUL 11 2014


...................................

...THE MATTOON IL AIRPORT CLIMATE SUMMARY FOR JULY 11 2014...
VALID TODAY AS OF 0400 PM LOCAL TIME.

CLIMATE NORMAL PERIOD 1981 TO 2010
CLIMATE RECORD PERIOD 9999 TO 9999


WEATHER ITEM   OBSERVED TIME   RECORD YEAR NORMAL DEPARTURE LAST
                VALUE   (LST)  VALUE       VALUE  FROM      YEAR
                                                  NORMAL
..................................................................
TEMPERATURE (F)
 TODAY
  MAXIMUM         85    210 PM  MM      MM  86     -1       79
  MINIMUM         57    444 AM  MM      MM  66     -9       62
  AVERAGE         71                        76     -5       71

PRECIPITATION (IN)
  TODAY            0.00         MM      MM   0.15  -0.15     0.00
  MONTH TO DATE    0.53                      1.41  -0.88     2.18
  SINCE JUN 1      5.97                      5.65   0.32    10.55
  SINCE JAN 1     16.14                     20.00  -3.86    33.20

DEGREE DAYS
 HEATING
  TODAY            0                         0      0        0
  MONTH TO DATE    0                         0      0        0
  SINCE JUN 1      3                        17    -14       11
  SINCE JUL 1      0                         0      0        0

 COOLING
  TODAY            6                        11     -5        6
  MONTH TO DATE   71                       119    -48       84
  SINCE JUN 1    335                       342     -7      300
  SINCE JAN 1    465                       430     35      409
..................................................................


WIND (MPH)
  HIGHEST WIND SPEED    12   HIGHEST WIND DIRECTION     S (160)
  HIGHEST GUST SPEED    13   HIGHEST GUST DIRECTION     S (170)
  AVERAGE WIND SPEED     4.9


SKY COVER
  POSSIBLE SUNSHINE  MM
  AVERAGE SKY COVER 0.0


WEATHER CONDITIONS
 THE FOLLOWING WEATHER WAS RECORDED TODAY.
  NO SIGNIFICANT WEATHER WAS OBSERVED.


RELATIVE HUMIDITY (PERCENT)
 HIGHEST    80           500 AM
 LOWEST     40           200 PM
 AVERAGE    60

..........................................................


THE MATTOON IL AIRPORT CLIMATE NORMALS FOR TOMORROW
                         NORMAL    RECORD    YEAR
 MAXIMUM TEMPERATURE (F)   86        MM        MM
 MINIMUM TEMPERATURE (F)   66        MM        MM


SUNRISE AND SUNSET
JULY 11 2014..........SUNRISE   536 AM CDT   SUNSET   821 PM CDT
JULY 12 2014..........SUNRISE   536 AM CDT   SUNSET   821 PM CDT


-  INDICATES NEGATIVE NUMBERS.
R  INDICATES RECORD WAS SET OR TIED.
MM INDICATES DATA IS MISSING.
T  INDICATES TRACE AMOUNT.




$$
