000
CDUS43 KILX 260639
CLIMTO

CLIMATE REPORT
NATIONAL WEATHER SERVICE LINCOLN IL
136 AM CDT FRI MAY 26 2017

...................................

...THE MATTOON IL AIRPORT CLIMATE SUMMARY FOR MAY 25 2017...

CLIMATE NORMAL PERIOD 1981 TO 2010
CLIMATE RECORD PERIOD 9999 TO 9999


WEATHER ITEM   OBSERVED TIME   RECORD YEAR NORMAL DEPARTURE LAST
                VALUE   (LST)  VALUE       VALUE  FROM      YEAR
                                                  NORMAL
..................................................................
TEMPERATURE (F)
 YESTERDAY
  MAXIMUM         71    536 PM  MM      MM  76     -5       79
  MINIMUM         55    622 AM  MM      MM  56     -1       63
  AVERAGE         63                        66     -3       71

PRECIPITATION (IN)
  YESTERDAY        T            MM      MM   0.12  -0.12     0.00
  MONTH TO DATE    6.52                      3.70   2.82     1.57
  SINCE MAR 1     14.54                      9.70   4.84    10.05
  SINCE JAN 1     16.37                     13.68   2.69    10.78

DEGREE DAYS
 HEATING
  YESTERDAY        2                         3     -1        0
  MONTH TO DATE  137                       117     20      156
  SINCE MAR 1   1024                      1175   -151     1012
  SINCE JUL 1   4405                      5379   -974     4534

 COOLING
  YESTERDAY        0                         3     -3        6
  MONTH TO DATE   57                        51      6       19
  SINCE MAR 1     78                        65     13       26
  SINCE JAN 1     78                        65     13       26
..................................................................


WIND (MPH)
  HIGHEST WIND SPEED    22   HIGHEST WIND DIRECTION    NW (320)
  HIGHEST GUST SPEED    27   HIGHEST GUST DIRECTION    NW (320)
  AVERAGE WIND SPEED    10.0


SKY COVER
  POSSIBLE SUNSHINE  MM
  AVERAGE SKY COVER 0.7


WEATHER CONDITIONS
 THE FOLLOWING WEATHER WAS RECORDED YESTERDAY.
  LIGHT RAIN
  FOG


RELATIVE HUMIDITY (PERCENT)
 HIGHEST   100           300 AM
 LOWEST     66           500 PM
 AVERAGE    83

..........................................................


THE MATTOON IL AIRPORT CLIMATE NORMALS FOR TODAY
                         NORMAL    RECORD    YEAR
 MAXIMUM TEMPERATURE (F)   76        MM        MM
 MINIMUM TEMPERATURE (F)   56        MM        MM


SUNRISE AND SUNSET
MAY 26 2017...........SUNRISE   531 AM CDT   SUNSET   810 PM CDT
MAY 27 2017...........SUNRISE   530 AM CDT   SUNSET   811 PM CDT


-  INDICATES NEGATIVE NUMBERS.
R  INDICATES RECORD WAS SET OR TIED.
MM INDICATES DATA IS MISSING.
T  INDICATES TRACE AMOUNT.


$$
