000
CDUS41 KBTV 300534
CLIMVL


CLIMATE REPORT
NATIONAL WEATHER SERVICE BURLINGTON VT
133 AM EDT TUE JUN 30 2015


...................................

...THE MORRISVILLE VT CLIMATE SUMMARY FOR JUNE 29 2015...

CLIMATE NORMAL PERIOD 1981 TO 2010
CLIMATE RECORD PERIOD 9999 TO 9999


WEATHER ITEM   OBSERVED TIME   NORMAL DEPARTURE LAST
                VALUE   (LST)  VALUE  FROM      YEAR
                                      NORMAL
......................................................
TEMPERATURE (F)
 YESTERDAY
  MAXIMUM         69    458 PM  78     -9       86
  MINIMUM         53    248 AM  54     -1       51
  AVERAGE         61            66     -5       69

PRECIPITATION (IN)
  YESTERDAY        T             0.13  -0.13     0.00
  MONTH TO DATE    6.91          3.85   3.06     3.89
  SINCE JUN 1      6.91          3.85   3.06     3.89
  SINCE JAN 1     12.16         15.47  -3.31    17.49

DEGREE DAYS
 HEATING
  YESTERDAY        4             2      2        0
  MONTH TO DATE  105           123    -18       72
  SINCE JUN 1    105           123    -18       72
  SINCE JUL 1   7981          8254   -273     8578

 COOLING
  YESTERDAY        0             3     -3        4
  MONTH TO DATE   38            45     -7       33
  SINCE JUN 1     38            45     -7       33
  SINCE JAN 1     91            53     38       38
......................................................


WIND (MPH)
  HIGHEST WIND SPEED    14   HIGHEST WIND DIRECTION    NW (310)
  HIGHEST GUST SPEED    19   HIGHEST GUST DIRECTION    NW (310)
  AVERAGE WIND SPEED     2.7


SKY COVER
  AVERAGE SKY COVER 1.0


WEATHER CONDITIONS
 THE FOLLOWING WEATHER WAS RECORDED YESTERDAY.
  LIGHT RAIN
  FOG


RELATIVE HUMIDITY (PERCENT)
 HIGHEST    93          1200 AM
 LOWEST     59           500 PM
 AVERAGE    76

..........................................................


THE MORRISVILLE VT CLIMATE NORMALS FOR TODAY
                         NORMAL    RECORD    YEAR
 MAXIMUM TEMPERATURE (F)   78        87      2005
 MINIMUM TEMPERATURE (F)   54        41      1989


SUNRISE AND SUNSET
JUNE 30 2015..........SUNRISE   509 AM EDT   SUNSET   839 PM EDT
JULY  1 2015..........SUNRISE   509 AM EDT   SUNSET   839 PM EDT


-  INDICATES NEGATIVE NUMBERS.
R  INDICATES RECORD WAS SET OR TIED.
MM INDICATES DATA IS MISSING.
T  INDICATES TRACE AMOUNT.




$$
