000
CDUS41 KBTV 280545
CLIMVL


CLIMATE REPORT
NATIONAL WEATHER SERVICE BURLINGTON VT
142 AM EDT WED JUN 28 2017


...................................

...THE MORRISVILLE VT CLIMATE SUMMARY FOR JUNE 27 2017...

CLIMATE NORMAL PERIOD 1981 TO 2010
CLIMATE RECORD PERIOD 9999 TO 9999


WEATHER ITEM   OBSERVED TIME   NORMAL DEPARTURE LAST
                VALUE   (LST)  VALUE  FROM      YEAR
                                      NORMAL
......................................................
TEMPERATURE (F)
 YESTERDAY
  MAXIMUM         70    123 PM  78     -8       79
  MINIMUM         46    436 AM  54     -8       55
  AVERAGE         58            66     -8       67

PRECIPITATION (IN)
  YESTERDAY        0.45          0.14   0.31      T
  MONTH TO DATE    5.32          3.57   1.75     1.50
  SINCE JUN 1      5.32          3.57   1.75     1.50
  SINCE JAN 1     18.07         15.19   2.88     8.55

DEGREE DAYS
 HEATING
  YESTERDAY        7             2      5        0
  MONTH TO DATE  140           119     21      131
  SINCE JUN 1    140           119     21      131
  SINCE JUL 1   7673          8250   -577     6833

 COOLING
  YESTERDAY        0             2     -2        2
  MONTH TO DATE   44            39      5       21
  SINCE JUN 1     44            39      5       21
  SINCE JAN 1     53            47      6       50
......................................................


WIND (MPH)
  HIGHEST WIND SPEED    14   HIGHEST WIND DIRECTION     S (160)
  HIGHEST GUST SPEED    18   HIGHEST GUST DIRECTION    SW (210)
  AVERAGE WIND SPEED     3.5


SKY COVER
  AVERAGE SKY COVER 0.4


WEATHER CONDITIONS
 THE FOLLOWING WEATHER WAS RECORDED YESTERDAY.
  THUNDERSTORM
  HEAVY RAIN
  RAIN
  LIGHT RAIN
  FOG


RELATIVE HUMIDITY (PERCENT)
 HIGHEST   100           400 AM
 LOWEST     42           100 PM
 AVERAGE    71

..........................................................


THE MORRISVILLE VT CLIMATE NORMALS FOR TODAY
                         NORMAL    RECORD    YEAR
 MAXIMUM TEMPERATURE (F)   78        90      2005
 MINIMUM TEMPERATURE (F)   54        43      1988


SUNRISE AND SUNSET
JUNE 28 2017..........SUNRISE   508 AM EDT   SUNSET   839 PM EDT
JUNE 29 2017..........SUNRISE   509 AM EDT   SUNSET   839 PM EDT


-  INDICATES NEGATIVE NUMBERS.
R  INDICATES RECORD WAS SET OR TIED.
MM INDICATES DATA IS MISSING.
T  INDICATES TRACE AMOUNT.




$$
