000
CDUS41 KBTV 190529
CLIMVL


CLIMATE REPORT
NATIONAL WEATHER SERVICE BURLINGTON VT
127 AM EDT THU OCT 19 2017


...................................

...THE MORRISVILLE VT CLIMATE SUMMARY FOR OCTOBER 18 2017...

CLIMATE NORMAL PERIOD 1981 TO 2010
CLIMATE RECORD PERIOD 9999 TO 9999


WEATHER ITEM   OBSERVED TIME   NORMAL DEPARTURE LAST
                VALUE   (LST)  VALUE  FROM      YEAR
                                      NORMAL
......................................................
TEMPERATURE (F)
 YESTERDAY
  MAXIMUM         66    304 PM  56     10       67
  MINIMUM         37   1122 PM  34      3       51
  AVERAGE         52            45      7       59

PRECIPITATION (IN)
  YESTERDAY        0.00          0.09  -0.09     0.03
  MONTH TO DATE    1.01          1.87  -0.86     0.07
  SINCE SEP 1      3.75          5.24  -1.49     0.96
  SINCE JAN 1     30.71         29.00   1.71    16.60

DEGREE DAYS
 HEATING
  YESTERDAY       13            20     -7        6
  MONTH TO DATE  203           308   -105      228
  SINCE SEP 1    376           545   -169      402
  SINCE JUL 1    538           640   -102      461

 COOLING
  YESTERDAY        0             0      0        0
  MONTH TO DATE    0             0      0        0
  SINCE SEP 1     47            18     29       34
  SINCE JAN 1    191           265    -74      322
......................................................


WIND (MPH)
  HIGHEST WIND SPEED    13   HIGHEST WIND DIRECTION     S (190)
  HIGHEST GUST SPEED    17   HIGHEST GUST DIRECTION     S (190)
  AVERAGE WIND SPEED     4.0


SKY COVER
  AVERAGE SKY COVER 0.4


WEATHER CONDITIONS
 THE FOLLOWING WEATHER WAS RECORDED YESTERDAY.
  NO SIGNIFICANT WEATHER WAS OBSERVED.


RELATIVE HUMIDITY (PERCENT)
 HIGHEST   100           900 PM
 LOWEST     37           200 PM
 AVERAGE    69

..........................................................


THE MORRISVILLE VT CLIMATE NORMALS FOR TODAY
                         NORMAL    RECORD    YEAR
 MAXIMUM TEMPERATURE (F)   55        71      2007
 MINIMUM TEMPERATURE (F)   34        17      2015


SUNRISE AND SUNSET
OCTOBER 19 2017.......SUNRISE   711 AM EDT   SUNSET   559 PM EDT
OCTOBER 20 2017.......SUNRISE   712 AM EDT   SUNSET   557 PM EDT


-  INDICATES NEGATIVE NUMBERS.
R  INDICATES RECORD WAS SET OR TIED.
MM INDICATES DATA IS MISSING.
T  INDICATES TRACE AMOUNT.




$$
