000
CDUS41 KBTV 270606
CLIMVL


CLIMATE REPORT
NATIONAL WEATHER SERVICE BURLINGTON VT
100 AM EST MON FEB 27 2017


...................................

...THE MORRISVILLE VT CLIMATE SUMMARY FOR FEBRUARY 26 2017...

CLIMATE NORMAL PERIOD 1981 TO 2010
CLIMATE RECORD PERIOD 9999 TO 9999


WEATHER ITEM   OBSERVED TIME   NORMAL DEPARTURE LAST
                VALUE   (LST)  VALUE  FROM      YEAR
                                      NORMAL
......................................................
TEMPERATURE (F)
 YESTERDAY
  MAXIMUM         35    124 AM  34      1       30
  MINIMUM         19    929 PM  10      9       13
  AVERAGE         27            22      5       22

PRECIPITATION (IN)
  YESTERDAY        T             0.06  -0.06     0.01
  MONTH TO DATE    1.14          1.62  -0.48     2.34
  SINCE DEC 1      6.28          6.80  -0.52     4.97
  SINCE JAN 1      3.07          4.16  -1.09     3.03

DEGREE DAYS
 HEATING
  YESTERDAY       38            43     -5       43
  MONTH TO DATE 1060          1212   -152      865
  SINCE DEC 1   3572          4046   -474     3055
  SINCE JUL 1   5163          5874   -711     4470

 COOLING
  YESTERDAY        0             0      0        0
  MONTH TO DATE    0             0      0        0
  SINCE DEC 1      0             0      0        0
  SINCE JAN 1      0             0      0        0
......................................................


WIND (MPH)
  HIGHEST WIND SPEED    17   HIGHEST WIND DIRECTION     W (280)
  HIGHEST GUST SPEED    31   HIGHEST GUST DIRECTION     W (250)
  AVERAGE WIND SPEED     7.2


SKY COVER
  AVERAGE SKY COVER 0.7


WEATHER CONDITIONS
 THE FOLLOWING WEATHER WAS RECORDED YESTERDAY.
  LIGHT SNOW


RELATIVE HUMIDITY (PERCENT)
 HIGHEST    96          1200 AM
 LOWEST     39           300 PM
 AVERAGE    68

..........................................................


THE MORRISVILLE VT CLIMATE NORMALS FOR TODAY
                         NORMAL    RECORD    YEAR
 MAXIMUM TEMPERATURE (F)   34        62      2000
 MINIMUM TEMPERATURE (F)   11       -17      2015


SUNRISE AND SUNSET
FEBRUARY 27 2017......SUNRISE   631 AM EST   SUNSET   536 PM EST
FEBRUARY 28 2017......SUNRISE   629 AM EST   SUNSET   537 PM EST


-  INDICATES NEGATIVE NUMBERS.
R  INDICATES RECORD WAS SET OR TIED.
MM INDICATES DATA IS MISSING.
T  INDICATES TRACE AMOUNT.




$$
