000
CDUS41 KBTV 270540
CLIMVL


CLIMATE REPORT
NATIONAL WEATHER SERVICE BURLINGTON VT
140 AM EDT THU APR 27 2017


...................................

...THE MORRISVILLE VT CLIMATE SUMMARY FOR APRIL 26 2017...

CLIMATE NORMAL PERIOD 1981 TO 2010
CLIMATE RECORD PERIOD 9999 TO 9999


WEATHER ITEM   OBSERVED TIME   NORMAL DEPARTURE LAST
                VALUE   (LST)  VALUE  FROM      YEAR
                                      NORMAL
......................................................
TEMPERATURE (F)
 YESTERDAY
  MAXIMUM         63    413 PM  60      3       38
  MINIMUM         46    538 AM  34     12       26
  AVERAGE         55            47      8       32

PRECIPITATION (IN)
  YESTERDAY        0.17          0.07   0.10     0.14
  MONTH TO DATE    3.72          2.09   1.63     1.69
  SINCE MAR 1      4.72          3.76   0.96     2.82
  SINCE JAN 1      7.79          8.04  -0.25     5.97

DEGREE DAYS
 HEATING
  YESTERDAY       10            18     -8       33
  MONTH TO DATE  538           624    -86      711
  SINCE MAR 1   1846          1751     95     1667
  SINCE JUL 1   7069          7711   -642     6240

 COOLING
  YESTERDAY        0             0      0        0
  MONTH TO DATE    0             0      0        0
  SINCE MAR 1      0             0      0        0
  SINCE JAN 1      0             0      0        0
......................................................


WIND (MPH)
  HIGHEST WIND SPEED    13   HIGHEST WIND DIRECTION     S (180)
  HIGHEST GUST SPEED    15   HIGHEST GUST DIRECTION     S (190)
  AVERAGE WIND SPEED     3.7


SKY COVER
  AVERAGE SKY COVER 1.0


WEATHER CONDITIONS
 THE FOLLOWING WEATHER WAS RECORDED YESTERDAY.
  RAIN
  LIGHT RAIN
  FOG


RELATIVE HUMIDITY (PERCENT)
 HIGHEST    96          1100 AM
 LOWEST     72           200 PM
 AVERAGE    84

..........................................................


THE MORRISVILLE VT CLIMATE NORMALS FOR TODAY
                         NORMAL    RECORD    YEAR
 MAXIMUM TEMPERATURE (F)   60        88      2009
 MINIMUM TEMPERATURE (F)   35        21      2016
                                             1998


SUNRISE AND SUNSET
APRIL 27 2017.........SUNRISE   547 AM EDT   SUNSET   750 PM EDT
APRIL 28 2017.........SUNRISE   545 AM EDT   SUNSET   752 PM EDT


-  INDICATES NEGATIVE NUMBERS.
R  INDICATES RECORD WAS SET OR TIED.
MM INDICATES DATA IS MISSING.
T  INDICATES TRACE AMOUNT.




$$
