927
CDUS41 KBTV 140539
CLIMVL


CLIMATE REPORT
NATIONAL WEATHER SERVICE BURLINGTON VT
1237 AM EST THU DEC 14 2017


...................................

...THE MORRISVILLE VT CLIMATE SUMMARY FOR DECEMBER 13 2017...

CLIMATE NORMAL PERIOD 1981 TO 2010
CLIMATE RECORD PERIOD 9999 TO 9999


WEATHER ITEM   OBSERVED TIME   NORMAL DEPARTURE LAST
                VALUE   (LST)  VALUE  FROM      YEAR
                                      NORMAL
......................................................
TEMPERATURE (F)
 YESTERDAY
  MAXIMUM         18   1208 AM  33    -15       35
  MINIMUM          4   1138 PM  15    -11       24
  AVERAGE         11            24    -13       30

PRECIPITATION (IN)
  YESTERDAY        T             0.09  -0.09      T
  MONTH TO DATE    0.40          1.25  -0.85     1.32
  SINCE DEC 1      0.40          1.25  -0.85     1.32
  SINCE JAN 1     35.63         34.61   1.02    19.75

DEGREE DAYS
 HEATING
  YESTERDAY       54            41     13       35
  MONTH TO DATE  492           506    -14      484
  SINCE DEC 1    492           506    -14      484
  SINCE JUL 1   2133          2334   -201     2075

 COOLING
  YESTERDAY        0             0      0        0
  MONTH TO DATE    0             0      0        0
  SINCE DEC 1      0             0      0        0
  SINCE JAN 1    192           265    -73      322
......................................................


WIND (MPH)
  HIGHEST WIND SPEED    17   HIGHEST WIND DIRECTION     N (360)
  HIGHEST GUST SPEED    23   HIGHEST GUST DIRECTION     N (360)
  AVERAGE WIND SPEED     7.1


SKY COVER
  AVERAGE SKY COVER 1.0


WEATHER CONDITIONS
 THE FOLLOWING WEATHER WAS RECORDED YESTERDAY.
  LIGHT SNOW
  FOG
  HAZE


RELATIVE HUMIDITY (PERCENT)
 HIGHEST    92          1200 AM
 LOWEST     66          1000 PM
 AVERAGE    79

..........................................................


THE MORRISVILLE VT CLIMATE NORMALS FOR TODAY
                         NORMAL    RECORD    YEAR
 MAXIMUM TEMPERATURE (F)   32        53      2006
 MINIMUM TEMPERATURE (F)   14       -15      2005


SUNRISE AND SUNSET
DECEMBER 14 2017......SUNRISE   720 AM EST   SUNSET   411 PM EST
DECEMBER 15 2017......SUNRISE   720 AM EST   SUNSET   411 PM EST


-  INDICATES NEGATIVE NUMBERS.
R  INDICATES RECORD WAS SET OR TIED.
MM INDICATES DATA IS MISSING.
T  INDICATES TRACE AMOUNT.




$$
