000
CDUS41 KBTV 050524
CLIMVL


CLIMATE REPORT
NATIONAL WEATHER SERVICE BURLINGTON VT
123 AM EDT SAT SEP 5 2015


...................................

...THE MORRISVILLE VT CLIMATE SUMMARY FOR SEPTEMBER 4 2015...

CLIMATE NORMAL PERIOD 1981 TO 2010
CLIMATE RECORD PERIOD 9999 TO 9999


WEATHER ITEM   OBSERVED TIME   NORMAL DEPARTURE LAST
                VALUE   (LST)  VALUE  FROM      YEAR
                                      NORMAL
......................................................
TEMPERATURE (F)
 YESTERDAY
  MAXIMUM         84    206 PM  74     10       81
  MINIMUM         47    539 AM  50     -3       50
  AVERAGE         66            62      4       66

PRECIPITATION (IN)
  YESTERDAY        0.00          0.10  -0.10     0.00
  MONTH TO DATE    0.00          0.38  -0.38     1.38
  SINCE SEP 1      0.00          0.38  -0.38     1.38
  SINCE JAN 1     15.93         24.14  -8.21    27.79

DEGREE DAYS
 HEATING
  YESTERDAY        0             4     -4        0
  MONTH TO DATE    0            16    -16        0
  SINCE SEP 1      0            16    -16        0
  SINCE JUL 1     30           111    -81       71

 COOLING
  YESTERDAY        1             1      0        1
  MONTH TO DATE   17             4     13       17
  SINCE SEP 1     17             4     13       17
  SINCE JAN 1    430           251    179      231
......................................................


WIND (MPH)
  HIGHEST WIND SPEED     7   HIGHEST WIND DIRECTION    NW (330)
  HIGHEST GUST SPEED     9   HIGHEST GUST DIRECTION    NW (310)
  AVERAGE WIND SPEED     0.6


SKY COVER
  AVERAGE SKY COVER 0.1


WEATHER CONDITIONS
 THE FOLLOWING WEATHER WAS RECORDED YESTERDAY.
  FOG
  FOG W/VISIBILITY <= 1/4 MILE


RELATIVE HUMIDITY (PERCENT)
 HIGHEST    93           600 AM
 LOWEST     36           400 PM
 AVERAGE    65

..........................................................


THE MORRISVILLE VT CLIMATE NORMALS FOR TODAY
                         NORMAL    RECORD    YEAR
 MAXIMUM TEMPERATURE (F)   74        88      2008
 MINIMUM TEMPERATURE (F)   50        34      2000


SUNRISE AND SUNSET
SEPTEMBER  5 2015.....SUNRISE   617 AM EDT   SUNSET   720 PM EDT
SEPTEMBER  6 2015.....SUNRISE   618 AM EDT   SUNSET   718 PM EDT


-  INDICATES NEGATIVE NUMBERS.
R  INDICATES RECORD WAS SET OR TIED.
MM INDICATES DATA IS MISSING.
T  INDICATES TRACE AMOUNT.




$$
