000
CDUS41 KBTV 260532
CLIMVL


CLIMATE REPORT
NATIONAL WEATHER SERVICE BURLINGTON VT
131 AM EDT TUE MAY 26 2015


...................................

...THE MORRISVILLE VT CLIMATE SUMMARY FOR MAY 25 2015...

CLIMATE NORMAL PERIOD 1981 TO 2010
CLIMATE RECORD PERIOD 9999 TO 9999


WEATHER ITEM   OBSERVED TIME   NORMAL DEPARTURE LAST
                VALUE   (LST)  VALUE  FROM      YEAR
                                      NORMAL
......................................................
TEMPERATURE (F)
 YESTERDAY
  MAXIMUM         74   1104 AM  69      5       77
  MINIMUM         54    532 AM  44     10       47
  AVERAGE         64            57      7       62

PRECIPITATION (IN)
  YESTERDAY        0.03          0.12  -0.09     0.04
  MONTH TO DATE    1.49          2.49  -1.00     2.88
  SINCE MAR 1      2.99          6.56  -3.57     8.33
  SINCE JAN 1      4.11         10.84  -6.73    12.93

DEGREE DAYS
 HEATING
  YESTERDAY        1             9     -8        3
  MONTH TO DATE  172           304   -132      250
  SINCE MAR 1   2188          2124     64     2409
  SINCE JUL 1   7870          8084   -214     8463

 COOLING
  YESTERDAY        0             0      0        0
  MONTH TO DATE   18             0     18        5
  SINCE MAR 1     18             1     17        5
  SINCE JAN 1     18             1     17        5
......................................................


WIND (MPH)
  HIGHEST WIND SPEED    12   HIGHEST WIND DIRECTION     S (200)
  HIGHEST GUST SPEED    17   HIGHEST GUST DIRECTION     S (190)
  AVERAGE WIND SPEED     2.4


SKY COVER
  AVERAGE SKY COVER 0.7


WEATHER CONDITIONS
 THE FOLLOWING WEATHER WAS RECORDED YESTERDAY.
  RAIN
  LIGHT RAIN
  HAZE


RELATIVE HUMIDITY (PERCENT)
 HIGHEST    93           800 PM
 LOWEST     39          1200 AM
 AVERAGE    66

..........................................................


THE MORRISVILLE VT CLIMATE NORMALS FOR TODAY
                         NORMAL    RECORD    YEAR
 MAXIMUM TEMPERATURE (F)   70        89      2010
 MINIMUM TEMPERATURE (F)   44        29      2009


SUNRISE AND SUNSET
MAY 26 2015...........SUNRISE   513 AM EDT   SUNSET   823 PM EDT
MAY 27 2015...........SUNRISE   512 AM EDT   SUNSET   824 PM EDT


-  INDICATES NEGATIVE NUMBERS.
R  INDICATES RECORD WAS SET OR TIED.
MM INDICATES DATA IS MISSING.
T  INDICATES TRACE AMOUNT.




$$
