000
CDUS46 KOTX 150839
CLIMWH


CLIMATE REPORT
NATIONAL WEATHER SERVICE SPOKANE, WA
1239 AM PST FRI DEC 15 2017


...................................

...THE MOSES LAKE WA AIRPORT CLIMATE SUMMARY FOR DECEMBER 14 2017...

CLIMATE NORMAL PERIOD 1981 TO 2010
CLIMATE RECORD PERIOD 9999 TO 9999


WEATHER ITEM   OBSERVED TIME   RECORD YEAR NORMAL DEPARTURE LAST
                VALUE   (LST)  VALUE       VALUE  FROM      YEAR
                                                  NORMAL
..................................................................
TEMPERATURE (F)
 YESTERDAY
  MAXIMUM         35    240 PM  MM      MM  34      1       20
  MINIMUM         30   1155 PM  MM      MM  22      8        1
  AVERAGE         33                        28      5       11

PRECIPITATION (IN)
  YESTERDAY        0.00         MM      MM   0.04  -0.04     0.04
  MONTH TO DATE    T                         0.52  -0.52     0.23
  SINCE OCT 1      2.70                      2.37   0.33     3.63
  SINCE JAN 1      8.52                      8.19   0.33     9.41

SNOWFALL (IN)
  YESTERDAY       MM

DEGREE DAYS
 HEATING
  YESTERDAY       32                        37     -5       54
  MONTH TO DATE  468                       492    -24      555
  SINCE DEC 1    468                       492    -24      555
  SINCE JUL 1   1887                      1953    -66     1668

 COOLING
  YESTERDAY        0                         0      0        0
  MONTH TO DATE    0                         0      0        0
  SINCE DEC 1      0                         0      0        0
  SINCE JAN 1    886                       615    271      629
..................................................................


WIND (MPH)
  HIGHEST WIND SPEED     9   HIGHEST WIND DIRECTION     W (290)
  HIGHEST GUST SPEED    10   HIGHEST GUST DIRECTION     W (290)
  AVERAGE WIND SPEED     3.2


SKY COVER
  POSSIBLE SUNSHINE  MM
  AVERAGE SKY COVER 1.0


WEATHER CONDITIONS
 THE FOLLOWING WEATHER WAS RECORDED YESTERDAY.
  FOG


RELATIVE HUMIDITY (PERCENT)
 HIGHEST   100           700 PM
 LOWEST     82           200 PM
 AVERAGE    91

..........................................................


THE MOSES LAKE WA AIRPORT CLIMATE NORMALS FOR TODAY
                         NORMAL    RECORD    YEAR
 MAXIMUM TEMPERATURE (F)   34        MM        MM
 MINIMUM TEMPERATURE (F)   22        MM        MM


SUNRISE AND SUNSET
DECEMBER 15 2017......SUNRISE   737 AM PST   SUNSET   408 PM PST
DECEMBER 16 2017......SUNRISE   738 AM PST   SUNSET   408 PM PST


-  INDICATES NEGATIVE NUMBERS.
R  INDICATES RECORD WAS SET OR TIED.
MM INDICATES DATA IS MISSING.
T  INDICATES TRACE AMOUNT.




$$
