000
CDUS46 KOTX 220826
CLIMWH


CLIMATE REPORT
NATIONAL WEATHER SERVICE SPOKANE, WA
1226 AM PST SUN JAN 22 2017


...................................

...THE MOSES LAKE WA AIRPORT CLIMATE SUMMARY FOR JANUARY 21 2017...

CLIMATE NORMAL PERIOD 1981 TO 2010
CLIMATE RECORD PERIOD 9999 TO 9999


WEATHER ITEM   OBSERVED TIME   RECORD YEAR NORMAL DEPARTURE LAST
                VALUE   (LST)  VALUE       VALUE  FROM      YEAR
                                                  NORMAL
..................................................................
TEMPERATURE (F)
 YESTERDAY
  MAXIMUM         39    138 PM  MM      MM  37      2       42
  MINIMUM         32    818 AM  MM      MM  25      7       34
  AVERAGE         36                        31      5       38

PRECIPITATION (IN)
  YESTERDAY        0.05         MM      MM   0.03   0.02     0.14
  MONTH TO DATE    0.86                      0.90  -0.04     1.43
  SINCE OCT 1      4.75                      4.19   0.56     4.69
  SINCE JAN 1      0.86                      0.90  -0.04     1.43

SNOWFALL (IN)
  YESTERDAY       MM

DEGREE DAYS
 HEATING
  YESTERDAY       29                        34     -5       27
  MONTH TO DATE 1020                       752    268      745
  SINCE DEC 1   2329                      1878    451     1821
  SINCE JUL 1   3442                      3339    103     3061

 COOLING
  YESTERDAY        0                         0      0        0
  MONTH TO DATE    0                         0      0        0
  SINCE DEC 1      0                         0      0        0
  SINCE JAN 1      0                         0      0        0
..................................................................


WIND (MPH)
  HIGHEST WIND SPEED     9   HIGHEST WIND DIRECTION     N (340)
  HIGHEST GUST SPEED    10   HIGHEST GUST DIRECTION     N (350)
  AVERAGE WIND SPEED     2.3


SKY COVER
  POSSIBLE SUNSHINE  MM
  AVERAGE SKY COVER 1.0


WEATHER CONDITIONS
 THE FOLLOWING WEATHER WAS RECORDED YESTERDAY.
  LIGHT RAIN
  FOG


RELATIVE HUMIDITY (PERCENT)
 HIGHEST    96           400 AM
 LOWEST     82           100 AM
 AVERAGE    89

..........................................................


THE MOSES LAKE WA AIRPORT CLIMATE NORMALS FOR TODAY
                         NORMAL    RECORD    YEAR
 MAXIMUM TEMPERATURE (F)   37        MM        MM
 MINIMUM TEMPERATURE (F)   25        MM        MM


SUNRISE AND SUNSET
JANUARY 22 2017.......SUNRISE   733 AM PST   SUNSET   445 PM PST
JANUARY 23 2017.......SUNRISE   732 AM PST   SUNSET   446 PM PST


-  INDICATES NEGATIVE NUMBERS.
R  INDICATES RECORD WAS SET OR TIED.
MM INDICATES DATA IS MISSING.
T  INDICATES TRACE AMOUNT.




$$
