000
CDUS45 KBOI 240931
CLIMYL


CLIMATE REPORT
NATIONAL WEATHER SERVICE BOISE ID
331 AM MDT THU APR 24 2014


...................................

...THE MCCALL ID CLIMATE SUMMARY FOR APRIL 23 2014...

CLIMATE NORMAL PERIOD 1981 TO 2010
CLIMATE RECORD PERIOD 1930 TO 2014


WEATHER ITEM   OBSERVED TIME   RECORD YEAR NORMAL DEPARTURE LAST
                VALUE   (LST)  VALUE       VALUE  FROM      YEAR
                                                  NORMAL
..................................................................
TEMPERATURE (F)
 YESTERDAY
  MAXIMUM         41    647 PM  78    2012  51    -10       48
                                      1977
  MINIMUM         21    544 AM  16    2011  27     -6       19
  AVERAGE         31                        39     -8       34

PRECIPITATION (IN)
  YESTERDAY        0.01          0.84 1996   0.06  -0.05     0.00
  MONTH TO DATE    1.18                      1.49  -0.31     1.92
  SINCE OCT 1     16.20                     13.34   2.86    21.11
  SINCE JAN 1     12.13                      7.16   4.97     7.62

DEGREE DAYS
 HEATING
  YESTERDAY       34                        26      8       31
  MONTH TO DATE  599                       673    -74      646
  SINCE MAR 1   1611                      1787   -176     1709
  SINCE JUL 1   7605                      8462   -857     7738

 COOLING
  YESTERDAY        0                         0      0        0
  MONTH TO DATE    0                         0      0        0
  SINCE MAR 1      0                         0      0        0
  SINCE JAN 1      0                         0      0        0
..................................................................


WIND (MPH)
  HIGHEST WIND SPEED    22   HIGHEST WIND DIRECTION     S (180)
  HIGHEST GUST SPEED    30   HIGHEST GUST DIRECTION     S (190)
  AVERAGE WIND SPEED     5.5


SKY COVER
  AVERAGE SKY COVER 0.7


WEATHER CONDITIONS
 THE FOLLOWING WEATHER WAS RECORDED YESTERDAY.
  LIGHT SNOW
  FOG
  HAZE


RELATIVE HUMIDITY (PERCENT)
 HIGHEST    92          1200 AM
 LOWEST     55           200 PM
 AVERAGE    74

..........................................................


THE MCCALL ID CLIMATE NORMALS FOR TODAY
                         NORMAL    RECORD    YEAR
 MAXIMUM TEMPERATURE (F)   52        80      1977
 MINIMUM TEMPERATURE (F)   27        12      1950


SUNRISE AND SUNSET
APRIL 24 2014.........SUNRISE   645 AM MDT   SUNSET   841 PM MDT
APRIL 25 2014.........SUNRISE   643 AM MDT   SUNSET   842 PM MDT


-  INDICATES NEGATIVE NUMBERS.
R  INDICATES RECORD WAS SET OR TIED.
MM INDICATES DATA IS MISSING.
T  INDICATES TRACE AMOUNT.




$$
