000
CDUS45 KBOI 280931
CLIMYL


CLIMATE REPORT
NATIONAL WEATHER SERVICE BOISE ID
330 AM MDT THU APR 28 2016


...................................

...THE MCCALL ID CLIMATE SUMMARY FOR APRIL 27 2016...

CLIMATE NORMAL PERIOD 1981 TO 2010
CLIMATE RECORD PERIOD 1930 TO 2016


WEATHER ITEM   OBSERVED TIME   RECORD YEAR NORMAL DEPARTURE LAST
                VALUE   (LST)  VALUE       VALUE  FROM      YEAR
                                                  NORMAL
..................................................................
TEMPERATURE (F)
 YESTERDAY
  MAXIMUM         49   1157 AM  82    1987  53     -4       63
  MINIMUM         36    512 AM  13    1955  28      8       24
  AVERAGE         43                        40      3       44

PRECIPITATION (IN)
  YESTERDAY        0.37          0.78 1954   0.06   0.31     0.00
  MONTH TO DATE    1.50                      1.73  -0.23     1.05
  SINCE OCT 1     21.55                     13.58   7.97    15.79
  SINCE JAN 1     10.98                      7.40   3.58     7.03

DEGREE DAYS
 HEATING
  YESTERDAY       22                        25     -3       21
  MONTH TO DATE  535                       774   -239      687
  SINCE MAR 1   1528                      1888   -360     1505
  SINCE JUL 1   7397                      8563  -1166     6827

 COOLING
  YESTERDAY        0                         0      0        0
  MONTH TO DATE    0                         0      0        0
  SINCE MAR 1      0                         0      0        0
  SINCE JAN 1      0                         0      0        0
..................................................................


WIND (MPH)
  HIGHEST WIND SPEED    14   HIGHEST WIND DIRECTION     N (350)
  HIGHEST GUST SPEED    18   HIGHEST GUST DIRECTION     N (360)
  AVERAGE WIND SPEED     4.9


SKY COVER
  AVERAGE SKY COVER 0.9


WEATHER CONDITIONS
 THE FOLLOWING WEATHER WAS RECORDED YESTERDAY.
  HEAVY RAIN
  RAIN
  LIGHT RAIN
  FOG


RELATIVE HUMIDITY (PERCENT)
 HIGHEST    89           500 AM
 LOWEST     65          1200 AM
 AVERAGE    77

..........................................................


THE MCCALL ID CLIMATE NORMALS FOR TODAY
                         NORMAL    RECORD    YEAR
 MAXIMUM TEMPERATURE (F)   53        84      1987
 MINIMUM TEMPERATURE (F)   28        18      1958


SUNRISE AND SUNSET
APRIL 28 2016.........SUNRISE   638 AM MDT   SUNSET   847 PM MDT
APRIL 29 2016.........SUNRISE   636 AM MDT   SUNSET   848 PM MDT


-  INDICATES NEGATIVE NUMBERS.
R  INDICATES RECORD WAS SET OR TIED.
MM INDICATES DATA IS MISSING.
T  INDICATES TRACE AMOUNT.




$$
