000
CDUS45 KBOI 050932
CLIMYL


CLIMATE REPORT
NATIONAL WEATHER SERVICE BOISE ID
331 AM MDT SAT SEP 5 2015


...................................

...THE MCCALL ID CLIMATE SUMMARY FOR SEPTEMBER 4 2015...

CLIMATE NORMAL PERIOD 1981 TO 2010
CLIMATE RECORD PERIOD 1930 TO 2015


WEATHER ITEM   OBSERVED TIME   RECORD YEAR NORMAL DEPARTURE LAST
                VALUE   (LST)  VALUE       VALUE  FROM      YEAR
                                                  NORMAL
..................................................................
TEMPERATURE (F)
 YESTERDAY
  MAXIMUM         65    305 PM  92    1988  72     -7       69
  MINIMUM         31    709 AM  22    1989  37     -6       31
  AVERAGE         48                        55     -7       50

PRECIPITATION (IN)
  YESTERDAY        0.09          0.93 1970   0.03   0.06     0.00
  MONTH TO DATE    0.23                      0.11   0.12     0.00
  SINCE OCT 1     21.13                     19.33   1.80    20.69
  SINCE JAN 1     12.37                     13.15  -0.78    16.62

DEGREE DAYS
 HEATING
  YESTERDAY       17                        10      7       15
  MONTH TO DATE   45                        39      6       49
  SINCE SEP 1     45                        39      6       49
  SINCE JUL 1    195                       367   -172      165

 COOLING
  YESTERDAY        0                         0      0        0
  MONTH TO DATE    0                         0      0        0
  SINCE SEP 1      0                         0      0        0
  SINCE JAN 1    169                        25    144      185
..................................................................


WIND (MPH)
  HIGHEST WIND SPEED    24   HIGHEST WIND DIRECTION     W (250)
  HIGHEST GUST SPEED    35   HIGHEST GUST DIRECTION    SW (240)
  AVERAGE WIND SPEED     4.5


SKY COVER
  AVERAGE SKY COVER 0.4


WEATHER CONDITIONS
 THE FOLLOWING WEATHER WAS RECORDED YESTERDAY.
  THUNDERSTORM
  RAIN
  LIGHT RAIN
  FOG
  FOG W/VISIBILITY <= 1/4 MILE
  HAZE


RELATIVE HUMIDITY (PERCENT)
 HIGHEST   100           300 AM
 LOWEST     23           100 PM
 AVERAGE    62

..........................................................


THE MCCALL ID CLIMATE NORMALS FOR TODAY
                         NORMAL    RECORD    YEAR
 MAXIMUM TEMPERATURE (F)   72        94      1998
 MINIMUM TEMPERATURE (F)   37        28      1994


SUNRISE AND SUNSET
SEPTEMBER  5 2015.....SUNRISE   711 AM MDT   SUNSET   814 PM MDT
SEPTEMBER  6 2015.....SUNRISE   712 AM MDT   SUNSET   812 PM MDT


-  INDICATES NEGATIVE NUMBERS.
R  INDICATES RECORD WAS SET OR TIED.
MM INDICATES DATA IS MISSING.
T  INDICATES TRACE AMOUNT.




$$
