000
CDUS45 KBOI 290931
CLIMYL


CLIMATE REPORT
NATIONAL WEATHER SERVICE BOISE ID
331 AM MDT SUN MAY 29 2016


...................................

...THE MCCALL ID CLIMATE SUMMARY FOR MAY 28 2016...

CLIMATE NORMAL PERIOD 1981 TO 2010
CLIMATE RECORD PERIOD 1930 TO 2016


WEATHER ITEM   OBSERVED TIME   RECORD YEAR NORMAL DEPARTURE LAST
                VALUE   (LST)  VALUE       VALUE  FROM      YEAR
                                                  NORMAL
..................................................................
TEMPERATURE (F)
 YESTERDAY
  MAXIMUM         60    509 PM  83    2003  62     -2       71
  MINIMUM         30    525 AM  24    1998  35     -5       35
  AVERAGE         45                        49     -4       53

PRECIPITATION (IN)
  YESTERDAY        0.00          0.79 2004   0.07  -0.07     0.00
  MONTH TO DATE    1.29                      1.98  -0.69     2.16
  SINCE OCT 1     23.00                     15.75   7.25    17.95
  SINCE JAN 1     12.43                      9.57   2.86     9.19

DEGREE DAYS
 HEATING
  YESTERDAY       20                        16      4       12
  MONTH TO DATE  442                       546   -104      415
  SINCE MAR 1   2036                      2506   -470     1969
  SINCE JUL 1   7905                      9181  -1276     7291

 COOLING
  YESTERDAY        0                         0      0        0
  MONTH TO DATE    0                         0      0        0
  SINCE MAR 1      0                         0      0        0
  SINCE JAN 1      0                         0      0        0
..................................................................


WIND (MPH)
  HIGHEST WIND SPEED    12   HIGHEST WIND DIRECTION     W (280)
  HIGHEST GUST SPEED    16   HIGHEST GUST DIRECTION     S (180)
  AVERAGE WIND SPEED     3.4


SKY COVER
  AVERAGE SKY COVER 0.0


WEATHER CONDITIONS
 THE FOLLOWING WEATHER WAS RECORDED YESTERDAY.
  NO SIGNIFICANT WEATHER WAS OBSERVED.


RELATIVE HUMIDITY (PERCENT)
 HIGHEST    92           600 AM
 LOWEST     28           600 PM
 AVERAGE    60

..........................................................


THE MCCALL ID CLIMATE NORMALS FOR TODAY
                         NORMAL    RECORD    YEAR
 MAXIMUM TEMPERATURE (F)   62        87      2003
 MINIMUM TEMPERATURE (F)   35        23      1973


SUNRISE AND SUNSET
MAY 29 2016...........SUNRISE   603 AM MDT   SUNSET   921 PM MDT
MAY 30 2016...........SUNRISE   602 AM MDT   SUNSET   922 PM MDT


-  INDICATES NEGATIVE NUMBERS.
R  INDICATES RECORD WAS SET OR TIED.
MM INDICATES DATA IS MISSING.
T  INDICATES TRACE AMOUNT.




$$
