000
CDUS45 KBOI 290931
CLIMYL


CLIMATE REPORT
NATIONAL WEATHER SERVICE BOISE ID
330 AM MDT MON AUG 29 2016


...................................

...THE MCCALL ID CLIMATE SUMMARY FOR AUGUST 28 2016...

CLIMATE NORMAL PERIOD 1981 TO 2010
CLIMATE RECORD PERIOD 1930 TO 2016


WEATHER ITEM   OBSERVED TIME   RECORD YEAR NORMAL DEPARTURE LAST
                VALUE   (LST)  VALUE       VALUE  FROM      YEAR
                                                  NORMAL
..................................................................
TEMPERATURE (F)
 YESTERDAY
  MAXIMUM         82    355 PM  91    1986  75      7       82
  MINIMUM         44    514 AM  26    1989  39      5       47
  AVERAGE         63                        57      6       65

PRECIPITATION (IN)
  YESTERDAY        0.00          0.42 2002   0.02  -0.02     0.00
  MONTH TO DATE    T                         0.60  -0.60     0.28
  SINCE OCT 1     25.23                     19.14   6.09    20.87
  SINCE JAN 1     14.66                     12.96   1.70    12.11

DEGREE DAYS
 HEATING
  YESTERDAY        2                         8     -6        0
  MONTH TO DATE   79                       152    -73       57
  SINCE JUN 1    419                       669   -250      237
  SINCE JUL 1    193                       302   -109      128

 COOLING
  YESTERDAY        0                         0      0        0
  MONTH TO DATE   33                         7     26       55
  SINCE JUN 1    105                        23     82      168
  SINCE JAN 1    105                        23     82      168
..................................................................


WIND (MPH)
  HIGHEST WIND SPEED    13   HIGHEST WIND DIRECTION    SW (210)
  HIGHEST GUST SPEED    20   HIGHEST GUST DIRECTION     W (260)
  AVERAGE WIND SPEED     3.1


SKY COVER
  AVERAGE SKY COVER 0.0


WEATHER CONDITIONS
 THE FOLLOWING WEATHER WAS RECORDED YESTERDAY.
  NO SIGNIFICANT WEATHER WAS OBSERVED.


RELATIVE HUMIDITY (PERCENT)
 HIGHEST    70           600 AM
 LOWEST     19           200 PM
 AVERAGE    45

..........................................................


THE MCCALL ID CLIMATE NORMALS FOR TODAY
                         NORMAL    RECORD    YEAR
 MAXIMUM TEMPERATURE (F)   74        90      1972
 MINIMUM TEMPERATURE (F)   39        28      1975


SUNRISE AND SUNSET
AUGUST 29 2016........SUNRISE   704 AM MDT   SUNSET   826 PM MDT
AUGUST 30 2016........SUNRISE   705 AM MDT   SUNSET   824 PM MDT


-  INDICATES NEGATIVE NUMBERS.
R  INDICATES RECORD WAS SET OR TIED.
MM INDICATES DATA IS MISSING.
T  INDICATES TRACE AMOUNT.




$$
