000
CDUS45 KBOI 220931
CLIMYL


CLIMATE REPORT
NATIONAL WEATHER SERVICE BOISE ID
331 AM MDT MON SEP 22 2014


...................................

...THE MCCALL ID CLIMATE SUMMARY FOR SEPTEMBER 21 2014...

CLIMATE NORMAL PERIOD 1981 TO 2010
CLIMATE RECORD PERIOD 1930 TO 2014


WEATHER ITEM   OBSERVED TIME   RECORD YEAR NORMAL DEPARTURE LAST
                VALUE   (LST)  VALUE       VALUE  FROM      YEAR
                                                  NORMAL
..................................................................
TEMPERATURE (F)
 YESTERDAY
  MAXIMUM         79    255 PM  84    1936  65     14       64
  MINIMUM         43    644 AM  18    1993  32     11       42
  AVERAGE         61                        48     13       53

PRECIPITATION (IN)
  YESTERDAY        0.00          1.26 1984   0.03  -0.03     0.00
  MONTH TO DATE    T                         0.59  -0.59     0.76
  SINCE OCT 1     20.69                     19.81   0.88    25.82
  SINCE JAN 1     16.62                     13.63   2.99    12.33

DEGREE DAYS
 HEATING
  YESTERDAY        4                        17    -13       12
  MONTH TO DATE  171                       270    -99      115
  SINCE SEP 1    171                       270    -99      115
  SINCE JUL 1    287                       598   -311      162

 COOLING
  YESTERDAY        0                         0      0        0
  MONTH TO DATE    0                         0      0        6
  SINCE SEP 1      0                         0      0        6
  SINCE JAN 1    185                        25    160      186
..................................................................


WIND (MPH)
  HIGHEST WIND SPEED    12   HIGHEST WIND DIRECTION    NW (310)
  HIGHEST GUST SPEED    14   HIGHEST GUST DIRECTION    NW (310)
  AVERAGE WIND SPEED     2.5


SKY COVER
  AVERAGE SKY COVER 0.0


WEATHER CONDITIONS
 THE FOLLOWING WEATHER WAS RECORDED YESTERDAY.
  NO SIGNIFICANT WEATHER WAS OBSERVED.


RELATIVE HUMIDITY (PERCENT)
 HIGHEST    83           600 AM
 LOWEST     25           100 PM
 AVERAGE    54

..........................................................


THE MCCALL ID CLIMATE NORMALS FOR TODAY
                         NORMAL    RECORD    YEAR
 MAXIMUM TEMPERATURE (F)   65        86      1966
 MINIMUM TEMPERATURE (F)   31        16      1991


SUNRISE AND SUNSET
SEPTEMBER 22 2014.....SUNRISE   732 AM MDT   SUNSET   742 PM MDT
SEPTEMBER 23 2014.....SUNRISE   733 AM MDT   SUNSET   740 PM MDT


-  INDICATES NEGATIVE NUMBERS.
R  INDICATES RECORD WAS SET OR TIED.
MM INDICATES DATA IS MISSING.
T  INDICATES TRACE AMOUNT.




$$
