000
CDUS45 KBOI 270932
CLIMYL


CLIMATE REPORT
NATIONAL WEATHER SERVICE BOISE ID
331 AM MDT THU JUL 27 2017


...................................

...THE MCCALL ID CLIMATE SUMMARY FOR JULY 26 2017...

CLIMATE NORMAL PERIOD 1981 TO 2010
CLIMATE RECORD PERIOD 1930 TO 2017


WEATHER ITEM   OBSERVED TIME   RECORD YEAR NORMAL DEPARTURE LAST
                VALUE   (LST)  VALUE       VALUE  FROM      YEAR
                                                  NORMAL
..................................................................
TEMPERATURE (F)
 YESTERDAY
  MAXIMUM         82    513 PM 101    1928  80      2       88
  MINIMUM         50    458 AM  29    1910  44      6       54
  AVERAGE         66                        62      4       71

PRECIPITATION (IN)
  YESTERDAY        0.00          0.48 1937   0.02  -0.02     0.00
  MONTH TO DATE    T                         0.63  -0.63     1.40
  SINCE OCT 1     29.77                     18.45  11.32    25.23
  SINCE JAN 1     21.28                     12.27   9.01    14.66

DEGREE DAYS
 HEATING
  YESTERDAY        0                         4     -4        0
  MONTH TO DATE    3                       135   -132      114
  SINCE JUN 1    239                       502   -263      340
  SINCE JUL 1      3                       135   -132      114

 COOLING
  YESTERDAY        1                         1      0        6
  MONTH TO DATE   94                        11     83       16
  SINCE JUN 1    100                        12     88       51
  SINCE JAN 1    100                        12     88       51
..................................................................


WIND (MPH)
  HIGHEST WIND SPEED    17   HIGHEST WIND DIRECTION     S (160)
  HIGHEST GUST SPEED    22   HIGHEST GUST DIRECTION    SE (150)
  AVERAGE WIND SPEED     5.2


SKY COVER
  AVERAGE SKY COVER 0.1


WEATHER CONDITIONS
 THE FOLLOWING WEATHER WAS RECORDED YESTERDAY.
  THUNDERSTORM


RELATIVE HUMIDITY (PERCENT)
 HIGHEST    77           400 AM
 LOWEST     25           400 PM
 AVERAGE    51

..........................................................


THE MCCALL ID CLIMATE NORMALS FOR TODAY
                         NORMAL    RECORD    YEAR
 MAXIMUM TEMPERATURE (F)   81        96      1934
 MINIMUM TEMPERATURE (F)   44        32      1910


SUNRISE AND SUNSET
JULY 27 2017..........SUNRISE   625 AM MDT   SUNSET   916 PM MDT
JULY 28 2017..........SUNRISE   626 AM MDT   SUNSET   915 PM MDT


-  INDICATES NEGATIVE NUMBERS.
R  INDICATES RECORD WAS SET OR TIED.
MM INDICATES DATA IS MISSING.
T  INDICATES TRACE AMOUNT.




$$
