000
CDUS45 KBOI 290930
CLIMYL


CLIMATE REPORT
NATIONAL WEATHER SERVICE BOISE ID
330 AM MDT THU SEP 29 2016


...................................

...THE MCCALL ID CLIMATE SUMMARY FOR SEPTEMBER 28 2016...

CLIMATE NORMAL PERIOD 1981 TO 2010
CLIMATE RECORD PERIOD 1930 TO 2016


WEATHER ITEM   OBSERVED TIME   RECORD YEAR NORMAL DEPARTURE LAST
                VALUE   (LST)  VALUE       VALUE  FROM      YEAR
                                                  NORMAL
..................................................................
TEMPERATURE (F)
 YESTERDAY
  MAXIMUM         82    336 PM  84    1994  63     19       72
  MINIMUM         40    626 AM  15    1999  29     11       33
  AVERAGE         61                        46     15       53

PRECIPITATION (IN)
  YESTERDAY        0.00          0.95 1981   0.03  -0.03     0.00
  MONTH TO DATE    1.05                      0.81   0.24     2.06
  SINCE OCT 1     26.28                     20.03   6.25    22.96
  SINCE JAN 1     15.71                     13.85   1.86    14.20

DEGREE DAYS
 HEATING
  YESTERDAY        4                        19    -15       12
  MONTH TO DATE  343                       396    -53      316
  SINCE SEP 1    343                       396    -53      316
  SINCE JUL 1    536                       724   -188      466

 COOLING
  YESTERDAY        0                         0      0        0
  MONTH TO DATE    0                         0      0        0
  SINCE SEP 1      0                         0      0        0
  SINCE JAN 1    108                        25     83      169
..................................................................


WIND (MPH)
  HIGHEST WIND SPEED    14   HIGHEST WIND DIRECTION     S (170)
  HIGHEST GUST SPEED    20   HIGHEST GUST DIRECTION     S (170)
  AVERAGE WIND SPEED     3.1


SKY COVER
  AVERAGE SKY COVER 0.0


WEATHER CONDITIONS
 THE FOLLOWING WEATHER WAS RECORDED YESTERDAY.
  NO SIGNIFICANT WEATHER WAS OBSERVED.


RELATIVE HUMIDITY (PERCENT)
 HIGHEST    79           600 AM
 LOWEST     17           400 PM
 AVERAGE    48

..........................................................


THE MCCALL ID CLIMATE NORMALS FOR TODAY
                         NORMAL    RECORD    YEAR
 MAXIMUM TEMPERATURE (F)   62        84      1952
 MINIMUM TEMPERATURE (F)   29        15      1999


SUNRISE AND SUNSET
SEPTEMBER 29 2016.....SUNRISE   741 AM MDT   SUNSET   728 PM MDT
SEPTEMBER 30 2016.....SUNRISE   742 AM MDT   SUNSET   726 PM MDT


-  INDICATES NEGATIVE NUMBERS.
R  INDICATES RECORD WAS SET OR TIED.
MM INDICATES DATA IS MISSING.
T  INDICATES TRACE AMOUNT.




$$
