508
CDUS45 KBOI 230932
CLIMYL


CLIMATE REPORT
NATIONAL WEATHER SERVICE BOISE ID
332 AM MDT SAT SEP 23 2017


...................................

...THE MCCALL ID CLIMATE SUMMARY FOR SEPTEMBER 22 2017...

CLIMATE NORMAL PERIOD 1981 TO 2010
CLIMATE RECORD PERIOD 1930 TO 2017


WEATHER ITEM   OBSERVED TIME   RECORD YEAR NORMAL DEPARTURE LAST
                VALUE   (LST)  VALUE       VALUE  FROM      YEAR
                                                  NORMAL
..................................................................
TEMPERATURE (F)
 YESTERDAY
  MAXIMUM         46    101 PM  86    1966  65    -19       54
  MINIMUM         37    755 AM   9    1909  31      6       44
  AVERAGE         42                        48     -6       49

PRECIPITATION (IN)
  YESTERDAY        0.05          0.71 2007   0.03   0.02     0.58
  MONTH TO DATE    0.83                      0.62   0.21     1.05
  SINCE OCT 1     30.68                     19.84  10.84    26.28
  SINCE JAN 1     22.19                     13.66   8.53    15.71

DEGREE DAYS
 HEATING
  YESTERDAY       23                        17      6       16
  MONTH TO DATE  180                       287   -107      285
  SINCE SEP 1    180                       287   -107      285
  SINCE JUL 1    210                       615   -405      478

 COOLING
  YESTERDAY        0                         0      0        0
  MONTH TO DATE   31                         0     31        0
  SINCE SEP 1     31                         0     31        0
  SINCE JAN 1    229                        25    204      108
..................................................................


WIND (MPH)
  HIGHEST WIND SPEED    15   HIGHEST WIND DIRECTION     N (360)
  HIGHEST GUST SPEED    21   HIGHEST GUST DIRECTION     N (360)
  AVERAGE WIND SPEED     5.5


SKY COVER
  AVERAGE SKY COVER 0.9


WEATHER CONDITIONS
 THE FOLLOWING WEATHER WAS RECORDED YESTERDAY.
  RAIN
  LIGHT RAIN
  FOG


RELATIVE HUMIDITY (PERCENT)
 HIGHEST    85           300 AM
 LOWEST     62           100 PM
 AVERAGE    74

..........................................................


THE MCCALL ID CLIMATE NORMALS FOR TODAY
                         NORMAL    RECORD    YEAR
 MAXIMUM TEMPERATURE (F)   65        86      1987
 MINIMUM TEMPERATURE (F)   31        13      1909


SUNRISE AND SUNSET
SEPTEMBER 23 2017.....SUNRISE   733 AM MDT   SUNSET   739 PM MDT
SEPTEMBER 24 2017.....SUNRISE   734 AM MDT   SUNSET   737 PM MDT


-  INDICATES NEGATIVE NUMBERS.
R  INDICATES RECORD WAS SET OR TIED.
MM INDICATES DATA IS MISSING.
T  INDICATES TRACE AMOUNT.




$$
