000
CDUS44 KLIX 090801
CLINEW


CLIMATE REPORT
NATIONAL WEATHER SERVICE NEW ORLEANS
200 AM CST FRI DEC 9 2016


...................................

...THE NEW ORLEANS CLIMATE SUMMARY FOR DECEMBER 8 2016...

CLIMATE NORMAL PERIOD 1981 TO 2010
CLIMATE RECORD PERIOD 1946 TO 2016


WEATHER ITEM   OBSERVED TIME   RECORD YEAR NORMAL DEPARTURE LAST
                VALUE   (LST)  VALUE       VALUE  FROM      YEAR
                                                  NORMAL
..................................................................
TEMPERATURE (F)
 YESTERDAY
  MAXIMUM         58    354 AM  82    1978  66     -8       71
                                      1951
  MINIMUM         46   1159 PM  27    1984  48     -2       46
  AVERAGE         52                        57     -5       59

PRECIPITATION (IN)
  YESTERDAY        T             4.29 2009   0.17  -0.17     0.00
  MONTH TO DATE    3.29                      1.33   1.96     0.12
  SINCE DEC 1      3.29                      1.33   1.96     0.12
  SINCE JAN 1     66.17                     58.54   7.63    65.00

SNOWFALL (IN)
  YESTERDAY       MM
  MONTH TO DATE    0.0
  SINCE DEC 1      0.0
  SINCE JUL 1      0.0
  SNOW DEPTH       0

DEGREE DAYS
 HEATING
  YESTERDAY       13                         9      4        6
  MONTH TO DATE   51                        68    -17       50
  SINCE DEC 1     51                        68    -17       50
  SINCE JUL 1    122                       232   -110      108

 COOLING
  YESTERDAY        0                         1     -1        0
  MONTH TO DATE    0                         8     -8        7
  SINCE DEC 1      0                         8     -8        7
  SINCE JAN 1   3835                      2986    849     3499
..................................................................


WIND (MPH)
  HIGHEST WIND SPEED    20   HIGHEST WIND DIRECTION    NE (40)
  HIGHEST GUST SPEED    27   HIGHEST GUST DIRECTION    NE (30)
  AVERAGE WIND SPEED    12.5


SKY COVER
  POSSIBLE SUNSHINE  MM
  AVERAGE SKY COVER 0.9


WEATHER CONDITIONS
 THE FOLLOWING WEATHER WAS RECORDED YESTERDAY.
  LIGHT RAIN
  FOG


RELATIVE HUMIDITY (PERCENT)
 HIGHEST    93          1200 AM
 LOWEST     50           800 PM
 AVERAGE    72

..........................................................


THE NEW ORLEANS CLIMATE NORMALS FOR TODAY
                         NORMAL    RECORD    YEAR
 MAXIMUM TEMPERATURE (F)   66        82      2007
                                             1991
                                             1980
 MINIMUM TEMPERATURE (F)   48        29      1973


SUNRISE AND SUNSET
DECEMBER  9 2016......SUNRISE   646 AM CST   SUNSET   502 PM CST
DECEMBER 10 2016......SUNRISE   646 AM CST   SUNSET   502 PM CST


-  INDICATES NEGATIVE NUMBERS.
R  INDICATES RECORD WAS SET OR TIED.
MM INDICATES DATA IS MISSING.
T  INDICATES TRACE AMOUNT.




$$
