000
CDUS44 KLIX 200813
CLINEW


CLIMATE REPORT
NATIONAL WEATHER SERVICE NEW ORLEANS
203 AM CST MON NOV 20 2017


...................................

...THE NEW ORLEANS CLIMATE SUMMARY FOR NOVEMBER 19 2017...

CLIMATE NORMAL PERIOD 1981 TO 2010
CLIMATE RECORD PERIOD 1946 TO 2017


WEATHER ITEM   OBSERVED TIME   RECORD YEAR NORMAL DEPARTURE LAST
                VALUE   (LST)  VALUE       VALUE  FROM      YEAR
                                                  NORMAL
..................................................................
TEMPERATURE (F)
 YESTERDAY
  MAXIMUM         64    159 PM  85    1981  71     -7       69
  MINIMUM         51    637 AM  31    2014  53     -2       52
                                      1951
  AVERAGE         58                        62     -4       61

PRECIPITATION (IN)
  YESTERDAY        0.00          6.18 1953   0.16  -0.16     0.05
  MONTH TO DATE    0.05                      2.75  -2.70     2.12
  SINCE SEP 1      3.60                     11.26  -7.66     6.80
  SINCE JAN 1     67.25                     55.47  11.78    62.23

SNOWFALL (IN)
  YESTERDAY        0.0
  MONTH TO DATE    0.0
  SINCE SEP 1      0.0
  SINCE JUL 1      0.0
  SNOW DEPTH       0

DEGREE DAYS
 HEATING
  YESTERDAY        7                         5      2        4
  MONTH TO DATE   21                        68    -47       17
  SINCE SEP 1     61                        93    -32       17
  SINCE JUL 1     61                        93    -32       17

 COOLING
  YESTERDAY        0                         2     -2        0
  MONTH TO DATE   87                        52     35       97
  SINCE SEP 1    841                       715    126     1112
  SINCE JAN 1   3194                      2961    233     3814
..................................................................


WIND (MPH)
  HIGHEST WIND SPEED    25   HIGHEST WIND DIRECTION     N (350)
  HIGHEST GUST SPEED    35   HIGHEST GUST DIRECTION     N (10)
  AVERAGE WIND SPEED    13.7


SKY COVER
  POSSIBLE SUNSHINE  MM
  AVERAGE SKY COVER 0.4


WEATHER CONDITIONS
 THE FOLLOWING WEATHER WAS RECORDED YESTERDAY.
  NO SIGNIFICANT WEATHER WAS OBSERVED.


RELATIVE HUMIDITY (PERCENT)
 HIGHEST    64           100 AM
 LOWEST     33           600 PM
 AVERAGE    49

..........................................................


THE NEW ORLEANS CLIMATE NORMALS FOR TODAY
                         NORMAL    RECORD    YEAR
 MAXIMUM TEMPERATURE (F)   71        84      1986
 MINIMUM TEMPERATURE (F)   52        30      1968


SUNRISE AND SUNSET
NOVEMBER 20 2017......SUNRISE   630 AM CST   SUNSET   503 PM CST
NOVEMBER 21 2017......SUNRISE   631 AM CST   SUNSET   502 PM CST


-  INDICATES NEGATIVE NUMBERS.
R  INDICATES RECORD WAS SET OR TIED.
MM INDICATES DATA IS MISSING.
T  INDICATES TRACE AMOUNT.




$$
