000
CDUS44 KLIX 302121
CLINEW


CLIMATE REPORT
NATIONAL WEATHER SERVICE NEW ORLEANS
421 PM CDT SAT AUG 30 2014


...................................

...THE NEW ORLEANS CLIMATE SUMMARY FOR AUGUST 30 2014...
VALID TODAY AS OF 0400 PM LOCAL TIME.

CLIMATE NORMAL PERIOD 1981 TO 2010
CLIMATE RECORD PERIOD 1946 TO 2014


WEATHER ITEM   OBSERVED TIME   RECORD YEAR NORMAL DEPARTURE LAST
                VALUE   (LST)  VALUE       VALUE  FROM      YEAR
                                                  NORMAL
..................................................................
TEMPERATURE (F)
 TODAY
  MAXIMUM         87    843 AM 101    2000  90     -3       91
  MINIMUM         74   1140 AM  60    1968  75     -1       72
  AVERAGE         81                        83     -2       82

PRECIPITATION (IN)
  TODAY            1.33          2.14 1981   0.20   1.13     0.00
  MONTH TO DATE    5.32                      5.78  -0.46     7.22
  SINCE JUN 1     17.84                     19.77  -1.93    15.58
  SINCE JAN 1     42.78                     44.01  -1.23    50.31

SNOWFALL (IN)
  TODAY            0.0
  MONTH TO DATE    0.0
  SINCE JUN 1      0.0
  SINCE JUL 1      0.0
  SNOW DEPTH       0

DEGREE DAYS
 HEATING
  TODAY            0                         0      0        0
  MONTH TO DATE    0                         0      0        0
  SINCE JUN 1      0                         0      0        0
  SINCE JUL 1      0                         0      0        0

 COOLING
  TODAY           16                        18     -2       17
  MONTH TO DATE  589                       540     49      537
  SINCE JUN 1   1643                      1601     42     1624
  SINCE JAN 1   2166                      2220    -54     2117
..................................................................


WIND (MPH)
  HIGHEST WIND SPEED    28   HIGHEST WIND DIRECTION     S (190)
  HIGHEST GUST SPEED    33   HIGHEST GUST DIRECTION    SW (210)
  AVERAGE WIND SPEED     8.7


SKY COVER
  POSSIBLE SUNSHINE  MM
  AVERAGE SKY COVER 0.9


WEATHER CONDITIONS
 THE FOLLOWING WEATHER WAS RECORDED TODAY.
  THUNDERSTORM
  HEAVY RAIN
  LIGHT RAIN
  FOG
  HAZE


RELATIVE HUMIDITY (PERCENT)
 HIGHEST    91           200 AM
 LOWEST     80           800 AM
 AVERAGE    86

..........................................................


THE NEW ORLEANS CLIMATE NORMALS FOR TOMORROW
                         NORMAL    RECORD    YEAR
 MAXIMUM TEMPERATURE (F)   90        98      1947
 MINIMUM TEMPERATURE (F)   75        62      1968


SUNRISE AND SUNSET
AUGUST 30 2014........SUNRISE   637 AM CDT   SUNSET   726 PM CDT
AUGUST 31 2014........SUNRISE   637 AM CDT   SUNSET   725 PM CDT


-  INDICATES NEGATIVE NUMBERS.
R  INDICATES RECORD WAS SET OR TIED.
MM INDICATES DATA IS MISSING.
T  INDICATES TRACE AMOUNT.




$$
