000
CDUS44 KLIX 172119
CLINEW


CLIMATE REPORT
NATIONAL WEATHER SERVICE NEW ORLEANS
415 PM CDT WED SEP 17 2014


...................................

...THE NEW ORLEANS CLIMATE SUMMARY FOR SEPTEMBER 17 2014...
VALID TODAY AS OF 0400 PM LOCAL TIME.

CLIMATE NORMAL PERIOD 1981 TO 2010
CLIMATE RECORD PERIOD 1946 TO 2014


WEATHER ITEM   OBSERVED TIME   RECORD YEAR NORMAL DEPARTURE LAST
                VALUE   (LST)  VALUE       VALUE  FROM      YEAR
                                                  NORMAL
..................................................................
TEMPERATURE (F)
 TODAY
  MAXIMUM         88    236 PM  95    1995  87      1       92
  MINIMUM         73    619 AM  63    1976  72      1       76
  AVERAGE         81                        80      1       84

PRECIPITATION (IN)
  TODAY            0.00          2.73 1957   0.16  -0.16     0.00
  MONTH TO DATE    2.69                      3.12  -0.43     3.42
  SINCE SEP 1      2.69                      3.12  -0.43     3.42
  SINCE JAN 1     45.65                     47.33  -1.68    53.73

SNOWFALL (IN)
  TODAY            0.0
  MONTH TO DATE    0.0
  SINCE SEP 1      0.0
  SINCE JUL 1      0.0
  SNOW DEPTH       0

DEGREE DAYS
 HEATING
  TODAY            0                         0      0        0
  MONTH TO DATE    0                         0      0        0
  SINCE SEP 1      0                         0      0        0
  SINCE JUL 1      0                         0      0        0

 COOLING
  TODAY           16                        15      1       19
  MONTH TO DATE  316                       276     40      310
  SINCE SEP 1    316                       276     40      310
  SINCE JAN 1   2500                      2522    -22     2446
..................................................................


WIND (MPH)
  HIGHEST WIND SPEED    12   HIGHEST WIND DIRECTION    NE (30)
  HIGHEST GUST SPEED    18   HIGHEST GUST DIRECTION     N (20)
  AVERAGE WIND SPEED     4.8


SKY COVER
  POSSIBLE SUNSHINE  MM
  AVERAGE SKY COVER 0.8


WEATHER CONDITIONS
 THE FOLLOWING WEATHER WAS RECORDED TODAY.
  NO SIGNIFICANT WEATHER WAS OBSERVED.


RELATIVE HUMIDITY (PERCENT)
 HIGHEST    93           600 AM
 LOWEST     55           200 PM
 AVERAGE    74

..........................................................


THE NEW ORLEANS CLIMATE NORMALS FOR TOMORROW
                         NORMAL    RECORD    YEAR
 MAXIMUM TEMPERATURE (F)   87        94      1954
                                             1953
 MINIMUM TEMPERATURE (F)   72        58      1961


SUNRISE AND SUNSET
SEPTEMBER 17 2014.....SUNRISE   647 AM CDT   SUNSET   704 PM CDT
SEPTEMBER 18 2014.....SUNRISE   647 AM CDT   SUNSET   702 PM CDT


-  INDICATES NEGATIVE NUMBERS.
R  INDICATES RECORD WAS SET OR TIED.
MM INDICATES DATA IS MISSING.
T  INDICATES TRACE AMOUNT.




$$
