000
CDUS44 KLIX 270720
CLINEW


CLIMATE REPORT
NATIONAL WEATHER SERVICE NEW ORLEANS
220 AM CDT FRI MAY 27 2016


...................................

...THE NEW ORLEANS CLIMATE SUMMARY FOR MAY 26 2016...

CLIMATE NORMAL PERIOD 1981 TO 2010
CLIMATE RECORD PERIOD 1946 TO 2016


WEATHER ITEM   OBSERVED TIME   RECORD YEAR NORMAL DEPARTURE LAST
                VALUE   (LST)  VALUE       VALUE  FROM      YEAR
                                                  NORMAL
..................................................................
TEMPERATURE (F)
 YESTERDAY
  MAXIMUM         89    222 PM  93    2012  87      2       86
                                      1980
  MINIMUM         74    328 AM  48    1979  70      4       66
  AVERAGE         82                        79      3       76

PRECIPITATION (IN)
  YESTERDAY        0.00          2.63 1993   0.16  -0.16     1.27
  MONTH TO DATE    4.10                      3.71   0.39     8.56
  SINCE MAR 1     20.35                     12.87   7.48    26.89
  SINCE JAN 1     28.48                     23.32   5.16    34.59

SNOWFALL (IN)
  YESTERDAY        0.0
  MONTH TO DATE    0.0
  SINCE MAR 1      0.0
  SINCE JUL 1      0.0
  SNOW DEPTH       0

DEGREE DAYS
 HEATING
  YESTERDAY        0                         0      0        0
  MONTH TO DATE    0                         0      0        0
  SINCE MAR 1     41                       170   -129       70
  SINCE JUL 1    755                      1279   -524     1274

 COOLING
  YESTERDAY       17                        14      3       11
  MONTH TO DATE  310                       289     21      348
  SINCE MAR 1    658                       509    149      740
  SINCE JAN 1    694                       546    148      758
..................................................................


WIND (MPH)
  HIGHEST WIND SPEED    18   HIGHEST WIND DIRECTION     S (160)
  HIGHEST GUST SPEED    26   HIGHEST GUST DIRECTION     E (110)
  AVERAGE WIND SPEED     9.1


SKY COVER
  POSSIBLE SUNSHINE  MM
  AVERAGE SKY COVER 0.7


WEATHER CONDITIONS
 THE FOLLOWING WEATHER WAS RECORDED YESTERDAY.
  NO SIGNIFICANT WEATHER WAS OBSERVED.


RELATIVE HUMIDITY (PERCENT)
 HIGHEST    88           600 AM
 LOWEST     47           100 PM
 AVERAGE    68

..........................................................


THE NEW ORLEANS CLIMATE NORMALS FOR TODAY
                         NORMAL    RECORD    YEAR
 MAXIMUM TEMPERATURE (F)   87        94      2012
                                             1982
                                             1978
 MINIMUM TEMPERATURE (F)   71        54      1961


SUNRISE AND SUNSET
MAY 27 2016...........SUNRISE   602 AM CDT   SUNSET   755 PM CDT
MAY 28 2016...........SUNRISE   601 AM CDT   SUNSET   756 PM CDT


-  INDICATES NEGATIVE NUMBERS.
R  INDICATES RECORD WAS SET OR TIED.
MM INDICATES DATA IS MISSING.
T  INDICATES TRACE AMOUNT.




$$
