271
CDUS44 KLIX 232229
CLINEW


CLIMATE REPORT
NATIONAL WEATHER SERVICE NEW ORLEANS
NATIONAL WEATHER SERVICE NEW ORL
429 PM CST TUE JAN 23 2018


...................................

...THE NEW ORLEANS CLIMATE SUMMARY FOR JANUARY 23 2018...
VALID TODAY AS OF 0400 PM LOCAL TIME.

CLIMATE NORMAL PERIOD 1981 TO 2010
CLIMATE RECORD PERIOD 1946 TO 2018


WEATHER ITEM   OBSERVED TIME   RECORD YEAR NORMAL DEPARTURE LAST
                VALUE   (LST)  VALUE       VALUE  FROM      YEAR
                                                  NORMAL
..................................................................
TEMPERATURE (F)
 TODAY
  MAXIMUM         65    253 PM  81    2002  62      3       68
  MINIMUM         42    710 AM  21    1963  45     -3       51
  AVERAGE         54                        53      1       60

PRECIPITATION (IN)
  TODAY            0.00          2.03 1974   0.17  -0.17     0.00
  MONTH TO DATE    2.33                      3.79  -1.46     4.76
  SINCE DEC 1      7.49                      9.03  -1.54    12.62
  SINCE JAN 1      2.33                      3.79  -1.46     4.76

SNOWFALL (IN)
  TODAY            0.0
  MONTH TO DATE    T
  SINCE DEC 1      T
  SINCE JUL 1      T
  SNOW DEPTH       0

DEGREE DAYS
 HEATING
  TODAY           11                        12     -1        5
  MONTH TO DATE  417                       276    141      125
  SINCE DEC 1    733                       593    140      344
  SINCE JUL 1    865                       757    108      415

 COOLING
  TODAY            0                         0      0        0
  MONTH TO DATE    4                        12     -8       52
  SINCE DEC 1     34                        39     -5      107
  SINCE JAN 1      4                        12     -8       52
..................................................................


WIND (MPH)
  HIGHEST WIND SPEED    16   HIGHEST WIND DIRECTION    NW (300)
  HIGHEST GUST SPEED    21   HIGHEST GUST DIRECTION    NW (320)
  AVERAGE WIND SPEED    10.3


SKY COVER
  POSSIBLE SUNSHINE  MM
  AVERAGE SKY COVER 0.5


WEATHER CONDITIONS
 THE FOLLOWING WEATHER WAS RECORDED TODAY.
  NO SIGNIFICANT WEATHER WAS OBSERVED.


RELATIVE HUMIDITY (PERCENT)
 HIGHEST    70           700 AM
 LOWEST     24           400 PM
 AVERAGE    47

..........................................................


THE NEW ORLEANS CLIMATE NORMALS FOR TOMORROW
                         NORMAL    RECORD    YEAR
 MAXIMUM TEMPERATURE (F)   62        81      2002
                                             1972
 MINIMUM TEMPERATURE (F)   45        14      1963


SUNRISE AND SUNSET
JANUARY 23 2018.......SUNRISE   655 AM CST   SUNSET   531 PM CST
JANUARY 24 2018.......SUNRISE   655 AM CST   SUNSET   531 PM CST


-  INDICATES NEGATIVE NUMBERS.
R  INDICATES RECORD WAS SET OR TIED.
MM INDICATES DATA IS MISSING.
T  INDICATES TRACE AMOUNT.




$$
