000
CDUS44 KLIX 272125
CLINEW


CLIMATE REPORT
NATIONAL WEATHER SERVICE NEW ORLEANS
425 PM CDT THU JUL 27 2017


...................................

...THE NEW ORLEANS CLIMATE SUMMARY FOR JULY 27 2017...
VALID TODAY AS OF 0400 PM LOCAL TIME.

CLIMATE NORMAL PERIOD 1981 TO 2010
CLIMATE RECORD PERIOD 1946 TO 2017


WEATHER ITEM   OBSERVED TIME   RECORD YEAR NORMAL DEPARTURE LAST
                VALUE   (LST)  VALUE       VALUE  FROM      YEAR
                                                  NORMAL
..................................................................
TEMPERATURE (F)
 TODAY
  MAXIMUM         96    225 PM  99    1995  92      4       87
  MINIMUM         76    410 AM  68    1967  75      1       76
  AVERAGE         86                        83      3       82

PRECIPITATION (IN)
  TODAY            0.00          2.67 1955   0.18  -0.18     0.57
  MONTH TO DATE    6.50                      5.20   1.30     4.43
  SINCE JUN 1     21.98                     13.26   8.72    14.21
  SINCE JAN 1     47.88                     37.50  10.38    43.54

SNOWFALL (IN)
  TODAY            0.0
  MONTH TO DATE    0.0
  SINCE JUN 1      0.0
  SINCE JUL 1      0.0
  SNOW DEPTH       0

DEGREE DAYS
 HEATING
  TODAY            0                         0      0        0
  MONTH TO DATE    0                         0      0        0
  SINCE JUN 1      0                         0      0        0
  SINCE JUL 1      0                         0      0        0

 COOLING
  TODAY           21                        18      3       17
  MONTH TO DATE  498                       486     12      591
  SINCE JUN 1    959                       981    -22     1175
  SINCE JAN 1   1714                      1600    114     1955
..................................................................


WIND (MPH)
  HIGHEST WIND SPEED    10   HIGHEST WIND DIRECTION     N (350)
  HIGHEST GUST SPEED    13   HIGHEST GUST DIRECTION     N (350)
  AVERAGE WIND SPEED     5.5


SKY COVER
  POSSIBLE SUNSHINE  MM
  AVERAGE SKY COVER 0.3


WEATHER CONDITIONS
 THE FOLLOWING WEATHER WAS RECORDED TODAY.
  NO SIGNIFICANT WEATHER WAS OBSERVED.


RELATIVE HUMIDITY (PERCENT)
 HIGHEST   100           400 AM
 LOWEST     43           200 PM
 AVERAGE    72

..........................................................


THE NEW ORLEANS CLIMATE NORMALS FOR TOMORROW
                         NORMAL    RECORD    YEAR
 MAXIMUM TEMPERATURE (F)   92        98      1993
 MINIMUM TEMPERATURE (F)   75        68      1994


SUNRISE AND SUNSET
JULY 27 2017..........SUNRISE   617 AM CDT   SUNSET   757 PM CDT
JULY 28 2017..........SUNRISE   618 AM CDT   SUNSET   757 PM CDT


-  INDICATES NEGATIVE NUMBERS.
R  INDICATES RECORD WAS SET OR TIED.
MM INDICATES DATA IS MISSING.
T  INDICATES TRACE AMOUNT.




$$
