000
CDUS44 KLIX 200701
CLINEW


CLIMATE REPORT
NATIONAL WEATHER SERVICE NEW ORLEANS
201 AM CDT WED SEP 20 2017


...................................

...THE NEW ORLEANS CLIMATE SUMMARY FOR SEPTEMBER 19 2017...

CLIMATE NORMAL PERIOD 1981 TO 2010
CLIMATE RECORD PERIOD 1946 TO 2017


WEATHER ITEM   OBSERVED TIME   RECORD YEAR NORMAL DEPARTURE LAST
                VALUE   (LST)  VALUE       VALUE  FROM      YEAR
                                                  NORMAL
..................................................................
TEMPERATURE (F)
 YESTERDAY
  MAXIMUM         91    123 PM  94    2016  87      4       94
                                      2005
  MINIMUM         75    605 AM  56    1961  71      4       78
  AVERAGE         83                        79      4       86

PRECIPITATION (IN)
  YESTERDAY        0.09          1.69 2011   0.15  -0.06     0.00
  MONTH TO DATE    0.17                      3.43  -3.26     4.31
  SINCE SEP 1      0.17                      3.43  -3.26     4.31
  SINCE JAN 1     63.82                     47.64  16.18    59.74

SNOWFALL (IN)
  YESTERDAY        0.0
  MONTH TO DATE    0.0
  SINCE SEP 1      0.0
  SINCE JUL 1      0.0
  SNOW DEPTH       0

DEGREE DAYS
 HEATING
  YESTERDAY        0                         0      0        0
  MONTH TO DATE    0                         0      0        0
  SINCE SEP 1      0                         0      0        0
  SINCE JUL 1      0                         0      0        0

 COOLING
  YESTERDAY       18                        14      4       21
  MONTH TO DATE  272                       304    -32      395
  SINCE SEP 1    272                       304    -32      395
  SINCE JAN 1   2625                      2550     75     3097
..................................................................


WIND (MPH)
  HIGHEST WIND SPEED    14   HIGHEST WIND DIRECTION     N (340)
  HIGHEST GUST SPEED    17   HIGHEST GUST DIRECTION     N (340)
  AVERAGE WIND SPEED     3.4


SKY COVER
  POSSIBLE SUNSHINE  MM
  AVERAGE SKY COVER 0.5


WEATHER CONDITIONS
 THE FOLLOWING WEATHER WAS RECORDED YESTERDAY.
  THUNDERSTORM
  LIGHT RAIN
  FOG
  HAZE


RELATIVE HUMIDITY (PERCENT)
 HIGHEST   100           500 AM
 LOWEST     56          1100 AM
 AVERAGE    78

..........................................................


THE NEW ORLEANS CLIMATE NORMALS FOR TODAY
                         NORMAL    RECORD    YEAR
 MAXIMUM TEMPERATURE (F)   87        96      2015
                                             2005
 MINIMUM TEMPERATURE (F)   71        52      1981


SUNRISE AND SUNSET
SEPTEMBER 20 2017.....SUNRISE   648 AM CDT   SUNSET   700 PM CDT
SEPTEMBER 21 2017.....SUNRISE   649 AM CDT   SUNSET   658 PM CDT


-  INDICATES NEGATIVE NUMBERS.
R  INDICATES RECORD WAS SET OR TIED.
MM INDICATES DATA IS MISSING.
T  INDICATES TRACE AMOUNT.




$$
