000
CDUS44 KLIX 300720
CLINEW


CLIMATE REPORT
NATIONAL WEATHER SERVICE NEW ORLEANS
220 AM CDT TUE SEP 30 2014


...................................

...THE NEW ORLEANS CLIMATE SUMMARY FOR SEPTEMBER 29 2014...

CLIMATE NORMAL PERIOD 1981 TO 2010
CLIMATE RECORD PERIOD 1946 TO 2014


WEATHER ITEM   OBSERVED TIME   RECORD YEAR NORMAL DEPARTURE LAST
                VALUE   (LST)  VALUE       VALUE  FROM      YEAR
                                                  NORMAL
..................................................................
TEMPERATURE (F)
 YESTERDAY
  MAXIMUM         84    426 PM  94    1980  84      0       86
  MINIMUM         75   1148 PM  45    1967  68      7       67
  AVERAGE         80                        76      4       77

PRECIPITATION (IN)
  YESTERDAY        0.00          1.25 1989   0.13  -0.13     0.00
  MONTH TO DATE    3.84                      4.85  -1.01     7.45
  SINCE SEP 1      3.84                      4.85  -1.01     7.45
  SINCE JAN 1     46.80                     49.06  -2.26    57.76

SNOWFALL (IN)
  YESTERDAY        0.0
  MONTH TO DATE    0.0
  SINCE SEP 1      0.0
  SINCE JUL 1      0.0
  SNOW DEPTH       0

DEGREE DAYS
 HEATING
  YESTERDAY        0                         0      0        0
  MONTH TO DATE    0                         0      0        0
  SINCE SEP 1      0                         0      0        0
  SINCE JUL 1      0                         0      0        0

 COOLING
  YESTERDAY       15                        11      4       12
  MONTH TO DATE  488                       431     57      496
  SINCE SEP 1    488                       431     57      496
  SINCE JAN 1   2672                      2677     -5     2632
..................................................................


WIND (MPH)
  HIGHEST WIND SPEED    13   HIGHEST WIND DIRECTION    NE (50)
  HIGHEST GUST SPEED    24   HIGHEST GUST DIRECTION    NE (50)
  AVERAGE WIND SPEED     5.2


SKY COVER
  POSSIBLE SUNSHINE  MM
  AVERAGE SKY COVER 0.7


WEATHER CONDITIONS
 THE FOLLOWING WEATHER WAS RECORDED YESTERDAY.
  NO SIGNIFICANT WEATHER WAS OBSERVED.


RELATIVE HUMIDITY (PERCENT)
 HIGHEST    94          1200 AM
 LOWEST     61           300 PM
 AVERAGE    78

..........................................................


THE NEW ORLEANS CLIMATE NORMALS FOR TODAY
                         NORMAL    RECORD    YEAR
 MAXIMUM TEMPERATURE (F)   84        92      1981
 MINIMUM TEMPERATURE (F)   68        42      1967


SUNRISE AND SUNSET
SEPTEMBER 30 2014.....SUNRISE   654 AM CDT   SUNSET   648 PM CDT
OCTOBER  1 2014.......SUNRISE   654 AM CDT   SUNSET   646 PM CDT


-  INDICATES NEGATIVE NUMBERS.
R  INDICATES RECORD WAS SET OR TIED.
MM INDICATES DATA IS MISSING.
T  INDICATES TRACE AMOUNT.




$$
