000
CDUS44 KLIX 260700
CLINEW


CLIMATE REPORT
NATIONAL WEATHER SERVICE NEW ORLEANS
200 AM CDT SUN OCT 26 2014


...................................

...THE NEW ORLEANS CLIMATE SUMMARY FOR OCTOBER 25 2014...

CLIMATE NORMAL PERIOD 1981 TO 2010
CLIMATE RECORD PERIOD 1946 TO 2014


WEATHER ITEM   OBSERVED TIME   RECORD YEAR NORMAL DEPARTURE LAST
                VALUE   (LST)  VALUE       VALUE  FROM      YEAR
                                                  NORMAL
..................................................................
TEMPERATURE (F)
 YESTERDAY
  MAXIMUM         79    411 PM  88    2010  78      1       68
  MINIMUM         55    633 AM  42    1964  60     -5       57
  AVERAGE         67                        69     -2       63

PRECIPITATION (IN)
  YESTERDAY        0.00          2.84 2002   0.12  -0.12     0.00
  MONTH TO DATE    1.84                      2.82  -0.98     1.97
  SINCE SEP 1      5.68                      7.79  -2.11    10.65
  SINCE JAN 1     48.64                     52.00  -3.36    60.96

SNOWFALL (IN)
  YESTERDAY        0.0
  MONTH TO DATE    0.0
  SINCE SEP 1      0.0
  SINCE JUL 1      0.0
  SNOW DEPTH       0

DEGREE DAYS
 HEATING
  YESTERDAY        0                         1     -1        2
  MONTH TO DATE    0                        12    -12        2
  SINCE SEP 1      0                        12    -12        2
  SINCE JUL 1      0                        12    -12        2

 COOLING
  YESTERDAY        2                         5     -3        0
  MONTH TO DATE  212                       194     18      225
  SINCE SEP 1    716                       637     79      736
  SINCE JAN 1   2900                      2883     17     2872
..................................................................


WIND (MPH)
  HIGHEST WIND SPEED    12   HIGHEST WIND DIRECTION    NE (30)
  HIGHEST GUST SPEED    13   HIGHEST GUST DIRECTION    NE (30)
  AVERAGE WIND SPEED     6.1


SKY COVER
  POSSIBLE SUNSHINE  MM
  AVERAGE SKY COVER 0.0


WEATHER CONDITIONS
 THE FOLLOWING WEATHER WAS RECORDED YESTERDAY.
  NO SIGNIFICANT WEATHER WAS OBSERVED.


RELATIVE HUMIDITY (PERCENT)
 HIGHEST    78          1100 PM
 LOWEST     38          1200 PM
 AVERAGE    58

..........................................................


THE NEW ORLEANS CLIMATE NORMALS FOR TODAY
                         NORMAL    RECORD    YEAR
 MAXIMUM TEMPERATURE (F)   77        89      2010
 MINIMUM TEMPERATURE (F)   59        39      1965


SUNRISE AND SUNSET
OCTOBER 26 2014.......SUNRISE   710 AM CDT   SUNSET   619 PM CDT
OCTOBER 27 2014.......SUNRISE   711 AM CDT   SUNSET   618 PM CDT


-  INDICATES NEGATIVE NUMBERS.
R  INDICATES RECORD WAS SET OR TIED.
MM INDICATES DATA IS MISSING.
T  INDICATES TRACE AMOUNT.




$$
