000
CDUS44 KLIX 182116
CLINEW


CLIMATE REPORT
NATIONAL WEATHER SERVICE NEW ORLEANS
415 PM CDT FRI APR 18 2014

...................................

...THE NEW ORLEANS CLIMATE SUMMARY FOR APRIL 18 2014...
VALID TODAY AS OF 0400 PM LOCAL TIME.

CLIMATE NORMAL PERIOD 1981 TO 2010
CLIMATE RECORD PERIOD 1946 TO 2014


WEATHER ITEM   OBSERVED TIME   RECORD YEAR NORMAL DEPARTURE LAST
                VALUE   (LST)  VALUE       VALUE  FROM      YEAR
                                                  NORMAL
..................................................................
TEMPERATURE (F)
 TODAY
  MAXIMUM         74    153 PM  91    1987  79     -5       83
  MINIMUM         61    615 AM  43    1999  61      0       72
                                      1961
  AVERAGE         68                        70     -2       78

PRECIPITATION (IN)
  TODAY            T             2.40 1991   0.15  -0.15      T
  MONTH TO DATE    2.17                      2.73  -0.56     5.76
  SINCE MAR 1      7.42                      7.28   0.14     6.84
  SINCE JAN 1     16.45                     17.73  -1.28    20.64

SNOWFALL (IN)
  TODAY            0.0
  MONTH TO DATE    0.0
  SINCE MAR 1      0.0
  SINCE JUL 1      T
  SNOW DEPTH       0

DEGREE DAYS
 HEATING
  TODAY            0                         1     -1        0
  MONTH TO DATE   41                        28     13       23
  SINCE MAR 1    228                       164     64      232
  SINCE JUL 1   1581                      1273    308     1121

 COOLING
  TODAY            3                         5     -2       13
  MONTH TO DATE   59                        76    -17       90
  SINCE MAR 1     80                       139    -59      126
  SINCE JAN 1    104                       176    -72      158
..................................................................


WIND (MPH)
  HIGHEST WIND SPEED    21   HIGHEST WIND DIRECTION    NE (40)
  HIGHEST GUST SPEED    27   HIGHEST GUST DIRECTION    NE (40)
  AVERAGE WIND SPEED    13.4


SKY COVER
  POSSIBLE SUNSHINE  MM
  AVERAGE SKY COVER 0.8


WEATHER CONDITIONS
 THE FOLLOWING WEATHER WAS RECORDED TODAY.
  LIGHT RAIN
  FOG


RELATIVE HUMIDITY (PERCENT)
 HIGHEST    93           300 AM
 LOWEST     61           200 PM
 AVERAGE    77

..........................................................


THE NEW ORLEANS CLIMATE NORMALS FOR TOMORROW
                         NORMAL    RECORD    YEAR
 MAXIMUM TEMPERATURE (F)   79        90      1987
 MINIMUM TEMPERATURE (F)   61        45      1983


SUNRISE AND SUNSET
APRIL 18 2014.........SUNRISE   631 AM CDT   SUNSET   730 PM CDT
APRIL 19 2014.........SUNRISE   630 AM CDT   SUNSET   731 PM CDT


-  INDICATES NEGATIVE NUMBERS.
R  INDICATES RECORD WAS SET OR TIED.
MM INDICATES DATA IS MISSING.
T  INDICATES TRACE AMOUNT.


$$
