000
CDUS44 KLIX 292135
CLINEW


CLIMATE REPORT
NATIONAL WEATHER SERVICE NEW ORLEANS
435 PM CDT MON MAY 29 2017


...................................

...THE NEW ORLEANS CLIMATE SUMMARY FOR MAY 29 2017...
VALID TODAY AS OF 0400 PM LOCAL TIME.

CLIMATE NORMAL PERIOD 1981 TO 2010
CLIMATE RECORD PERIOD 1946 TO 2017


WEATHER ITEM   OBSERVED TIME   RECORD YEAR NORMAL DEPARTURE LAST
                VALUE   (LST)  VALUE       VALUE  FROM      YEAR
                                                  NORMAL
..................................................................
TEMPERATURE (F)
 TODAY
  MAXIMUM         85    222 PM  94    2000  88     -3       90
                                      1953
  MINIMUM         68    636 AM  55    1961  71     -3       69
  AVERAGE         77                        79     -2       80

PRECIPITATION (IN)
  TODAY            0.42          2.88 2013   0.18   0.24     0.00
  MONTH TO DATE    7.74                      4.25   3.49     4.17
  SINCE MAR 1     16.07                     13.41   2.66    20.42
  SINCE JAN 1     23.71                     23.86  -0.15    28.55

SNOWFALL (IN)
  TODAY            0.0
  MONTH TO DATE    0.0
  SINCE MAR 1      0.0
  SINCE JUL 1      0.0
  SNOW DEPTH       0

DEGREE DAYS
 HEATING
  TODAY            0                         0      0        0
  MONTH TO DATE    5                         0      5        0
  SINCE MAR 1     74                       170    -96       41
  SINCE JUL 1    635                      1279   -644      755

 COOLING
  TODAY           12                        14     -2       15
  MONTH TO DATE  268                       331    -63      361
  SINCE MAR 1    615                       551     64      709
  SINCE JAN 1    735                       588    147      745
..................................................................


WIND (MPH)
  HIGHEST WIND SPEED    22   HIGHEST WIND DIRECTION     N (340)
  HIGHEST GUST SPEED    32   HIGHEST GUST DIRECTION     N (350)
  AVERAGE WIND SPEED     8.0


SKY COVER
  POSSIBLE SUNSHINE  MM
  AVERAGE SKY COVER 0.8


WEATHER CONDITIONS
 THE FOLLOWING WEATHER WAS RECORDED TODAY.
  THUNDERSTORM
  RAIN
  LIGHT RAIN
  FOG


RELATIVE HUMIDITY (PERCENT)
 HIGHEST    97           700 AM
 LOWEST     59          1200 PM
 AVERAGE    78

..........................................................


THE NEW ORLEANS CLIMATE NORMALS FOR TOMORROW
                         NORMAL    RECORD    YEAR
 MAXIMUM TEMPERATURE (F)   88        95      1977
 MINIMUM TEMPERATURE (F)   71        55      1960


SUNRISE AND SUNSET
MAY 29 2017...........SUNRISE   601 AM CDT   SUNSET   756 PM CDT
MAY 30 2017...........SUNRISE   601 AM CDT   SUNSET   757 PM CDT


-  INDICATES NEGATIVE NUMBERS.
R  INDICATES RECORD WAS SET OR TIED.
MM INDICATES DATA IS MISSING.
T  INDICATES TRACE AMOUNT.




$$
