117
CDUS46 KMTR 120826
CLINUQ


CLIMATE REPORT
NATIONAL WEATHER SERVICE SAN FRANCISCO BAY AREA
1225 AM PST FRI FEB 12 2016


...................................

...THE MOFFETT FIELD CLIMATE SUMMARY FOR FEBRUARY 11 2016...

CLIMATE NORMAL PERIOD 1981 TO 2010
CLIMATE RECORD PERIOD 1945 TO 2016


WEATHER ITEM   OBSERVED TIME   RECORD YEAR NORMAL DEPARTURE LAST
                VALUE   (LST)  VALUE       VALUE  FROM      YEAR
                                                  NORMAL
..................................................................
TEMPERATURE (F)
 YESTERDAY
  MAXIMUM         70    418 PM  76    1988  61      9       68
  MINIMUM         47    645 AM  33    1946  45      2       43
  AVERAGE         59                        53      6       56

PRECIPITATION (IN)
  YESTERDAY        0.00          0.96 2000   0.10  -0.10     0.00
  MONTH TO DATE    0.06                      1.14  -1.08     2.40
  SINCE OCT 1      8.04                      8.73  -0.69    12.39
  SINCE JAN 1      3.64                      3.89  -0.25     2.40

DEGREE DAYS
 HEATING
  YESTERDAY        6                                         9
  MONTH TO DATE  109                                        73
  SINCE DEC 1    937                                       753
  SINCE JUL 1   1280                                       980

 COOLING
  YESTERDAY        0                                         0
  MONTH TO DATE    0                                         0
  SINCE DEC 1      0                                         0
  SINCE JAN 1      0                                         0
..................................................................


WIND (MPH)
  RESULTANT WIND SPEED   2   RESULTANT WIND DIRECTION   N (360)
  HIGHEST WIND SPEED    10   HIGHEST WIND DIRECTION     N (350)
  HIGHEST GUST SPEED    13   HIGHEST GUST DIRECTION     N (350)
  AVERAGE WIND SPEED     2.8


SKY COVER
  POSSIBLE SUNSHINE  MM
  AVERAGE SKY COVER 0.0


WEATHER CONDITIONS
 THE FOLLOWING WEATHER WAS RECORDED YESTERDAY.
  HAZE


RELATIVE HUMIDITY (PERCENT)
 HIGHEST    86          1000 PM
 LOWEST     44           400 PM
 AVERAGE    65

..........................................................


THE MOFFETT FIELD CLIMATE NORMALS FOR TODAY
                         NORMAL    RECORD    YEAR
 MAXIMUM TEMPERATURE (F)   62        73      2015
                                             1988
 MINIMUM TEMPERATURE (F)   45        30      1949


SUNRISE AND SUNSET
FEBRUARY 12 2016......SUNRISE   701 AM PST   SUNSET   544 PM PST
FEBRUARY 13 2016......SUNRISE   700 AM PST   SUNSET   545 PM PST


-  INDICATES NEGATIVE NUMBERS.
R  INDICATES RECORD WAS SET OR TIED.
MM INDICATES DATA IS MISSING.
T  INDICATES TRACE AMOUNT.




$$
