000
CDUS46 KMTR 020826
CLINUQ


CLIMATE REPORT
NATIONAL WEATHER SERVICE SAN FRANCISCO BAY AREA
125 AM PDT TUE SEP 2 2014


...................................

...THE MOFFETT FIELD CLIMATE SUMMARY FOR SEPTEMBER 1 2014...

CLIMATE NORMAL PERIOD 1981 TO 2010
CLIMATE RECORD PERIOD 1945 TO 2014


WEATHER ITEM   OBSERVED TIME   RECORD YEAR NORMAL DEPARTURE LAST
                VALUE   (LST)  VALUE       VALUE  FROM      YEAR
                                                  NORMAL
..................................................................
TEMPERATURE (F)
 YESTERDAY
  MAXIMUM         85    327 PM  93    2002  78      7       80
  MINIMUM         60    539 AM  49    1975  59      1       62
  AVERAGE         73                        68      5       71

PRECIPITATION (IN)
  YESTERDAY        0.00          0.04 2000   0.00   0.00     0.00
  MONTH TO DATE    0.00                      0.00   0.00     0.00
  SINCE JUL 1      T                         0.03  -0.03      T
  SINCE JAN 1      5.19                      9.66  -4.47     1.82

DEGREE DAYS
 HEATING
  YESTERDAY        0                                         0
  MONTH TO DATE    0                                         0
  SINCE SEP 1      0                                         0
  SINCE JUL 1      0                                         4

 COOLING
  YESTERDAY        8                                         6
  MONTH TO DATE    8                                         6
  SINCE SEP 1      8                                         6
  SINCE JAN 1    450                                       365
..................................................................


WIND (MPH)
  RESULTANT WIND SPEED   5   RESULTANT WIND DIRECTION   N (340)
  HIGHEST WIND SPEED    17   HIGHEST WIND DIRECTION     N (340)
  HIGHEST GUST SPEED    21   HIGHEST GUST DIRECTION     N (350)
  AVERAGE WIND SPEED     5.2


SKY COVER
  POSSIBLE SUNSHINE  MM
  AVERAGE SKY COVER 0.0


WEATHER CONDITIONS
 THE FOLLOWING WEATHER WAS RECORDED YESTERDAY.
  NO SIGNIFICANT WEATHER WAS OBSERVED.


RELATIVE HUMIDITY (PERCENT)
 HIGHEST    84           200 AM
 LOWEST     34           300 PM
 AVERAGE    59

..........................................................


THE MOFFETT FIELD CLIMATE NORMALS FOR TODAY
                         NORMAL    RECORD    YEAR
 MAXIMUM TEMPERATURE (F)   78        93      2002
 MINIMUM TEMPERATURE (F)   59        49      1970


SUNRISE AND SUNSET
SEPTEMBER  2 2014.....SUNRISE   639 AM PDT   SUNSET   735 PM PDT
SEPTEMBER  3 2014.....SUNRISE   640 AM PDT   SUNSET   734 PM PDT


-  INDICATES NEGATIVE NUMBERS.
R  INDICATES RECORD WAS SET OR TIED.
MM INDICATES DATA IS MISSING.
T  INDICATES TRACE AMOUNT.




$$
