000
CDUS46 KMTR 280942
CLINUQ


CLIMATE REPORT
NATIONAL WEATHER SERVICE SAN FRANCISCO BAY AREA
142 AM PST WED JAN 28 2015


...................................

...THE MOFFETT FIELD CLIMATE SUMMARY FOR JANUARY 27 2015...

CLIMATE NORMAL PERIOD 1981 TO 2010
CLIMATE RECORD PERIOD 1945 TO 2015


WEATHER ITEM   OBSERVED TIME   RECORD YEAR NORMAL DEPARTURE LAST
                VALUE   (LST)  VALUE       VALUE  FROM      YEAR
                                                  NORMAL
..................................................................
TEMPERATURE (F)
 YESTERDAY
  MAXIMUM         69    123 PM  71    1988  59     10       62
  MINIMUM         50   1135 PM  27    1949  44      6       47
  AVERAGE         60                        52      8       55

PRECIPITATION (IN)
  YESTERDAY        0.00          1.01 1981   0.08  -0.08     0.00
  MONTH TO DATE    0.01                      2.40  -2.39     0.02
  SINCE JUL 1     10.41                      7.45   2.96     1.28
  SINCE JAN 1      0.01                      2.40  -2.39     0.02

DEGREE DAYS
 HEATING
  YESTERDAY        5                                        10
  MONTH TO DATE  356                                       289
  SINCE DEC 1    647                                       795
  SINCE JUL 1    874                                      1167

 COOLING
  YESTERDAY        0                                         0
  MONTH TO DATE    0                                         0
  SINCE DEC 1      0                                         0
  SINCE JAN 1      0                                         0
..................................................................


WIND (MPH)
  RESULTANT WIND SPEED   1   RESULTANT WIND DIRECTION  NE (60)
  HIGHEST WIND SPEED    14   HIGHEST WIND DIRECTION    SE (130)
  HIGHEST GUST SPEED    18   HIGHEST GUST DIRECTION    SE (140)
  AVERAGE WIND SPEED     5.4


SKY COVER
  POSSIBLE SUNSHINE  MM
  AVERAGE SKY COVER 0.6


WEATHER CONDITIONS
 THE FOLLOWING WEATHER WAS RECORDED YESTERDAY.
  NO SIGNIFICANT WEATHER WAS OBSERVED.


RELATIVE HUMIDITY (PERCENT)
 HIGHEST    77           300 AM
 LOWEST     37          1100 AM
 AVERAGE    57

..........................................................


THE MOFFETT FIELD CLIMATE NORMALS FOR TODAY
                         NORMAL    RECORD    YEAR
 MAXIMUM TEMPERATURE (F)   60        69      1984
 MINIMUM TEMPERATURE (F)   44        29      1948


SUNRISE AND SUNSET
JANUARY 28 2015.......SUNRISE   715 AM PST   SUNSET   528 PM PST
JANUARY 29 2015.......SUNRISE   714 AM PST   SUNSET   529 PM PST


-  INDICATES NEGATIVE NUMBERS.
R  INDICATES RECORD WAS SET OR TIED.
MM INDICATES DATA IS MISSING.
T  INDICATES TRACE AMOUNT.




$$
