000
CDUS46 KMTR 260033
CLINUQ


CLIMATE REPORT
NATIONAL WEATHER SERVICE SAN FRANCISCO BAY AREA
532 PM PDT THU MAY 25 2017


...................................

...THE MOFFETT FIELD CLIMATE SUMMARY FOR MAY 25 2017...
VALID TODAY AS OF 0500 PM LOCAL TIME.

CLIMATE NORMAL PERIOD 1981 TO 2010
CLIMATE RECORD PERIOD 1945 TO 2017


WEATHER ITEM   OBSERVED TIME   RECORD YEAR NORMAL DEPARTURE LAST
                VALUE   (LST)  VALUE       VALUE  FROM      YEAR
                                                  NORMAL
..................................................................
TEMPERATURE (F)
 TODAY
  MAXIMUM         71    155 PM  93    1951  73     -2       72
  MINIMUM         54    516 AM  44    1980  54      0       55
  AVERAGE         63                        64     -1       64

PRECIPITATION (IN)
  TODAY            0.00          0.35 1953   0.01  -0.01     0.00
  MONTH TO DATE    0.00                      0.42  -0.42     0.13
  SINCE OCT 1     18.13                     14.32   3.81    13.15
  SINCE JAN 1     13.56                      9.48   4.08     8.75

DEGREE DAYS
 HEATING
  TODAY            2                                         1
  MONTH TO DATE   61                                        60
  SINCE MAR 1    458                                       394
  SINCE JUL 1   1986                                      1779

 COOLING
  TODAY            0                                         0
  MONTH TO DATE   51                                        18
  SINCE MAR 1     53                                        41
  SINCE JAN 1     53                                        43
..................................................................


WIND (MPH)
  RESULTANT WIND SPEED   8   RESULTANT WIND DIRECTION  SE (150)
  HIGHEST WIND SPEED    17   HIGHEST WIND DIRECTION    SE (140)
  HIGHEST GUST SPEED    23   HIGHEST GUST DIRECTION    SE (140)
  AVERAGE WIND SPEED     8.1


SKY COVER
  POSSIBLE SUNSHINE  MM
  AVERAGE SKY COVER 0.2


WEATHER CONDITIONS
 THE FOLLOWING WEATHER WAS RECORDED TODAY.
  NO SIGNIFICANT WEATHER WAS OBSERVED.


RELATIVE HUMIDITY (PERCENT)
 HIGHEST    83           500 AM
 LOWEST     47           200 PM
 AVERAGE    65

..........................................................


THE MOFFETT FIELD CLIMATE NORMALS FOR TOMORROW
                         NORMAL    RECORD    YEAR
 MAXIMUM TEMPERATURE (F)   73        89      1974
 MINIMUM TEMPERATURE (F)   54        42      1953


SUNRISE AND SUNSET
MAY 25 2017...........SUNRISE   552 AM PDT   SUNSET   819 PM PDT
MAY 26 2017...........SUNRISE   551 AM PDT   SUNSET   820 PM PDT


-  INDICATES NEGATIVE NUMBERS.
R  INDICATES RECORD WAS SET OR TIED.
MM INDICATES DATA IS MISSING.
T  INDICATES TRACE AMOUNT.




$$
