000
CDUS41 KOKX 290619
CLINYC


CLIMATE REPORT
NATIONAL WEATHER SERVICE NEW YORK NY
219 AM EDT MON MAY 29 2017


...................................

...THE CENTRAL PARK NY CLIMATE SUMMARY FOR MAY 28 2017...

CLIMATE NORMAL PERIOD 1981 TO 2010
CLIMATE RECORD PERIOD 1869 TO 2017


WEATHER ITEM   OBSERVED TIME   RECORD YEAR NORMAL DEPARTURE LAST
                VALUE   (LST)  VALUE       VALUE  FROM      YEAR
                                                  NORMAL
..................................................................
TEMPERATURE (F)
 YESTERDAY
  MAXIMUM         71   1120 AM  94    1959  74     -3       92
  MINIMUM         58    452 AM  43    1961  58      0       71
                                      1907
  AVERAGE         65                        66     -1       82

PRECIPITATION (IN)
  YESTERDAY        0.00          1.16 1906   0.14  -0.14     0.00
  MONTH TO DATE    6.16                      3.73   2.43     2.10
  SINCE MAR 1     15.25                     12.59   2.66     4.88
  SINCE JAN 1     22.56                     19.33   3.23    13.69

SNOWFALL (IN)
  YESTERDAY        0.0           0.0  2002   0.0    0.0      0.0
                                      2001
  MONTH TO DATE    0.0                       0.0    0.0      0.0
  SINCE OCT 1     30.2                      25.8    4.4     32.8
  SINCE JUL 1     30.2                      25.8    4.4     32.8
  SNOW DEPTH       0

DEGREE DAYS
 HEATING
  YESTERDAY        0                         2     -2        0
  MONTH TO DATE  152                       132     20      161
  SINCE MAR 1   1206                      1203      3     1014
  SINCE JUL 1   4189                      4725   -536     3761

 COOLING
  YESTERDAY        0                         3     -3       17
  MONTH TO DATE   53                        47      6       63
  SINCE MAR 1     87                        59     28       82
  SINCE JAN 1     87                        59     28       82
..................................................................


WIND (MPH)
  HIGHEST WIND SPEED    12   HIGHEST WIND DIRECTION     S (160)
  HIGHEST GUST SPEED    20   HIGHEST GUST DIRECTION     S (170)
  AVERAGE WIND SPEED     4.4


SKY COVER
  AVERAGE SKY COVER 0.3


WEATHER CONDITIONS
 THE FOLLOWING WEATHER WAS RECORDED YESTERDAY.
  FOG
  HAZE


RELATIVE HUMIDITY (PERCENT)
 HIGHEST   100           500 AM
 LOWEST     56           600 PM
 AVERAGE    78

..........................................................


THE CENTRAL PARK NY CLIMATE NORMALS FOR TODAY
                         NORMAL    RECORD    YEAR
 MAXIMUM TEMPERATURE (F)   74        97      1969
 MINIMUM TEMPERATURE (F)   58        43      1902
                                             1884


SUNRISE AND SUNSET
MAY 29 2017...........SUNRISE   528 AM EDT   SUNSET   819 PM EDT
MAY 30 2017...........SUNRISE   528 AM EDT   SUNSET   820 PM EDT


-  INDICATES NEGATIVE NUMBERS.
R  INDICATES RECORD WAS SET OR TIED.
MM INDICATES DATA IS MISSING.
T  INDICATES TRACE AMOUNT.




$$
