000
CDUS41 KOKX 180627
CLINYC


CLIMATE REPORT
NATIONAL WEATHER SERVICE NEW YORK NY
127 AM EST SUN FEB 18 2018


...................................

...THE CENTRAL PARK NY CLIMATE SUMMARY FOR FEBRUARY 17 2018...

CLIMATE NORMAL PERIOD 1981 TO 2010
CLIMATE RECORD PERIOD 1869 TO 2018


WEATHER ITEM   OBSERVED TIME   RECORD YEAR NORMAL DEPARTURE LAST
                VALUE   (LST)  VALUE       VALUE  FROM      YEAR
                                                  NORMAL
..................................................................
TEMPERATURE (F)
 YESTERDAY
  MAXIMUM         40   1234 PM  67    1976  42     -2       41
  MINIMUM         28    707 AM  -5    1896  29     -1       26
  AVERAGE         34                        36     -2       34

PRECIPITATION (IN)
  YESTERDAY        0.52          1.49 2003   0.11   0.41     0.00
  MONTH TO DATE    4.68                      1.83   2.85     1.94
  SINCE DEC 1      9.07                      9.48  -0.41     9.66
  SINCE JAN 1      6.86                      5.48   1.38     6.77

SNOWFALL (IN)
  YESTERDAY        4.4          16.3  2003   0.4    4.0      0.0
  MONTH TO DATE    4.9                       5.7   -0.8      9.4
  SINCE OCT 1     23.8                      17.8    6.0     20.5
  SINCE JUL 1     23.8                      17.8    6.0     20.5
  SNOW DEPTH       0

DEGREE DAYS
 HEATING
  YESTERDAY       31                        29      2       31
  MONTH TO DATE  453                       522    -69      490
  SINCE DEC 1   2399                      2378     21     2138
  SINCE JUL 1   3061                      3211   -150     2825

 COOLING
  YESTERDAY        0                         0      0        0
  MONTH TO DATE    0                         0      0        0
  SINCE DEC 1      0                         0      0        0
  SINCE JAN 1      0                         0      0        0
..................................................................


WIND (MPH)
  HIGHEST WIND SPEED    15   HIGHEST WIND DIRECTION     S (170)
  HIGHEST GUST SPEED    21   HIGHEST GUST DIRECTION    NW (310)
  AVERAGE WIND SPEED     4.4


SKY COVER
  AVERAGE SKY COVER 0.4


WEATHER CONDITIONS
 THE FOLLOWING WEATHER WAS RECORDED YESTERDAY.
  SNOW
  LIGHT SNOW
  FOG
  HAZE


RELATIVE HUMIDITY (PERCENT)
 HIGHEST    96           800 PM
 LOWEST     38          1200 AM
 AVERAGE    67

..........................................................


THE CENTRAL PARK NY CLIMATE NORMALS FOR TODAY
                         NORMAL    RECORD    YEAR
 MAXIMUM TEMPERATURE (F)   42        68      1981
 MINIMUM TEMPERATURE (F)   29         0      1979


SUNRISE AND SUNSET
FEBRUARY 18 2018......SUNRISE   646 AM EST   SUNSET   534 PM EST
FEBRUARY 19 2018......SUNRISE   644 AM EST   SUNSET   535 PM EST


-  INDICATES NEGATIVE NUMBERS.
R  INDICATES RECORD WAS SET OR TIED.
MM INDICATES DATA IS MISSING.
T  INDICATES TRACE AMOUNT.




$$
