000
CDUS41 KOKX 062109
CLINYC


CLIMATE REPORT
NATIONAL WEATHER SERVICE NEW YORK NY
508 PM EDT MON JUL 6 2015


...................................

...THE CENTRAL PARK NY CLIMATE SUMMARY FOR JULY 6 2015...
VALID TODAY AS OF 0500 PM LOCAL TIME.

CLIMATE NORMAL PERIOD 1981 TO 2010
CLIMATE RECORD PERIOD 1869 TO 2015


WEATHER ITEM   OBSERVED TIME   RECORD YEAR NORMAL DEPARTURE LAST
                VALUE   (LST)  VALUE       VALUE  FROM      YEAR
                                                  NORMAL
..................................................................
TEMPERATURE (F)
 TODAY
  MAXIMUM         83    106 PM 103    2010  84     -1       84
  MINIMUM         72    511 AM  54    1979  68      4       66
  AVERAGE         78                        76      2       75

PRECIPITATION (IN)
  TODAY            0.00          1.97 1896   0.13  -0.13     0.00
  MONTH TO DATE    0.39                      0.75  -0.36     2.88
  SINCE JUN 1      5.18                      5.16   0.02     7.14
  SINCE JAN 1     21.11                     24.95  -3.84    31.30

SNOWFALL (IN)
  TODAY            0.0           0.0  2002   0.0    0.0      0.0
                                      2001
  MONTH TO DATE    0.0                       0.0    0.0      0.0
  SINCE OCT 1     50.3                      25.8   24.5     57.4
  SINCE JUL 1      0.0                       0.0    0.0      0.0
  SNOW DEPTH       0

DEGREE DAYS
 HEATING
  TODAY            0                         0      0        0
  MONTH TO DATE    0                         0      0        0
  SINCE JUN 1     33                        19     14        0
  SINCE JUL 1      0                         0      0        0

 COOLING
  TODAY           13                        11      2       10
  MONTH TO DATE   61                        65     -4       68
  SINCE JUN 1    289                       277     12      300
  SINCE JAN 1    448                       346    102      354
..................................................................


WIND (MPH)
  HIGHEST WIND SPEED     8   HIGHEST WIND DIRECTION     S (170)
  HIGHEST GUST SPEED    15   HIGHEST GUST DIRECTION     S (190)
  AVERAGE WIND SPEED     2.2


SKY COVER
  AVERAGE SKY COVER 0.2


WEATHER CONDITIONS
 THE FOLLOWING WEATHER WAS RECORDED TODAY.
  HAZE


RELATIVE HUMIDITY (PERCENT)
 HIGHEST    84           500 AM
 LOWEST     51          1200 PM
 AVERAGE    68

..........................................................


THE CENTRAL PARK NY CLIMATE NORMALS FOR TOMORROW
                         NORMAL    RECORD    YEAR
 MAXIMUM TEMPERATURE (F)   84       100      2010
 MINIMUM TEMPERATURE (F)   68        56      1914


SUNRISE AND SUNSET
JULY  6 2015..........SUNRISE   531 AM EDT   SUNSET   830 PM EDT
JULY  7 2015..........SUNRISE   531 AM EDT   SUNSET   830 PM EDT


-  INDICATES NEGATIVE NUMBERS.
R  INDICATES RECORD WAS SET OR TIED.
MM INDICATES DATA IS MISSING.
T  INDICATES TRACE AMOUNT.




$$
