000
CDUS41 KOKX 200618
CLINYC


CLIMATE REPORT
NATIONAL WEATHER SERVICE NEW YORK NY
218 AM EDT WED SEP 20 2017


...................................

...THE CENTRAL PARK NY CLIMATE SUMMARY FOR SEPTEMBER 19 2017...

CLIMATE NORMAL PERIOD 1981 TO 2010
CLIMATE RECORD PERIOD 1869 TO 2017


WEATHER ITEM   OBSERVED TIME   RECORD YEAR NORMAL DEPARTURE LAST
                VALUE   (LST)  VALUE       VALUE  FROM      YEAR
                                                  NORMAL
..................................................................
TEMPERATURE (F)
 YESTERDAY
  MAXIMUM         78    138 PM  94    1983  74      4       76
  MINIMUM         69    740 PM  44    1929  60      9       69
  AVERAGE         74                        67      7       73

PRECIPITATION (IN)
  YESTERDAY        0.22          4.30 1894   0.15   0.07     0.68
  MONTH TO DATE    2.00                      2.62  -0.62     1.96
  SINCE SEP 1      2.00                      2.62  -0.62     1.96
  SINCE JAN 1     37.07                     35.86   1.21    28.89

SNOWFALL (IN)
  YESTERDAY        0.0           0.0  2002   0.0    0.0      0.0
                                      2001
  MONTH TO DATE    0.0                       0.0    0.0      0.0
  SINCE OCT 1     30.2                      25.8    4.4     32.8
  SINCE JUL 1      0.0                       0.0    0.0      0.0
  SNOW DEPTH       0

DEGREE DAYS
 HEATING
  YESTERDAY        0                         2     -2        0
  MONTH TO DATE    9                        11     -2        0
  SINCE SEP 1      9                        11     -2        0
  SINCE JUL 1      9                        13     -4        0

 COOLING
  YESTERDAY        9                         3      6        8
  MONTH TO DATE   90                       107    -17      181
  SINCE SEP 1     90                       107    -17      181
  SINCE JAN 1   1084                      1061     23     1413
..................................................................


WIND (MPH)
  HIGHEST WIND SPEED    21   HIGHEST WIND DIRECTION    NE (60)
  HIGHEST GUST SPEED    29   HIGHEST GUST DIRECTION    NE (50)
  AVERAGE WIND SPEED     9.8


SKY COVER
  AVERAGE SKY COVER 1.0


WEATHER CONDITIONS
 THE FOLLOWING WEATHER WAS RECORDED YESTERDAY.
  RAIN
  LIGHT RAIN
  FOG


RELATIVE HUMIDITY (PERCENT)
 HIGHEST    90           500 PM
 LOWEST     58          1200 PM
 AVERAGE    74

..........................................................


THE CENTRAL PARK NY CLIMATE NORMALS FOR TODAY
                         NORMAL    RECORD    YEAR
 MAXIMUM TEMPERATURE (F)   74        93      1983
                                             1895
 MINIMUM TEMPERATURE (F)   59        44      1993


SUNRISE AND SUNSET
SEPTEMBER 20 2017.....SUNRISE   642 AM EDT   SUNSET   656 PM EDT
SEPTEMBER 21 2017.....SUNRISE   643 AM EDT   SUNSET   654 PM EDT


-  INDICATES NEGATIVE NUMBERS.
R  INDICATES RECORD WAS SET OR TIED.
MM INDICATES DATA IS MISSING.
T  INDICATES TRACE AMOUNT.




$$
