000
CDUS45 KPSR 260805
CLINYL

CDUS45 KPSR DDHHMM
CLINYL

CLIMATE REPORT
NATIONAL WEATHER SERVICE PHOENIX AZ
104 AM MST TUE MAY 26 2015

...................................

...THE YUMA AZ CLIMATE SUMMARY FOR MAY 25 2015...

CLIMATE NORMAL PERIOD 1981 TO 2010
CLIMATE RECORD PERIOD 1876 TO 2015


WEATHER ITEM   OBSERVED TIME   RECORD YEAR NORMAL DEPARTURE LAST
                VALUE   (LST)  VALUE       VALUE  FROM      YEAR
                                                  NORMAL
..................................................................
TEMPERATURE (F)
 YESTERDAY
  MAXIMUM         92    524 PM 112    1951  98     -6       99
  MINIMUM         68    636 AM  51    1916  69     -1       71
  AVERAGE         80                        84     -4       85

PRECIPITATION (IN)
  YESTERDAY        0.00          T    1979   0.00   0.00     0.00
                                      1964
                                      1896
  MONTH TO DATE    0.31                      0.07   0.24     0.00
  SINCE OCT 1      1.26                      2.25  -0.99     1.18
  SINCE JAN 1      0.82                      1.31  -0.49     0.07

DEGREE DAYS
 HEATING
  YESTERDAY        0                         0      0        0
  MONTH TO DATE    3                         0      3        0
  SINCE MAR 1     26                        63    -37        9
  SINCE JUL 1     86                       686   -600      370

 COOLING
  YESTERDAY       15                        19     -4       20
  MONTH TO DATE  268                       389   -121      390
  SINCE MAR 1    847                       759     88      888
  SINCE JAN 1    958                       795    163     1002
..................................................................


WIND (MPH)
  HIGHEST WIND SPEED    18   HIGHEST WIND DIRECTION     S (190)
  HIGHEST GUST SPEED    22   HIGHEST GUST DIRECTION     S (200)
  AVERAGE WIND SPEED     8.1


SKY COVER
  AVERAGE SKY COVER 0.0


WEATHER CONDITIONS
 THE FOLLOWING WEATHER WAS RECORDED YESTERDAY.
  NO SIGNIFICANT WEATHER WAS OBSERVED.


RELATIVE HUMIDITY (PERCENT)
 HIGHEST    61
 LOWEST     14
 AVERAGE    38

..........................................................


THE YUMA AZ CLIMATE NORMALS FOR TODAY
                         NORMAL    RECORD    YEAR
 MAXIMUM TEMPERATURE (F)   98       115      1951
 MINIMUM TEMPERATURE (F)   69        50      1916
                                             1911


SUNRISE AND SUNSET
MAY 26 2015...........SUNRISE   534 AM MST   SUNSET   738 PM MST
MAY 27 2015...........SUNRISE   533 AM MST   SUNSET   738 PM MST


-  INDICATES NEGATIVE NUMBERS.
R  INDICATES RECORD WAS SET OR TIED.
MM INDICATES DATA IS MISSING.
T  INDICATES TRACE AMOUNT.

$$
