000
CDUS45 KPSR 200018
CLINYL

CLIMATE REPORT
NATIONAL WEATHER SERVICE PHOENIX AZ
517 PM MST SAT AUG 19 2017


...................................

...THE YUMA AZ CLIMATE SUMMARY FOR AUGUST 19 2017...
VALID TODAY AS OF 0500 PM LOCAL TIME.

CLIMATE NORMAL PERIOD 1981 TO 2010
CLIMATE RECORD PERIOD 1876 TO 2017


WEATHER ITEM   OBSERVED TIME   RECORD YEAR NORMAL DEPARTURE LAST
                VALUE   (LST)  VALUE       VALUE  FROM      YEAR
                                                  NORMAL
..................................................................
TEMPERATURE (F)
 TODAY
  MAXIMUM        107    340 PM 116    1915 106      1      105
  MINIMUM         79    525 AM  64    1916  82     -3       86
  AVERAGE         93                        94     -1       96

PRECIPITATION (IN)
  TODAY            0.00          0.50 1984   0.01  -0.01     0.00
  MONTH TO DATE    0.09                      0.29  -0.20     0.00
  SINCE OCT 1      2.74                      2.85  -0.11     1.81
  SINCE JAN 1      1.79                      1.91  -0.12     1.67

DEGREE DAYS
 HEATING
  TODAY            0                         0      0        0
  MONTH TO DATE    0                         0      0        0
  SINCE JUN 1      0                         0      0        0
  SINCE JUL 1      0                         0      0        0

 COOLING
  TODAY           28                        29     -1       31
  MONTH TO DATE  581                       563     18      601
  SINCE JUN 1   2312                      2197    115     2405
  SINCE JAN 1   3380                      3109    271     3406
..................................................................


WIND (MPH)
  HIGHEST WIND SPEED    23   HIGHEST WIND DIRECTION    SE (150)
  HIGHEST GUST SPEED    27   HIGHEST GUST DIRECTION    SE (150)
  AVERAGE WIND SPEED    10.2


SKY COVER
  AVERAGE SKY COVER 0.0


WEATHER CONDITIONS
 THE FOLLOWING WEATHER WAS RECORDED TODAY.
  NO SIGNIFICANT WEATHER WAS OBSERVED.


RELATIVE HUMIDITY (PERCENT)
 HIGHEST    74
 LOWEST     16
 AVERAGE    45

..........................................................


THE YUMA AZ CLIMATE NORMALS FOR TOMORROW
                         NORMAL    RECORD    YEAR
 MAXIMUM TEMPERATURE (F)  106       114      1982
                                             1915
                                             1878
 MINIMUM TEMPERATURE (F)   82        65      1917
                                             1916


SUNRISE AND SUNSET
AUGUST 19 2017........SUNRISE   605 AM MST   SUNSET   718 PM MST
AUGUST 20 2017........SUNRISE   606 AM MST   SUNSET   717 PM MST


-  INDICATES NEGATIVE NUMBERS.
R  INDICATES RECORD WAS SET OR TIED.
MM INDICATES DATA IS MISSING.
T  INDICATES TRACE AMOUNT.

$$
