000
CDUS45 KPSR 270831
CLINYL

CLIMATE REPORT
NATIONAL WEATHER SERVICE PHOENIX AZ
130 AM MST WED AUG 27 2014


...................................

...THE YUMA AZ CLIMATE SUMMARY FOR AUGUST 26 2014...

CLIMATE NORMAL PERIOD 1981 TO 2010
CLIMATE RECORD PERIOD 1876 TO 2014


WEATHER ITEM   OBSERVED TIME   RECORD YEAR NORMAL DEPARTURE LAST
                VALUE   (LST)  VALUE       VALUE  FROM      YEAR
                                                  NORMAL
..................................................................
TEMPERATURE (F)
 YESTERDAY
  MAXIMUM        103    511 PM 113    2011 106     -3       97
                                      1944
                                      1910
  MINIMUM         85    659 AM  65    1940  82      3       75
  AVERAGE         94                        94      0       86

PRECIPITATION (IN)
  YESTERDAY        0.00          1.14 1970   0.02  -0.02      T
  MONTH TO DATE    0.49                      0.40   0.09     0.02
  SINCE OCT 1      1.95                      2.96  -1.01     2.23
  SINCE JAN 1      0.84                      2.02  -1.18     1.60

DEGREE DAYS
 HEATING
  YESTERDAY        0                         0      0        0
  MONTH TO DATE    0                         0      0        0
  SINCE JUN 1      0                         0      0        0
  SINCE JUL 1      0                         0      0        0

 COOLING
  YESTERDAY       29                        29      0       21
  MONTH TO DATE  725                       766    -41      753
  SINCE JUN 1   2512                      2400    112     2504
  SINCE JAN 1   3674                      3312    362     3565
..................................................................


WIND (MPH)
  HIGHEST WIND SPEED    17   HIGHEST WIND DIRECTION    SE (150)
  HIGHEST GUST SPEED    22   HIGHEST GUST DIRECTION    SE (150)
  AVERAGE WIND SPEED     9.5


SKY COVER
  AVERAGE SKY COVER 0.3


WEATHER CONDITIONS
 THE FOLLOWING WEATHER WAS RECORDED YESTERDAY.
  NO SIGNIFICANT WEATHER WAS OBSERVED.


RELATIVE HUMIDITY (PERCENT)
 HIGHEST    63
 LOWEST     25
 AVERAGE    44

..........................................................


THE YUMA AZ CLIMATE NORMALS FOR TODAY
                         NORMAL    RECORD    YEAR
 MAXIMUM TEMPERATURE (F)  106       120      1981
 MINIMUM TEMPERATURE (F)   82        62      1920


SUNRISE AND SUNSET
AUGUST 27 2014........SUNRISE   610 AM MST   SUNSET   709 PM MST
AUGUST 28 2014........SUNRISE   611 AM MST   SUNSET   708 PM MST


-  INDICATES NEGATIVE NUMBERS.
R  INDICATES RECORD WAS SET OR TIED.
MM INDICATES DATA IS MISSING.
T  INDICATES TRACE AMOUNT.

$$
