000
CDUS45 KPSR 090012
CLINYL

CLIMATE REPORT
NATIONAL WEATHER SERVICE PHOENIX AZ
511 PM MST THU DEC 8 2016


...................................

...THE YUMA AZ CLIMATE SUMMARY FOR DECEMBER 8 2016...
VALID TODAY AS OF 0500 PM LOCAL TIME.

CLIMATE NORMAL PERIOD 1981 TO 2010
CLIMATE RECORD PERIOD 1876 TO 2016


WEATHER ITEM   OBSERVED TIME   RECORD YEAR NORMAL DEPARTURE LAST
                VALUE   (LST)  VALUE       VALUE  FROM      YEAR
                                                  NORMAL
..................................................................
TEMPERATURE (F)
 TODAY
  MAXIMUM         70    431 PM  84    1962  69      1       78
  MINIMUM         46    615 AM  31    1978  47     -1       50
  AVERAGE         58                        58      0       64

PRECIPITATION (IN)
  TODAY            0.00          0.41 1959   0.02  -0.02     0.00
  MONTH TO DATE    0.00                      0.11  -0.11     0.00
  SINCE OCT 1      0.04                      0.54  -0.50     0.08
  SINCE JAN 1      1.91                      3.16  -1.25     2.27

DEGREE DAYS
 HEATING
  TODAY            7                         7      0        1
  MONTH TO DATE   49                        50     -1       31
  SINCE DEC 1     49                        50     -1       31
  SINCE JUL 1     95                       118    -23      101

 COOLING
  TODAY            0                         0      0        0
  MONTH TO DATE    0                         0      0        2
  SINCE DEC 1      0                         0      0        2
  SINCE JAN 1   5073                      4649    424     5176
..................................................................


WIND (MPH)
  HIGHEST WIND SPEED    12   HIGHEST WIND DIRECTION     N (360)
  HIGHEST GUST SPEED    14   HIGHEST GUST DIRECTION     N (360)
  AVERAGE WIND SPEED     5.7


SKY COVER
  AVERAGE SKY COVER 0.1


WEATHER CONDITIONS
 THE FOLLOWING WEATHER WAS RECORDED TODAY.
  NO SIGNIFICANT WEATHER WAS OBSERVED.


RELATIVE HUMIDITY (PERCENT)
 HIGHEST    29
 LOWEST     11
 AVERAGE    20

..........................................................


THE YUMA AZ CLIMATE NORMALS FOR TOMORROW
                         NORMAL    RECORD    YEAR
 MAXIMUM TEMPERATURE (F)   69        84      1962
 MINIMUM TEMPERATURE (F)   47        29      1891


SUNRISE AND SUNSET
DECEMBER  8 2016......SUNRISE   729 AM MST   SUNSET   533 PM MST
DECEMBER  9 2016......SUNRISE   729 AM MST   SUNSET   533 PM MST


-  INDICATES NEGATIVE NUMBERS.
R  INDICATES RECORD WAS SET OR TIED.
MM INDICATES DATA IS MISSING.
T  INDICATES TRACE AMOUNT.

$$
