000
CDUS45 KPSR 290837
CLINYL

CLIMATE REPORT
NATIONAL WEATHER SERVICE PHOENIX AZ
132 AM MST TUE JUL 29 2014


...................................

...THE YUMA AZ CLIMATE SUMMARY FOR JULY 28 2014...

CLIMATE NORMAL PERIOD 1981 TO 2010
CLIMATE RECORD PERIOD 1876 TO 2014


WEATHER ITEM   OBSERVED TIME   RECORD YEAR NORMAL DEPARTURE LAST
                VALUE   (LST)  VALUE       VALUE  FROM      YEAR
                                                  NORMAL
..................................................................
TEMPERATURE (F)
 YESTERDAY
  MAXIMUM        108    514 PM 124    1995 107      1      109
  MINIMUM         85    651 AM  66    1909  83      2       86
  AVERAGE         97                        95      2       98

PRECIPITATION (IN)
  YESTERDAY        0.00          0.52 1951   0.02  -0.02     0.00
  MONTH TO DATE    0.28                      0.24   0.04     0.47
  SINCE OCT 1      1.46                      2.51  -1.05     2.21
  SINCE JAN 1      0.35                      1.57  -1.22     1.58

DEGREE DAYS
 HEATING
  YESTERDAY        0                         0      0        0
  MONTH TO DATE    0                         0      0        0
  SINCE JUN 1      0                         0      0        0
  SINCE JUL 1      0                         0      0        0

 COOLING
  YESTERDAY       32                        30      2       33
  MONTH TO DATE  875                       824     51      852
  SINCE JUN 1   1684                      1545    139     1657
  SINCE JAN 1   2846                      2457    389     2718
..................................................................


WIND (MPH)
  HIGHEST WIND SPEED    16   HIGHEST WIND DIRECTION    SW (210)
  HIGHEST GUST SPEED    20   HIGHEST GUST DIRECTION    SW (210)
  AVERAGE WIND SPEED     5.9


SKY COVER
  AVERAGE SKY COVER 0.3


WEATHER CONDITIONS
 THE FOLLOWING WEATHER WAS RECORDED YESTERDAY.
  NO SIGNIFICANT WEATHER WAS OBSERVED.


RELATIVE HUMIDITY (PERCENT)
 HIGHEST    47
 LOWEST     18
 AVERAGE    33

..........................................................


THE YUMA AZ CLIMATE NORMALS FOR TODAY
                         NORMAL    RECORD    YEAR
 MAXIMUM TEMPERATURE (F)  107       118      1878
 MINIMUM TEMPERATURE (F)   83        66      1913
                                             1892


SUNRISE AND SUNSET
JULY 29 2014..........SUNRISE   551 AM MST   SUNSET   739 PM MST
JULY 30 2014..........SUNRISE   551 AM MST   SUNSET   738 PM MST


-  INDICATES NEGATIVE NUMBERS.
R  INDICATES RECORD WAS SET OR TIED.
MM INDICATES DATA IS MISSING.
T  INDICATES TRACE AMOUNT.

$$
