000
CDUS45 KPSR 240014 RRA
CLINYL

CLIMATE REPORT
NATIONAL WEATHER SERVICE PHOENIX AZ
512 PM MST MON OCT 23 2017


...................................

...THE YUMA AZ CLIMATE SUMMARY FOR OCTOBER 23 2017...
VALID TODAY AS OF 0500 PM LOCAL TIME.

CLIMATE NORMAL PERIOD 1981 TO 2010
CLIMATE RECORD PERIOD 1876 TO 2017


WEATHER ITEM   OBSERVED TIME   RECORD YEAR NORMAL DEPARTURE LAST
                VALUE   (LST)  VALUE       VALUE  FROM      YEAR
                                                  NORMAL
..................................................................
TEMPERATURE (F)
 TODAY
  MAXIMUM         98    349 PM 102    1959  87     11       95
  MINIMUM         62    413 AM  43    1920  62      0       68
  AVERAGE         80                        75      5       82

PRECIPITATION (IN)
  TODAY            0.00          1.06 1907   0.01  -0.01     0.00
  MONTH TO DATE    0.00                      0.17  -0.17     0.00
  SINCE OCT 1      0.00                      0.17  -0.17     0.00
  SINCE JAN 1      2.24                      2.79  -0.55     1.87

DEGREE DAYS
 HEATING
  TODAY            0                         0      0        0
  MONTH TO DATE    0                         0      0        0
  SINCE SEP 1      0                         0      0        0
  SINCE JUL 1      0                         0      0        0

 COOLING
  TODAY           15                        10      5       17
  MONTH TO DATE  353                       322     31      368
  SINCE SEP 1    982                      1043    -61     1035
  SINCE JAN 1   4750                      4496    254     4782
..................................................................


WIND (MPH)
  HIGHEST WIND SPEED    18   HIGHEST WIND DIRECTION     N (360)
  HIGHEST GUST SPEED    23   HIGHEST GUST DIRECTION     N (360)
  AVERAGE WIND SPEED     8.4


SKY COVER
  AVERAGE SKY COVER 0.0


WEATHER CONDITIONS
 THE FOLLOWING WEATHER WAS RECORDED TODAY.
  NO SIGNIFICANT WEATHER WAS OBSERVED.


RELATIVE HUMIDITY (PERCENT)
 HIGHEST    36
 LOWEST      8
 AVERAGE    22

..........................................................


THE YUMA AZ CLIMATE NORMALS FOR TOMORROW
                         NORMAL    RECORD    YEAR
 MAXIMUM TEMPERATURE (F)   87       105      1959
 MINIMUM TEMPERATURE (F)   62        45      1923


SUNRISE AND SUNSET
OCTOBER 23 2017.......SUNRISE   649 AM MST   SUNSET   556 PM MST
OCTOBER 24 2017.......SUNRISE   650 AM MST   SUNSET   555 PM MST


-  INDICATES NEGATIVE NUMBERS.
R  INDICATES RECORD WAS SET OR TIED.
MM INDICATES DATA IS MISSING.
T  INDICATES TRACE AMOUNT.

$$
