000
CDUS45 KPSR 310817
CLINYL

CLIMATE REPORT
NATIONAL WEATHER SERVICE PHOENIX AZ
115 AM MST FRI OCT 31 2014


...................................

...THE YUMA AZ CLIMATE SUMMARY FOR OCTOBER 30 2014...

CLIMATE NORMAL PERIOD 1981 TO 2010
CLIMATE RECORD PERIOD 1876 TO 2014


WEATHER ITEM   OBSERVED TIME   RECORD YEAR NORMAL DEPARTURE LAST
                VALUE   (LST)  VALUE       VALUE  FROM      YEAR
                                                  NORMAL
..................................................................
TEMPERATURE (F)
 YESTERDAY
  MAXIMUM         93    329 PM  98    1962  85      8       77
  MINIMUM         66    625 AM  35    1971  60      6       55
  AVERAGE         80                        72      8       66

PRECIPITATION (IN)
  YESTERDAY        0.00          0.27 1951   0.00   0.00     0.00
  MONTH TO DATE    0.05                      0.20  -0.15      T
  SINCE OCT 1      0.05                      0.20  -0.15      T
  SINCE JAN 1      2.33                      2.82  -0.49     2.31

DEGREE DAYS
 HEATING
  YESTERDAY        0                         0      0        0
  MONTH TO DATE    0                         0      0        0
  SINCE SEP 1      0                         0      0        0
  SINCE JUL 1      0                         0      0        0

 COOLING
  YESTERDAY       15                         7      8        1
  MONTH TO DATE  517                       382    135      316
  SINCE SEP 1   1334                      1103    231     1001
  SINCE JAN 1   5170                      4556    614     4699
..................................................................


WIND (MPH)
  HIGHEST WIND SPEED    14   HIGHEST WIND DIRECTION     N (20)
  HIGHEST GUST SPEED    24   HIGHEST GUST DIRECTION    SW (210)
  AVERAGE WIND SPEED     5.1


SKY COVER
  AVERAGE SKY COVER 0.5


WEATHER CONDITIONS
 THE FOLLOWING WEATHER WAS RECORDED YESTERDAY.
  NO SIGNIFICANT WEATHER WAS OBSERVED.


RELATIVE HUMIDITY (PERCENT)
 HIGHEST    37
 LOWEST     14
 AVERAGE    26

..........................................................


THE YUMA AZ CLIMATE NORMALS FOR TODAY
                         NORMAL    RECORD    YEAR
 MAXIMUM TEMPERATURE (F)   84        98      1988
 MINIMUM TEMPERATURE (F)   60        36      1971


SUNRISE AND SUNSET
OCTOBER 31 2014.......SUNRISE   655 AM MST   SUNSET   549 PM MST
NOVEMBER  1 2014......SUNRISE   656 AM MST   SUNSET   548 PM MST


-  INDICATES NEGATIVE NUMBERS.
R  INDICATES RECORD WAS SET OR TIED.
MM INDICATES DATA IS MISSING.
T  INDICATES TRACE AMOUNT.

$$
