000
CDUS45 KPSR 310811
CLINYL

CDUS45 KPSR DDHHMM
CLINYL

CLIMATE REPORT
NATIONAL WEATHER SERVICE PHOENIX AZ
111 AM MST MON AUG 31 2015

...................................

...THE YUMA AZ CLIMATE SUMMARY FOR AUGUST 30 2015...

CLIMATE NORMAL PERIOD 1981 TO 2010
CLIMATE RECORD PERIOD 1876 TO 2015


WEATHER ITEM   OBSERVED TIME   RECORD YEAR NORMAL DEPARTURE LAST
                VALUE   (LST)  VALUE       VALUE  FROM      YEAR
                                                  NORMAL
..................................................................
TEMPERATURE (F)
 YESTERDAY
  MAXIMUM        110    456 PM 114    1998 106      4      113
                                      1984
                                      1950
  MINIMUM         88    631 AM  58    1907  81      7       83
  AVERAGE         99                        93      6       98

PRECIPITATION (IN)
  YESTERDAY        0.00          1.44 1909   0.02  -0.02     0.00
  MONTH TO DATE    T                         0.46  -0.46     0.49
  SINCE OCT 1      1.68                      3.02  -1.34     1.95
  SINCE JAN 1      1.24                      2.08  -0.84     0.84

DEGREE DAYS
 HEATING
  YESTERDAY        0                         0      0        0
  MONTH TO DATE    0                         0      0        0
  SINCE JUN 1      0                         0      0        0
  SINCE JUL 1      0                         0      0        0

 COOLING
  YESTERDAY       34                        28      6       33
  MONTH TO DATE  992                       880    112      853
  SINCE JUN 1   2677                      2514    163     2640
  SINCE JAN 1   3756                      3426    330     3802
..................................................................


WIND (MPH)
  HIGHEST WIND SPEED    17   HIGHEST WIND DIRECTION    NW (300)
  HIGHEST GUST SPEED    23   HIGHEST GUST DIRECTION    NW (300)
  AVERAGE WIND SPEED     6.3


SKY COVER
  AVERAGE SKY COVER 0.0


WEATHER CONDITIONS
 THE FOLLOWING WEATHER WAS RECORDED YESTERDAY.
  NO SIGNIFICANT WEATHER WAS OBSERVED.


RELATIVE HUMIDITY (PERCENT)
 HIGHEST    46
 LOWEST     14
 AVERAGE    30

..........................................................


THE YUMA AZ CLIMATE NORMALS FOR TODAY
                         NORMAL    RECORD    YEAR
 MAXIMUM TEMPERATURE (F)  105       118      1950
 MINIMUM TEMPERATURE (F)   81        60      1887


SUNRISE AND SUNSET
AUGUST 31 2015........SUNRISE   612 AM MST   SUNSET   705 PM MST
SEPTEMBER  1 2015.....SUNRISE   613 AM MST   SUNSET   703 PM MST


-  INDICATES NEGATIVE NUMBERS.
R  INDICATES RECORD WAS SET OR TIED.
MM INDICATES DATA IS MISSING.
T  INDICATES TRACE AMOUNT.

$$
