000
CDUS45 KPSR 180823 RRA
CLINYL

CLIMATE REPORT
NATIONAL WEATHER SERVICE PHOENIX AZ
122 AM MST THU JAN 18 2018


...................................

...THE YUMA AZ CLIMATE SUMMARY FOR JANUARY 17 2018...

CLIMATE NORMAL PERIOD 1981 TO 2010
CLIMATE RECORD PERIOD 1876 TO 2018


WEATHER ITEM   OBSERVED TIME   RECORD YEAR NORMAL DEPARTURE LAST
                VALUE   (LST)  VALUE       VALUE  FROM      YEAR
                                                  NORMAL
..................................................................
TEMPERATURE (F)
 YESTERDAY
  MAXIMUM         77    440 PM  86    2011  70      7       67
  MINIMUM         53    718 AM  31    1898  48      5       46
  AVERAGE         65                        59      6       57

PRECIPITATION (IN)
  YESTERDAY        0.00          0.78 1895   0.01  -0.01     0.00
  MONTH TO DATE    0.17                      0.23  -0.06     0.16
  SINCE OCT 1      0.24                      1.17  -0.93     1.11
  SINCE JAN 1      0.17                      0.23  -0.06     0.16

DEGREE DAYS
 HEATING
  YESTERDAY        0                         6     -6        8
  MONTH TO DATE   27                       122    -95      109
  SINCE DEC 1    165                       358   -193      294
  SINCE JUL 1    166                       426   -260      340

 COOLING
  YESTERDAY        0                         0      0        0
  MONTH TO DATE   14                         0     14        0
  SINCE DEC 1     27                         2     25        9
  SINCE JAN 1     14                         0     14        0
..................................................................


WIND (MPH)
  HIGHEST WIND SPEED    14   HIGHEST WIND DIRECTION    NE (30)
  HIGHEST GUST SPEED    17   HIGHEST GUST DIRECTION    NE (30)
  AVERAGE WIND SPEED     7.2


SKY COVER
  AVERAGE SKY COVER 0.1


WEATHER CONDITIONS
 THE FOLLOWING WEATHER WAS RECORDED YESTERDAY.
  NO SIGNIFICANT WEATHER WAS OBSERVED.


RELATIVE HUMIDITY (PERCENT)
 HIGHEST    54
 LOWEST     19
 AVERAGE    37

..........................................................


THE YUMA AZ CLIMATE NORMALS FOR TODAY
                         NORMAL    RECORD    YEAR
 MAXIMUM TEMPERATURE (F)   70        86      1959
 MINIMUM TEMPERATURE (F)   48        29      1987


SUNRISE AND SUNSET
JANUARY 18 2018.......SUNRISE   740 AM MST   SUNSET   558 PM MST
JANUARY 19 2018.......SUNRISE   740 AM MST   SUNSET   559 PM MST


-  INDICATES NEGATIVE NUMBERS.
R  INDICATES RECORD WAS SET OR TIED.
MM INDICATES DATA IS MISSING.
T  INDICATES TRACE AMOUNT.

$$
