000
CDUS45 KPSR 260814
CLINYL

CLIMATE REPORT
NATIONAL WEATHER SERVICE PHOENIX AZ
114 AM MST WED APR 26 2017

...................................

...THE YUMA AZ CLIMATE SUMMARY FOR APRIL 25 2017...

CLIMATE NORMAL PERIOD 1981 TO 2010
CLIMATE RECORD PERIOD 1876 TO 2017


WEATHER ITEM   OBSERVED TIME   RECORD YEAR NORMAL DEPARTURE LAST
                VALUE   (LST)  VALUE       VALUE  FROM      YEAR
                                                  NORMAL
..................................................................
TEMPERATURE (F)
 YESTERDAY
  MAXIMUM         87    426 PM 107    1898  89     -2       81
  MINIMUM         66    640 AM  44    1883  62      4       57
  AVERAGE         77                        75      2       69

PRECIPITATION (IN)
  YESTERDAY        0.00          0.11 2011   0.01  -0.01     0.00
  MONTH TO DATE    0.00                      0.14  -0.14     0.31
  SINCE OCT 1      2.51                      2.17   0.34     0.94
  SINCE JAN 1      1.56                      1.23   0.33     0.80

DEGREE DAYS
 HEATING
  YESTERDAY        0                         0      0        0
  MONTH TO DATE    0                        12    -12        1
  SINCE MAR 1     13                        62    -49       22
  SINCE JUL 1    526                       685   -159      598

 COOLING
  YESTERDAY       12                        11      1        4
  MONTH TO DATE  274                       195     79      245
  SINCE MAR 1    504                       312    192      425
  SINCE JAN 1    545                       348    197      561
..................................................................


WIND (MPH)
  HIGHEST WIND SPEED    29   HIGHEST WIND DIRECTION    NW (300)
  HIGHEST GUST SPEED    39   HIGHEST GUST DIRECTION    NW (300)
  AVERAGE WIND SPEED    13.3


SKY COVER
  AVERAGE SKY COVER 0.3


WEATHER CONDITIONS
 THE FOLLOWING WEATHER WAS RECORDED YESTERDAY.
  NO SIGNIFICANT WEATHER WAS OBSERVED.


RELATIVE HUMIDITY (PERCENT)
 HIGHEST    48
 LOWEST     19
 AVERAGE    34

..........................................................


THE YUMA AZ CLIMATE NORMALS FOR TODAY
                         NORMAL    RECORD    YEAR
 MAXIMUM TEMPERATURE (F)   89       104      2004
 MINIMUM TEMPERATURE (F)   62        46      1921


SUNRISE AND SUNSET
APRIL 26 2017.........SUNRISE   556 AM MST   SUNSET   717 PM MST
APRIL 27 2017.........SUNRISE   555 AM MST   SUNSET   717 PM MST


-  INDICATES NEGATIVE NUMBERS.
R  INDICATES RECORD WAS SET OR TIED.
MM INDICATES DATA IS MISSING.
T  INDICATES TRACE AMOUNT.

$$
