000
CDUS45 KPSR 010819
CLINYL

CLIMATE REPORT
NATIONAL WEATHER SERVICE PHOENIX AZ
118 AM MST SUN MAR 1 2015


...................................

...THE YUMA AZ CLIMATE SUMMARY FOR FEBRUARY 28 2015...

CLIMATE NORMAL PERIOD 1981 TO 2010
CLIMATE RECORD PERIOD 1876 TO 2015


WEATHER ITEM   OBSERVED TIME   RECORD YEAR NORMAL DEPARTURE LAST
                VALUE   (LST)  VALUE       VALUE  FROM      YEAR
                                                  NORMAL
..................................................................
TEMPERATURE (F)
 YESTERDAY
  MAXIMUM         76    453 PM  97    1986  77     -1       83
  MINIMUM         53    739 AM  31    1962  52      1       63
  AVERAGE         65                        64      1       73

PRECIPITATION (IN)
  YESTERDAY        0.00          1.04 1945   0.01  -0.01      T
  MONTH TO DATE    0.00                      0.39  -0.39      T
  SINCE OCT 1      0.63                      1.70  -1.07     1.11
  SINCE JAN 1      0.19                      0.76  -0.57      T

DEGREE DAYS
 HEATING
  YESTERDAY        0                         3     -3        0
  MONTH TO DATE    6                       114   -108       54
  SINCE DEC 1     45                       555   -510      322
  SINCE JUL 1     60                       623   -563      361

 COOLING
  YESTERDAY        0                         2     -2        8
  MONTH TO DATE  109                        30     79       98
  SINCE DEC 1    111                        38     73      115
  SINCE JAN 1    111                        36     75      114
..................................................................


WIND (MPH)
  HIGHEST WIND SPEED    16   HIGHEST WIND DIRECTION    NW (300)
  HIGHEST GUST SPEED    21   HIGHEST GUST DIRECTION    NW (310)
  AVERAGE WIND SPEED     7.4


SKY COVER
  AVERAGE SKY COVER 0.5


WEATHER CONDITIONS
 THE FOLLOWING WEATHER WAS RECORDED YESTERDAY.
  NO SIGNIFICANT WEATHER WAS OBSERVED.


RELATIVE HUMIDITY (PERCENT)
 HIGHEST    86
 LOWEST     33
 AVERAGE    60

..........................................................


THE YUMA AZ CLIMATE NORMALS FOR TODAY
                         NORMAL    RECORD    YEAR
 MAXIMUM TEMPERATURE (F)   77        93      1986
 MINIMUM TEMPERATURE (F)   52        33      1962


SUNRISE AND SUNSET
MARCH  1 2015.........SUNRISE   706 AM MST   SUNSET   636 PM MST
MARCH  2 2015.........SUNRISE   705 AM MST   SUNSET   636 PM MST


-  INDICATES NEGATIVE NUMBERS.
R  INDICATES RECORD WAS SET OR TIED.
MM INDICATES DATA IS MISSING.
T  INDICATES TRACE AMOUNT.

$$
