000
CDUS46 KMTR 240836
CLIOAK


CLIMATE REPORT
NATIONAL WEATHER SERVICE SAN FRANCISCO BAY AREA
136 AM PDT TUE MAY 24 2016


...................................

...THE OAKLAND AIRPORT CLIMATE SUMMARY FOR MAY 23 2016...

CLIMATE NORMAL PERIOD 1981 TO 2010
CLIMATE RECORD PERIOD 1948 TO 2016


WEATHER ITEM   OBSERVED TIME   RECORD YEAR NORMAL DEPARTURE LAST
                VALUE   (LST)  VALUE       VALUE  FROM      YEAR
                                                  NORMAL
..................................................................
TEMPERATURE (F)
 YESTERDAY
  MAXIMUM         68    241 PM  87    1952  68      0       62
  MINIMUM         55    359 AM  46    2010  52      3       53
                                      2002
  AVERAGE         62                        60      2       58

PRECIPITATION (IN)
  YESTERDAY        T             0.09 1960   0.01  -0.01      T
  MONTH TO DATE    0.02                      0.57  -0.55      T
  SINCE OCT 1     16.56                     20.24  -3.68    14.39
  SINCE JAN 1     11.34                     12.93  -1.59     3.17

SNOWFALL (IN)
  YESTERDAY        0.0                                       0.0
  MONTH TO DATE    0.0                                       0.0
  SINCE MAR 1      0.0                                       0.0
  SINCE JUL 1      0.0                                       0.0

DEGREE DAYS
 HEATING
  YESTERDAY        3                         6     -3        7
  MONTH TO DATE   70                       141    -71      156
  SINCE MAR 1    405                       705   -300      568
  SINCE JUL 1   1880                      2727   -847     1877

 COOLING
  YESTERDAY        0                         0      0        0
  MONTH TO DATE   10                         0     10        0
  SINCE MAR 1     28                         6     22        4
  SINCE JAN 1     29                         6     23        4
..................................................................


WIND (MPH)
  RESULTANT WIND SPEED  13   RESULTANT WIND DIRECTION   W (270)
  HIGHEST WIND SPEED    20   HIGHEST WIND DIRECTION     W (260)
  HIGHEST GUST SPEED    23   HIGHEST GUST DIRECTION     W (250)
  AVERAGE WIND SPEED    12.9


SKY COVER
  POSSIBLE SUNSHINE  MM
  AVERAGE SKY COVER 0.8


WEATHER CONDITIONS
 THE FOLLOWING WEATHER WAS RECORDED YESTERDAY.
  NO SIGNIFICANT WEATHER WAS OBSERVED.


RELATIVE HUMIDITY (PERCENT)
 HIGHEST    80           800 PM
 LOWEST     52           100 PM
 AVERAGE    66

..........................................................


THE OAKLAND AIRPORT CLIMATE NORMALS FOR TODAY
                         NORMAL    RECORD    YEAR
 MAXIMUM TEMPERATURE (F)   68        80      1949
 MINIMUM TEMPERATURE (F)   52        47      2011
                                             1961


SUNRISE AND SUNSET
MAY 24 2016...........SUNRISE   552 AM PDT   SUNSET   820 PM PDT
MAY 25 2016...........SUNRISE   552 AM PDT   SUNSET   820 PM PDT


-  INDICATES NEGATIVE NUMBERS.
R  INDICATES RECORD WAS SET OR TIED.
MM INDICATES DATA IS MISSING.
T  INDICATES TRACE AMOUNT.




$$
