000
CDUS46 KMTR 270829
CLIOAK


CLIMATE REPORT
NATIONAL WEATHER SERVICE SAN FRANCISCO BAY AREA
129 AM PDT THU APR 27 2017


...................................

...THE OAKLAND AIRPORT CLIMATE SUMMARY FOR APRIL 26 2017...

CLIMATE NORMAL PERIOD 1981 TO 2010
CLIMATE RECORD PERIOD 1948 TO 2017


WEATHER ITEM   OBSERVED TIME   RECORD YEAR NORMAL DEPARTURE LAST
                VALUE   (LST)  VALUE       VALUE  FROM      YEAR
                                                  NORMAL
..................................................................
TEMPERATURE (F)
 YESTERDAY
  MAXIMUM         66    153 PM  88    2004  67     -1       66
  MINIMUM         54    949 AM  41    1955  49      5       47
  AVERAGE         60                        58      2       57

PRECIPITATION (IN)
  YESTERDAY        T             0.53 1956   0.03  -0.03     0.00
  MONTH TO DATE    2.46                      1.21   1.25     0.97
  SINCE OCT 1     28.45                     19.54   8.91    16.51
  SINCE JAN 1     20.02                     12.23   7.79    11.29

SNOWFALL (IN)
  YESTERDAY        0.0                                      MM
  MONTH TO DATE    0.0                                       0.0
  SINCE MAR 1      0.0                                       0.0
  SINCE JUL 1      0.0                                       0.0

DEGREE DAYS
 HEATING
  YESTERDAY        5                         7     -2        8
  MONTH TO DATE  146                       206    -60      100
  SINCE MAR 1    356                       537   -181      317
  SINCE JUL 1   1885                      2559   -674     1792

 COOLING
  YESTERDAY        0                         0      0        0
  MONTH TO DATE    0                         0      0       14
  SINCE MAR 1      1                         1      0       14
  SINCE JAN 1      1                         1      0       15
..................................................................


WIND (MPH)
  RESULTANT WIND SPEED  12   RESULTANT WIND DIRECTION   W (260)
  HIGHEST WIND SPEED    26   HIGHEST WIND DIRECTION     W (280)
  HIGHEST GUST SPEED    30   HIGHEST GUST DIRECTION     W (280)
  AVERAGE WIND SPEED    12.7


SKY COVER
  POSSIBLE SUNSHINE  MM
  AVERAGE SKY COVER 0.9


WEATHER CONDITIONS
 THE FOLLOWING WEATHER WAS RECORDED YESTERDAY.
  LIGHT RAIN
  FOG


RELATIVE HUMIDITY (PERCENT)
 HIGHEST   100          1000 AM
 LOWEST     73           200 PM
 AVERAGE    87

..........................................................


THE OAKLAND AIRPORT CLIMATE NORMALS FOR TODAY
                         NORMAL    RECORD    YEAR
 MAXIMUM TEMPERATURE (F)   67        88      2004
 MINIMUM TEMPERATURE (F)   50        35      1955


SUNRISE AND SUNSET
APRIL 27 2017.........SUNRISE   618 AM PDT   SUNSET   756 PM PDT
APRIL 28 2017.........SUNRISE   616 AM PDT   SUNSET   757 PM PDT


-  INDICATES NEGATIVE NUMBERS.
R  INDICATES RECORD WAS SET OR TIED.
MM INDICATES DATA IS MISSING.
T  INDICATES TRACE AMOUNT.




$$
