000
CDUS46 KMTR 170855
CLIOAK


CLIMATE REPORT
NATIONAL WEATHER SERVICE SAN FRANCISCO BAY AREA
1255 AM PST WED DEC 17 2014


...................................

...THE OAKLAND AIRPORT CLIMATE SUMMARY FOR DECEMBER 16 2014...

CLIMATE NORMAL PERIOD 1981 TO 2010
CLIMATE RECORD PERIOD 1948 TO 2014


WEATHER ITEM   OBSERVED TIME   RECORD YEAR NORMAL DEPARTURE LAST
                VALUE   (LST)  VALUE       VALUE  FROM      YEAR
                                                  NORMAL
..................................................................
TEMPERATURE (F)
 YESTERDAY
  MAXIMUM         61    111 PM  78    1998  56      5       66
  MINIMUM         50   1159 PM  34    1965  41      9       36
  AVERAGE         56                        49      7       51

PRECIPITATION (IN)
  YESTERDAY        0.65          1.33 2002   0.13   0.52     0.00
  MONTH TO DATE    8.37                      1.71   6.66     0.28
  SINCE JUL 1     11.18                      5.64   5.54     2.07
  SINCE JAN 1     19.16                     18.86   0.30     4.89

SNOWFALL (IN)
  YESTERDAY        0.0                                       0.0
  MONTH TO DATE    0.0                                       0.0
  SINCE DEC 1      0.0                                       0.0
  SINCE JUL 1      0.0                                       0.0

DEGREE DAYS
 HEATING
  YESTERDAY        9                        16     -7       14
  MONTH TO DATE  118                       247   -129      326
  SINCE DEC 1    118                       247   -129      326
  SINCE JUL 1    455                       922   -467      881

 COOLING
  YESTERDAY        0                         0      0        0
  MONTH TO DATE    0                         0      0        0
  SINCE DEC 1      0                         0      0        0
  SINCE JAN 1    305                       138    167      212
..................................................................


WIND (MPH)
  RESULTANT WIND SPEED  10   RESULTANT WIND DIRECTION  SE (140)
  HIGHEST WIND SPEED    21   HIGHEST WIND DIRECTION     S (180)
  HIGHEST GUST SPEED    24   HIGHEST GUST DIRECTION     S (180)
  AVERAGE WIND SPEED    10.5


SKY COVER
  POSSIBLE SUNSHINE  MM
  AVERAGE SKY COVER 0.8


WEATHER CONDITIONS
 THE FOLLOWING WEATHER WAS RECORDED YESTERDAY.
  HEAVY RAIN
  RAIN
  LIGHT RAIN
  FOG


RELATIVE HUMIDITY (PERCENT)
 HIGHEST    93           600 PM
 LOWEST     67           200 PM
 AVERAGE    80

..........................................................


THE OAKLAND AIRPORT CLIMATE NORMALS FOR TODAY
                         NORMAL    RECORD    YEAR
 MAXIMUM TEMPERATURE (F)   56        71      1998
 MINIMUM TEMPERATURE (F)   41        33      1965


SUNRISE AND SUNSET
DECEMBER 17 2014......SUNRISE   718 AM PST   SUNSET   452 PM PST
DECEMBER 18 2014......SUNRISE   719 AM PST   SUNSET   452 PM PST


-  INDICATES NEGATIVE NUMBERS.
R  INDICATES RECORD WAS SET OR TIED.
MM INDICATES DATA IS MISSING.
T  INDICATES TRACE AMOUNT.




$$
