000
CDUS43 KOAX 030656
CLIOAX


CLIMATE REPORT
NATIONAL WEATHER SERVICE OMAHA NEBRASKA
154 AM CDT TUE MAY 3 2016


...................................

...THE VALLEY  NWS, NEBRASKA CLIMATE SUMMARY FOR MAY 2 2016...

CLIMATE NORMAL PERIOD 1981 TO 2010
CLIMATE RECORD PERIOD 1997 TO 2016


WEATHER ITEM   OBSERVED TIME   NORMAL DEPARTURE LAST
                VALUE   (LST)  VALUE  FROM      YEAR
                                      NORMAL
......................................................
TEMPERATURE (F)
 YESTERDAY
  MAXIMUM         64    228 PM  67     -3       74
  MINIMUM         43    528 AM  46     -3       57
  AVERAGE         54            57     -3       66

PRECIPITATION (IN)
  YESTERDAY        0.00          0.14  -0.14     0.91
  MONTH TO DATE    0.02          0.29  -0.27     0.91
  SINCE MAR 1      7.81          5.32   2.49     5.09
  SINCE JAN 1      9.55          7.03   2.52     6.66

SNOWFALL (IN)
  YESTERDAY        0.0                           0.0
  MONTH TO DATE    0.0                           0.0
  SINCE JUL 1     28.7                          19.3
  SNOW DEPTH       0

DEGREE DAYS
 HEATING
  YESTERDAY       11             9      2        0
  MONTH TO DATE   29            18     11        1
  SINCE MAR 1    911          1285   -374      989
  SINCE JUL 1   4899          6116  -1217     5718

 COOLING
  YESTERDAY        0             1     -1        1
  MONTH TO DATE    0             2     -2        1
  SINCE MAR 1      0             9     -9        5
  SINCE JAN 1      0             9     -9        5
......................................................


WIND (MPH)
  HIGHEST WIND SPEED    MM   HIGHEST WIND DIRECTION    MM
  HIGHEST GUST SPEED    14   HIGHEST GUST DIRECTION    MM


SKY COVER
  POSSIBLE SUNSHINE  MM


WEATHER CONDITIONS
 THE FOLLOWING WEATHER WAS RECORDED YESTERDAY.
  NO SIGNIFICANT WEATHER WAS OBSERVED.


..........................................................


THE VALLEY  NWS, NEBRASKA CLIMATE NORMALS FOR TODAY
                         NORMAL
 MAXIMUM TEMPERATURE (F)   68
 MINIMUM TEMPERATURE (F)   47


SUNRISE AND SUNSET
MAY  3 2016...........SUNRISE   620 AM CDT   SUNSET   826 PM CDT
MAY  4 2016...........SUNRISE   618 AM CDT   SUNSET   827 PM CDT


-  INDICATES NEGATIVE NUMBERS.
R  INDICATES RECORD WAS SET OR TIED.
MM INDICATES DATA IS MISSING.
T  INDICATES TRACE AMOUNT.




$$
