000
CDUS43 KOAX 010720
CLIOAX


CLIMATE REPORT
NATIONAL WEATHER SERVICE OMAHA NEBRASKA
219 AM CDT WED JUN 1 2016


...................................

...THE VALLEY  NWS, NEBRASKA CLIMATE SUMMARY FOR MAY 31 2016...

CLIMATE NORMAL PERIOD 1981 TO 2010
CLIMATE RECORD PERIOD 1997 TO 2016


WEATHER ITEM   OBSERVED TIME   NORMAL DEPARTURE LAST
                VALUE   (LST)  VALUE  FROM      YEAR
                                      NORMAL
......................................................
TEMPERATURE (F)
 YESTERDAY
  MAXIMUM         77    558 PM  78     -1       68
  MINIMUM         62    748 AM  58      4       47
  AVERAGE         70            68      2       58

PRECIPITATION (IN)
  YESTERDAY        0.00          0.17  -0.17     0.00
  MONTH TO DATE    6.91          4.58   2.33     6.10
  SINCE MAR 1     14.70          9.61   5.09    10.28
  SINCE JAN 1     16.44         11.32   5.12    11.85

SNOWFALL (IN)
  YESTERDAY        0.0                           0.0
  MONTH TO DATE    0.0                           0.0
  SINCE JUL 1     28.7                          19.3
  SNOW DEPTH       0

DEGREE DAYS
 HEATING
  YESTERDAY        0             2     -2        7
  MONTH TO DATE  129           151    -22      149
  SINCE MAR 1   1011          1419   -408     1137
  SINCE JUL 1   4999          6250  -1251     5866

 COOLING
  YESTERDAY        5             4      1        0
  MONTH TO DATE   53            65    -12       27
  SINCE MAR 1     53            72    -19       31
  SINCE JAN 1     53            72    -19       31
......................................................


WIND (MPH)
  HIGHEST WIND SPEED    MM   HIGHEST WIND DIRECTION    MM
  HIGHEST GUST SPEED    20   HIGHEST GUST DIRECTION    MM


SKY COVER
  POSSIBLE SUNSHINE  MM


WEATHER CONDITIONS
 THE FOLLOWING WEATHER WAS RECORDED YESTERDAY.
  LIGHT RAIN


..........................................................


THE VALLEY  NWS, NEBRASKA CLIMATE NORMALS FOR TODAY
                         NORMAL
 MAXIMUM TEMPERATURE (F)   78
 MINIMUM TEMPERATURE (F)   58


SUNRISE AND SUNSET
JUNE  1 2016..........SUNRISE   554 AM CDT   SUNSET   853 PM CDT
JUNE  2 2016..........SUNRISE   554 AM CDT   SUNSET   854 PM CDT


-  INDICATES NEGATIVE NUMBERS.
R  INDICATES RECORD WAS SET OR TIED.
MM INDICATES DATA IS MISSING.
T  INDICATES TRACE AMOUNT.




$$
