000
CDUS43 KOAX 270638
CLIOAX


CLIMATE REPORT
NATIONAL WEATHER SERVICE OMAHA NEBRASKA
137 AM CDT WED MAY 27 2015


...................................

...THE VALLEY  NWS, NEBRASKA CLIMATE SUMMARY FOR MAY 26 2015...

CLIMATE NORMAL PERIOD 1981 TO 2010
CLIMATE RECORD PERIOD 1997 TO 2015


WEATHER ITEM   OBSERVED TIME   NORMAL DEPARTURE LAST
                VALUE   (LST)  VALUE  FROM      YEAR
                                      NORMAL
......................................................
TEMPERATURE (F)
 YESTERDAY
  MAXIMUM         69    605 PM  76     -7       84
  MINIMUM         57   1159 PM  56      1       65
  AVERAGE         63            66     -3       75

PRECIPITATION (IN)
  YESTERDAY        0.10          0.14  -0.04     0.02
  MONTH TO DATE    5.81          3.80   2.01     4.85
  SINCE MAR 1      9.99          8.83   1.16     7.87
  SINCE JAN 1     11.56         10.54   1.02     8.91

SNOWFALL (IN)
  YESTERDAY        0.0                           0.0
  MONTH TO DATE    0.0                           0.0
  SINCE JUL 1     19.3                          18.2
  SNOW DEPTH       0

DEGREE DAYS
 HEATING
  YESTERDAY        2             2      0        0
  MONTH TO DATE  138           141     -3      148
  SINCE MAR 1   1126          1408   -282     1441
  SINCE JUL 1   5855          6239   -384     6501

 COOLING
  YESTERDAY        0             3     -3       10
  MONTH TO DATE   20            46    -26       67
  SINCE MAR 1     24            53    -29       76
  SINCE JAN 1     24            53    -29       76
......................................................


WIND (MPH)
  HIGHEST WIND SPEED    MM   HIGHEST WIND DIRECTION    MM
  HIGHEST GUST SPEED    21   HIGHEST GUST DIRECTION    MM


SKY COVER
  POSSIBLE SUNSHINE  MM


WEATHER CONDITIONS
 THE FOLLOWING WEATHER WAS RECORDED YESTERDAY.
  LIGHT RAIN


..........................................................


THE VALLEY  NWS, NEBRASKA CLIMATE NORMALS FOR TODAY
                         NORMAL
 MAXIMUM TEMPERATURE (F)   77
 MINIMUM TEMPERATURE (F)   56


SUNRISE AND SUNSET
MAY 27 2015...........SUNRISE   557 AM CDT   SUNSET   848 PM CDT
MAY 28 2015...........SUNRISE   557 AM CDT   SUNSET   849 PM CDT


-  INDICATES NEGATIVE NUMBERS.
R  INDICATES RECORD WAS SET OR TIED.
MM INDICATES DATA IS MISSING.
T  INDICATES TRACE AMOUNT.




$$
