000
CDUS43 KOAX 240649
CLIOAX


CLIMATE REPORT
NATIONAL WEATHER SERVICE OMAHA NEBRASKA
149 AM CDT SAT JUN 24 2017


...................................

...THE VALLEY  NWS, NEBRASKA CLIMATE SUMMARY FOR JUNE 23 2017...

CLIMATE NORMAL PERIOD 1981 TO 2010
CLIMATE RECORD PERIOD 1997 TO 2017


WEATHER ITEM   OBSERVED TIME   NORMAL DEPARTURE LAST
                VALUE   (LST)  VALUE  FROM      YEAR
                                      NORMAL
......................................................
TEMPERATURE (F)
 YESTERDAY
  MAXIMUM         75    242 PM  84     -9       83
  MINIMUM         60   1159 PM  65     -5       64
  AVERAGE         68            74     -6       74

PRECIPITATION (IN)
  YESTERDAY        0.00          0.17  -0.17     0.00
  MONTH TO DATE    1.68          4.03  -2.35     6.78
  SINCE JUN 1      1.68          4.03  -2.35     6.78
  SINCE JAN 1     17.03         15.35   1.68    23.28

SNOWFALL (IN)
  YESTERDAY        0.0                           0.0
  MONTH TO DATE    T                             0.0
  SINCE JUL 1     11.8                          28.7
  SNOW DEPTH       0

DEGREE DAYS
 HEATING
  YESTERDAY        0             0      0        0
  MONTH TO DATE    0            13    -13        0
  SINCE JUN 1      0            13    -13        0
  SINCE JUL 1   5048          6263  -1215     4999

 COOLING
  YESTERDAY        3             9     -6        9
  MONTH TO DATE  275           162    113      298
  SINCE JUN 1    275           162    113      298
  SINCE JAN 1    339           234    105      351
......................................................


WIND (MPH)
  HIGHEST WIND SPEED    MM   HIGHEST WIND DIRECTION    MM
  HIGHEST GUST SPEED    29   HIGHEST GUST DIRECTION    MM


SKY COVER
  POSSIBLE SUNSHINE  MM


WEATHER CONDITIONS
 THE FOLLOWING WEATHER WAS RECORDED YESTERDAY.
  NO SIGNIFICANT WEATHER WAS OBSERVED.


..........................................................


THE VALLEY  NWS, NEBRASKA CLIMATE NORMALS FOR TODAY
                         NORMAL
 MAXIMUM TEMPERATURE (F)   84
 MINIMUM TEMPERATURE (F)   65


SUNRISE AND SUNSET
JUNE 24 2017..........SUNRISE   553 AM CDT   SUNSET   903 PM CDT
JUNE 25 2017..........SUNRISE   554 AM CDT   SUNSET   903 PM CDT


-  INDICATES NEGATIVE NUMBERS.
R  INDICATES RECORD WAS SET OR TIED.
MM INDICATES DATA IS MISSING.
T  INDICATES TRACE AMOUNT.




$$
