000
CDUS43 KGID 260628
CLIODX


CLIMATE REPORT
NATIONAL WEATHER SERVICE HASTINGS NE
126 AM CDT TUE SEP 26 2017


...................................

...THE ORD NE CLIMATE SUMMARY FOR SEPTEMBER 25 2017...

CLIMATE NORMAL PERIOD 1981 TO 2010
CLIMATE RECORD PERIOD 1895 TO 2017


WEATHER ITEM   OBSERVED TIME   NORMAL DEPARTURE LAST
                VALUE   (LST)  VALUE  FROM      YEAR
                                      NORMAL
......................................................
TEMPERATURE (F)
 YESTERDAY
  MAXIMUM         53   1206 AM  74    -21       70
  MINIMUM         49   1054 PM  44      5       38
  AVERAGE         51            59     -8       54

PRECIPITATION (IN)
  YESTERDAY        0.77          0.07   0.70     0.00
  MONTH TO DATE    2.82          2.13   0.69     1.70
  SINCE SEP 1      2.82          2.13   0.69     1.70
  SINCE JAN 1     22.99         21.04   1.95    28.86

DEGREE DAYS
 HEATING
  YESTERDAY       14             7      7       11
  MONTH TO DATE   71            82    -11       46
  SINCE SEP 1     71            82    -11       46
  SINCE JUL 1     79            96    -17       60

 COOLING
  YESTERDAY        0             1     -1        0
  MONTH TO DATE   95            77     18       77
  SINCE SEP 1     95            77     18       77
  SINCE JAN 1    839           834      5      883
......................................................


WIND (MPH)
  HIGHEST WIND SPEED    18   HIGHEST WIND DIRECTION     N (340)
  HIGHEST GUST SPEED    24   HIGHEST GUST DIRECTION     N (20)
  AVERAGE WIND SPEED    11.2


SKY COVER
  AVERAGE SKY COVER 1.0


WEATHER CONDITIONS
 THE FOLLOWING WEATHER WAS RECORDED YESTERDAY.
  HEAVY RAIN
  RAIN
  LIGHT RAIN
  FOG


RELATIVE HUMIDITY (PERCENT)
 HIGHEST    93           400 AM
 LOWEST     83           800 AM
 AVERAGE    88

..........................................................


THE ORD NE CLIMATE NORMALS FOR TODAY
                         NORMAL
 MAXIMUM TEMPERATURE (F)   74
 MINIMUM TEMPERATURE (F)   44


SUNRISE AND SUNSET
SEPTEMBER 26 2017.....SUNRISE   728 AM CDT   SUNSET   726 PM CDT
SEPTEMBER 27 2017.....SUNRISE   729 AM CDT   SUNSET   724 PM CDT


-  INDICATES NEGATIVE NUMBERS.
R  INDICATES RECORD WAS SET OR TIED.
MM INDICATES DATA IS MISSING.
T  INDICATES TRACE AMOUNT.




$$
