000
CDUS43 KGID 290739
CLIODX


CLIMATE REPORT
NATIONAL WEATHER SERVICE HASTINGS NE
238 AM CDT MON MAY 29 2017


...................................

...THE ORD NE CLIMATE SUMMARY FOR MAY 28 2017...

CLIMATE NORMAL PERIOD 1981 TO 2010
CLIMATE RECORD PERIOD 1895 TO 2017


WEATHER ITEM   OBSERVED TIME   NORMAL DEPARTURE LAST
                VALUE   (LST)  VALUE  FROM      YEAR
                                      NORMAL
......................................................
TEMPERATURE (F)
 YESTERDAY
  MAXIMUM         76    510 PM  76      0       75
  MINIMUM         46    509 AM  51     -5       56
  AVERAGE         61            64     -3       66

PRECIPITATION (IN)
  YESTERDAY        0.00          0.14  -0.14     0.42
  MONTH TO DATE    3.06          3.36  -0.30     4.99
  SINCE MAR 1      9.14          7.40   1.74    15.33
  SINCE JAN 1     11.08          8.21   2.87    16.48

DEGREE DAYS
 HEATING
  YESTERDAY        4             4      0        0
  MONTH TO DATE  236           207     29      219
  SINCE MAR 1   1414          1543   -129     1337
  SINCE JUL 1   5925          6560   -635     5686

 COOLING
  YESTERDAY        0             2     -2        1
  MONTH TO DATE   14            33    -19       15
  SINCE MAR 1     14            35    -21       15
  SINCE JAN 1     14            35    -21       15
......................................................


WIND (MPH)
  HIGHEST WIND SPEED    29   HIGHEST WIND DIRECTION    NW (320)
  HIGHEST GUST SPEED    39   HIGHEST GUST DIRECTION    NW (310)
  AVERAGE WIND SPEED    11.4


SKY COVER
  AVERAGE SKY COVER 0.0


WEATHER CONDITIONS
 THE FOLLOWING WEATHER WAS RECORDED YESTERDAY.
  NO SIGNIFICANT WEATHER WAS OBSERVED.


RELATIVE HUMIDITY (PERCENT)
 HIGHEST    89          1200 AM
 LOWEST     23           300 PM
 AVERAGE    56

..........................................................


THE ORD NE CLIMATE NORMALS FOR TODAY
                         NORMAL
 MAXIMUM TEMPERATURE (F)   76
 MINIMUM TEMPERATURE (F)   52


SUNRISE AND SUNSET
MAY 29 2017...........SUNRISE   605 AM CDT   SUNSET   902 PM CDT
MAY 30 2017...........SUNRISE   605 AM CDT   SUNSET   902 PM CDT


-  INDICATES NEGATIVE NUMBERS.
R  INDICATES RECORD WAS SET OR TIED.
MM INDICATES DATA IS MISSING.
T  INDICATES TRACE AMOUNT.




$$
