000
CDUS43 KGID 300704
CLIODX


CLIMATE REPORT
NATIONAL WEATHER SERVICE HASTINGS NE
203 AM CDT THU MAR 30 2017


...................................

...THE ORD NE CLIMATE SUMMARY FOR MARCH 29 2017...

CLIMATE NORMAL PERIOD 1981 TO 2010
CLIMATE RECORD PERIOD 1895 TO 2017


WEATHER ITEM   OBSERVED TIME   NORMAL DEPARTURE LAST
                VALUE   (LST)  VALUE  FROM      YEAR
                                      NORMAL
......................................................
TEMPERATURE (F)
 YESTERDAY
  MAXIMUM         45   1222 PM  56    -11       58
  MINIMUM         38   1159 PM  30      8       41
  AVERAGE         42            43     -1       50

PRECIPITATION (IN)
  YESTERDAY        0.13          0.10   0.03     0.21
  MONTH TO DATE    1.83          1.25   0.58     1.24
  SINCE MAR 1      1.83          1.25   0.58     1.24
  SINCE JAN 1      3.77          2.06   1.71     2.39

DEGREE DAYS
 HEATING
  YESTERDAY       23            22      1       15
  MONTH TO DATE  684           803   -119      637
  SINCE MAR 1    684           803   -119      637
  SINCE JUL 1   5195          5820   -625     4986

 COOLING
  YESTERDAY        0             0      0        0
  MONTH TO DATE    0             0      0        0
  SINCE MAR 1      0             0      0        0
  SINCE JAN 1      0             0      0        0
......................................................


WIND (MPH)
  HIGHEST WIND SPEED    23   HIGHEST WIND DIRECTION    NE (50)
  HIGHEST GUST SPEED    29   HIGHEST GUST DIRECTION     N (20)
  AVERAGE WIND SPEED    13.3


SKY COVER
  AVERAGE SKY COVER 1.0


WEATHER CONDITIONS
 THE FOLLOWING WEATHER WAS RECORDED YESTERDAY.
  LIGHT RAIN
  FOG


RELATIVE HUMIDITY (PERCENT)
 HIGHEST    89           100 AM
 LOWEST     82           500 PM
 AVERAGE    86

..........................................................


THE ORD NE CLIMATE NORMALS FOR TODAY
                         NORMAL
 MAXIMUM TEMPERATURE (F)   56
 MINIMUM TEMPERATURE (F)   30


SUNRISE AND SUNSET
MARCH 30 2017.........SUNRISE   722 AM CDT   SUNSET   759 PM CDT
MARCH 31 2017.........SUNRISE   720 AM CDT   SUNSET   800 PM CDT


-  INDICATES NEGATIVE NUMBERS.
R  INDICATES RECORD WAS SET OR TIED.
MM INDICATES DATA IS MISSING.
T  INDICATES TRACE AMOUNT.




$$
