000
CDUS43 KGID 060729
CLIODX


CLIMATE REPORT
NATIONAL WEATHER SERVICE HASTINGS NE
228 AM CDT FRI MAY 6 2016


...................................

...THE ORD NE CLIMATE SUMMARY FOR MAY 5 2016...

CLIMATE NORMAL PERIOD 1981 TO 2010
CLIMATE RECORD PERIOD 1895 TO 2016


WEATHER ITEM   OBSERVED TIME   NORMAL DEPARTURE LAST
                VALUE   (LST)  VALUE  FROM      YEAR
                                      NORMAL
......................................................
TEMPERATURE (F)
 YESTERDAY
  MAXIMUM         80    445 PM  68     12       73
  MINIMUM         36    518 AM  43     -7       54
  AVERAGE         58            55      3       64

PRECIPITATION (IN)
  YESTERDAY        0.00          0.10  -0.10     0.02
  MONTH TO DATE    0.22          0.58  -0.36     0.02
  SINCE MAR 1     10.56          4.62   5.94     2.76
  SINCE JAN 1     11.71          5.43   6.28     3.50

DEGREE DAYS
 HEATING
  YESTERDAY        7            10     -3        1
  MONTH TO DATE   68            53     15        8
  SINCE MAR 1   1186          1389   -203     1157
  SINCE JUL 1   5535          6406   -871     6289

 COOLING
  YESTERDAY        0             1     -1        0
  MONTH TO DATE    0             1     -1        2
  SINCE MAR 1      0             3     -3        6
  SINCE JAN 1      0             3     -3        6
......................................................


WIND (MPH)
  HIGHEST WIND SPEED    15   HIGHEST WIND DIRECTION     S (180)
  HIGHEST GUST SPEED    18   HIGHEST GUST DIRECTION     S (170)
  AVERAGE WIND SPEED     6.4


SKY COVER
  AVERAGE SKY COVER 0.0


WEATHER CONDITIONS
 THE FOLLOWING WEATHER WAS RECORDED YESTERDAY.
  NO SIGNIFICANT WEATHER WAS OBSERVED.


RELATIVE HUMIDITY (PERCENT)
 HIGHEST    92           200 AM
 LOWEST     28           500 PM
 AVERAGE    60

..........................................................


THE ORD NE CLIMATE NORMALS FOR TODAY
                         NORMAL
 MAXIMUM TEMPERATURE (F)   68
 MINIMUM TEMPERATURE (F)   43


SUNRISE AND SUNSET
MAY  6 2016...........SUNRISE   626 AM CDT   SUNSET   840 PM CDT
MAY  7 2016...........SUNRISE   624 AM CDT   SUNSET   841 PM CDT


-  INDICATES NEGATIVE NUMBERS.
R  INDICATES RECORD WAS SET OR TIED.
MM INDICATES DATA IS MISSING.
T  INDICATES TRACE AMOUNT.




$$
