000
CDUS43 KGID 300633
CLIODX


CLIMATE REPORT
NATIONAL WEATHER SERVICE HASTINGS NE
132 AM CDT THU JUL 30 2015


...................................

...THE ORD NE CLIMATE SUMMARY FOR JULY 29 2015...

CLIMATE NORMAL PERIOD 1981 TO 2010
CLIMATE RECORD PERIOD 1895 TO 2015


WEATHER ITEM   OBSERVED TIME   NORMAL DEPARTURE LAST
                VALUE   (LST)  VALUE  FROM      YEAR
                                      NORMAL
......................................................
TEMPERATURE (F)
 YESTERDAY
  MAXIMUM         86    350 PM  88     -2       81
  MINIMUM         51    546 AM  62    -11       55
  AVERAGE         69            75     -6       68

PRECIPITATION (IN)
  YESTERDAY        0.00          0.16  -0.16     0.10
  MONTH TO DATE    2.16          2.62  -0.46     2.07
  SINCE JUN 1      5.43          6.74  -1.31    10.15
  SINCE JAN 1     11.89         15.40  -3.51    12.37

DEGREE DAYS
 HEATING
  YESTERDAY        0             0      0        0
  MONTH TO DATE    5             0      5       19
  SINCE JUN 1     11            37    -26       51
  SINCE JUL 1      5             0      5       19

 COOLING
  YESTERDAY        4            10     -6        3
  MONTH TO DATE  279           277      2      174
  SINCE JUN 1    439           439      0      320
  SINCE JAN 1    448           480    -32      389
......................................................


WIND (MPH)
  HIGHEST WIND SPEED    13   HIGHEST WIND DIRECTION     W (250)
  HIGHEST GUST SPEED    18   HIGHEST GUST DIRECTION    SW (240)
  AVERAGE WIND SPEED     4.1


SKY COVER
  AVERAGE SKY COVER 0.0


WEATHER CONDITIONS
 THE FOLLOWING WEATHER WAS RECORDED YESTERDAY.
  HAZE


RELATIVE HUMIDITY (PERCENT)
 HIGHEST   100           600 AM
 LOWEST     23          1200 PM
 AVERAGE    62

..........................................................


THE ORD NE CLIMATE NORMALS FOR TODAY
                         NORMAL
 MAXIMUM TEMPERATURE (F)   88
 MINIMUM TEMPERATURE (F)   62


SUNRISE AND SUNSET
JULY 30 2015..........SUNRISE   628 AM CDT   SUNSET   856 PM CDT
JULY 31 2015..........SUNRISE   629 AM CDT   SUNSET   855 PM CDT


-  INDICATES NEGATIVE NUMBERS.
R  INDICATES RECORD WAS SET OR TIED.
MM INDICATES DATA IS MISSING.
T  INDICATES TRACE AMOUNT.




$$
