000
CDUS43 KGID 262222
CLIODX


CLIMATE REPORT
NATIONAL WEATHER SERVICE HASTINGS NE
521 PM CDT MON SEP 26 2016


...................................

...THE ORD NE CLIMATE SUMMARY FOR SEPTEMBER 26 2016...
VALID TODAY AS OF 0500 PM LOCAL TIME.

CLIMATE NORMAL PERIOD 1981 TO 2010
CLIMATE RECORD PERIOD 1895 TO 2016


WEATHER ITEM   OBSERVED TIME   NORMAL DEPARTURE LAST
                VALUE   (LST)  VALUE  FROM      YEAR
                                      NORMAL
......................................................
TEMPERATURE (F)
 TODAY
  MAXIMUM         76    313 PM  74      2       78
  MINIMUM         35    651 AM  44     -9       50
  AVERAGE         56            59     -3       64

PRECIPITATION (IN)
  TODAY            0.00          0.07  -0.07     0.00
  MONTH TO DATE    1.70          2.20  -0.50     3.14
  SINCE SEP 1      1.70          2.20  -0.50     3.14
  SINCE JAN 1     28.86         21.11   7.75    17.68

DEGREE DAYS
 HEATING
  TODAY            9             7      2        1
  MONTH TO DATE   55            89    -34       25
  SINCE SEP 1     55            89    -34       25
  SINCE JUL 1     69           103    -34       48

 COOLING
  TODAY            0             1     -1        0
  MONTH TO DATE   77            78     -1      144
  SINCE SEP 1     77            78     -1      144
  SINCE JAN 1    883           835     48      807
......................................................


WIND (MPH)
  HIGHEST WIND SPEED    22   HIGHEST WIND DIRECTION    NW (300)
  HIGHEST GUST SPEED    29   HIGHEST GUST DIRECTION    NW (300)
  AVERAGE WIND SPEED     8.9


SKY COVER
  AVERAGE SKY COVER 0.0


WEATHER CONDITIONS
 THE FOLLOWING WEATHER WAS RECORDED TODAY.
  LIGHT RAIN


RELATIVE HUMIDITY (PERCENT)
 HIGHEST    89           700 AM
 LOWEST     23           100 PM
 AVERAGE    56

..........................................................


THE ORD NE CLIMATE NORMALS FOR TOMORROW
                         NORMAL
 MAXIMUM TEMPERATURE (F)   73
 MINIMUM TEMPERATURE (F)   43


SUNRISE AND SUNSET
SEPTEMBER 26 2016.....SUNRISE   728 AM CDT   SUNSET   725 PM CDT
SEPTEMBER 27 2016.....SUNRISE   729 AM CDT   SUNSET   723 PM CDT


-  INDICATES NEGATIVE NUMBERS.
R  INDICATES RECORD WAS SET OR TIED.
MM INDICATES DATA IS MISSING.
T  INDICATES TRACE AMOUNT.




$$
