000
CDUS43 KGID 230725
CLIODX


CLIMATE REPORT
NATIONAL WEATHER SERVICE HASTINGS NE
122 AM CST MON JAN 23 2017


...................................

...THE ORD NE CLIMATE SUMMARY FOR JANUARY 22 2017...

CLIMATE NORMAL PERIOD 1981 TO 2010
CLIMATE RECORD PERIOD 1895 TO 2017


WEATHER ITEM   OBSERVED TIME   NORMAL DEPARTURE LAST
                VALUE   (LST)  VALUE  FROM      YEAR
                                      NORMAL
......................................................
TEMPERATURE (F)
 YESTERDAY
  MAXIMUM         49    319 PM  38     11       25
  MINIMUM         23   1159 PM  13     10       19
  AVERAGE         36            25     11       22

PRECIPITATION (IN)
  YESTERDAY        0.00          0.02  -0.02     0.00
  MONTH TO DATE    0.67          0.24   0.43     0.24
  SINCE DEC 1      1.08          0.83   0.25     0.93
  SINCE JAN 1      0.67          0.24   0.43     0.24

DEGREE DAYS
 HEATING
  YESTERDAY       29            40    -11       43
  MONTH TO DATE  948           893     55      920
  SINCE DEC 1   2228          2136     92     2031
  SINCE JUL 1   3344          3617   -273     3170

 COOLING
  YESTERDAY        0             0      0        0
  MONTH TO DATE    0             0      0        0
  SINCE DEC 1      0             0      0        0
  SINCE JAN 1      0             0      0        0
......................................................


WIND (MPH)
  HIGHEST WIND SPEED    14   HIGHEST WIND DIRECTION    NW (320)
  HIGHEST GUST SPEED    MM   HIGHEST GUST DIRECTION    MM
  AVERAGE WIND SPEED     7.9


SKY COVER
  AVERAGE SKY COVER 0.0


WEATHER CONDITIONS
 THE FOLLOWING WEATHER WAS RECORDED YESTERDAY.
  NO SIGNIFICANT WEATHER WAS OBSERVED.


RELATIVE HUMIDITY (PERCENT)
 HIGHEST    92          1200 AM
 LOWEST     50           300 PM
 AVERAGE    71

..........................................................


THE ORD NE CLIMATE NORMALS FOR TODAY
                         NORMAL
 MAXIMUM TEMPERATURE (F)   38
 MINIMUM TEMPERATURE (F)   13


SUNRISE AND SUNSET
JANUARY 23 2017.......SUNRISE   755 AM CST   SUNSET   541 PM CST
JANUARY 24 2017.......SUNRISE   755 AM CST   SUNSET   542 PM CST


-  INDICATES NEGATIVE NUMBERS.
R  INDICATES RECORD WAS SET OR TIED.
MM INDICATES DATA IS MISSING.
T  INDICATES TRACE AMOUNT.




$$
