000
CDUS43 KGID 300709
CLIODX


CLIMATE REPORT
NATIONAL WEATHER SERVICE HASTINGS NE
206 AM CDT MON MAR 30 2015


...................................

...THE ORD NE CLIMATE SUMMARY FOR MARCH 29 2015...

CLIMATE NORMAL PERIOD 1981 TO 2010
CLIMATE RECORD PERIOD 1895 TO 2015


WEATHER ITEM   OBSERVED TIME   NORMAL DEPARTURE LAST
                VALUE   (LST)  VALUE  FROM      YEAR
                                      NORMAL
......................................................
TEMPERATURE (F)
 YESTERDAY
  MAXIMUM         63    438 PM  56      7       64
  MINIMUM         30   1049 PM  30      0       18
  AVERAGE         47            43      4       41

PRECIPITATION (IN)
  YESTERDAY        0.00          0.10  -0.10     0.00
  MONTH TO DATE    0.03          1.25  -1.22     0.20
  SINCE MAR 1      0.03          1.25  -1.22     0.20
  SINCE JAN 1      0.77          2.06  -1.29     0.45

DEGREE DAYS
 HEATING
  YESTERDAY       18            22     -4       24
  MONTH TO DATE  702           803   -101      913
  SINCE MAR 1    702           803   -101      913
  SINCE JUL 1   5834          5820     14     6066

 COOLING
  YESTERDAY        0             0      0        0
  MONTH TO DATE    0             0      0        0
  SINCE MAR 1      0             0      0        0
  SINCE JAN 1      0             0      0        0
......................................................


WIND (MPH)
  HIGHEST WIND SPEED    44   HIGHEST WIND DIRECTION    NW (330)
  HIGHEST GUST SPEED    56   HIGHEST GUST DIRECTION    NW (320)
  AVERAGE WIND SPEED    16.0


SKY COVER
  AVERAGE SKY COVER 0.1


WEATHER CONDITIONS
 THE FOLLOWING WEATHER WAS RECORDED YESTERDAY.
  HAZE


RELATIVE HUMIDITY (PERCENT)
 HIGHEST    76           300 AM
 LOWEST     13           400 PM
 AVERAGE    45

..........................................................


THE ORD NE CLIMATE NORMALS FOR TODAY
                         NORMAL
 MAXIMUM TEMPERATURE (F)   56
 MINIMUM TEMPERATURE (F)   30


SUNRISE AND SUNSET
MARCH 30 2015.........SUNRISE   723 AM CDT   SUNSET   759 PM CDT
MARCH 31 2015.........SUNRISE   721 AM CDT   SUNSET   800 PM CDT


-  INDICATES NEGATIVE NUMBERS.
R  INDICATES RECORD WAS SET OR TIED.
MM INDICATES DATA IS MISSING.
T  INDICATES TRACE AMOUNT.




$$
