000
CDUS43 KGID 220625
CLIODX


CLIMATE REPORT
NATIONAL WEATHER SERVICE HASTINGS NE
1224 AM CST WED FEB 22 2017


...................................

...THE ORD NE CLIMATE SUMMARY FOR FEBRUARY 21 2017...

CLIMATE NORMAL PERIOD 1981 TO 2010
CLIMATE RECORD PERIOD 1895 TO 2017


WEATHER ITEM   OBSERVED TIME   NORMAL DEPARTURE LAST
                VALUE   (LST)  VALUE  FROM      YEAR
                                      NORMAL
......................................................
TEMPERATURE (F)
 YESTERDAY
  MAXIMUM         78    355 PM  41     37       50
  MINIMUM         26    710 AM  17      9       29
  AVERAGE         52            29     23       40

PRECIPITATION (IN)
  YESTERDAY        0.00          0.01  -0.01     0.00
  MONTH TO DATE    0.26          0.35  -0.09     0.85
  SINCE DEC 1      1.82          1.31   0.51     1.84
  SINCE JAN 1      1.41          0.72   0.69     1.15

DEGREE DAYS
 HEATING
  YESTERDAY       13            36    -23       25
  MONTH TO DATE  619           798   -179      680
  SINCE DEC 1   3157          3293   -136     2994
  SINCE JUL 1   4273          4774   -501     4133

 COOLING
  YESTERDAY        0             0      0        0
  MONTH TO DATE    0             0      0        0
  SINCE DEC 1      0             0      0        0
  SINCE JAN 1      0             0      0        0
......................................................


WIND (MPH)
  HIGHEST WIND SPEED    26   HIGHEST WIND DIRECTION     W (260)
  HIGHEST GUST SPEED    31   HIGHEST GUST DIRECTION     W (270)
  AVERAGE WIND SPEED     9.0


SKY COVER
  AVERAGE SKY COVER 0.0


WEATHER CONDITIONS
 THE FOLLOWING WEATHER WAS RECORDED YESTERDAY.
  NO SIGNIFICANT WEATHER WAS OBSERVED.


RELATIVE HUMIDITY (PERCENT)
 HIGHEST    85           100 AM
 LOWEST     15           100 PM
 AVERAGE    50

..........................................................


THE ORD NE CLIMATE NORMALS FOR TODAY
                         NORMAL
 MAXIMUM TEMPERATURE (F)   42
 MINIMUM TEMPERATURE (F)   17


SUNRISE AND SUNSET
FEBRUARY 22 2017......SUNRISE   721 AM CST   SUNSET   618 PM CST
FEBRUARY 23 2017......SUNRISE   719 AM CST   SUNSET   619 PM CST


-  INDICATES NEGATIVE NUMBERS.
R  INDICATES RECORD WAS SET OR TIED.
MM INDICATES DATA IS MISSING.
T  INDICATES TRACE AMOUNT.




$$
