000
CDUS43 KGID 230635
CLIODX


CLIMATE REPORT
NATIONAL WEATHER SERVICE HASTINGS NE
1234 AM CST SUN NOV 23 2014


...................................

...THE ORD NE CLIMATE SUMMARY FOR NOVEMBER 22 2014...

CLIMATE NORMAL PERIOD 1981 TO 2010
CLIMATE RECORD PERIOD 1895 TO 2014


WEATHER ITEM   OBSERVED TIME   NORMAL DEPARTURE LAST
                VALUE   (LST)  VALUE  FROM      YEAR
                                      NORMAL
......................................................
TEMPERATURE (F)
 YESTERDAY
  MAXIMUM         63    116 PM  45     18       34
  MINIMUM         21    716 AM  21      0        1
  AVERAGE         42            33      9       18

PRECIPITATION (IN)
  YESTERDAY        0.00          0.03  -0.03     0.00
  MONTH TO DATE    0.06          0.84  -0.78     0.50
  SINCE SEP 1      2.88          5.21  -2.33     4.92
  SINCE JAN 1     20.52         24.12  -3.60    24.35

DEGREE DAYS
 HEATING
  YESTERDAY       23            32     -9       47
  MONTH TO DATE  753           587    166      601
  SINCE SEP 1   1304          1193    111     1168
  SINCE JUL 1   1323          1207    116     1175

 COOLING
  YESTERDAY        0             0      0        0
  MONTH TO DATE    0             0      0        0
  SINCE SEP 1     57            88    -31      147
  SINCE JAN 1    692           845   -153      907
......................................................


WIND (MPH)
  HIGHEST WIND SPEED    21   HIGHEST WIND DIRECTION     S (180)
  HIGHEST GUST SPEED    24   HIGHEST GUST DIRECTION     S (180)
  AVERAGE WIND SPEED     4.7


SKY COVER
  AVERAGE SKY COVER 0.3


WEATHER CONDITIONS
 THE FOLLOWING WEATHER WAS RECORDED YESTERDAY.
  FOG
  FOG W/VISIBILITY <= 1/4 MILE


RELATIVE HUMIDITY (PERCENT)
 HIGHEST    96           600 AM
 LOWEST     31           200 PM
 AVERAGE    64

..........................................................


THE ORD NE CLIMATE NORMALS FOR TODAY
                         NORMAL
 MAXIMUM TEMPERATURE (F)   45
 MINIMUM TEMPERATURE (F)   21


SUNRISE AND SUNSET
NOVEMBER 23 2014......SUNRISE   734 AM CST   SUNSET   510 PM CST
NOVEMBER 24 2014......SUNRISE   735 AM CST   SUNSET   509 PM CST


-  INDICATES NEGATIVE NUMBERS.
R  INDICATES RECORD WAS SET OR TIED.
MM INDICATES DATA IS MISSING.
T  INDICATES TRACE AMOUNT.

$$

HALBLAUB
