000
CDUS43 KOAX 180632
CLIOFK


CLIMATE REPORT
NATIONAL WEATHER SERVICE OMAHA NEBRASKA
128 AM CDT FRI AUG 18 2017


...................................

...THE NORFOLK, NEBRASKA CLIMATE SUMMARY FOR AUGUST 17 2017...

CLIMATE NORMAL PERIOD 1981 TO 2010
CLIMATE RECORD PERIOD 1888 TO 2017


WEATHER ITEM   OBSERVED TIME   RECORD YEAR NORMAL DEPARTURE LAST
                VALUE   (LST)  VALUE       VALUE  FROM      YEAR
                                                  NORMAL
..................................................................
TEMPERATURE (F)
 YESTERDAY
  MAXIMUM         82    458 PM 105    1936  84     -2       87
  MINIMUM         58    604 AM  40    1943  62     -4       61
  AVERAGE         70                        73     -3       74

PRECIPITATION (IN)
  YESTERDAY        0.00          1.72 1905   0.11  -0.11     0.00
  MONTH TO DATE    4.08                      1.93   2.15     1.14
  SINCE JUN 1      8.65                      9.51  -0.86     7.23
  SINCE JAN 1     20.26                     19.21   1.05    23.68

SNOWFALL (IN)
  YESTERDAY        0.0                       0.0    0.0      0.0
  MONTH TO DATE    0.0                       0.0    0.0      0.0
  SINCE JUL 1      0.0                       0.0    0.0      0.0
  SNOW DEPTH       0

DEGREE DAYS
 HEATING
  YESTERDAY        0                         0      0        0
  MONTH TO DATE   10                         0     10        0
  SINCE JUN 1     22                        34    -12       10
  SINCE JUL 1     10                         4      6        7

 COOLING
  YESTERDAY        5                         8     -3        9
  MONTH TO DATE   57                       156    -99      152
  SINCE JUN 1    671                       656     15      723
  SINCE JAN 1    699                       717    -18      761
..................................................................


WIND (MPH)
  HIGHEST WIND SPEED    17   HIGHEST WIND DIRECTION     W (290)
  HIGHEST GUST SPEED    22   HIGHEST GUST DIRECTION    NW (320)
  AVERAGE WIND SPEED     9.7


SKY COVER
  POSSIBLE SUNSHINE  MM
  AVERAGE SKY COVER 0.1


WEATHER CONDITIONS
 THE FOLLOWING WEATHER WAS RECORDED YESTERDAY.
  NO SIGNIFICANT WEATHER WAS OBSERVED.


RELATIVE HUMIDITY (PERCENT)
 HIGHEST    93          1100 PM
 LOWEST     43           400 PM
 AVERAGE    68

..........................................................


THE NORFOLK, NEBRASKA CLIMATE NORMALS FOR TODAY
                         NORMAL    RECORD    YEAR
 MAXIMUM TEMPERATURE (F)   84       104      1983
 MINIMUM TEMPERATURE (F)   62        47      2002
                                             1943


SUNRISE AND SUNSET
AUGUST 18 2017........SUNRISE   641 AM CDT   SUNSET   825 PM CDT
AUGUST 19 2017........SUNRISE   642 AM CDT   SUNSET   824 PM CDT


-  INDICATES NEGATIVE NUMBERS.
R  INDICATES RECORD WAS SET OR TIED.
MM INDICATES DATA IS MISSING.
T  INDICATES TRACE AMOUNT.




$$
