000
CDUS43 KOAX 272156
CLIOFK


CLIMATE REPORT
NATIONAL WEATHER SERVICE OMAHA NEBRASKA
456 PM CDT THU AUG 27 2015


...................................

...THE NORFOLK, NEBRASKA CLIMATE SUMMARY FOR AUGUST 27 2015...
VALID TODAY AS OF 400 PM LOCAL TIME.

CLIMATE NORMAL PERIOD 1981 TO 2010
CLIMATE RECORD PERIOD 1888 TO 2015


WEATHER ITEM   OBSERVED TIME   RECORD YEAR NORMAL DEPARTURE LAST
                VALUE   (LST)  VALUE       VALUE  FROM      YEAR
                                                  NORMAL
..................................................................
TEMPERATURE (F)
 TODAY
  MAXIMUM         81    259 PM 102    1955  83     -2       73
                                      1913
  MINIMUM         66    704 AM  38    1911  59      7       64
  AVERAGE         74                        71      3       69

PRECIPITATION (IN)
  TODAY            0.01          1.59 1942   0.09  -0.08     1.01
  MONTH TO DATE    1.80                      2.87  -1.07     5.38
  SINCE JUN 1     11.54                     10.45   1.09    17.90
  SINCE JAN 1     18.50                     20.15  -1.65    23.39

SNOWFALL (IN)
  TODAY            0.0                       0.0    0.0      0.0
  MONTH TO DATE    0.0                       0.0    0.0      0.0
  SINCE JUL 1      0.0                       0.0    0.0      0.0
  SNOW DEPTH       0

DEGREE DAYS
 HEATING
  TODAY            0                         1     -1        0
  MONTH TO DATE   20                         4     16        0
  SINCE JUN 1     27                        38    -11       37
  SINCE JUL 1     24                         8     16       12

 COOLING
  TODAY            9                         7      2        4
  MONTH TO DATE  183                       231    -48      213
  SINCE JUN 1    673                       731    -58      603
  SINCE JAN 1    706                       792    -86      700
..................................................................


WIND (MPH)
  HIGHEST WIND SPEED    26   HIGHEST WIND DIRECTION    SE (150)
  HIGHEST GUST SPEED    33   HIGHEST GUST DIRECTION    SE (120)
  AVERAGE WIND SPEED    13.8


SKY COVER
  POSSIBLE SUNSHINE  MM
  AVERAGE SKY COVER 0.1


WEATHER CONDITIONS
 THE FOLLOWING WEATHER WAS RECORDED TODAY.
  THUNDERSTORM
  LIGHT RAIN


RELATIVE HUMIDITY (PERCENT)
 HIGHEST    93           700 AM
 LOWEST     67           100 PM
 AVERAGE    80

..........................................................


THE NORFOLK, NEBRASKA CLIMATE NORMALS FOR TOMORROW
                         NORMAL    RECORD    YEAR
 MAXIMUM TEMPERATURE (F)   83       100      1984
 MINIMUM TEMPERATURE (F)   59        38      1917


SUNRISE AND SUNSET
AUGUST 27 2015........SUNRISE   650 AM CDT   SUNSET   812 PM CDT
AUGUST 28 2015........SUNRISE   651 AM CDT   SUNSET   810 PM CDT


-  INDICATES NEGATIVE NUMBERS.
R  INDICATES RECORD WAS SET OR TIED.
MM INDICATES DATA IS MISSING.
T  INDICATES TRACE AMOUNT.




$$

KLISH
