000
CDUS43 KOAX 300800
CLIOFK


CLIMATE REPORT
NATIONAL WEATHER SERVICE OMAHA NEBRASKA
259 AM CDT SAT MAY 30 2015


...................................

...THE NORFOLK, NEBRASKA CLIMATE SUMMARY FOR MAY 29 2015...

CLIMATE NORMAL PERIOD 1981 TO 2010
CLIMATE RECORD PERIOD 1888 TO 2015


WEATHER ITEM   OBSERVED TIME   RECORD YEAR NORMAL DEPARTURE LAST
                VALUE   (LST)  VALUE       VALUE  FROM      YEAR
                                                  NORMAL
..................................................................
TEMPERATURE (F)
 YESTERDAY
  MAXIMUM         77    153 PM 106    1934  76      1       86
  MINIMUM         50   1159 PM  25    1947  53     -3       57
  AVERAGE         64                        65     -1       72

PRECIPITATION (IN)
  YESTERDAY        0.02          1.74 1903   0.14  -0.12     0.00
  MONTH TO DATE    3.32                      3.64  -0.32     0.93
  SINCE MAR 1      6.08                      8.06  -1.98     4.61
  SINCE JAN 1      6.96                      9.41  -2.45     5.17

SNOWFALL (IN)
  YESTERDAY        0.0                       0.0    0.0      0.0
  MONTH TO DATE    0.0                       0.3   -0.3      0.0
  SINCE JUL 1     20.7                      30.8  -10.1     19.9
  SNOW DEPTH       0

DEGREE DAYS
 HEATING
  YESTERDAY        1                         3     -2        0
  MONTH TO DATE  170                       183    -13      202
  SINCE MAR 1   1224                      1513   -289     1582
  SINCE JUL 1   6270                      6606   -336     6932

 COOLING
  YESTERDAY        0                         3     -3        7
  MONTH TO DATE   28                        44    -16       74
  SINCE MAR 1     33                        56    -23       76
  SINCE JAN 1     33                        56    -23       76
..................................................................


WIND (MPH)
  HIGHEST WIND SPEED    32   HIGHEST WIND DIRECTION    NW (330)
  HIGHEST GUST SPEED    37   HIGHEST GUST DIRECTION    NW (320)
  AVERAGE WIND SPEED    14.0


SKY COVER
  POSSIBLE SUNSHINE  MM
  AVERAGE SKY COVER 0.8


WEATHER CONDITIONS
 THE FOLLOWING WEATHER WAS RECORDED YESTERDAY.
  LIGHT RAIN
  FOG


RELATIVE HUMIDITY (PERCENT)
 HIGHEST    93           700 PM
 LOWEST     60           200 PM
 AVERAGE    77

..........................................................


THE NORFOLK, NEBRASKA CLIMATE NORMALS FOR TODAY
                         NORMAL    RECORD    YEAR
 MAXIMUM TEMPERATURE (F)   77       105      1934
 MINIMUM TEMPERATURE (F)   53        35      1947
                                             1897


SUNRISE AND SUNSET
MAY 30 2015...........SUNRISE   558 AM CDT   SUNSET   857 PM CDT
MAY 31 2015...........SUNRISE   557 AM CDT   SUNSET   858 PM CDT


-  INDICATES NEGATIVE NUMBERS.
R  INDICATES RECORD WAS SET OR TIED.
MM INDICATES DATA IS MISSING.
T  INDICATES TRACE AMOUNT.




$$
