000
CDUS43 KOAX 262136
CLIOFK


CLIMATE REPORT
NATIONAL WEATHER SERVICE OMAHA NEBRASKA
434 PM CDT MON SEP 26 2016


...................................

...THE NORFOLK, NEBRASKA CLIMATE SUMMARY FOR SEPTEMBER 26 2016...
VALID TODAY AS OF 0400 PM LOCAL TIME.

CLIMATE NORMAL PERIOD 1981 TO 2010
CLIMATE RECORD PERIOD 1888 TO 2016


WEATHER ITEM   OBSERVED TIME   RECORD YEAR NORMAL DEPARTURE LAST
                VALUE   (LST)  VALUE       VALUE  FROM      YEAR
                                                  NORMAL
..................................................................
TEMPERATURE (F)
 TODAY
  MAXIMUM         76    258 PM  94    1990  72      4       81
                                      1956
  MINIMUM         39    637 AM  27    1984  46     -7       49
  AVERAGE         58                        59     -1       65

PRECIPITATION (IN)
  TODAY            0.00          1.28 1915   0.08  -0.08     0.00
  MONTH TO DATE    2.04                      2.34  -0.30     2.29
  SINCE SEP 1      2.04                      2.34  -0.30     2.29
  SINCE JAN 1     26.91                     22.87   4.04    21.68

SNOWFALL (IN)
  TODAY            0.0                       0.0    0.0      0.0
  MONTH TO DATE    0.0                       0.0    0.0      0.0
  SINCE JUL 1      0.0                       0.0    0.0      0.0
  SNOW DEPTH       0

DEGREE DAYS
 HEATING
  TODAY            7                         7      0        0
  MONTH TO DATE   36                        95    -59       29
  SINCE SEP 1     36                        95    -59       29
  SINCE JUL 1     49                       111    -62       53

 COOLING
  TODAY            0                         1     -1        0
  MONTH TO DATE  116                        87     29      155
  SINCE SEP 1    116                        87     29      155
  SINCE JAN 1    959                       903     56      881
..................................................................


WIND (MPH)
  HIGHEST WIND SPEED    21   HIGHEST WIND DIRECTION     W (280)
  HIGHEST GUST SPEED    28   HIGHEST GUST DIRECTION     W (280)
  AVERAGE WIND SPEED    11.7


SKY COVER
  POSSIBLE SUNSHINE  MM
  AVERAGE SKY COVER 0.0


WEATHER CONDITIONS
 THE FOLLOWING WEATHER WAS RECORDED TODAY.
  NO SIGNIFICANT WEATHER WAS OBSERVED.


RELATIVE HUMIDITY (PERCENT)
 HIGHEST    79           700 AM
 LOWEST     23           300 PM
 AVERAGE    51

..........................................................


THE NORFOLK, NEBRASKA CLIMATE NORMALS FOR TOMORROW
                         NORMAL    RECORD    YEAR
 MAXIMUM TEMPERATURE (F)   72        94      1956
 MINIMUM TEMPERATURE (F)   46        25      1928


SUNRISE AND SUNSET
SEPTEMBER 26 2016.....SUNRISE   722 AM CDT   SUNSET   719 PM CDT
SEPTEMBER 27 2016.....SUNRISE   723 AM CDT   SUNSET   717 PM CDT


-  INDICATES NEGATIVE NUMBERS.
R  INDICATES RECORD WAS SET OR TIED.
MM INDICATES DATA IS MISSING.
T  INDICATES TRACE AMOUNT.




$$
