000
CDUS43 KOAX 090632
CLIOFK


CLIMATE REPORT
NATIONAL WEATHER SERVICE OMAHA NEBRASKA
1229 AM CST FRI DEC 9 2016


...................................

...THE NORFOLK, NEBRASKA CLIMATE SUMMARY FOR DECEMBER 8 2016...

CLIMATE NORMAL PERIOD 1981 TO 2010
CLIMATE RECORD PERIOD 1888 TO 2016


WEATHER ITEM   OBSERVED TIME   RECORD YEAR NORMAL DEPARTURE LAST
                VALUE   (LST)  VALUE       VALUE  FROM      YEAR
                                                  NORMAL
..................................................................
TEMPERATURE (F)
 YESTERDAY
  MAXIMUM         22    341 PM  70    1970  35    -13       60
  MINIMUM          6   1159 PM -17    1927  16    -10       37
  AVERAGE         14                        26    -12       49

PRECIPITATION (IN)
  YESTERDAY        0.00          0.46 2009   0.02  -0.02     0.00
  MONTH TO DATE    0.02                      0.23  -0.21     0.03
  SINCE DEC 1      0.02                      0.23  -0.21     0.03
  SINCE JAN 1     30.61                     26.89   3.72    25.60

SNOWFALL (IN)
  YESTERDAY        0.0                       0.2   -0.2      0.0
  MONTH TO DATE    T                         1.6   -1.6      0.4
  SINCE JUL 1      2.5                       6.5   -4.0      9.2
  SNOW DEPTH       0

DEGREE DAYS
 HEATING
  YESTERDAY       51                        39     12       16
  MONTH TO DATE  306                       305      1      226
  SINCE DEC 1    306                       305      1      226
  SINCE JUL 1   1351                      1750   -399     1247

 COOLING
  YESTERDAY        0                         0      0        0
  MONTH TO DATE    0                         0      0        0
  SINCE DEC 1      0                         0      0        0
  SINCE JAN 1    963                       915     48      917
..................................................................


WIND (MPH)
  HIGHEST WIND SPEED    25   HIGHEST WIND DIRECTION    NW (320)
  HIGHEST GUST SPEED    32   HIGHEST GUST DIRECTION    NW (320)
  AVERAGE WIND SPEED    13.8


SKY COVER
  POSSIBLE SUNSHINE  MM
  AVERAGE SKY COVER 0.0


WEATHER CONDITIONS
 THE FOLLOWING WEATHER WAS RECORDED YESTERDAY.
  NO SIGNIFICANT WEATHER WAS OBSERVED.


RELATIVE HUMIDITY (PERCENT)
 HIGHEST    80          1100 PM
 LOWEST     45           400 PM
 AVERAGE    63

..........................................................


THE NORFOLK, NEBRASKA CLIMATE NORMALS FOR TODAY
                         NORMAL    RECORD    YEAR
 MAXIMUM TEMPERATURE (F)   35        67      1993
 MINIMUM TEMPERATURE (F)   16       -18      1909


SUNRISE AND SUNSET
DECEMBER  9 2016......SUNRISE   746 AM CST   SUNSET   458 PM CST
DECEMBER 10 2016......SUNRISE   747 AM CST   SUNSET   458 PM CST


-  INDICATES NEGATIVE NUMBERS.
R  INDICATES RECORD WAS SET OR TIED.
MM INDICATES DATA IS MISSING.
T  INDICATES TRACE AMOUNT.




$$
