000
CDUS43 KOAX 260638
CLIOFK


CLIMATE REPORT
NATIONAL WEATHER SERVICE OMAHA NEBRASKA
127 AM CDT SUN MAR 26 2017


...................................

...THE NORFOLK, NEBRASKA CLIMATE SUMMARY FOR MARCH 25 2017...

CLIMATE NORMAL PERIOD 1981 TO 2010
CLIMATE RECORD PERIOD 1888 TO 2017


WEATHER ITEM   OBSERVED TIME   RECORD YEAR NORMAL DEPARTURE LAST
                VALUE   (LST)  VALUE       VALUE  FROM      YEAR
                                                  NORMAL
..................................................................
TEMPERATURE (F)
 YESTERDAY
  MAXIMUM         39   1042 PM  84    1908  53    -14       50
  MINIMUM         35    909 AM  -1    1894  29      6       15
  AVERAGE         37                        41     -4       33

PRECIPITATION (IN)
  YESTERDAY        T             1.43 1995   0.07  -0.07     0.00
  MONTH TO DATE    0.86                      1.32  -0.46     1.69
  SINCE MAR 1      0.86                      1.32  -0.46     1.69
  SINCE JAN 1      3.10                      2.67   0.43     3.84

SNOWFALL (IN)
  YESTERDAY        0.0                       0.2   -0.2      0.0
  MONTH TO DATE    2.1                       4.2   -2.1      9.0
  SINCE JUL 1     30.2                      27.0    3.2     50.0
  SNOW DEPTH       0

DEGREE DAYS
 HEATING
  YESTERDAY       28                        24      4       32
  MONTH TO DATE  640                       720    -80      523
  SINCE MAR 1    640                       720    -80      523
  SINCE JUL 1   5095                      5813   -718     4824

 COOLING
  YESTERDAY        0                         0      0        0
  MONTH TO DATE    0                         0      0        0
  SINCE MAR 1      0                         0      0        0
  SINCE JAN 1      0                         0      0        0
..................................................................


WIND (MPH)
  HIGHEST WIND SPEED    23   HIGHEST WIND DIRECTION     N (20)
  HIGHEST GUST SPEED    29   HIGHEST GUST DIRECTION    NE (30)
  AVERAGE WIND SPEED    11.8


SKY COVER
  POSSIBLE SUNSHINE  MM
  AVERAGE SKY COVER 1.0


WEATHER CONDITIONS
 THE FOLLOWING WEATHER WAS RECORDED YESTERDAY.
  LIGHT RAIN
  FOG


RELATIVE HUMIDITY (PERCENT)
 HIGHEST   100           200 AM
 LOWEST     85          1000 PM
 AVERAGE    93

..........................................................


THE NORFOLK, NEBRASKA CLIMATE NORMALS FOR TODAY
                         NORMAL    RECORD    YEAR
 MAXIMUM TEMPERATURE (F)   53        86      2012
 MINIMUM TEMPERATURE (F)   30        -4      1965


SUNRISE AND SUNSET
MARCH 26 2017.........SUNRISE   722 AM CDT   SUNSET   749 PM CDT
MARCH 27 2017.........SUNRISE   721 AM CDT   SUNSET   750 PM CDT


-  INDICATES NEGATIVE NUMBERS.
R  INDICATES RECORD WAS SET OR TIED.
MM INDICATES DATA IS MISSING.
T  INDICATES TRACE AMOUNT.




$$
