000
CDUS43 KOAX 010634
CLIOFK


CLIMATE REPORT
NATIONAL WEATHER SERVICE OMAHA NEBRASKA
124 AM CDT MON SEP 1 2014


...................................

...THE NORFOLK, NEBRASKA CLIMATE SUMMARY FOR AUGUST 31 2014...

CLIMATE NORMAL PERIOD 1981 TO 2010
CLIMATE RECORD PERIOD 1888 TO 2014


WEATHER ITEM   OBSERVED TIME   RECORD YEAR NORMAL DEPARTURE LAST
                VALUE   (LST)  VALUE       VALUE  FROM      YEAR
                                                  NORMAL
..................................................................
TEMPERATURE (F)
 YESTERDAY
  MAXIMUM         83    250 PM 102    1922  82      1       91
  MINIMUM         61   1159 PM  40    1967  58      3       67
  AVERAGE         72                        70      2       79

PRECIPITATION (IN)
  YESTERDAY        1.34R         0.80 1963   0.10   1.24     0.00
  MONTH TO DATE    7.21                      3.25   3.96     3.58
  SINCE JUN 1     19.73                     10.83   8.90     6.99
  SINCE JAN 1     25.22                     20.53   4.69    18.41

SNOWFALL (IN)
  YESTERDAY        0.0                       0.0    0.0      0.0
  MONTH TO DATE    0.0                       0.0    0.0      0.0
  SINCE JUL 1      0.0                       0.0    0.0      0.0
  SNOW DEPTH       0

DEGREE DAYS
 HEATING
  YESTERDAY        0                         1     -1        0
  MONTH TO DATE    0                         8     -8        3
  SINCE JUN 1     37                        46     -9       58
  SINCE JUL 1     12                        16     -4       16

 COOLING
  YESTERDAY        7                         6      1       14
  MONTH TO DATE  240                       255    -15      286
  SINCE JUN 1    630                       755   -125      760
  SINCE JAN 1    727                       816    -89      824
..................................................................


WIND (MPH)
  HIGHEST WIND SPEED    36   HIGHEST WIND DIRECTION    NW (320)
  HIGHEST GUST SPEED    44   HIGHEST GUST DIRECTION    NW (320)
  AVERAGE WIND SPEED     8.5


SKY COVER
  POSSIBLE SUNSHINE  MM
  AVERAGE SKY COVER 0.2


WEATHER CONDITIONS
 THE FOLLOWING WEATHER WAS RECORDED YESTERDAY.
  THUNDERSTORM
  HEAVY RAIN
  LIGHT RAIN
  FOG


RELATIVE HUMIDITY (PERCENT)
 HIGHEST    93           500 AM
 LOWEST     55          1200 PM
 AVERAGE    74

..........................................................


THE NORFOLK, NEBRASKA CLIMATE NORMALS FOR TODAY
                         NORMAL    RECORD    YEAR
 MAXIMUM TEMPERATURE (F)   82       101      1911
 MINIMUM TEMPERATURE (F)   58        42      1956
                                             1949


SUNRISE AND SUNSET
SEPTEMBER  1 2014.....SUNRISE   655 AM CDT   SUNSET   803 PM CDT
SEPTEMBER  2 2014.....SUNRISE   656 AM CDT   SUNSET   802 PM CDT


-  INDICATES NEGATIVE NUMBERS.
R  INDICATES RECORD WAS SET OR TIED.
MM INDICATES DATA IS MISSING.
T  INDICATES TRACE AMOUNT.


$$

BCM
