895
CDUS43 KOAX 160708
CLIOFK


CLIMATE REPORT
NATIONAL WEATHER SERVICE OMAHA NEBRASKA
107 AM CST MON JAN 16 2017


...................................

...THE NORFOLK, NEBRASKA CLIMATE SUMMARY FOR JANUARY 15 2017...

CLIMATE NORMAL PERIOD 1981 TO 2010
CLIMATE RECORD PERIOD 1888 TO 2017


WEATHER ITEM   OBSERVED TIME   RECORD YEAR NORMAL DEPARTURE LAST
                VALUE   (LST)  VALUE       VALUE  FROM      YEAR
                                                  NORMAL
..................................................................
TEMPERATURE (F)
 YESTERDAY
  MAXIMUM         34    302 PM  70    2006  33      1       35
  MINIMUM         14   1227 AM -21    1905  12      2       16
  AVERAGE         24                        22      2       26

PRECIPITATION (IN)
  YESTERDAY        T             0.30 1966   0.01  -0.01     0.00
  MONTH TO DATE    0.18                      0.27  -0.09     0.25
  SINCE DEC 1      1.02                      1.02   0.00     2.52
  SINCE JAN 1      0.18                      0.27  -0.09     0.25

SNOWFALL (IN)
  YESTERDAY        T                         0.2   -0.2      0.0
  MONTH TO DATE    2.4                       2.9   -0.5      2.0
  SINCE JUL 1      8.5                      13.8   -5.3     22.0
  SNOW DEPTH       2

DEGREE DAYS
 HEATING
  YESTERDAY       41                        43     -2       39
  MONTH TO DATE  732                       645     87      634
  SINCE DEC 1   2017                      1906    111     1696
  SINCE JUL 1   3062                      3351   -289     2717

 COOLING
  YESTERDAY        0                         0      0        0
  MONTH TO DATE    0                         0      0        0
  SINCE DEC 1      0                         0      0        0
  SINCE JAN 1      0                         0      0        0
..................................................................


WIND (MPH)
  HIGHEST WIND SPEED    10   HIGHEST WIND DIRECTION     S (160)
  HIGHEST GUST SPEED    13   HIGHEST GUST DIRECTION    SE (150)
  AVERAGE WIND SPEED     4.3


SKY COVER
  POSSIBLE SUNSHINE  MM
  AVERAGE SKY COVER 0.5


WEATHER CONDITIONS
 THE FOLLOWING WEATHER WAS RECORDED YESTERDAY.
  LT FREEZING RAIN
  SLEET
  FOG


RELATIVE HUMIDITY (PERCENT)
 HIGHEST    92           900 PM
 LOWEST     56           100 PM
 AVERAGE    74

..........................................................


THE NORFOLK, NEBRASKA CLIMATE NORMALS FOR TODAY
                         NORMAL    RECORD    YEAR
 MAXIMUM TEMPERATURE (F)   33        61      1996
 MINIMUM TEMPERATURE (F)   12       -20      2007
                                             1977


SUNRISE AND SUNSET
JANUARY 16 2017.......SUNRISE   755 AM CST   SUNSET   525 PM CST
JANUARY 17 2017.......SUNRISE   754 AM CST   SUNSET   526 PM CST


-  INDICATES NEGATIVE NUMBERS.
R  INDICATES RECORD WAS SET OR TIED.
MM INDICATES DATA IS MISSING.
T  INDICATES TRACE AMOUNT.




$$
