636
CDUS43 KOAX 190623
CLIOFK


CLIMATE REPORT
NATIONAL WEATHER SERVICE OMAHA NEBRASKA
123 AM CDT THU OCT 19 2017


...................................

...THE NORFOLK, NEBRASKA CLIMATE SUMMARY FOR OCTOBER 18 2017...

CLIMATE NORMAL PERIOD 1981 TO 2010
CLIMATE RECORD PERIOD 1888 TO 2017


WEATHER ITEM   OBSERVED TIME   RECORD YEAR NORMAL DEPARTURE LAST
                VALUE   (LST)  VALUE       VALUE  FROM      YEAR
                                                  NORMAL
..................................................................
TEMPERATURE (F)
 YESTERDAY
  MAXIMUM         74    329 PM  89    2005  63     11       67
  MINIMUM         41   1044 PM  18    1972  38      3       42
  AVERAGE         58                        50      8       55

PRECIPITATION (IN)
  YESTERDAY        0.00          1.62 1904   0.07  -0.07     0.00
  MONTH TO DATE    3.52                      1.36   2.16     2.33
  SINCE SEP 1      5.60                      4.05   1.55     4.37
  SINCE JAN 1     27.38                     24.58   2.80    29.24

SNOWFALL (IN)
  YESTERDAY        0.0                       0.0    0.0      0.0
  MONTH TO DATE    0.0                       0.2   -0.2      0.0
  SINCE JUL 1      0.0                       0.2   -0.2      0.0
  SNOW DEPTH       0

DEGREE DAYS
 HEATING
  YESTERDAY        7                        15     -8       10
  MONTH TO DATE  184                       213    -29      184
  SINCE SEP 1    266                       339    -73      255
  SINCE JUL 1    277                       355    -78      268

 COOLING
  YESTERDAY        0                         0      0        0
  MONTH TO DATE    3                         8     -5        3
  SINCE SEP 1    119                        98     21      119
  SINCE JAN 1    877                       914    -37      962
..................................................................


WIND (MPH)
  HIGHEST WIND SPEED    21   HIGHEST WIND DIRECTION     N (10)
  HIGHEST GUST SPEED    26   HIGHEST GUST DIRECTION     N (20)
  AVERAGE WIND SPEED     8.3


SKY COVER
  POSSIBLE SUNSHINE  MM
  AVERAGE SKY COVER 0.0


WEATHER CONDITIONS
 THE FOLLOWING WEATHER WAS RECORDED YESTERDAY.
  NO SIGNIFICANT WEATHER WAS OBSERVED.


RELATIVE HUMIDITY (PERCENT)
 HIGHEST    80           100 AM
 LOWEST     27           200 PM
 AVERAGE    54

..........................................................


THE NORFOLK, NEBRASKA CLIMATE NORMALS FOR TODAY
                         NORMAL    RECORD    YEAR
 MAXIMUM TEMPERATURE (F)   62        89      2003
 MINIMUM TEMPERATURE (F)   38        12      1917


SUNRISE AND SUNSET
OCTOBER 19 2017.......SUNRISE   747 AM CDT   SUNSET   641 PM CDT
OCTOBER 20 2017.......SUNRISE   748 AM CDT   SUNSET   640 PM CDT


-  INDICATES NEGATIVE NUMBERS.
R  INDICATES RECORD WAS SET OR TIED.
MM INDICATES DATA IS MISSING.
T  INDICATES TRACE AMOUNT.




$$
