000
CDUS42 KCAE 202217
CLIOGB


CLIMATE REPORT
NATIONAL WEATHER SERVICE COLUMBIA SC
514 PM EST THU NOV 20 2014


...................................

...THE ORANGEBURG AIRPORT SC CLIMATE SUMMARY FOR NOVEMBER 20 2014...
VALID TODAY AS OF 0500 PM LOCAL TIME.

CLIMATE NORMAL PERIOD 1981 TO 2010
CLIMATE RECORD PERIOD 9999 TO 9999


WEATHER ITEM   OBSERVED TIME   RECORD YEAR NORMAL DEPARTURE LAST
                VALUE   (LST)  VALUE       VALUE  FROM      YEAR
                                                  NORMAL
..................................................................
TEMPERATURE (F)
 TODAY
  MAXIMUM         63    359 PM  MM      MM  67     -4       58
  MINIMUM         25    629 AM  MM      MM  43    -18       41
  AVERAGE         44                        55    -11       50

PRECIPITATION (IN)
  TODAY            0.00         MM      MM   0.10  -0.10     0.00
  MONTH TO DATE    0.29                      1.89  -1.60     0.79
  SINCE SEP 1      5.85                      9.07  -3.22     2.85
  SINCE JAN 1     40.87                     42.38  -1.51    50.16

DEGREE DAYS
 HEATING
  TODAY           21                        10     11       15
  MONTH TO DATE  279                       159    120      186
  SINCE SEP 1    343                       249     94      245
  SINCE JUL 1    343                       249     94      245

 COOLING
  TODAY            0                         0      0        0
  MONTH TO DATE    5                        12     -7       18
  SINCE SEP 1    457                       406     51      449
  SINCE JAN 1   2248                      2099    149     2041
..................................................................


WIND (MPH)
  HIGHEST WIND SPEED    25   HIGHEST WIND DIRECTION     W (250)
  HIGHEST GUST SPEED    30   HIGHEST GUST DIRECTION     W (250)
  AVERAGE WIND SPEED     5.9


SKY COVER
  AVERAGE SKY COVER 0.0


WEATHER CONDITIONS
 THE FOLLOWING WEATHER WAS RECORDED TODAY.
  HAZE


RELATIVE HUMIDITY (PERCENT)
 HIGHEST    75          1200 AM
 LOWEST     30          1100 AM

..........................................................


THE ORANGEBURG AIRPORT SC CLIMATE NORMALS FOR TOMORROW
                         NORMAL    RECORD    YEAR
 MAXIMUM TEMPERATURE (F)   67        MM        MM
 MINIMUM TEMPERATURE (F)   43        MM        MM


SUNRISE AND SUNSET
NOVEMBER 20 2014......SUNRISE   659 AM EST   SUNSET   518 PM EST
NOVEMBER 21 2014......SUNRISE   700 AM EST   SUNSET   518 PM EST


-  INDICATES NEGATIVE NUMBERS.
R  INDICATES RECORD WAS SET OR TIED.
MM INDICATES DATA IS MISSING.
T  INDICATES TRACE AMOUNT.




$$
