000
CDUS42 KCAE 050527
CLIOGB


CLIMATE REPORT
NATIONAL WEATHER SERVICE COLUMBIA SC
1227 AM EST THU MAR 5 2015


...................................

...THE ORANGEBURG AIRPORT SC CLIMATE SUMMARY FOR MARCH 4 2015...

CLIMATE NORMAL PERIOD 1981 TO 2010
CLIMATE RECORD PERIOD 9999 TO 9999


WEATHER ITEM   OBSERVED TIME   NORMAL DEPARTURE LAST
                VALUE   (LST)  VALUE  FROM      YEAR
                                      NORMAL
......................................................
TEMPERATURE (F)
 YESTERDAY
  MAXIMUM         82    318 PM  66     16       38
  MINIMUM         46    146 AM  42      4       28
  AVERAGE         64            54     10       33

PRECIPITATION (IN)
  YESTERDAY        0.04          0.12  -0.08     0.00
  MONTH TO DATE    0.27          0.51  -0.24     0.01
  SINCE MAR 1      0.27          0.51  -0.24     0.01
  SINCE JAN 1      7.12          8.08  -0.96     5.93

DEGREE DAYS
 HEATING
  YESTERDAY        1            12    -11       32
  MONTH TO DATE   44            48     -4       67
  SINCE MAR 1     44            48     -4       67
  SINCE JUL 1   2118          1980    138     1931

 COOLING
  YESTERDAY        0             0      0        0
  MONTH TO DATE    0             0      0        0
  SINCE MAR 1      0             0      0        0
  SINCE JAN 1      0             3     -3        6
......................................................


WIND (MPH)
  HIGHEST WIND SPEED    24   HIGHEST WIND DIRECTION    SW (220)
  HIGHEST GUST SPEED    33   HIGHEST GUST DIRECTION     W (250)
  AVERAGE WIND SPEED     9.0


SKY COVER
  AVERAGE SKY COVER 0.7


WEATHER CONDITIONS
 THE FOLLOWING WEATHER WAS RECORDED YESTERDAY.
  LIGHT RAIN
  FOG
  FOG W/VISIBILITY <= 1/4 MILE


RELATIVE HUMIDITY (PERCENT)
 HIGHEST    97           900 AM
 LOWEST     42           300 PM

..........................................................


THE ORANGEBURG AIRPORT SC CLIMATE NORMALS FOR TODAY
                         NORMAL    RECORD    YEAR
 MAXIMUM TEMPERATURE (F)   66        MM        MM
 MINIMUM TEMPERATURE (F)   42        MM        MM


SUNRISE AND SUNSET
MARCH  5 2015.........SUNRISE   647 AM EST   SUNSET   623 PM EST
MARCH  6 2015.........SUNRISE   646 AM EST   SUNSET   624 PM EST


-  INDICATES NEGATIVE NUMBERS.
R  INDICATES RECORD WAS SET OR TIED.
MM INDICATES DATA IS MISSING.
T  INDICATES TRACE AMOUNT.




$$
