000
CDUS42 KCAE 260537
CLIOGB


CLIMATE REPORT
NATIONAL WEATHER SERVICE COLUMBIA SC
137 AM EDT TUE MAY 26 2015


...................................

...THE ORANGEBURG AIRPORT SC CLIMATE SUMMARY FOR MAY 25 2015...

CLIMATE NORMAL PERIOD 1981 TO 2010
CLIMATE RECORD PERIOD 9999 TO 9999


WEATHER ITEM   OBSERVED TIME   NORMAL DEPARTURE LAST
                VALUE   (LST)  VALUE  FROM      YEAR
                                      NORMAL
......................................................
TEMPERATURE (F)
 YESTERDAY
  MAXIMUM         84    328 PM  85     -1       83
  MINIMUM         61    534 AM  63     -2       66
  AVERAGE         73            74     -1       75

PRECIPITATION (IN)
  YESTERDAY        0.00          0.13  -0.13      T
  MONTH TO DATE    2.32          2.31   0.01     3.48
  SINCE MAR 1      8.41          9.14  -0.73    10.08
  SINCE JAN 1     15.26         16.71  -1.45    16.00

DEGREE DAYS
 HEATING
  YESTERDAY        0             0      0        0
  MONTH TO DATE    7            10     -3        6
  SINCE MAR 1    252           395   -143      470
  SINCE JUL 1   2326          2327     -1     2334

 COOLING
  YESTERDAY        8             9     -1       10
  MONTH TO DATE  187           159     28      193
  SINCE MAR 1    309           241     68      276
  SINCE JAN 1    309           244     65      282
......................................................


WIND (MPH)
  HIGHEST WIND SPEED    13   HIGHEST WIND DIRECTION    SE (140)
  HIGHEST GUST SPEED    16   HIGHEST GUST DIRECTION    SE (120)
  AVERAGE WIND SPEED     4.8


SKY COVER
  AVERAGE SKY COVER 0.3


WEATHER CONDITIONS
 THE FOLLOWING WEATHER WAS RECORDED YESTERDAY.
  NO SIGNIFICANT WEATHER WAS OBSERVED.


RELATIVE HUMIDITY (PERCENT)
 HIGHEST    90           400 AM
 LOWEST     51          1200 PM

..........................................................


THE ORANGEBURG AIRPORT SC CLIMATE NORMALS FOR TODAY
                         NORMAL    RECORD    YEAR
 MAXIMUM TEMPERATURE (F)   86        MM        MM
 MINIMUM TEMPERATURE (F)   63        MM        MM


SUNRISE AND SUNSET
MAY 26 2015...........SUNRISE   617 AM EDT   SUNSET   824 PM EDT
MAY 27 2015...........SUNRISE   616 AM EDT   SUNSET   825 PM EDT


-  INDICATES NEGATIVE NUMBERS.
R  INDICATES RECORD WAS SET OR TIED.
MM INDICATES DATA IS MISSING.
T  INDICATES TRACE AMOUNT.




$$
