000
CDUS42 KCAE 290643
CLIOGB


CLIMATE REPORT
NATIONAL WEATHER SERVICE COLUMBIA SC
243 AM EDT WED MAR 29 2017


...................................

...THE ORANGEBURG AIRPORT SC CLIMATE SUMMARY FOR MARCH 28 2017...

CLIMATE NORMAL PERIOD 1981 TO 2010
CLIMATE RECORD PERIOD 9999 TO 9999


WEATHER ITEM   OBSERVED TIME   NORMAL DEPARTURE LAST
                VALUE   (LST)  VALUE  FROM      YEAR
                                      NORMAL
......................................................
TEMPERATURE (F)
 YESTERDAY
  MAXIMUM         84    250 PM  72     12       80
  MINIMUM         61   1051 PM  47     14       56
  AVERAGE         73            60     13       68

PRECIPITATION (IN)
  YESTERDAY        0.00          0.12  -0.12     0.05
  MONTH TO DATE    1.21          3.61  -2.40     2.35
  SINCE MAR 1      1.21          3.61  -2.40     2.35
  SINCE JAN 1      7.86         11.18  -3.32     9.52

DEGREE DAYS
 HEATING
  YESTERDAY        0             6     -6        0
  MONTH TO DATE  272           259     13      130
  SINCE MAR 1    272           259     13      130
  SINCE JUL 1   1581          2191   -610     1531

 COOLING
  YESTERDAY        8             1      7        3
  MONTH TO DATE   26            20      6       63
  SINCE MAR 1     26            20      6       63
  SINCE JAN 1     52            23     29       69
......................................................


WIND (MPH)
  HIGHEST WIND SPEED    18   HIGHEST WIND DIRECTION     W (260)
  HIGHEST GUST SPEED    25   HIGHEST GUST DIRECTION     W (270)
  AVERAGE WIND SPEED     8.9


SKY COVER
  AVERAGE SKY COVER 0.3


WEATHER CONDITIONS
 THE FOLLOWING WEATHER WAS RECORDED YESTERDAY.
  NO SIGNIFICANT WEATHER WAS OBSERVED.


RELATIVE HUMIDITY (PERCENT)
 HIGHEST    90           300 AM
 LOWEST     40           500 PM

..........................................................


THE ORANGEBURG AIRPORT SC CLIMATE NORMALS FOR TODAY
                         NORMAL    RECORD    YEAR
 MAXIMUM TEMPERATURE (F)   72        MM        MM
 MINIMUM TEMPERATURE (F)   47        MM        MM


SUNRISE AND SUNSET
MARCH 29 2017.........SUNRISE   715 AM EDT   SUNSET   742 PM EDT
MARCH 30 2017.........SUNRISE   713 AM EDT   SUNSET   743 PM EDT


-  INDICATES NEGATIVE NUMBERS.
R  INDICATES RECORD WAS SET OR TIED.
MM INDICATES DATA IS MISSING.
T  INDICATES TRACE AMOUNT.




$$
