401
CDUS42 KCAE 140536
CLIOGB


CLIMATE REPORT
NATIONAL WEATHER SERVICE COLUMBIA SC
1235 AM EST SUN FEB 14 2016


...................................

...THE ORANGEBURG AIRPORT SC CLIMATE SUMMARY FOR FEBRUARY 13 2016...

CLIMATE NORMAL PERIOD 1981 TO 2010
CLIMATE RECORD PERIOD 9999 TO 9999


WEATHER ITEM   OBSERVED TIME   NORMAL DEPARTURE LAST
                VALUE   (LST)  VALUE  FROM      YEAR
                                      NORMAL
......................................................
TEMPERATURE (F)
 YESTERDAY
  MAXIMUM         49    425 PM  60    -11       44
  MINIMUM         30    556 AM  38     -8       25
  AVERAGE         40            49     -9       35

PRECIPITATION (IN)
  YESTERDAY        0.00          0.13  -0.13     0.00
  MONTH TO DATE    3.81          1.38   2.43     0.78
  SINCE DEC 1     10.69          8.68   2.01     7.03
  SINCE JAN 1      5.90          5.36   0.54     3.60

DEGREE DAYS
 HEATING
  YESTERDAY       25            16      9       30
  MONTH TO DATE  223           220      3      236
  SINCE DEC 1    978          1348   -370     1248
  SINCE JUL 1   1199          1717   -518     1720

 COOLING
  YESTERDAY        0             0      0        0
  MONTH TO DATE    5             0      5        0
  SINCE DEC 1     74             5     69        0
  SINCE JAN 1      5             1      4        0
......................................................


WIND (MPH)
  HIGHEST WIND SPEED    15   HIGHEST WIND DIRECTION     N (10)
  HIGHEST GUST SPEED    22   HIGHEST GUST DIRECTION     N (20)
  AVERAGE WIND SPEED     6.7


SKY COVER
  AVERAGE SKY COVER 0.0


WEATHER CONDITIONS
 THE FOLLOWING WEATHER WAS RECORDED YESTERDAY.
  FOG


RELATIVE HUMIDITY (PERCENT)
 HIGHEST    92           600 AM
 LOWEST     15           500 PM

..........................................................


THE ORANGEBURG AIRPORT SC CLIMATE NORMALS FOR TODAY
                         NORMAL    RECORD    YEAR
 MAXIMUM TEMPERATURE (F)   61        MM        MM
 MINIMUM TEMPERATURE (F)   38        MM        MM


SUNRISE AND SUNSET
FEBRUARY 14 2016......SUNRISE   709 AM EST   SUNSET   607 PM EST
FEBRUARY 15 2016......SUNRISE   708 AM EST   SUNSET   608 PM EST


-  INDICATES NEGATIVE NUMBERS.
R  INDICATES RECORD WAS SET OR TIED.
MM INDICATES DATA IS MISSING.
T  INDICATES TRACE AMOUNT.




$$
