000
CDUS42 KCAE 260630
CLIOGB


CLIMATE REPORT
NATIONAL WEATHER SERVICE COLUMBIA SC
130 AM EST MON JAN 26 2015


...................................

...THE ORANGEBURG AIRPORT SC CLIMATE SUMMARY FOR JANUARY 25 2015...

CLIMATE NORMAL PERIOD 1981 TO 2010
CLIMATE RECORD PERIOD 9999 TO 9999


WEATHER ITEM   OBSERVED TIME   NORMAL DEPARTURE LAST
                VALUE   (LST)  VALUE  FROM      YEAR
                                      NORMAL
......................................................
TEMPERATURE (F)
 YESTERDAY
  MAXIMUM         61    328 PM  57      4       53
  MINIMUM         30    730 AM  36     -6       14
  AVERAGE         46            46      0       34

PRECIPITATION (IN)
  YESTERDAY        0.00          0.15  -0.15      T
  MONTH TO DATE    2.82          3.10  -0.28     1.75
  SINCE DEC 1      6.25          6.42  -0.17     5.44
  SINCE JAN 1      2.82          3.10  -0.28     1.75

DEGREE DAYS
 HEATING
  YESTERDAY       19            19      0       31
  MONTH TO DATE  455           487    -32      551
  SINCE DEC 1    880          1022   -142      945
  SINCE JUL 1   1352          1391    -39     1341

 COOLING
  YESTERDAY        0             0      0        0
  MONTH TO DATE    0             0      0        0
  SINCE DEC 1      0             4     -4       17
  SINCE JAN 1      0             0      0        0
......................................................


WIND (MPH)
  HIGHEST WIND SPEED    16   HIGHEST WIND DIRECTION     S (180)
  HIGHEST GUST SPEED    20   HIGHEST GUST DIRECTION    SW (220)
  AVERAGE WIND SPEED     4.9


SKY COVER
  AVERAGE SKY COVER 0.0


WEATHER CONDITIONS
 THE FOLLOWING WEATHER WAS RECORDED YESTERDAY.
  FOG


RELATIVE HUMIDITY (PERCENT)
 HIGHEST    92           700 AM
 LOWEST     32           300 PM

..........................................................


THE ORANGEBURG AIRPORT SC CLIMATE NORMALS FOR TODAY
                         NORMAL    RECORD    YEAR
 MAXIMUM TEMPERATURE (F)   57        MM        MM
 MINIMUM TEMPERATURE (F)   36        MM        MM


SUNRISE AND SUNSET
JANUARY 26 2015.......SUNRISE   723 AM EST   SUNSET   549 PM EST
JANUARY 27 2015.......SUNRISE   723 AM EST   SUNSET   550 PM EST


-  INDICATES NEGATIVE NUMBERS.
R  INDICATES RECORD WAS SET OR TIED.
MM INDICATES DATA IS MISSING.
T  INDICATES TRACE AMOUNT.




$$
