000
CDUS42 KCAE 172218
CLIOGB


CLIMATE REPORT
NATIONAL WEATHER SERVICE COLUMBIA SC
516 PM EST SAT FEB 17 2018


...................................

...THE ORANGEBURG AIRPORT SC CLIMATE SUMMARY FOR FEBRUARY 17 2018...
VALID TODAY AS OF 0500 PM LOCAL TIME.

CLIMATE NORMAL PERIOD 1981 TO 2010
CLIMATE RECORD PERIOD 9999 TO 9999


WEATHER ITEM   OBSERVED TIME   NORMAL DEPARTURE LAST
                VALUE   (LST)  VALUE  FROM      YEAR
                                      NORMAL
......................................................
TEMPERATURE (F)
 TODAY
  MAXIMUM         72    424 PM  61     11       72
  MINIMUM         64    901 AM  38     26       35
  AVERAGE         68            50     18       54

PRECIPITATION (IN)
  TODAY            T             0.15  -0.15     0.00
  MONTH TO DATE    1.13          1.94  -0.81     1.41
  SINCE DEC 1      4.46          9.24  -4.78    11.05
  SINCE JAN 1      2.72          5.92  -3.20     6.65

DEGREE DAYS
 HEATING
  TODAY            0            15    -15       11
  MONTH TO DATE  163           282   -119      175
  SINCE DEC 1   1310          1410   -100      957
  SINCE JUL 1   1674          1779   -105     1262

 COOLING
  TODAY            3             0      3        0
  MONTH TO DATE   22             0     22        3
  SINCE DEC 1     23             5     18       14
  SINCE JAN 1     23             1     22       10
......................................................


WIND (MPH)
  HIGHEST WIND SPEED    17   HIGHEST WIND DIRECTION     S (160)
  HIGHEST GUST SPEED    24   HIGHEST GUST DIRECTION     S (160)
  AVERAGE WIND SPEED     7.7


SKY COVER
  AVERAGE SKY COVER 1.0


WEATHER CONDITIONS
 THE FOLLOWING WEATHER WAS RECORDED TODAY.
  LIGHT RAIN


RELATIVE HUMIDITY (PERCENT)
 HIGHEST    73           200 PM
 LOWEST     56           900 AM

..........................................................


THE ORANGEBURG AIRPORT SC CLIMATE NORMALS FOR TOMORROW
                         NORMAL
 MAXIMUM TEMPERATURE (F)   62
 MINIMUM TEMPERATURE (F)   39


SUNRISE AND SUNSET
FEBRUARY 17 2018......SUNRISE   705 AM EST   SUNSET   610 PM EST
FEBRUARY 18 2018......SUNRISE   704 AM EST   SUNSET   611 PM EST


-  INDICATES NEGATIVE NUMBERS.
R  INDICATES RECORD WAS SET OR TIED.
MM INDICATES DATA IS MISSING.
T  INDICATES TRACE AMOUNT.




$$
