000
CDUS42 KCAE 200616
CLIOGB


CLIMATE REPORT
NATIONAL WEATHER SERVICE COLUMBIA SC
216 AM EDT SUN APR 20 2014


...................................

...THE ORANGEBURG AIRPORT SC CLIMATE SUMMARY FOR APRIL 19 2014...

CLIMATE NORMAL PERIOD 1981 TO 2010
CLIMATE RECORD PERIOD 9999 TO 9999


WEATHER ITEM   OBSERVED TIME   RECORD YEAR NORMAL DEPARTURE LAST
                VALUE   (LST)  VALUE       VALUE  FROM      YEAR
                                                  NORMAL
..................................................................
TEMPERATURE (F)
 YESTERDAY
  MAXIMUM         58    124 PM  MM      MM  77    -19       85
  MINIMUM         52   1159 PM  MM      MM  51      1       55
  AVERAGE         55                        64     -9       70

PRECIPITATION (IN)
  YESTERDAY        0.31         MM      MM   0.10   0.21     0.91
  MONTH TO DATE    3.38                      1.96   1.42     2.17
  SINCE MAR 1      6.25                      5.94   0.31     5.23
  SINCE JAN 1     12.17                     13.51  -1.34    13.39

DEGREE DAYS
 HEATING
  YESTERDAY       10                         3      7        0
  MONTH TO DATE   72                        85    -13       56
  SINCE MAR 1    458                       362     96      490
  SINCE JUL 1   2322                      2294     28     2123

 COOLING
  YESTERDAY        0                         2     -2        5
  MONTH TO DATE   31                        33     -2       53
  SINCE MAR 1     33                        50    -17       59
  SINCE JAN 1     39                        53    -14       79
..................................................................


WIND (MPH)
  HIGHEST WIND SPEED    21   HIGHEST WIND DIRECTION    NE (30)
  HIGHEST GUST SPEED    28   HIGHEST GUST DIRECTION    NE (50)
  AVERAGE WIND SPEED    13.0


SKY COVER
  AVERAGE SKY COVER 1.0


WEATHER CONDITIONS
 THE FOLLOWING WEATHER WAS RECORDED YESTERDAY.
  THUNDERSTORM
  RAIN
  LIGHT RAIN
  FOG
  HAZE


RELATIVE HUMIDITY (PERCENT)
 HIGHEST    96          1100 PM
 LOWEST     80          1100 AM

..........................................................


THE ORANGEBURG AIRPORT SC CLIMATE NORMALS FOR TODAY
                         NORMAL    RECORD    YEAR
 MAXIMUM TEMPERATURE (F)   78        MM        MM
 MINIMUM TEMPERATURE (F)   51        MM        MM


SUNRISE AND SUNSET
APRIL 20 2014.........SUNRISE   647 AM EDT   SUNSET   758 PM EDT
APRIL 21 2014.........SUNRISE   646 AM EDT   SUNSET   759 PM EDT


-  INDICATES NEGATIVE NUMBERS.
R  INDICATES RECORD WAS SET OR TIED.
MM INDICATES DATA IS MISSING.
T  INDICATES TRACE AMOUNT.




$$
