000
CDHW42 PHFO 311245
CLIOGG


CLIMATE REPORT
NATIONAL WEATHER SERVICE HONOLULU HI
245 AM HST MON AUG 31 2015


...................................

...THE KAHULUI HI CLIMATE SUMMARY FOR AUGUST 30 2015...

CLIMATE NORMAL PERIOD 1981 TO 2010
CLIMATE RECORD PERIOD 1946 TO 2015


WEATHER ITEM   OBSERVED TIME   RECORD YEAR NORMAL DEPARTURE LAST
                VALUE   (LST)  VALUE       VALUE  FROM      YEAR
                                                  NORMAL
..................................................................
TEMPERATURE (F)
 YESTERDAY
  MAXIMUM         89    314 PM  94    1968  88      1       88
  MINIMUM         78    619 AM  59    1953  71      7       66
  AVERAGE         84                        80      4       77

PRECIPITATION (IN)
  YESTERDAY        0.11          0.31 1975   0.02   0.09     0.00
  MONTH TO DATE    2.23                      0.49   1.74     0.47
  SINCE JUN 1      3.19                      1.19   2.00     1.69
  SINCE JAN 1     22.15                     10.69  11.46    15.65

SNOWFALL (IN)
  YESTERDAY        0.0
  MONTH TO DATE    0.0
  SINCE JUN 1      0.0
  SINCE JUL 1      0.0
  SNOW DEPTH       0

DEGREE DAYS
 HEATING
  YESTERDAY        0                         0      0        0
  MONTH TO DATE    0                         0      0        0
  SINCE JUN 1      0                         0      0        0
  SINCE JUL 1      0                         0      0        0

 COOLING
  YESTERDAY       19                        15      4       12
  MONTH TO DATE  544                       450     94      480
  SINCE JUN 1   1488                      1277    211     1378
  SINCE JAN 1   2815                      2536    279     2874
..................................................................


WIND (MPH)
  HIGHEST WIND SPEED    20   HIGHEST WIND DIRECTION    NE (30)
  HIGHEST GUST SPEED    24   HIGHEST GUST DIRECTION    NE (40)
  AVERAGE WIND SPEED    11.7


SKY COVER
  POSSIBLE SUNSHINE  MM
  AVERAGE SKY COVER 0.5


WEATHER CONDITIONS
 THE FOLLOWING WEATHER WAS RECORDED YESTERDAY.
  RAIN
  LIGHT RAIN
  FOG
  HAZE


RELATIVE HUMIDITY (PERCENT)
 HIGHEST    88          1100 AM
 LOWEST     65           400 PM
 AVERAGE    77

..........................................................


THE KAHULUI HI CLIMATE NORMALS FOR TODAY
                         NORMAL    RECORD    YEAR
 MAXIMUM TEMPERATURE (F)   88        97      1994
 MINIMUM TEMPERATURE (F)   71        61      1971


SUNRISE AND SUNSET
AUGUST 31 2015........SUNRISE   609 AM HST   SUNSET   642 PM HST
SEPTEMBER  1 2015.....SUNRISE   609 AM HST   SUNSET   642 PM HST


-  INDICATES NEGATIVE NUMBERS.
R  INDICATES RECORD WAS SET OR TIED.
MM INDICATES DATA IS MISSING.
T  INDICATES TRACE AMOUNT.




$$
