000
CDHW42 PHFO 010253
CLIOGG


CLIMATE REPORT
NATIONAL WEATHER SERVICE HONOLULU HI
443 PM HST SAT APR 30 2016


...................................

...THE KAHULUI HI CLIMATE SUMMARY FOR APRIL 30 2016...
VALID TODAY AS OF 0400 PM LOCAL TIME.

CLIMATE NORMAL PERIOD 1981 TO 2010
CLIMATE RECORD PERIOD 1946 TO 2016


WEATHER ITEM   OBSERVED TIME   RECORD YEAR NORMAL DEPARTURE LAST
                VALUE   (LST)  VALUE       VALUE  FROM      YEAR
                                                  NORMAL
..................................................................
TEMPERATURE (F)
 TODAY
  MAXIMUM         88    200 PM  92    1953  83      5       85
  MINIMUM         69    521 AM  58    2003  66      3       71
  AVERAGE         79                        75      4       78

PRECIPITATION (IN)
  TODAY            0.01          1.24 1954   0.03  -0.02     0.01
  MONTH TO DATE    1.20                      1.55  -0.35     2.81
  SINCE MAR 1      3.15                      4.00  -0.85    12.42
  SINCE JAN 1      4.70                      8.76  -4.06    16.73

SNOWFALL (IN)
  TODAY            0.0
  MONTH TO DATE    0.0
  SINCE MAR 1      0.0
  SINCE JUL 1      0.0
  SNOW DEPTH       0

DEGREE DAYS
 HEATING
  TODAY            0                         0      0        0
  MONTH TO DATE    0                         0      0        0
  SINCE MAR 1      0                         0      0        0
  SINCE JUL 1      0                         0      0        0

 COOLING
  TODAY           14                        10      4       13
  MONTH TO DATE  358                       272     86      351
  SINCE MAR 1    637                       517    120      577
  SINCE JAN 1   1105                       926    179      981
..................................................................


WIND (MPH)
  HIGHEST WIND SPEED    26   HIGHEST WIND DIRECTION    NE (50)
  HIGHEST GUST SPEED    33   HIGHEST GUST DIRECTION    NE (40)
  AVERAGE WIND SPEED    14.4


SKY COVER
  POSSIBLE SUNSHINE  MM
  AVERAGE SKY COVER 0.4


WEATHER CONDITIONS
 THE FOLLOWING WEATHER WAS RECORDED TODAY.
  LIGHT RAIN


RELATIVE HUMIDITY (PERCENT)
 HIGHEST    90           400 AM
 LOWEST     40          1000 AM
 AVERAGE    65

..........................................................


THE KAHULUI HI CLIMATE NORMALS FOR TOMORROW
                         NORMAL    RECORD    YEAR
 MAXIMUM TEMPERATURE (F)   83        89      2013
 MINIMUM TEMPERATURE (F)   66        60      1992


SUNRISE AND SUNSET
APRIL 30 2016.........SUNRISE   556 AM HST   SUNSET   650 PM HST
MAY  1 2016...........SUNRISE   555 AM HST   SUNSET   651 PM HST


-  INDICATES NEGATIVE NUMBERS.
R  INDICATES RECORD WAS SET OR TIED.
MM INDICATES DATA IS MISSING.
T  INDICATES TRACE AMOUNT.




$$
