000
CDHW42 PHFO 011245
CLIOGG


CLIMATE REPORT
NATIONAL WEATHER SERVICE HONOLULU HI
245 AM HST FRI AUG 1 2014


...................................

...THE KAHULUI HI CLIMATE SUMMARY FOR JULY 31 2014...

CLIMATE NORMAL PERIOD 1981 TO 2010
CLIMATE RECORD PERIOD 1946 TO 2014


WEATHER ITEM   OBSERVED TIME   RECORD YEAR NORMAL DEPARTURE LAST
                VALUE   (LST)  VALUE       VALUE  FROM      YEAR
                                                  NORMAL
..................................................................
TEMPERATURE (F)
 YESTERDAY
  MAXIMUM         91    207 PM  92    1997  88      3       89
                                      1981
                                      1951
  MINIMUM         69    555 AM  61    1972  72     -3       77
                                      1965
  AVERAGE         80                        80      0       83

PRECIPITATION (IN)
  YESTERDAY        0.00          0.19 1980   0.02  -0.02     0.00
  MONTH TO DATE    0.93                      0.50   0.43     0.86
  SINCE JUN 1      1.22                      0.70   0.52     1.13
  SINCE JAN 1     15.18                     10.20   4.98     8.12

SNOWFALL (IN)
  YESTERDAY        0.0
  MONTH TO DATE    0.0
  SINCE JUN 1      0.0
  SINCE JUL 1      0.0
  SNOW DEPTH       0

DEGREE DAYS
 HEATING
  YESTERDAY        0                         0      0        0
  MONTH TO DATE    0                         0      0        0
  SINCE JUN 1      0                         0      0        0
  SINCE JUL 1      0                         0      0        0

 COOLING
  YESTERDAY       15                        15      0       18
  MONTH TO DATE  479                       439     40      476
  SINCE JUN 1    898                       827     71      918
  SINCE JAN 1   2394                      2086    308     2302
..................................................................


WIND (MPH)
  HIGHEST WIND SPEED    23   HIGHEST WIND DIRECTION    NE (60)
  HIGHEST GUST SPEED    30   HIGHEST GUST DIRECTION     E (70)
  AVERAGE WIND SPEED    13.7


SKY COVER
  POSSIBLE SUNSHINE  MM
  AVERAGE SKY COVER 0.3


WEATHER CONDITIONS
 THE FOLLOWING WEATHER WAS RECORDED YESTERDAY.
  HAZE


RELATIVE HUMIDITY (PERCENT)
 HIGHEST    79           300 AM
 LOWEST     44           100 PM
 AVERAGE    62

..........................................................


THE KAHULUI HI CLIMATE NORMALS FOR TODAY
                         NORMAL    RECORD    YEAR
 MAXIMUM TEMPERATURE (F)   88        93      1976
 MINIMUM TEMPERATURE (F)   72        61      1999
                                             1950


SUNRISE AND SUNSET
AUGUST  1 2014........SUNRISE   600 AM HST   SUNSET   704 PM HST
AUGUST  2 2014........SUNRISE   600 AM HST   SUNSET   703 PM HST


-  INDICATES NEGATIVE NUMBERS.
R  INDICATES RECORD WAS SET OR TIED.
MM INDICATES DATA IS MISSING.
T  INDICATES TRACE AMOUNT.




$$
