000
CDHW42 PHFO 201245
CLIOGG


CLIMATE REPORT
NATIONAL WEATHER SERVICE HONOLULU HI
245 AM HST SAT DEC 20 2014


...................................

...THE KAHULUI HI CLIMATE SUMMARY FOR DECEMBER 19 2014...

CLIMATE NORMAL PERIOD 1981 TO 2010
CLIMATE RECORD PERIOD 1946 TO 2014


WEATHER ITEM   OBSERVED TIME   RECORD YEAR NORMAL DEPARTURE LAST
                VALUE   (LST)  VALUE       VALUE  FROM      YEAR
                                                  NORMAL
..................................................................
TEMPERATURE (F)
 YESTERDAY
  MAXIMUM         86    227 PM  87    1995  81      5       85
                                      1980
  MINIMUM         63    727 AM  54    1950  65     -2       64
  AVERAGE         75                        73      2       75

PRECIPITATION (IN)
  YESTERDAY        0.00          0.68 1964   0.12  -0.12      T
  MONTH TO DATE    0.28                      2.05  -1.77     0.08
  SINCE DEC 1      0.28                      2.05  -1.77     0.08
  SINCE JAN 1     18.53                     16.53   2.00    13.67

SNOWFALL (IN)
  YESTERDAY        0.0
  MONTH TO DATE    0.0
  SINCE DEC 1      0.0
  SINCE JUL 1      0.0
  SNOW DEPTH       0

DEGREE DAYS
 HEATING
  YESTERDAY        0                         0      0        0
  MONTH TO DATE    0                         0      0        0
  SINCE DEC 1      0                         0      0        0
  SINCE JUL 1      0                         0      0        0

 COOLING
  YESTERDAY       10                         8      2       10
  MONTH TO DATE  173                       167      6      179
  SINCE DEC 1    173                       167      6      179
  SINCE JAN 1   4367                      3874    493     4157
..................................................................


WIND (MPH)
  HIGHEST WIND SPEED    23   HIGHEST WIND DIRECTION    NE (60)
  HIGHEST GUST SPEED    35   HIGHEST GUST DIRECTION     E (80)
  AVERAGE WIND SPEED     8.9


SKY COVER
  POSSIBLE SUNSHINE  MM
  AVERAGE SKY COVER 0.2


WEATHER CONDITIONS
 THE FOLLOWING WEATHER WAS RECORDED YESTERDAY.
  HAZE


RELATIVE HUMIDITY (PERCENT)
 HIGHEST    90           700 AM
 LOWEST     48          1200 PM
 AVERAGE    69

..........................................................


THE KAHULUI HI CLIMATE NORMALS FOR TODAY
                         NORMAL    RECORD    YEAR
 MAXIMUM TEMPERATURE (F)   81        87      1997
                                             1979
                                             1952
 MINIMUM TEMPERATURE (F)   65        54      1950


SUNRISE AND SUNSET
DECEMBER 20 2014......SUNRISE   658 AM HST   SUNSET   549 PM HST
DECEMBER 21 2014......SUNRISE   658 AM HST   SUNSET   550 PM HST


-  INDICATES NEGATIVE NUMBERS.
R  INDICATES RECORD WAS SET OR TIED.
MM INDICATES DATA IS MISSING.
T  INDICATES TRACE AMOUNT.




$$
