000
CDHW42 PHFO 270257
CLIOGG


CLIMATE REPORT
NATIONAL WEATHER SERVICE HONOLULU HI
444 PM HST MON SEP 26 2016


...................................

...THE KAHULUI HI CLIMATE SUMMARY FOR SEPTEMBER 26 2016...
VALID TODAY AS OF 0400 PM LOCAL TIME.

CLIMATE NORMAL PERIOD 1981 TO 2010
CLIMATE RECORD PERIOD 1946 TO 2016


WEATHER ITEM   OBSERVED TIME   RECORD YEAR NORMAL DEPARTURE LAST
                VALUE   (LST)  VALUE       VALUE  FROM      YEAR
                                                  NORMAL
..................................................................
TEMPERATURE (F)
 TODAY
  MAXIMUM         88    238 PM  95    1953  88      0       88
  MINIMUM         75    607 AM  61    2011  70      5       76
                                      1967
  AVERAGE         82                        79      3       82

PRECIPITATION (IN)
  TODAY            0.00          0.18 1988   0.01  -0.01     0.03
  MONTH TO DATE    1.21                      0.31   0.90     0.31
  SINCE SEP 1      1.21                      0.31   0.90     0.31
  SINCE JAN 1     11.02                     11.01   0.01    20.87

SNOWFALL (IN)
  TODAY            0.0
  MONTH TO DATE    0.0
  SINCE SEP 1      0.0
  SINCE JUL 1      0.0
  SNOW DEPTH       0

DEGREE DAYS
 HEATING
  TODAY            0                         0      0        0
  MONTH TO DATE    0                         0      0        0
  SINCE SEP 1      0                         0      0        0
  SINCE JUL 1      0                         0      0        0

 COOLING
  TODAY           17                        14      3       17
  MONTH TO DATE  418                       366     52      461
  SINCE SEP 1    418                       366     52      461
  SINCE JAN 1   3319                      2908    411     3096
..................................................................


WIND (MPH)
  HIGHEST WIND SPEED    26   HIGHEST WIND DIRECTION    NE (30)
  HIGHEST GUST SPEED    33   HIGHEST GUST DIRECTION     E (70)
  AVERAGE WIND SPEED    15.8


SKY COVER
  POSSIBLE SUNSHINE  MM
  AVERAGE SKY COVER 0.5


WEATHER CONDITIONS
 THE FOLLOWING WEATHER WAS RECORDED TODAY.
  NO SIGNIFICANT WEATHER WAS OBSERVED.


RELATIVE HUMIDITY (PERCENT)
 HIGHEST    82          1200 AM
 LOWEST     50           300 PM
 AVERAGE    66

..........................................................


THE KAHULUI HI CLIMATE NORMALS FOR TOMORROW
                         NORMAL    RECORD    YEAR
 MAXIMUM TEMPERATURE (F)   88        93      1984
                                             1972
                                             1952
 MINIMUM TEMPERATURE (F)   70        60      1975


SUNRISE AND SUNSET
SEPTEMBER 26 2016.....SUNRISE   616 AM HST   SUNSET   618 PM HST
SEPTEMBER 27 2016.....SUNRISE   616 AM HST   SUNSET   617 PM HST


-  INDICATES NEGATIVE NUMBERS.
R  INDICATES RECORD WAS SET OR TIED.
MM INDICATES DATA IS MISSING.
T  INDICATES TRACE AMOUNT.




$$
