000
CDHW42 PHFO 210240
CLIOGG


CLIMATE REPORT
NATIONAL WEATHER SERVICE HONOLULU HI
440 PM HST MON OCT 20 2014


...................................

...THE KAHULUI HI CLIMATE SUMMARY FOR OCTOBER 20 2014...
VALID TODAY AS OF 0400 PM LOCAL TIME.

CLIMATE NORMAL PERIOD 1981 TO 2010
CLIMATE RECORD PERIOD 1946 TO 2014


WEATHER ITEM   OBSERVED TIME   RECORD YEAR NORMAL DEPARTURE LAST
                VALUE   (LST)  VALUE       VALUE  FROM      YEAR
                                                  NORMAL
..................................................................
TEMPERATURE (F)
 TODAY
  MAXIMUM         90    202 PM  93    1996  87      3       86
                                      1984
  MINIMUM         70    702 AM  61    2011  69      1       67
                                      1950
  AVERAGE         80                        78      2       77

PRECIPITATION (IN)
  TODAY            0.00          0.88 2006   0.04  -0.04      T
  MONTH TO DATE    0.47                      0.66  -0.19     0.03
  SINCE SEP 1      1.18                      1.04   0.14     0.28
  SINCE JAN 1     16.83                     11.74   5.09     8.94

SNOWFALL (IN)
  TODAY            0.0
  MONTH TO DATE    0.0
  SINCE SEP 1      0.0
  SINCE JUL 1      0.0
  SNOW DEPTH       0

DEGREE DAYS
 HEATING
  TODAY            0                         0      0        0
  MONTH TO DATE    0                         0      0        0
  SINCE SEP 1      0                         0      0        0
  SINCE JUL 1      0                         0      0        0

 COOLING
  TODAY           15                        13      2       12
  MONTH TO DATE  311                       269     42      263
  SINCE SEP 1    788                       695     93      724
  SINCE JAN 1   3676                      3237    439     3511
..................................................................


WIND (MPH)
  HIGHEST WIND SPEED    23   HIGHEST WIND DIRECTION    NE (40)
  HIGHEST GUST SPEED    30   HIGHEST GUST DIRECTION     E (70)
  AVERAGE WIND SPEED    11.0


SKY COVER
  POSSIBLE SUNSHINE  MM
  AVERAGE SKY COVER 0.2


WEATHER CONDITIONS
 THE FOLLOWING WEATHER WAS RECORDED TODAY.
  NO SIGNIFICANT WEATHER WAS OBSERVED.


RELATIVE HUMIDITY (PERCENT)
 HIGHEST    84           600 AM
 LOWEST     50          1100 AM
 AVERAGE    67

..........................................................


THE KAHULUI HI CLIMATE NORMALS FOR TOMORROW
                         NORMAL    RECORD    YEAR
 MAXIMUM TEMPERATURE (F)   87        92      2009
 MINIMUM TEMPERATURE (F)   69        58      1953


SUNRISE AND SUNSET
OCTOBER 20 2014.......SUNRISE   623 AM HST   SUNSET   558 PM HST
OCTOBER 21 2014.......SUNRISE   623 AM HST   SUNSET   557 PM HST


-  INDICATES NEGATIVE NUMBERS.
R  INDICATES RECORD WAS SET OR TIED.
MM INDICATES DATA IS MISSING.
T  INDICATES TRACE AMOUNT.




$$
