000
CDUS43 KEAX 302124
CLIOJC


CLIMATE REPORT
NATIONAL WEATHER SERVICE KANSAS CITY/PLEASANT HILL MO
423 PM CDT SAT MAY 30 2015


...................................

...THE JOHNSON COUNTY EXECUTIVE KS CLIMATE SUMMARY FOR MAY 30 2015...
VALID AS OF 0400 PM LOCAL TIME.

CLIMATE NORMAL PERIOD 1981 TO 2010
CLIMATE RECORD PERIOD 9999 TO 9999


WEATHER ITEM   OBSERVED TIME   NORMAL DEPARTURE LAST
                VALUE   (LST)  VALUE  FROM      YEAR
                                      NORMAL
......................................................
TEMPERATURE (F)
 TODAY
  MAXIMUM         65    351 AM  79    -14       83
  MINIMUM         56   1013 AM  59     -3       67
  AVERAGE         61            69     -8       75

PRECIPITATION (IN)
  TODAY            0.01          0.18  -0.17     0.05
  MONTH TO DATE   10.60          5.26   5.34     1.37
  SINCE MAR 1     14.63         11.88   2.75     7.09
  SINCE JAN 1     16.22         14.57   1.65     7.58

DEGREE DAYS
 HEATING
  TODAY            4             1      3        0
  MONTH TO DATE   82            92    -10      113
  SINCE MAR 1    839          1030   -191     1211
  SINCE JUL 1   4874          4923    -49     5692

 COOLING
  TODAY            0             5     -5       10
  MONTH TO DATE   68            80    -12      138
  SINCE MAR 1     77            98    -21      143
  SINCE JAN 1     77            98    -21      143
......................................................


WIND (MPH)
  HIGHEST WIND SPEED    17   HIGHEST WIND DIRECTION     N (340)
  HIGHEST GUST SPEED    23   HIGHEST GUST DIRECTION     N (340)
  AVERAGE WIND SPEED     9.6


SKY COVER
  AVERAGE SKY COVER 0.9


WEATHER CONDITIONS
 THE FOLLOWING WEATHER WAS RECORDED TODAY.
  LIGHT RAIN
  FOG


RELATIVE HUMIDITY (PERCENT)
 HIGHEST   100          1200 AM
 LOWEST     78          1200 PM
 AVERAGE    89

..........................................................


THE JOHNSON COUNTY EXECUTIVE KS CLIMATE NORMALS FOR TOMORROW
                         NORMAL
 MAXIMUM TEMPERATURE (F)   79
 MINIMUM TEMPERATURE (F)   60


SUNRISE AND SUNSET
MAY 30 2015...........SUNRISE   557 AM CDT   SUNSET   837 PM CDT
MAY 31 2015...........SUNRISE   556 AM CDT   SUNSET   837 PM CDT


-  INDICATES NEGATIVE NUMBERS.
R  INDICATES RECORD WAS SET OR TIED.
MM INDICATES DATA IS MISSING.
T  INDICATES TRACE AMOUNT.




$$
