000
CDUS43 KEAX 241234
CLIOJC


CLIMATE REPORT
NATIONAL WEATHER SERVICE KANSAS CITY/PLEASANT HILL MO
734 AM CDT FRI OCT 24 2014


...................................

...THE JOHNSON COUNTY EXECUTIVE KS CLIMATE SUMMARY FOR OCTOBER 24 2014...
VALID AS OF 0700 AM LOCAL TIME.

CLIMATE NORMAL PERIOD 1981 TO 2010
CLIMATE RECORD PERIOD 9999 TO 9999


WEATHER ITEM   OBSERVED TIME   NORMAL DEPARTURE LAST
                VALUE   (LST)  VALUE  FROM      YEAR
                                      NORMAL
......................................................
TEMPERATURE (F)
 TODAY
  MAXIMUM         57    147 AM  64     -7       50
  MINIMUM         54    559 AM  44     10       31
  AVERAGE         56            54      2       41

PRECIPITATION (IN)
  TODAY            0.00          0.10  -0.10     0.00
  MONTH TO DATE    5.06          2.80   2.26     1.06
  SINCE SEP 1      7.76          7.31   0.45     4.05
  SINCE JAN 1     29.71         35.27  -5.56    30.56

DEGREE DAYS
 HEATING
  TODAY            9            11     -2       24
  MONTH TO DATE  158           187    -29      227
  SINCE SEP 1    215           235    -20      254
  SINCE JUL 1    216           236    -20      254

 COOLING
  TODAY            0             0      0        0
  MONTH TO DATE   10            27    -17       31
  SINCE SEP 1    139           183    -44      247
  SINCE JAN 1   1228          1348   -120     1360
......................................................


WIND (MPH)
  HIGHEST WIND SPEED    10   HIGHEST WIND DIRECTION    SW (210)
  HIGHEST GUST SPEED    14   HIGHEST GUST DIRECTION     S (200)
  AVERAGE WIND SPEED     7.1


SKY COVER
  AVERAGE SKY COVER 1.0


WEATHER CONDITIONS
 THE FOLLOWING WEATHER WAS RECORDED TODAY.
  FOG


RELATIVE HUMIDITY (PERCENT)
 HIGHEST   100          1200 AM
 LOWEST    100          1200 AM
 AVERAGE   100

..........................................................


THE JOHNSON COUNTY EXECUTIVE KS CLIMATE NORMALS FOR TOMORROW
                         NORMAL
 MAXIMUM TEMPERATURE (F)   64
 MINIMUM TEMPERATURE (F)   44


SUNRISE AND SUNSET
OCTOBER 24 2014.......SUNRISE   737 AM CDT   SUNSET   628 PM CDT
OCTOBER 25 2014.......SUNRISE   739 AM CDT   SUNSET   627 PM CDT


-  INDICATES NEGATIVE NUMBERS.
R  INDICATES RECORD WAS SET OR TIED.
MM INDICATES DATA IS MISSING.
T  INDICATES TRACE AMOUNT.




$$
