000
CDUS43 KEAX 300636
CLIOJC


CLIMATE REPORT
NATIONAL WEATHER SERVICE KANSAS CITY/PLEASANT HILL MO
135 AM CDT SAT APR 30 2016


...................................

...THE JOHNSON COUNTY EXECUTIVE KS CLIMATE SUMMARY FOR APRIL 29 2016...

CLIMATE NORMAL PERIOD 1981 TO 2010
CLIMATE RECORD PERIOD 9999 TO 9999


WEATHER ITEM   OBSERVED TIME   NORMAL DEPARTURE LAST
                VALUE   (LST)  VALUE  FROM      YEAR
                                      NORMAL
......................................................
TEMPERATURE (F)
 YESTERDAY
  MAXIMUM         59   1252 PM  69    -10       73
  MINIMUM         47    623 AM  50     -3       49
  AVERAGE         53            59     -6       61

PRECIPITATION (IN)
  YESTERDAY        0.28          0.19   0.09     0.00
  MONTH TO DATE    4.37          3.79   0.58     3.17
  SINCE MAR 1      6.46          6.42   0.04     4.03
  SINCE JAN 1      7.71          9.11  -1.40     5.62

DEGREE DAYS
 HEATING
  YESTERDAY       12             6      6        4
  MONTH TO DATE  224           308    -84      217
  SINCE MAR 1    658           932   -274      754
  SINCE JUL 1   4003          4825   -822     4789

 COOLING
  YESTERDAY        0             1     -1        0
  MONTH TO DATE    6            21    -15        7
  SINCE MAR 1      6            22    -16        9
  SINCE JAN 1      6            22    -16        9
......................................................


WIND (MPH)
  HIGHEST WIND SPEED    24   HIGHEST WIND DIRECTION    NE (60)
  HIGHEST GUST SPEED    34   HIGHEST GUST DIRECTION     E (80)
  AVERAGE WIND SPEED    11.9


SKY COVER
  AVERAGE SKY COVER 0.6


WEATHER CONDITIONS
 THE FOLLOWING WEATHER WAS RECORDED YESTERDAY.
  THUNDERSTORM
  HEAVY RAIN
  RAIN
  LIGHT RAIN
  FOG


RELATIVE HUMIDITY (PERCENT)
 HIGHEST   100           800 PM
 LOWEST     72          1100 AM
 AVERAGE    86

..........................................................


THE JOHNSON COUNTY EXECUTIVE KS CLIMATE NORMALS FOR TODAY
                         NORMAL
 MAXIMUM TEMPERATURE (F)   70
 MINIMUM TEMPERATURE (F)   50


SUNRISE AND SUNSET
APRIL 30 2016.........SUNRISE   622 AM CDT   SUNSET   811 PM CDT
MAY  1 2016...........SUNRISE   621 AM CDT   SUNSET   812 PM CDT


-  INDICATES NEGATIVE NUMBERS.
R  INDICATES RECORD WAS SET OR TIED.
MM INDICATES DATA IS MISSING.
T  INDICATES TRACE AMOUNT.




$$
