000
CDUS43 KEAX 050632
CLIOJC


CLIMATE REPORT
NATIONAL WEATHER SERVICE KANSAS CITY/PLEASANT HILL MO
132 AM CDT SUN JUL 5 2015


...................................

...THE JOHNSON COUNTY EXECUTIVE KS CLIMATE SUMMARY FOR JULY 4 2015...

CLIMATE NORMAL PERIOD 1981 TO 2010
CLIMATE RECORD PERIOD 9999 TO 9999


WEATHER ITEM   OBSERVED TIME   NORMAL DEPARTURE LAST
                VALUE   (LST)  VALUE  FROM      YEAR
                                      NORMAL
......................................................
TEMPERATURE (F)
 YESTERDAY
  MAXIMUM         81    309 PM  86     -5       80
  MINIMUM         61    601 AM  68     -7       60
  AVERAGE         71            77     -6       70

PRECIPITATION (IN)
  YESTERDAY        0.00          0.12  -0.12     0.00
  MONTH TO DATE    0.35          0.50  -0.15     0.02
  SINCE JUN 1      6.54          6.28   0.26     8.21
  SINCE JAN 1     22.76         21.02   1.74    15.79

DEGREE DAYS
 HEATING
  YESTERDAY        0             0      0        0
  MONTH TO DATE    0             0      0        0
  SINCE JUN 1      4             8     -4        1
  SINCE JUL 1      0             0      0        0

 COOLING
  YESTERDAY        6            12     -6        5
  MONTH TO DATE   29            48    -19       18
  SINCE JUN 1    376           305     71      272
  SINCE JAN 1    453           409     44      425
......................................................


WIND (MPH)
  HIGHEST WIND SPEED    10   HIGHEST WIND DIRECTION    SE (150)
  HIGHEST GUST SPEED    15   HIGHEST GUST DIRECTION    SE (140)
  AVERAGE WIND SPEED     4.6


SKY COVER
  AVERAGE SKY COVER 0.0


WEATHER CONDITIONS
 THE FOLLOWING WEATHER WAS RECORDED YESTERDAY.
  FOG
  HAZE


RELATIVE HUMIDITY (PERCENT)
 HIGHEST    93           600 AM
 LOWEST     51           200 PM
 AVERAGE    72

..........................................................


THE JOHNSON COUNTY EXECUTIVE KS CLIMATE NORMALS FOR TODAY
                         NORMAL
 MAXIMUM TEMPERATURE (F)   87
 MINIMUM TEMPERATURE (F)   68


SUNRISE AND SUNSET
JULY  5 2015..........SUNRISE   559 AM CDT   SUNSET   847 PM CDT
JULY  6 2015..........SUNRISE   600 AM CDT   SUNSET   847 PM CDT


-  INDICATES NEGATIVE NUMBERS.
R  INDICATES RECORD WAS SET OR TIED.
MM INDICATES DATA IS MISSING.
T  INDICATES TRACE AMOUNT.




$$
