000
CDUS43 KEAX 232123
CLIOJC


CLIMATE REPORT
NATIONAL WEATHER SERVICE KANSAS CITY/PLEASANT HILL MO
422 PM CDT SUN JUL 23 2017


...................................

...THE JOHNSON COUNTY EXECUTIVE KS CLIMATE SUMMARY FOR JULY 23 2017...
VALID AS OF 0400 PM LOCAL TIME.

CLIMATE NORMAL PERIOD 1981 TO 2010
CLIMATE RECORD PERIOD 9999 TO 9999


WEATHER ITEM   OBSERVED TIME   NORMAL DEPARTURE LAST
                VALUE   (LST)  VALUE  FROM      YEAR
                                      NORMAL
......................................................
TEMPERATURE (F)
 TODAY
  MAXIMUM         90    241 PM  88      2       92
  MINIMUM         68   1225 AM  70     -2       74
  AVERAGE         79            79      0       83

PRECIPITATION (IN)
  TODAY            0.01          0.12  -0.11     0.00
  MONTH TO DATE    4.82          2.85   1.97     4.14
  SINCE JUN 1     10.61          8.63   1.98     5.75
  SINCE JAN 1     23.97         23.37   0.60    21.15

DEGREE DAYS
 HEATING
  TODAY            0             0      0        0
  MONTH TO DATE    0             0      0        0
  SINCE JUN 1      5             8     -3        0
  SINCE JUL 1      0             0      0        0

 COOLING
  TODAY           14            14      0       18
  MONTH TO DATE  326           299     27      301
  SINCE JUN 1    594           556     38      691
  SINCE JAN 1    690           660     30      745
......................................................


WIND (MPH)
  HIGHEST WIND SPEED    14   HIGHEST WIND DIRECTION     S (200)
  HIGHEST GUST SPEED    17   HIGHEST GUST DIRECTION    SW (210)
  AVERAGE WIND SPEED     5.6


SKY COVER
  AVERAGE SKY COVER 0.1


WEATHER CONDITIONS
 THE FOLLOWING WEATHER WAS RECORDED TODAY.
  THUNDERSTORM
  LIGHT RAIN


RELATIVE HUMIDITY (PERCENT)
 HIGHEST   100           200 AM
 LOWEST     61          1200 PM
 AVERAGE    81

..........................................................


THE JOHNSON COUNTY EXECUTIVE KS CLIMATE NORMALS FOR TOMORROW
                         NORMAL
 MAXIMUM TEMPERATURE (F)   89
 MINIMUM TEMPERATURE (F)   70


SUNRISE AND SUNSET
JULY 23 2017..........SUNRISE   613 AM CDT   SUNSET   838 PM CDT
JULY 24 2017..........SUNRISE   613 AM CDT   SUNSET   837 PM CDT


-  INDICATES NEGATIVE NUMBERS.
R  INDICATES RECORD WAS SET OR TIED.
MM INDICATES DATA IS MISSING.
T  INDICATES TRACE AMOUNT.




$$
