000
CDUS43 KEAX 160637
CLIOJC


CLIMATE REPORT
NATIONAL WEATHER SERVICE KANSAS CITY/PLEASANT HILL MO
135 AM CDT TUE SEP 16 2014


...................................

...THE JOHNSON COUNTY EXECUTIVE KS CLIMATE SUMMARY FOR SEPTEMBER 15 2014...

CLIMATE NORMAL PERIOD 1981 TO 2010
CLIMATE RECORD PERIOD 9999 TO 9999


WEATHER ITEM   OBSERVED TIME   NORMAL DEPARTURE LAST
                VALUE   (LST)  VALUE  FROM      YEAR
                                      NORMAL
......................................................
TEMPERATURE (F)
 YESTERDAY
  MAXIMUM         71   1047 AM  79     -8       86
  MINIMUM         53   1152 PM  59     -6       63
  AVERAGE         62            69     -7       75

PRECIPITATION (IN)
  YESTERDAY        T             0.10  -0.10     0.13
  MONTH TO DATE    1.41          2.67  -1.26     0.92
  SINCE SEP 1      1.41          2.67  -1.26     0.92
  SINCE JAN 1     23.36         30.63  -7.27    27.43

DEGREE DAYS
 HEATING
  YESTERDAY        3             1      2        0
  MONTH TO DATE   46             6     40        0
  SINCE SEP 1     46             6     40        0
  SINCE JUL 1     47             7     40        0

 COOLING
  YESTERDAY        0             5     -5       10
  MONTH TO DATE   76           106    -30      171
  SINCE SEP 1     76           106    -30      171
  SINCE JAN 1   1165          1271   -106     1284
......................................................


WIND (MPH)
  HIGHEST WIND SPEED    20   HIGHEST WIND DIRECTION     N (10)
  HIGHEST GUST SPEED    25   HIGHEST GUST DIRECTION     N (20)
  AVERAGE WIND SPEED     8.5


SKY COVER
  AVERAGE SKY COVER 0.7


WEATHER CONDITIONS
 THE FOLLOWING WEATHER WAS RECORDED YESTERDAY.
  LIGHT RAIN
  FOG


RELATIVE HUMIDITY (PERCENT)
 HIGHEST   100           600 AM
 LOWEST     72           800 PM
 AVERAGE    86

..........................................................


THE JOHNSON COUNTY EXECUTIVE KS CLIMATE NORMALS FOR TODAY
                         NORMAL
 MAXIMUM TEMPERATURE (F)   79
 MINIMUM TEMPERATURE (F)   58


SUNRISE AND SUNSET
SEPTEMBER 16 2014.....SUNRISE   701 AM CDT   SUNSET   726 PM CDT
SEPTEMBER 17 2014.....SUNRISE   702 AM CDT   SUNSET   724 PM CDT


-  INDICATES NEGATIVE NUMBERS.
R  INDICATES RECORD WAS SET OR TIED.
MM INDICATES DATA IS MISSING.
T  INDICATES TRACE AMOUNT.




$$
