000
CDUS43 KEAX 200638
CLIOJC


CLIMATE REPORT
NATIONAL WEATHER SERVICE KANSAS CITY/PLEASANT HILL MO
1237 AM CST MON NOV 20 2017


...................................

...THE JOHNSON COUNTY EXECUTIVE KS CLIMATE SUMMARY FOR NOVEMBER 19 2017...

CLIMATE NORMAL PERIOD 1981 TO 2010
CLIMATE RECORD PERIOD 9999 TO 9999


WEATHER ITEM   OBSERVED TIME   NORMAL DEPARTURE LAST
                VALUE   (LST)  VALUE  FROM      YEAR
                                      NORMAL
......................................................
TEMPERATURE (F)
 YESTERDAY
  MAXIMUM         51    404 PM  52     -1       45
  MINIMUM         27    713 AM  33     -6       26
  AVERAGE         39            42     -3       36

PRECIPITATION (IN)
  YESTERDAY        0.00          0.08  -0.08     0.00
  MONTH TO DATE    0.10          1.71  -1.61     1.52
  SINCE SEP 1      6.11          9.66  -3.55     6.81
  SINCE JAN 1     44.71         37.62   7.09    36.69

DEGREE DAYS
 HEATING
  YESTERDAY       26            23      3       29
  MONTH TO DATE  403           349     54      198
  SINCE SEP 1    680           673      7      357
  SINCE JUL 1    683           674      9      357

 COOLING
  YESTERDAY        0             0      0        0
  MONTH TO DATE    0             0      0       11
  SINCE SEP 1    229           184     45      249
  SINCE JAN 1   1236          1349   -113     1468
......................................................


WIND (MPH)
  HIGHEST WIND SPEED    15   HIGHEST WIND DIRECTION     S (200)
  HIGHEST GUST SPEED    21   HIGHEST GUST DIRECTION    SW (210)
  AVERAGE WIND SPEED     6.5


SKY COVER
  AVERAGE SKY COVER 0.0


WEATHER CONDITIONS
 THE FOLLOWING WEATHER WAS RECORDED YESTERDAY.
  NO SIGNIFICANT WEATHER WAS OBSERVED.


RELATIVE HUMIDITY (PERCENT)
 HIGHEST    85           800 AM
 LOWEST     41          1200 PM
 AVERAGE    63

..........................................................


THE JOHNSON COUNTY EXECUTIVE KS CLIMATE NORMALS FOR TODAY
                         NORMAL
 MAXIMUM TEMPERATURE (F)   51
 MINIMUM TEMPERATURE (F)   33


SUNRISE AND SUNSET
NOVEMBER 20 2017......SUNRISE   707 AM CST   SUNSET   502 PM CST
NOVEMBER 21 2017......SUNRISE   708 AM CST   SUNSET   501 PM CST


-  INDICATES NEGATIVE NUMBERS.
R  INDICATES RECORD WAS SET OR TIED.
MM INDICATES DATA IS MISSING.
T  INDICATES TRACE AMOUNT.




$$
