000
CDUS43 KEAX 260641
CLIOJC


CLIMATE REPORT
NATIONAL WEATHER SERVICE KANSAS CITY/PLEASANT HILL MO
140 AM CDT THU MAY 26 2016


...................................

...THE JOHNSON COUNTY EXECUTIVE KS CLIMATE SUMMARY FOR MAY 25 2016...

CLIMATE NORMAL PERIOD 1981 TO 2010
CLIMATE RECORD PERIOD 9999 TO 9999


WEATHER ITEM   OBSERVED TIME   NORMAL DEPARTURE LAST
                VALUE   (LST)  VALUE  FROM      YEAR
                                      NORMAL
......................................................
TEMPERATURE (F)
 YESTERDAY
  MAXIMUM         80    438 PM  77      3       80
  MINIMUM         62    320 AM  58      4       58
  AVERAGE         71            68      3       69

PRECIPITATION (IN)
  YESTERDAY        0.22          0.15   0.07     0.21
  MONTH TO DATE    5.06          4.41   0.65     9.50
  SINCE MAR 1     11.65         11.03   0.62    13.53
  SINCE JAN 1     12.90         13.72  -0.82    15.12

DEGREE DAYS
 HEATING
  YESTERDAY        0             2     -2        0
  MONTH TO DATE  131            87     44       78
  SINCE MAR 1    794          1025   -231      835
  SINCE JUL 1   4139          4918   -779     4870

 COOLING
  YESTERDAY        6             4      2        4
  MONTH TO DATE   22            56    -34       54
  SINCE MAR 1     28            74    -46       63
  SINCE JAN 1     28            74    -46       63
......................................................


WIND (MPH)
  HIGHEST WIND SPEED    28   HIGHEST WIND DIRECTION    SW (240)
  HIGHEST GUST SPEED    41   HIGHEST GUST DIRECTION    SW (230)
  AVERAGE WIND SPEED     9.3


SKY COVER
  AVERAGE SKY COVER 0.4


WEATHER CONDITIONS
 THE FOLLOWING WEATHER WAS RECORDED YESTERDAY.
  THUNDERSTORM
  HEAVY RAIN
  LIGHT RAIN
  FOG


RELATIVE HUMIDITY (PERCENT)
 HIGHEST    93          1200 AM
 LOWEST     57           500 AM
 AVERAGE    75

..........................................................


THE JOHNSON COUNTY EXECUTIVE KS CLIMATE NORMALS FOR TODAY
                         NORMAL
 MAXIMUM TEMPERATURE (F)   78
 MINIMUM TEMPERATURE (F)   58


SUNRISE AND SUNSET
MAY 26 2016...........SUNRISE   558 AM CDT   SUNSET   834 PM CDT
MAY 27 2016...........SUNRISE   558 AM CDT   SUNSET   835 PM CDT


-  INDICATES NEGATIVE NUMBERS.
R  INDICATES RECORD WAS SET OR TIED.
MM INDICATES DATA IS MISSING.
T  INDICATES TRACE AMOUNT.




$$
