000
CDUS46 KSGX 311418
CLIOKB


CLIMATE REPORT
NATIONAL WEATHER SERVICE SAN DIEGO, CA
718 AM PDT THU JUL 31 2014


...................................

...THE OCEANSIDE AIRPORT CA CLIMATE SUMMARY FOR JULY 30 2014...

CLIMATE NORMAL PERIOD 1981 TO 2010
CLIMATE RECORD PERIOD 1999 TO 2014


WEATHER ITEM   OBSERVED TIME   RECORD YEAR NORMAL DEPARTURE LAST
                VALUE   (LST)  VALUE       VALUE  FROM      YEAR
                                                  NORMAL
..................................................................
TEMPERATURE (F)
 YESTERDAY
  MAXIMUM         81R   310 PM  80    2006  77      4       74
  MINIMUM         64    511 AM  57    2013  62      2       57
  AVERAGE         73                        69      4       66

PRECIPITATION (IN)
  YESTERDAY        0.00          0.06 2003   0.00   0.00     0.00
  MONTH TO DATE    T                         0.12  -0.12     0.01
  SINCE JUL 1      T                         0.12  -0.12     0.01
  SINCE JAN 1      2.60                      9.39  -6.79     2.33

SNOWFALL (IN)
  YESTERDAY        0.0
  MONTH TO DATE    0.0
  SINCE JAN 1      0.0
  SINCE JUL 1      0.0
  SNOW DEPTH       0

DEGREE DAYS
 HEATING
  YESTERDAY        0                         0      0        0
  MONTH TO DATE    0                         0      0        0
  SINCE JUN 1      4                        27    -23        3
  SINCE JUL 1      0                         0      0        0

 COOLING
  YESTERDAY        8                         4      4        1
  MONTH TO DATE  145                       109     36      168
  SINCE JUN 1    182                       147     35      228
  SINCE JAN 1    274                       157    117      257
..................................................................


WIND (MPH)
  RESULTANT WIND SPEED   3   RESULTANT WIND DIRECTION   W (250)
  HIGHEST WIND SPEED    14   HIGHEST WIND DIRECTION    SW (240)
  HIGHEST GUST SPEED    17   HIGHEST GUST DIRECTION    SW (240)
  AVERAGE WIND SPEED     4.1


SKY COVER
  POSSIBLE SUNSHINE  MM
  AVERAGE SKY COVER 0.1


WEATHER CONDITIONS
 THE FOLLOWING WEATHER WAS RECORDED YESTERDAY.
  FOG
  HAZE


RELATIVE HUMIDITY (PERCENT)
 HIGHEST    93           100 AM
 LOWEST     54          1000 AM
 AVERAGE    74

..........................................................


THE OCEANSIDE AIRPORT CA CLIMATE NORMALS FOR TODAY
                         NORMAL    RECORD    YEAR
 MAXIMUM TEMPERATURE (F)   77        85      2000
 MINIMUM TEMPERATURE (F)   62        56      2013


SUNRISE AND SUNSET
JULY 31 2014..........SUNRISE   602 AM PDT   SUNSET   749 PM PDT
AUGUST  1 2014........SUNRISE   602 AM PDT   SUNSET   749 PM PDT


-  INDICATES NEGATIVE NUMBERS.
R  INDICATES RECORD WAS SET OR TIED.
MM INDICATES DATA IS MISSING.
T  INDICATES TRACE AMOUNT.




$$
