000
CDUS46 KSGX 241422
CLIOKB


CLIMATE REPORT
NATIONAL WEATHER SERVICE SAN DIEGO, CA
621 AM PST MON NOV 24 2014


...................................

...THE OCEANSIDE AIRPORT CA CLIMATE SUMMARY FOR NOVEMBER 23 2014...

CLIMATE NORMAL PERIOD 1981 TO 2010
CLIMATE RECORD PERIOD 1999 TO 2014


WEATHER ITEM   OBSERVED TIME   RECORD YEAR NORMAL DEPARTURE LAST
                VALUE   (LST)  VALUE       VALUE  FROM      YEAR
                                                  NORMAL
..................................................................
TEMPERATURE (F)
 YESTERDAY
  MAXIMUM         73    245 PM  74    2003  68      5       68
  MINIMUM         46    626 AM  33    2003  42      4       45
                                      1999
  AVERAGE         60                        55      5       57

PRECIPITATION (IN)
  YESTERDAY        0.00          0.02 2010   0.02  -0.02     0.00
  MONTH TO DATE    0.71                      0.84  -0.13     0.48
  SINCE JUL 1      0.85                      2.05  -1.20     0.92
  SINCE JAN 1      3.45                     11.32  -7.87     3.24

SNOWFALL (IN)
  YESTERDAY        0.0
  MONTH TO DATE    0.0
  SINCE JAN 1      0.0
  SINCE JUL 1      0.0
  SNOW DEPTH       0

DEGREE DAYS
 HEATING
  YESTERDAY        5                        10     -5        8
  MONTH TO DATE   97                       176    -79      128
  SINCE SEP 1    104                       273   -169      242
  SINCE JUL 1    104                       278   -174      242

 COOLING
  YESTERDAY        0                         0      0        0
  MONTH TO DATE    7                         0      7        5
  SINCE SEP 1    348                       116    232      134
  SINCE JAN 1    855                       416    439      535
..................................................................


WIND (MPH)
  RESULTANT WIND SPEED   1   RESULTANT WIND DIRECTION   W (280)
  HIGHEST WIND SPEED    12   HIGHEST WIND DIRECTION    SW (240)
  HIGHEST GUST SPEED    15   HIGHEST GUST DIRECTION     W (290)
  AVERAGE WIND SPEED     3.1


SKY COVER
  POSSIBLE SUNSHINE  MM
  AVERAGE SKY COVER 0.1


WEATHER CONDITIONS
 THE FOLLOWING WEATHER WAS RECORDED YESTERDAY.
  FOG


RELATIVE HUMIDITY (PERCENT)
 HIGHEST    93          1200 AM
 LOWEST     44           300 PM
 AVERAGE    69

..........................................................


THE OCEANSIDE AIRPORT CA CLIMATE NORMALS FOR TODAY
                         NORMAL    RECORD    YEAR
 MAXIMUM TEMPERATURE (F)   68        77      2009
 MINIMUM TEMPERATURE (F)   42        31      1999


SUNRISE AND SUNSET
NOVEMBER 24 2014......SUNRISE   629 AM PST   SUNSET   443 PM PST
NOVEMBER 25 2014......SUNRISE   630 AM PST   SUNSET   443 PM PST


-  INDICATES NEGATIVE NUMBERS.
R  INDICATES RECORD WAS SET OR TIED.
MM INDICATES DATA IS MISSING.
T  INDICATES TRACE AMOUNT.




$$
