000
CDUS44 KOUN 221231 CCA
CLIOKC

CLIMATE REPORT
NATIONAL WEATHER SERVICE NORMAN OK ...CORRECTED SNOWFALL...
629 AM CST THU FEB 22 2018


...................................

...THE OKLAHOMA CITY CLIMATE SUMMARY FOR FEBRUARY 21 2018...

CLIMATE NORMAL PERIOD 1981 TO 2010
CLIMATE RECORD PERIOD 1890 TO 2018


WEATHER ITEM   OBSERVED TIME   RECORD YEAR NORMAL DEPARTURE LAST
                VALUE   (LST)  VALUE       VALUE  FROM      YEAR
                                                  NORMAL
..................................................................
TEMPERATURE (F)
 YESTERDAY
  MAXIMUM         26   1158 PM  82    1996  56    -30       71
  MINIMUM         21    955 AM   9    1939  34    -13       44
  AVERAGE         24                        45    -21       58

PRECIPITATION (IN)
  YESTERDAY        0.17          1.63 1971   0.05   0.12     0.00
  MONTH TO DATE    1.31                      1.13   0.18     3.12
  SINCE DEC 1      2.19                      4.40  -2.21     5.48
  SINCE JAN 1      1.51                      2.52  -1.01     4.69

SNOWFALL (IN)
  YESTERDAY        0.3           4.7  1971   0.1    0.2      0.0
  MONTH TO DATE    0.3                       1.2   -0.9      0.0
  SINCE DEC 1      0.4                       6.1   -5.7      2.1
  SINCE JUL 1      0.4                       6.5   -6.1      2.1
  SNOW DEPTH       0

DEGREE DAYS
 HEATING
  YESTERDAY       41                        20     21        7
  MONTH TO DATE  542                       467     75      310
  SINCE DEC 1   2172                      2021    151     1814
  SINCE JUL 1   2722                      2620    102     2137

 COOLING
  YESTERDAY        0                         0      0        0
  MONTH TO DATE    4                         0      4        7
  SINCE DEC 1      4                         0      4        7
  SINCE JAN 1      4                         0      4        7
..................................................................


WIND (MPH)
  HIGHEST WIND SPEED    25   HIGHEST WIND DIRECTION     N (10)
  HIGHEST GUST SPEED    31   HIGHEST GUST DIRECTION     N (10)
  AVERAGE WIND SPEED    15.7


SKY COVER
  AVERAGE SKY COVER 0.9


WEATHER CONDITIONS
 THE FOLLOWING WEATHER WAS RECORDED YESTERDAY.
  FREEZING RAIN
  LT FREEZING RAIN
  SLEET
  FOG


RELATIVE HUMIDITY (PERCENT)
 HIGHEST   100          1000 PM
 LOWEST     81          1200 AM
 AVERAGE    91

..........................................................


THE OKLAHOMA CITY CLIMATE NORMALS FOR TODAY
                         NORMAL    RECORD    YEAR
 MAXIMUM TEMPERATURE (F)   57        92      1996
 MINIMUM TEMPERATURE (F)   35        11      1963


SUNRISE AND SUNSET
FEBRUARY 22 2018......SUNRISE   709 AM CST   SUNSET   619 PM CST
FEBRUARY 23 2018......SUNRISE   708 AM CST   SUNSET   620 PM CST


-  INDICATES NEGATIVE NUMBERS.
R  INDICATES RECORD WAS SET OR TIED.
MM INDICATES DATA IS MISSING.
T  INDICATES TRACE AMOUNT.




$$
