346
CDUS44 KOUN 240631
CLIOKC

CLIMATE REPORT
NATIONAL WEATHER SERVICE NORMAN OK
130 AM CDT SUN JUL 24 2016


...................................

...THE OKLAHOMA CITY CLIMATE SUMMARY FOR JULY 23 2016...

CLIMATE NORMAL PERIOD 1981 TO 2010
CLIMATE RECORD PERIOD 1890 TO 2016


WEATHER ITEM   OBSERVED TIME   RECORD YEAR NORMAL DEPARTURE LAST
                VALUE   (LST)  VALUE       VALUE  FROM      YEAR
                                                  NORMAL
..................................................................
TEMPERATURE (F)
 YESTERDAY
  MAXIMUM        100    359 PM 105    1998  95      5       95
  MINIMUM         71    548 AM  55    1970  73     -2       75
  AVERAGE         86                        84      2       85

PRECIPITATION (IN)
  YESTERDAY        0.00          3.02 1960   0.09  -0.09     0.00
  MONTH TO DATE    1.44                      2.22  -0.78     7.22
  SINCE JAN 1     17.15                     20.90  -3.75    41.65

DEGREE DAYS
 COOLING
  YESTERDAY       21                        19      2       20
  MONTH TO DATE  432                       410     22      370
  SINCE JAN 1   1054                      1050      4      974
..................................................................


WIND (MPH)
  HIGHEST WIND SPEED    21   HIGHEST WIND DIRECTION    SW (230)
  HIGHEST GUST SPEED    25   HIGHEST GUST DIRECTION     S (200)
  AVERAGE WIND SPEED     9.6


SKY COVER
  AVERAGE SKY COVER 0.1


WEATHER CONDITIONS
 THE FOLLOWING WEATHER WAS RECORDED YESTERDAY.
  NO SIGNIFICANT WEATHER WAS OBSERVED.


RELATIVE HUMIDITY (PERCENT)
 HIGHEST    90           400 AM
 LOWEST     31           100 PM
 AVERAGE    61

..........................................................


THE OKLAHOMA CITY CLIMATE NORMALS FOR TODAY
                         NORMAL    RECORD    YEAR
 MAXIMUM TEMPERATURE (F)   95       106      1998
                                             1943
 MINIMUM TEMPERATURE (F)   73        61      1970
                                             1927


SUNRISE AND SUNSET
JULY 24 2016..........SUNRISE   633 AM CDT   SUNSET   840 PM CDT
JULY 25 2016..........SUNRISE   634 AM CDT   SUNSET   839 PM CDT


-  INDICATES NEGATIVE NUMBERS.
R  INDICATES RECORD WAS SET OR TIED.
MM INDICATES DATA IS MISSING.
T  INDICATES TRACE AMOUNT.




$$
