000
CDUS44 KOUN 200630
CLIOKC

CLIMATE REPORT
NATIONAL WEATHER SERVICE NORMAN OK
130 AM CDT WED AUG 20 2014


...................................

...THE OKLAHOMA CITY CLIMATE SUMMARY FOR AUGUST 19 2014...

CLIMATE NORMAL PERIOD 1981 TO 2010
CLIMATE RECORD PERIOD 1890 TO 2014


WEATHER ITEM   OBSERVED TIME   RECORD YEAR NORMAL DEPARTURE LAST
                VALUE   (LST)  VALUE       VALUE  FROM      YEAR
                                                  NORMAL
..................................................................
TEMPERATURE (F)
 YESTERDAY
  MAXIMUM         95    333 PM 106    1934  93      2       89
  MINIMUM         68    251 AM  56    1932  71     -3       68
                                      1897
  AVERAGE         82                        82      0       79

PRECIPITATION (IN)
  YESTERDAY        0.00          3.82 2007   0.11  -0.11     0.00
  MONTH TO DATE    0.65                      2.02  -1.37     3.50
  SINCE JAN 1     20.56                     23.63  -3.07    45.19

DEGREE DAYS
 COOLING
  YESTERDAY       17                        17      0       14
  MONTH TO DATE  313                       346    -33      305
  SINCE JAN 1   1452                      1545    -93     1410
..................................................................


WIND (MPH)
  HIGHEST WIND SPEED    22   HIGHEST WIND DIRECTION     S (190)
  HIGHEST GUST SPEED    28   HIGHEST GUST DIRECTION     S (190)
  AVERAGE WIND SPEED    10.3


SKY COVER
  AVERAGE SKY COVER 0.5


WEATHER CONDITIONS
 THE FOLLOWING WEATHER WAS RECORDED YESTERDAY.
  NO SIGNIFICANT WEATHER WAS OBSERVED.


RELATIVE HUMIDITY (PERCENT)
 HIGHEST    79           400 AM
 LOWEST     39           300 PM
 AVERAGE    59

..........................................................


THE OKLAHOMA CITY CLIMATE NORMALS FOR TODAY
                         NORMAL    RECORD    YEAR
 MAXIMUM TEMPERATURE (F)   93       105      2011
                                             1911
 MINIMUM TEMPERATURE (F)   71        56      1950


SUNRISE AND SUNSET
AUGUST 20 2014........SUNRISE   654 AM CDT   SUNSET   813 PM CDT
AUGUST 21 2014........SUNRISE   654 AM CDT   SUNSET   812 PM CDT


-  INDICATES NEGATIVE NUMBERS.
R  INDICATES RECORD WAS SET OR TIED.
MM INDICATES DATA IS MISSING.
T  INDICATES TRACE AMOUNT.




$$
