000
CDUS45 KGGW 060740
CLIOLF


CLIMATE REPORT
NATIONAL WEATHER SERVICE GLASGOW MT
140 AM MDT FRI MAY 6 2016


...................................

...THE WOLF POINT MT CLIMATE SUMMARY FOR MAY 5 2016...

CLIMATE NORMAL PERIOD 1981 TO 2010
CLIMATE RECORD PERIOD 9999 TO 9999


WEATHER ITEM   OBSERVED RECORD YEAR NORMAL DEPARTURE
                VALUE   VALUE       VALUE  FROM
                                           NORMAL
........................................................
TEMPERATURE (F)
 YESTERDAY
  MAXIMUM         88     MM      MM  67
  MINIMUM         45     MM      MM  35
  AVERAGE         67

PRECIPITATION (IN)
  YESTERDAY        0.00  MM      MM   0.04  -0.04
  MONTH TO DATE    T                  0.18  -0.18
  SINCE OCT 1      4.95               3.60   1.35
  SINCE JAN 1      3.28               2.10   1.18

SNOWFALL (IN)
  YESTERDAY        0.0   MM      MM  MM
  MONTH TO DATE    0.0               MM
  SINCE MAR 1      0.0               MM
  SINCE JUL 1      0.0               MM

DEGREE DAYS
 HEATING
  YESTERDAY        0

 COOLING
  YESTERDAY        2
........................................................







THE WOLF POINT MT CLIMATE NORMALS FOR TODAY
                         NORMAL    RECORD    YEAR
 MAXIMUM TEMPERATURE (F)   67        MM        MM
 MINIMUM TEMPERATURE (F)   35        MM        MM


SUNRISE AND SUNSET
MAY  6 2016...........SUNRISE   535 AM MDT   SUNSET   824 PM MDT
MAY  7 2016...........SUNRISE   534 AM MDT   SUNSET   825 PM MDT


-  INDICATES NEGATIVE NUMBERS.
R  INDICATES RECORD WAS SET OR TIED.
MM INDICATES DATA IS MISSING.
T  INDICATES TRACE AMOUNT.




$$
