000
CDUS45 KGGW 050740
CLIOLF


CLIMATE REPORT
NATIONAL WEATHER SERVICE GLASGOW MT
140 AM MDT SAT SEP 5 2015


...................................

...THE WOLF POINT MT CLIMATE SUMMARY FOR SEPTEMBER 4 2015...

CLIMATE NORMAL PERIOD 1981 TO 2010
CLIMATE RECORD PERIOD 9999 TO 9999


WEATHER ITEM   OBSERVED RECORD YEAR NORMAL DEPARTURE
                VALUE   VALUE       VALUE  FROM
                                           NORMAL
........................................................
TEMPERATURE (F)
 YESTERDAY
  MAXIMUM         79     MM      MM  79
  MINIMUM         57     MM      MM  45
  AVERAGE         68

PRECIPITATION (IN)
  YESTERDAY        0.01  MM      MM   0.05  -0.04
  MONTH TO DATE    0.01               0.17  -0.16
  SINCE OCT 1      8.72              11.34  -2.62
  SINCE JAN 1      8.15               9.84  -1.69

SNOWFALL (IN)
  YESTERDAY        0.0   MM      MM  MM
  MONTH TO DATE    0.0               MM
  SINCE SEP 1      0.0               MM
  SINCE JUL 1      0.0               MM

DEGREE DAYS
 HEATING
  YESTERDAY        0

 COOLING
  YESTERDAY        3
........................................................







THE WOLF POINT MT CLIMATE NORMALS FOR TODAY
                         NORMAL    RECORD    YEAR
 MAXIMUM TEMPERATURE (F)   79        MM        MM
 MINIMUM TEMPERATURE (F)   45        MM        MM


SUNRISE AND SUNSET
SEPTEMBER  5 2015.....SUNRISE   625 AM MDT   SUNSET   736 PM MDT
SEPTEMBER  6 2015.....SUNRISE   627 AM MDT   SUNSET   734 PM MDT


-  INDICATES NEGATIVE NUMBERS.
R  INDICATES RECORD WAS SET OR TIED.
MM INDICATES DATA IS MISSING.
T  INDICATES TRACE AMOUNT.




$$
