000
CDUS45 KGGW 061242
CLIOLF


CLIMATE REPORT
NATIONAL WEATHER SERVICE GLASGOW MT
642 AM MDT MON JUL 6 2015


...................................

...THE WOLF POINT MT CLIMATE SUMMARY FOR JULY 6 2015...
VALID AS OF 0600 AM LOCAL TIME.

CLIMATE NORMAL PERIOD 1981 TO 2010
CLIMATE RECORD PERIOD 9999 TO 9999


WEATHER ITEM   OBSERVED RECORD YEAR NORMAL DEPARTURE
                VALUE   VALUE       VALUE  FROM
                                           NORMAL
........................................................
TEMPERATURE (F)
 TODAY
  MAXIMUM         60     MM      MM  84
  MINIMUM         55     MM      MM  53
  AVERAGE         58

PRECIPITATION (IN)
  TODAY            0.03  MM      MM   0.07  -0.04
  MONTH TO DATE    0.84               0.44   0.40
  SINCE OCT 1      6.15               8.35  -2.20
  SINCE JAN 1      5.58               6.85  -1.27

SNOWFALL (IN)
  TODAY            0.0   MM      MM  MM
  MONTH TO DATE    0.0               MM
  SINCE JUN 1      0.0               MM
  SINCE JUL 1      0.0               MM

DEGREE DAYS
 HEATING
  TODAY            7

 COOLING
  TODAY            0
........................................................







THE WOLF POINT MT CLIMATE NORMALS FOR TOMORROW
                         NORMAL    RECORD    YEAR
 MAXIMUM TEMPERATURE (F)   85        MM        MM
 MINIMUM TEMPERATURE (F)   53        MM        MM


SUNRISE AND SUNSET
JULY  6 2015..........SUNRISE   510 AM MDT   SUNSET   904 PM MDT
JULY  7 2015..........SUNRISE   511 AM MDT   SUNSET   903 PM MDT


-  INDICATES NEGATIVE NUMBERS.
R  INDICATES RECORD WAS SET OR TIED.
MM INDICATES DATA IS MISSING.
T  INDICATES TRACE AMOUNT.




$$
