000
CDUS46 KSEW 240837
CLIOLM


CLIMATE REPORT
NATIONAL WEATHER SERVICE SEATTLE WA
137 AM PDT SAT JUN 24 2017


...................................

...THE OLYMPIA WA AIRPORT CLIMATE SUMMARY FOR JUNE 23 2017...

CLIMATE NORMAL PERIOD 1981 TO 2010
CLIMATE RECORD PERIOD 1948 TO 2017


WEATHER ITEM   OBSERVED TIME   RECORD YEAR NORMAL DEPARTURE LAST
                VALUE   (LST)  VALUE       VALUE  FROM      YEAR
                                                  NORMAL
..................................................................
TEMPERATURE (F)
 YESTERDAY
  MAXIMUM         83    431 PM  96    1992  72     11       63
  MINIMUM         44    453 AM  37    1952  48     -4       53
  AVERAGE         64                        60      4       58

PRECIPITATION (IN)
  YESTERDAY        0.00          0.86 1996   0.05  -0.05     0.17
  MONTH TO DATE    1.33                      1.47  -0.14     1.18
  SINCE OCT 1     62.37                     46.43  15.94    59.56
  SINCE JAN 1     34.27                     25.74   8.53    26.56

DEGREE DAYS
 HEATING
  YESTERDAY        1                         5     -4        7
  MONTH TO DATE  138                       154    -16      149
  SINCE JUN 1    138                       154    -16      149
  SINCE JUL 1   5299                      5350    -51     4669

 COOLING
  YESTERDAY        0                         1     -1        0
  MONTH TO DATE    3                         2      1       31
  SINCE JUN 1      3                         2      1       31
  SINCE JAN 1     13                         5      8       32
..................................................................


WIND (MPH)
  RESULTANT WIND SPEED   6   RESULTANT WIND DIRECTION  NE (50)
  HIGHEST WIND SPEED    17   HIGHEST WIND DIRECTION     N (20)
  HIGHEST GUST SPEED    28   HIGHEST GUST DIRECTION    SW (210)
  AVERAGE WIND SPEED     6.8


SKY COVER
  AVERAGE SKY COVER 0.0


WEATHER CONDITIONS
 THE FOLLOWING WEATHER WAS RECORDED YESTERDAY.
  NO SIGNIFICANT WEATHER WAS OBSERVED.


RELATIVE HUMIDITY (PERCENT)
 HIGHEST    92           400 AM
 LOWEST     25           700 PM
 AVERAGE    59

..........................................................


THE OLYMPIA WA AIRPORT CLIMATE NORMALS FOR TODAY
                         NORMAL    RECORD    YEAR
 MAXIMUM TEMPERATURE (F)   72        95      1992
 MINIMUM TEMPERATURE (F)   49        39      2003
                                             1997
                                             1988


SUNRISE AND SUNSET
JUNE 24 2017..........SUNRISE   518 AM PDT   SUNSET   911 PM PDT
JUNE 25 2017..........SUNRISE   518 AM PDT   SUNSET   911 PM PDT


-  INDICATES NEGATIVE NUMBERS.
R  INDICATES RECORD WAS SET OR TIED.
MM INDICATES DATA IS MISSING.
T  INDICATES TRACE AMOUNT.




$$
