000
CDUS46 KSEW 161708 CCA
CLIOLM

CLIMATE REPORT...CORRECTED
NATIONAL WEATHER SERVICE SEATTLE WA
908 AM PST MON JAN 16 2017


...................................

...THE OLYMPIA WA AIRPORT CLIMATE SUMMARY FOR JANUARY 15 2017...

CLIMATE NORMAL PERIOD 1981 TO 2010
CLIMATE RECORD PERIOD 1948 TO 2017


WEATHER ITEM   OBSERVED TIME   RECORD YEAR NORMAL DEPARTURE LAST
                VALUE   (LST)  VALUE       VALUE  FROM      YEAR
                                                  NORMAL
..................................................................
TEMPERATURE (F)
 YESTERDAY
  MAXIMUM         43    403 PM  58    1974  46     -3       48
  MINIMUM         19    803 AM  15    2007  34    -15       33
  AVERAGE         31                        40     -9       41

PRECIPITATION (IN)
  YESTERDAY        0.00          1.60 1961   0.27  -0.27     0.26
  MONTH TO DATE    1.13                      3.89  -2.76     1.49
  SINCE OCT 1     29.23                     24.58   4.65    34.49
  SINCE JAN 1      1.13                      3.89  -2.76     1.49

DEGREE DAYS
 HEATING
  YESTERDAY       34                        25      9       24
  MONTH TO DATE  515                       385    130      437
  SINCE DEC 1   1427                      1210    217     1186
  SINCE JUL 1   2624                      2655    -31     2462

 COOLING
  YESTERDAY        0                         0      0        0
  MONTH TO DATE    0                         0      0        0
  SINCE DEC 1      0                         0      0        0
  SINCE JAN 1      0                         0      0        0
..................................................................


WIND (MPH)
  RESULTANT WIND SPEED   1   RESULTANT WIND DIRECTION   S (180)
  HIGHEST WIND SPEED     8   HIGHEST WIND DIRECTION    SE (140)
  HIGHEST GUST SPEED     9   HIGHEST GUST DIRECTION    SE (140)
  AVERAGE WIND SPEED     1.4


SKY COVER
  AVERAGE SKY COVER 0.0


WEATHER CONDITIONS
 THE FOLLOWING WEATHER WAS RECORDED YESTERDAY.
  FOG


RELATIVE HUMIDITY (PERCENT)
 HIGHEST   100          1200 AM
 LOWEST     53           400 PM
 AVERAGE    77

..........................................................


THE OLYMPIA WA AIRPORT CLIMATE NORMALS FOR TODAY
                         NORMAL    RECORD    YEAR
 MAXIMUM TEMPERATURE (F)   46        56      2011
 MINIMUM TEMPERATURE (F)   34        16      1984
                                             1950


SUNRISE AND SUNSET
JANUARY 16 2017.......SUNRISE   752 AM PST   SUNSET   452 PM PST
JANUARY 17 2017.......SUNRISE   751 AM PST   SUNSET   453 PM PST


-  INDICATES NEGATIVE NUMBERS.
R  INDICATES RECORD WAS SET OR TIED.
MM INDICATES DATA IS MISSING.
T  INDICATES TRACE AMOUNT.




$$
