000
CDUS46 KSEW 190831
CLIOLM


CLIMATE REPORT
NATIONAL WEATHER SERVICE SEATTLE WA
1231 AM PST FRI JAN 19 2018


...................................

...THE OLYMPIA WA AIRPORT CLIMATE SUMMARY FOR JANUARY 18 2018...

CLIMATE NORMAL PERIOD 1981 TO 2010
CLIMATE RECORD PERIOD 1948 TO 2018


WEATHER ITEM   OBSERVED TIME   RECORD YEAR NORMAL DEPARTURE LAST
                VALUE   (LST)  VALUE       VALUE  FROM      YEAR
                                                  NORMAL
..................................................................
TEMPERATURE (F)
 YESTERDAY
  MAXIMUM         51   1254 AM  60    2005  46      5       53
  MINIMUM         39    646 AM  13    1984  34      5       45
                                      1950
  AVERAGE         45                        40      5       49

PRECIPITATION (IN)
  YESTERDAY        0.42          3.23 1986   0.27   0.15     1.18
  MONTH TO DATE    4.63                      4.70  -0.07     3.45
  SINCE OCT 1     30.39                     25.39   5.00    31.55
  SINCE JAN 1      4.63                      4.70  -0.07     3.45

DEGREE DAYS
 HEATING
  YESTERDAY       20                        25     -5       16
  MONTH TO DATE  399                       460    -61      583
  SINCE DEC 1   1259                      1285    -26     1495
  SINCE JUL 1   2561                      2730   -169     2692

 COOLING
  YESTERDAY        0                         0      0        0
  MONTH TO DATE    0                         0      0        0
  SINCE DEC 1      0                         0      0        0
  SINCE JAN 1      0                         0      0        0
..................................................................


WIND (MPH)
  RESULTANT WIND SPEED   9   RESULTANT WIND DIRECTION   S (200)
  HIGHEST WIND SPEED    22   HIGHEST WIND DIRECTION    SW (210)
  HIGHEST GUST SPEED    29   HIGHEST GUST DIRECTION    SW (210)
  AVERAGE WIND SPEED    10.1


SKY COVER
  AVERAGE SKY COVER 0.7


WEATHER CONDITIONS
 THE FOLLOWING WEATHER WAS RECORDED YESTERDAY.
  HEAVY RAIN
  RAIN
  LIGHT RAIN
  FOG


RELATIVE HUMIDITY (PERCENT)
 HIGHEST   100           700 AM
 LOWEST     82          1000 AM
 AVERAGE    91

..........................................................


THE OLYMPIA WA AIRPORT CLIMATE NORMALS FOR TODAY
                         NORMAL    RECORD    YEAR
 MAXIMUM TEMPERATURE (F)   46        64      2005
 MINIMUM TEMPERATURE (F)   34        15      1984


SUNRISE AND SUNSET
JANUARY 19 2018.......SUNRISE   750 AM PST   SUNSET   455 PM PST
JANUARY 20 2018.......SUNRISE   749 AM PST   SUNSET   457 PM PST


-  INDICATES NEGATIVE NUMBERS.
R  INDICATES RECORD WAS SET OR TIED.
MM INDICATES DATA IS MISSING.
T  INDICATES TRACE AMOUNT.




$$
