000
CDUS46 KSEW 270828
CLIOLM


CLIMATE REPORT
NATIONAL WEATHER SERVICE SEATTLE WA
1228 AM PST FRI FEB 27 2015


...................................

...THE OLYMPIA WA AIRPORT CLIMATE SUMMARY FOR FEBRUARY 26 2015...

CLIMATE NORMAL PERIOD 1981 TO 2010
CLIMATE RECORD PERIOD 1948 TO 2015


WEATHER ITEM   OBSERVED TIME   RECORD YEAR NORMAL DEPARTURE LAST
                VALUE   (LST)  VALUE       VALUE  FROM      YEAR
                                                  NORMAL
..................................................................
TEMPERATURE (F)
 YESTERDAY
  MAXIMUM         52    356 PM  68    1992  51      1       55
  MINIMUM         46    813 AM   8    2011  33     13       28
  AVERAGE         49                        42      7       42

PRECIPITATION (IN)
  YESTERDAY        0.11          1.22 1965   0.18  -0.07     0.00
  MONTH TO DATE    4.83                      4.91  -0.08     8.35
  SINCE OCT 1     30.54                     33.44  -2.90    21.88
  SINCE JAN 1     11.51                     12.75  -1.24    13.04

DEGREE DAYS
 HEATING
  YESTERDAY       16                        23     -7       23
  MONTH TO DATE  487                       621   -134      696
  SINCE DEC 1   1896                      2227   -331     2345
  SINCE JUL 1   2995                      3672   -677     3741

 COOLING
  YESTERDAY        0                         0      0        0
  MONTH TO DATE    0                         0      0        0
  SINCE DEC 1      0                         0      0        0
  SINCE JAN 1      0                         0      0        0
..................................................................


WIND (MPH)
  RESULTANT WIND SPEED   2   RESULTANT WIND DIRECTION   S (190)
  HIGHEST WIND SPEED     8   HIGHEST WIND DIRECTION     S (190)
  HIGHEST GUST SPEED    12   HIGHEST GUST DIRECTION    SW (210)
  AVERAGE WIND SPEED     2.3


SKY COVER
  AVERAGE SKY COVER 1.0


WEATHER CONDITIONS
 THE FOLLOWING WEATHER WAS RECORDED YESTERDAY.
  LIGHT RAIN
  FOG


RELATIVE HUMIDITY (PERCENT)
 HIGHEST   100           900 AM
 LOWEST     89           100 PM
 AVERAGE    95

..........................................................


THE OLYMPIA WA AIRPORT CLIMATE NORMALS FOR TODAY
                         NORMAL    RECORD    YEAR
 MAXIMUM TEMPERATURE (F)   51        73      1986
 MINIMUM TEMPERATURE (F)   33        12      1962


SUNRISE AND SUNSET
FEBRUARY 27 2015......SUNRISE   655 AM PST   SUNSET   554 PM PST
FEBRUARY 28 2015......SUNRISE   653 AM PST   SUNSET   555 PM PST


-  INDICATES NEGATIVE NUMBERS.
R  INDICATES RECORD WAS SET OR TIED.
MM INDICATES DATA IS MISSING.
T  INDICATES TRACE AMOUNT.




$$
