000
CDUS46 KSEW 250830
CLIOLM


CLIMATE REPORT
NATIONAL WEATHER SERVICE SEATTLE WA
1230 AM PST THU DEC 25 2014


...................................

...THE OLYMPIA WA AIRPORT CLIMATE SUMMARY FOR DECEMBER 24 2014...

CLIMATE NORMAL PERIOD 1981 TO 2010
CLIMATE RECORD PERIOD 1948 TO 2014


WEATHER ITEM   OBSERVED TIME   RECORD YEAR NORMAL DEPARTURE LAST
                VALUE   (LST)  VALUE       VALUE  FROM      YEAR
                                                  NORMAL
..................................................................
TEMPERATURE (F)
 YESTERDAY
  MAXIMUM         49    311 PM  60    2005  44      5       42
  MINIMUM         30   1159 PM  11    1990  32     -2       28
  AVERAGE         40                        38      2       35

PRECIPITATION (IN)
  YESTERDAY        0.13          1.41 1996   0.23  -0.10     0.00
  MONTH TO DATE    5.35                      5.85  -0.50     1.99
  SINCE OCT 1     18.38                     19.08  -0.70     8.81
  SINCE JAN 1     53.86                     48.39   5.47    41.43

DEGREE DAYS
 HEATING
  YESTERDAY       25                        27     -2       30
  MONTH TO DATE  524                       637   -113      707
  SINCE DEC 1    524                       637   -113      707
  SINCE JUL 1   1623                      2082   -459     2103

 COOLING
  YESTERDAY        0                         0      0        0
  MONTH TO DATE    0                         0      0        0
  SINCE DEC 1      0                         0      0        0
  SINCE JAN 1    187                       106     81      147
..................................................................


WIND (MPH)
  RESULTANT WIND SPEED   2   RESULTANT WIND DIRECTION   S (190)
  HIGHEST WIND SPEED     9   HIGHEST WIND DIRECTION     W (260)
  HIGHEST GUST SPEED    12   HIGHEST GUST DIRECTION    NW (300)
  AVERAGE WIND SPEED     3.0


SKY COVER
  AVERAGE SKY COVER 0.8


WEATHER CONDITIONS
 THE FOLLOWING WEATHER WAS RECORDED YESTERDAY.
  RAIN
  LIGHT RAIN
  FOG
  FOG W/VISIBILITY <= 1/4 MILE


RELATIVE HUMIDITY (PERCENT)
 HIGHEST   100           800 AM
 LOWEST     66           300 PM
 AVERAGE    83

..........................................................


THE OLYMPIA WA AIRPORT CLIMATE NORMALS FOR TODAY
                         NORMAL    RECORD    YEAR
 MAXIMUM TEMPERATURE (F)   44        61      1980
 MINIMUM TEMPERATURE (F)   33        17      1962


SUNRISE AND SUNSET
DECEMBER 25 2014......SUNRISE   756 AM PST   SUNSET   428 PM PST
DECEMBER 26 2014......SUNRISE   756 AM PST   SUNSET   428 PM PST


-  INDICATES NEGATIVE NUMBERS.
R  INDICATES RECORD WAS SET OR TIED.
MM INDICATES DATA IS MISSING.
T  INDICATES TRACE AMOUNT.




$$
