000
CDUS46 KSEW 290832
CLIOLM


CLIMATE REPORT
NATIONAL WEATHER SERVICE SEATTLE WA
131 AM PDT SUN MAY 29 2016


...................................

...THE OLYMPIA WA AIRPORT CLIMATE SUMMARY FOR MAY 28 2016...

CLIMATE NORMAL PERIOD 1981 TO 2010
CLIMATE RECORD PERIOD 1948 TO 2016


WEATHER ITEM   OBSERVED TIME   RECORD YEAR NORMAL DEPARTURE LAST
                VALUE   (LST)  VALUE       VALUE  FROM      YEAR
                                                  NORMAL
..................................................................
TEMPERATURE (F)
 YESTERDAY
  MAXIMUM         62    304 PM  96    1983  68     -6       83
  MINIMUM         49    617 AM  28    1966  45      4       49
  AVERAGE         56                        56      0       66

PRECIPITATION (IN)
  YESTERDAY        0.04          0.80 1948   0.07  -0.03     0.00
  MONTH TO DATE    0.15                      2.11  -1.96     0.67
  SINCE OCT 1     58.38                     44.74  13.64    39.52
  SINCE JAN 1     25.38                     24.05   1.33    20.49

DEGREE DAYS
 HEATING
  YESTERDAY        9                         9      0        0
  MONTH TO DATE  216                       313    -97      245
  SINCE MAR 1   1143                      1450   -307     1257
  SINCE JUL 1   4501                      5172   -671     4292

 COOLING
  YESTERDAY        0                         0      0        1
  MONTH TO DATE    0                         0      0        1
  SINCE MAR 1      1                         0      1        1
  SINCE JAN 1      1                         0      1        1
..................................................................


WIND (MPH)
  RESULTANT WIND SPEED   8   RESULTANT WIND DIRECTION   S (200)
  HIGHEST WIND SPEED    17   HIGHEST WIND DIRECTION     S (200)
  HIGHEST GUST SPEED    23   HIGHEST GUST DIRECTION     S (200)
  AVERAGE WIND SPEED     8.0


SKY COVER
  AVERAGE SKY COVER 0.9


WEATHER CONDITIONS
 THE FOLLOWING WEATHER WAS RECORDED YESTERDAY.
  LIGHT RAIN
  FOG


RELATIVE HUMIDITY (PERCENT)
 HIGHEST    93           600 AM
 LOWEST     62           200 PM
 AVERAGE    78

..........................................................


THE OLYMPIA WA AIRPORT CLIMATE NORMALS FOR TODAY
                         NORMAL    RECORD    YEAR
 MAXIMUM TEMPERATURE (F)   68        87      1995
                                             1973
 MINIMUM TEMPERATURE (F)   46        33      1966


SUNRISE AND SUNSET
MAY 29 2016...........SUNRISE   522 AM PDT   SUNSET   857 PM PDT
MAY 30 2016...........SUNRISE   521 AM PDT   SUNSET   858 PM PDT


-  INDICATES NEGATIVE NUMBERS.
R  INDICATES RECORD WAS SET OR TIED.
MM INDICATES DATA IS MISSING.
T  INDICATES TRACE AMOUNT.




$$
