000
CDUS46 KSEW 290827
CLIOLM


CLIMATE REPORT
NATIONAL WEATHER SERVICE SEATTLE WA
126 AM PDT TUE JUL 29 2014


...................................

...THE OLYMPIA WA AIRPORT CLIMATE SUMMARY FOR JULY 28 2014...

CLIMATE NORMAL PERIOD 1981 TO 2010
CLIMATE RECORD PERIOD 1948 TO 2014


WEATHER ITEM   OBSERVED TIME   RECORD YEAR NORMAL DEPARTURE LAST
                VALUE   (LST)  VALUE       VALUE  FROM      YEAR
                                                  NORMAL
..................................................................
TEMPERATURE (F)
 YESTERDAY
  MAXIMUM         90    425 PM 101    2009  79     11       68
  MINIMUM         49    521 AM  40    1976  52     -3       48
  AVERAGE         70                        65      5       58

PRECIPITATION (IN)
  YESTERDAY        0.00          0.92 1950   0.01  -0.01     0.00
  MONTH TO DATE    0.27                      0.59  -0.32      T
  SINCE OCT 1     39.80                     47.31  -7.51    48.38
  SINCE JAN 1     30.96                     26.62   4.34    21.42

DEGREE DAYS
 HEATING
  YESTERDAY        0                         2     -2        7
  MONTH TO DATE   33                        74    -41       53
  SINCE JUN 1    188                       262    -74      189
  SINCE JUL 1     33                        74    -41       53

 COOLING
  YESTERDAY        5                         2      3        0
  MONTH TO DATE   80                        40     40       36
  SINCE JUN 1     81                        51     30       62
  SINCE JAN 1     82                        54     28       64
..................................................................


WIND (MPH)
  RESULTANT WIND SPEED   3   RESULTANT WIND DIRECTION  NE (40)
  HIGHEST WIND SPEED    12   HIGHEST WIND DIRECTION     E (80)
  HIGHEST GUST SPEED    15   HIGHEST GUST DIRECTION     N (340)
  AVERAGE WIND SPEED     4.2


SKY COVER
  AVERAGE SKY COVER 0.0


WEATHER CONDITIONS
 THE FOLLOWING WEATHER WAS RECORDED YESTERDAY.
  HAZE


RELATIVE HUMIDITY (PERCENT)
 HIGHEST    93           600 AM
 LOWEST     27           400 PM
 AVERAGE    60

..........................................................


THE OLYMPIA WA AIRPORT CLIMATE NORMALS FOR TODAY
                         NORMAL    RECORD    YEAR
 MAXIMUM TEMPERATURE (F)   79       104      2009
 MINIMUM TEMPERATURE (F)   52        41      1954


SUNRISE AND SUNSET
JULY 29 2014..........SUNRISE   548 AM PDT   SUNSET   848 PM PDT
JULY 30 2014..........SUNRISE   549 AM PDT   SUNSET   846 PM PDT


-  INDICATES NEGATIVE NUMBERS.
R  INDICATES RECORD WAS SET OR TIED.
MM INDICATES DATA IS MISSING.
T  INDICATES TRACE AMOUNT.




$$
