000
CDUS46 KSEW 010827
CLIOLM


CLIMATE REPORT
NATIONAL WEATHER SERVICE SEATTLE WA
127 AM PDT SAT NOV 1 2014


...................................

...THE OLYMPIA WA AIRPORT CLIMATE SUMMARY FOR OCTOBER 31 2014...

CLIMATE NORMAL PERIOD 1981 TO 2010
CLIMATE RECORD PERIOD 1948 TO 2014


WEATHER ITEM   OBSERVED TIME   RECORD YEAR NORMAL DEPARTURE LAST
                VALUE   (LST)  VALUE       VALUE  FROM      YEAR
                                                  NORMAL
..................................................................
TEMPERATURE (F)
 YESTERDAY
  MAXIMUM         56    342 PM  74    1949  55      1       54
  MINIMUM         42   1124 PM  14    2002  39      3       43
  AVERAGE         49                        47      2       49

PRECIPITATION (IN)
  YESTERDAY        0.62          2.95 1994   0.22   0.40     0.15
  MONTH TO DATE    6.91                      4.60   2.31     2.13
  SINCE OCT 1      6.91                      4.60   2.31     2.13
  SINCE JAN 1     42.39                     33.91   8.48    34.75

DEGREE DAYS
 HEATING
  YESTERDAY       16                        18     -2       16
  MONTH TO DATE  278                       454   -176      506
  SINCE SEP 1    396                       644   -248      648
  SINCE JUL 1    449                       794   -345      725

 COOLING
  YESTERDAY        0                         0      0        0
  MONTH TO DATE    0                         0      0        0
  SINCE SEP 1      6                         7     -1       26
  SINCE JAN 1    187                       106     81      147
..................................................................


WIND (MPH)
  RESULTANT WIND SPEED   3   RESULTANT WIND DIRECTION  SW (210)
  HIGHEST WIND SPEED    12   HIGHEST WIND DIRECTION    SW (210)
  HIGHEST GUST SPEED    15   HIGHEST GUST DIRECTION     S (200)
  AVERAGE WIND SPEED     3.5


SKY COVER
  AVERAGE SKY COVER 0.9


WEATHER CONDITIONS
 THE FOLLOWING WEATHER WAS RECORDED YESTERDAY.
  HEAVY RAIN
  RAIN
  LIGHT RAIN
  FOG
  FOG W/VISIBILITY <= 1/4 MILE


RELATIVE HUMIDITY (PERCENT)
 HIGHEST   100          1200 AM
 LOWEST     77           300 PM
 AVERAGE    89

..........................................................


THE OLYMPIA WA AIRPORT CLIMATE NORMALS FOR TODAY
                         NORMAL    RECORD    YEAR
 MAXIMUM TEMPERATURE (F)   54        71      2002
                                             1954
 MINIMUM TEMPERATURE (F)   39        18      2002


SUNRISE AND SUNSET
NOVEMBER  1 2014......SUNRISE   754 AM PDT   SUNSET   555 PM PDT
NOVEMBER  2 2014......SUNRISE   656 AM PST   SUNSET   454 PM PST


-  INDICATES NEGATIVE NUMBERS.
R  INDICATES RECORD WAS SET OR TIED.
MM INDICATES DATA IS MISSING.
T  INDICATES TRACE AMOUNT.




$$
