000
CDUS46 KSEW 010827
CLIOLM


CLIMATE REPORT
NATIONAL WEATHER SERVICE SEATTLE WA
1227 AM PST SUN FEB 1 2015


...................................

...THE OLYMPIA WA AIRPORT CLIMATE SUMMARY FOR JANUARY 31 2015...

CLIMATE NORMAL PERIOD 1981 TO 2010
CLIMATE RECORD PERIOD 1948 TO 2015


WEATHER ITEM   OBSERVED TIME   RECORD YEAR NORMAL DEPARTURE LAST
                VALUE   (LST)  VALUE       VALUE  FROM      YEAR
                                                  NORMAL
..................................................................
TEMPERATURE (F)
 YESTERDAY
  MAXIMUM         45    420 PM  61    1954  48     -3       47
  MINIMUM         38    312 AM   1    1950  33      5       37
  AVERAGE         42                        40      2       42

PRECIPITATION (IN)
  YESTERDAY        0.00          2.55 1987   0.23  -0.23     0.07
  MONTH TO DATE    6.68                      7.84  -1.16     4.69
  SINCE OCT 1     25.71                     28.53  -2.82    13.53
  SINCE JAN 1      6.68                      7.84  -1.16     4.69

DEGREE DAYS
 HEATING
  YESTERDAY       23                        25     -2       23
  MONTH TO DATE  686                       785    -99      757
  SINCE DEC 1   1409                      1606   -197     1649
  SINCE JUL 1   2508                      3051   -543     3045

 COOLING
  YESTERDAY        0                         0      0        0
  MONTH TO DATE    0                         0      0        0
  SINCE DEC 1      0                         0      0        0
  SINCE JAN 1      0                         0      0        0
..................................................................


WIND (MPH)
  RESULTANT WIND SPEED   4   RESULTANT WIND DIRECTION  NE (50)
  HIGHEST WIND SPEED     9   HIGHEST WIND DIRECTION    NE (30)
  HIGHEST GUST SPEED    14   HIGHEST GUST DIRECTION     E (90)
  AVERAGE WIND SPEED     4.5


SKY COVER
  AVERAGE SKY COVER 1.0


WEATHER CONDITIONS
 THE FOLLOWING WEATHER WAS RECORDED YESTERDAY.
  FOG
  FOG W/VISIBILITY <= 1/4 MILE


RELATIVE HUMIDITY (PERCENT)
 HIGHEST   100          1200 AM
 LOWEST     83           300 PM
 AVERAGE    92

..........................................................


THE OLYMPIA WA AIRPORT CLIMATE NORMALS FOR TODAY
                         NORMAL    RECORD    YEAR
 MAXIMUM TEMPERATURE (F)   48        67      1962
 MINIMUM TEMPERATURE (F)   33        -1      1950


SUNRISE AND SUNSET
FEBRUARY  1 2015......SUNRISE   737 AM PST   SUNSET   514 PM PST
FEBRUARY  2 2015......SUNRISE   735 AM PST   SUNSET   516 PM PST


-  INDICATES NEGATIVE NUMBERS.
R  INDICATES RECORD WAS SET OR TIED.
MM INDICATES DATA IS MISSING.
T  INDICATES TRACE AMOUNT.




$$
