000
CDUS46 KSEW 210828
CLIOLM


CLIMATE REPORT
NATIONAL WEATHER SERVICE SEATTLE WA
1227 AM PST FRI NOV 21 2014


...................................

...THE OLYMPIA WA AIRPORT CLIMATE SUMMARY FOR NOVEMBER 20 2014...

CLIMATE NORMAL PERIOD 1981 TO 2010
CLIMATE RECORD PERIOD 1948 TO 2014


WEATHER ITEM   OBSERVED TIME   RECORD YEAR NORMAL DEPARTURE LAST
                VALUE   (LST)  VALUE       VALUE  FROM      YEAR
                                                  NORMAL
..................................................................
TEMPERATURE (F)
 YESTERDAY
  MAXIMUM         50    318 PM  63    1987  49      1       44
  MINIMUM         41    123 AM  14    1977  36      5       24
  AVERAGE         46                        42      4       34

PRECIPITATION (IN)
  YESTERDAY        0.04          3.41 1959   0.31  -0.27     0.00
  MONTH TO DATE    1.97                      5.62  -3.65     4.51
  SINCE OCT 1      8.88                     10.22  -1.34     6.64
  SINCE JAN 1     44.36                     39.53   4.83    39.26

DEGREE DAYS
 HEATING
  YESTERDAY       19                        23     -4       31
  MONTH TO DATE  457                       411     46      397
  SINCE SEP 1    853                      1055   -202     1045
  SINCE JUL 1    906                      1205   -299     1122

 COOLING
  YESTERDAY        0                         0      0        0
  MONTH TO DATE    0                         0      0        0
  SINCE SEP 1      6                         7     -1       26
  SINCE JAN 1    187                       106     81      147
..................................................................


WIND (MPH)
  RESULTANT WIND SPEED   5   RESULTANT WIND DIRECTION  SW (230)
  HIGHEST WIND SPEED    16   HIGHEST WIND DIRECTION    SW (210)
  HIGHEST GUST SPEED    20   HIGHEST GUST DIRECTION    SW (210)
  AVERAGE WIND SPEED     5.0


SKY COVER
  AVERAGE SKY COVER 1.0


WEATHER CONDITIONS
 THE FOLLOWING WEATHER WAS RECORDED YESTERDAY.
  LIGHT RAIN
  FOG


RELATIVE HUMIDITY (PERCENT)
 HIGHEST   100           700 PM
 LOWEST     83           200 AM
 AVERAGE    92

..........................................................


THE OLYMPIA WA AIRPORT CLIMATE NORMALS FOR TODAY
                         NORMAL    RECORD    YEAR
 MAXIMUM TEMPERATURE (F)   49        67      1954
 MINIMUM TEMPERATURE (F)   36        10      1978


SUNRISE AND SUNSET
NOVEMBER 21 2014......SUNRISE   724 AM PST   SUNSET   431 PM PST
NOVEMBER 22 2014......SUNRISE   725 AM PST   SUNSET   430 PM PST


-  INDICATES NEGATIVE NUMBERS.
R  INDICATES RECORD WAS SET OR TIED.
MM INDICATES DATA IS MISSING.
T  INDICATES TRACE AMOUNT.




$$
