000
CDUS46 KSEW 280827
CLIOLM


CLIMATE REPORT
NATIONAL WEATHER SERVICE SEATTLE WA
127 AM PDT THU AUG 28 2014


...................................

...THE OLYMPIA WA AIRPORT CLIMATE SUMMARY FOR AUGUST 27 2014...

CLIMATE NORMAL PERIOD 1981 TO 2010
CLIMATE RECORD PERIOD 1948 TO 2014


WEATHER ITEM   OBSERVED TIME   RECORD YEAR NORMAL DEPARTURE LAST
                VALUE   (LST)  VALUE       VALUE  FROM      YEAR
                                                  NORMAL
..................................................................
TEMPERATURE (F)
 YESTERDAY
  MAXIMUM         87    314 PM  92    2009  77     10       79
                                      1967
  MINIMUM         55    540 AM  38    1955  50      5       60
  AVERAGE         71                        63      8       70

PRECIPITATION (IN)
  YESTERDAY        0.00          0.89 1991   0.04  -0.04     0.03
  MONTH TO DATE    0.85                      0.75   0.10     0.38
  SINCE OCT 1     40.65                     48.10  -7.45    48.76
  SINCE JAN 1     31.81                     27.41   4.40    21.80

DEGREE DAYS
 HEATING
  YESTERDAY        0                         3     -3        0
  MONTH TO DATE   14                        57    -43       20
  SINCE JUN 1    202                       325   -123      213
  SINCE JUL 1     47                       137    -90       77

 COOLING
  YESTERDAY        6                         1      5        5
  MONTH TO DATE   83                        43     40       45
  SINCE JUN 1    180                        97     83      107
  SINCE JAN 1    181                       100     81      109
..................................................................


WIND (MPH)
  RESULTANT WIND SPEED   2   RESULTANT WIND DIRECTION   S (200)
  HIGHEST WIND SPEED    12   HIGHEST WIND DIRECTION    SW (220)
  HIGHEST GUST SPEED    14   HIGHEST GUST DIRECTION    NW (310)
  AVERAGE WIND SPEED     3.6


SKY COVER
  AVERAGE SKY COVER 0.1


WEATHER CONDITIONS
 THE FOLLOWING WEATHER WAS RECORDED YESTERDAY.
  FOG
  FOG W/VISIBILITY <= 1/4 MILE


RELATIVE HUMIDITY (PERCENT)
 HIGHEST   100           600 AM
 LOWEST     37           200 PM
 AVERAGE    69

..........................................................


THE OLYMPIA WA AIRPORT CLIMATE NORMALS FOR TODAY
                         NORMAL    RECORD    YEAR
 MAXIMUM TEMPERATURE (F)   76        98      1967
 MINIMUM TEMPERATURE (F)   49        37      1985


SUNRISE AND SUNSET
AUGUST 28 2014........SUNRISE   626 AM PDT   SUNSET   759 PM PDT
AUGUST 29 2014........SUNRISE   627 AM PDT   SUNSET   757 PM PDT


-  INDICATES NEGATIVE NUMBERS.
R  INDICATES RECORD WAS SET OR TIED.
MM INDICATES DATA IS MISSING.
T  INDICATES TRACE AMOUNT.




$$
