000
CDUS43 KOAX 290630
CLIOMA


CLIMATE REPORT
NATIONAL WEATHER SERVICE OMAHA NEBRASKA
129 AM CDT SAT AUG 29 2015


...................................

...THE OMAHA EPPLEY, NEBRASKA CLIMATE SUMMARY FOR AUGUST 28 2015...

CLIMATE NORMAL PERIOD 1981 TO 2010
CLIMATE RECORD PERIOD 1871 TO 2015


WEATHER ITEM   OBSERVED TIME   RECORD YEAR NORMAL DEPARTURE LAST
                VALUE   (LST)  VALUE       VALUE  FROM      YEAR
                                                  NORMAL
..................................................................
TEMPERATURE (F)
 YESTERDAY
  MAXIMUM         79    133 PM 101    2000  84     -5       83
  MINIMUM         63   1159 PM  44    1986  62      1       70
  AVERAGE         71                        72     -1       77

PRECIPITATION (IN)
  YESTERDAY        0.84          2.41 1957   0.11   0.73     1.55
  MONTH TO DATE    8.95                      3.49   5.46     8.85
  SINCE JUN 1     15.96                     11.50   4.46    21.09
  SINCE JAN 1     26.65                     22.78   3.87    27.91

SNOWFALL (IN)
  YESTERDAY        0.0                       0.0    0.0      0.0
  MONTH TO DATE    0.0                       0.0    0.0      0.0
  SINCE JUL 1      0.0                       0.0    0.0      0.0
  SNOW DEPTH       0

DEGREE DAYS
 HEATING
  YESTERDAY        0                         0      0        0
  MONTH TO DATE    3                         0      3        0
  SINCE JUN 1      4                        18    -14       10
  SINCE JUL 1      4                         1      3        4

 COOLING
  YESTERDAY        6                         8     -2       12
  MONTH TO DATE  248                       279    -31      305
  SINCE JUN 1    890                       874     16      853
  SINCE JAN 1    936                       956    -20      996
..................................................................


WIND (MPH)
  HIGHEST WIND SPEED    33   HIGHEST WIND DIRECTION    SE (130)
  HIGHEST GUST SPEED    43   HIGHEST GUST DIRECTION    SE (130)
  AVERAGE WIND SPEED    12.4


SKY COVER
  POSSIBLE SUNSHINE  MM
  AVERAGE SKY COVER 0.9


WEATHER CONDITIONS
 THE FOLLOWING WEATHER WAS RECORDED YESTERDAY.
  THUNDERSTORM
  HEAVY RAIN
  RAIN
  LIGHT RAIN
  FOG


RELATIVE HUMIDITY (PERCENT)
 HIGHEST    93           200 AM
 LOWEST     74           500 PM
 AVERAGE    84

..........................................................


THE OMAHA EPPLEY, NEBRASKA CLIMATE NORMALS FOR TODAY
                         NORMAL    RECORD    YEAR
 MAXIMUM TEMPERATURE (F)   83        98      2013
                                             2012
                                             1948
 MINIMUM TEMPERATURE (F)   61        44      1946


SUNRISE AND SUNSET
AUGUST 29 2015........SUNRISE   647 AM CDT   SUNSET   802 PM CDT
AUGUST 30 2015........SUNRISE   648 AM CDT   SUNSET   800 PM CDT


-  INDICATES NEGATIVE NUMBERS.
R  INDICATES RECORD WAS SET OR TIED.
MM INDICATES DATA IS MISSING.
T  INDICATES TRACE AMOUNT.




$$
