000
CDUS43 KOAX 210630
CLIOMA


CLIMATE REPORT
NATIONAL WEATHER SERVICE OMAHA NEBRASKA
1228 AM CST TUE FEB 21 2017


...................................

...THE OMAHA EPPLEY, NEBRASKA CLIMATE SUMMARY FOR FEBRUARY 20 2017...

CLIMATE NORMAL PERIOD 1981 TO 2010
CLIMATE RECORD PERIOD 1871 TO 2017


WEATHER ITEM   OBSERVED TIME   RECORD YEAR NORMAL DEPARTURE LAST
                VALUE   (LST)  VALUE       VALUE  FROM      YEAR
                                                  NORMAL
..................................................................
TEMPERATURE (F)
 YESTERDAY
  MAXIMUM         61    440 PM  67    1930  40     21       54
  MINIMUM         38   1145 PM -11    1918  20     18       32
                                      1885
  AVERAGE         50                        30     20       43

PRECIPITATION (IN)
  YESTERDAY        0.21          0.50 1919   0.03   0.18     0.00
  MONTH TO DATE    0.38                      0.56  -0.18     0.60
  SINCE DEC 1      2.71                      2.32   0.39     6.97
  SINCE JAN 1      1.24                      1.28  -0.04     1.71

SNOWFALL (IN)
  YESTERDAY        0.0                       0.2   -0.2      0.0
  MONTH TO DATE    2.8                       4.6   -1.8      6.3
  SINCE JUL 1      8.7                      19.7  -11.0     27.4
  SNOW DEPTH       0

DEGREE DAYS
 HEATING
  YESTERDAY       15                        35    -20       22
  MONTH TO DATE  556                       763   -207      675
  SINCE DEC 1   2876                      3258   -382     2877
  SINCE JUL 1   3627                      4528   -901     3755

 COOLING
  YESTERDAY        0                         0      0        0
  MONTH TO DATE    0                         0      0        0
  SINCE DEC 1      0                         0      0        0
  SINCE JAN 1      0                         0      0        0
..................................................................


WIND (MPH)
  HIGHEST WIND SPEED    26   HIGHEST WIND DIRECTION     S (160)
  HIGHEST GUST SPEED    31   HIGHEST GUST DIRECTION     S (160)
  AVERAGE WIND SPEED     9.2


SKY COVER
  POSSIBLE SUNSHINE  MM
  AVERAGE SKY COVER 0.8


WEATHER CONDITIONS
 THE FOLLOWING WEATHER WAS RECORDED YESTERDAY.
  RAIN
  LIGHT RAIN
  FOG
  HAZE


RELATIVE HUMIDITY (PERCENT)
 HIGHEST    93          1000 AM
 LOWEST     71           700 PM
 AVERAGE    82

..........................................................


THE OMAHA EPPLEY, NEBRASKA CLIMATE NORMALS FOR TODAY
                         NORMAL    RECORD    YEAR
 MAXIMUM TEMPERATURE (F)   40        72      1977
 MINIMUM TEMPERATURE (F)   20       -10      1918


SUNRISE AND SUNSET
FEBRUARY 21 2017......SUNRISE   710 AM CST   SUNSET   605 PM CST
FEBRUARY 22 2017......SUNRISE   708 AM CST   SUNSET   606 PM CST


-  INDICATES NEGATIVE NUMBERS.
R  INDICATES RECORD WAS SET OR TIED.
MM INDICATES DATA IS MISSING.
T  INDICATES TRACE AMOUNT.




$$
