000
CDUS43 KOAX 210740
CLIOMA


CLIMATE REPORT
NATIONAL WEATHER SERVICE OMAHA NEBRASKA
139 AM CST SAT JAN 21 2017


...................................

...THE OMAHA EPPLEY, NEBRASKA CLIMATE SUMMARY FOR JANUARY 20 2017...

CLIMATE NORMAL PERIOD 1981 TO 2010
CLIMATE RECORD PERIOD 1871 TO 2017


WEATHER ITEM   OBSERVED TIME   RECORD YEAR NORMAL DEPARTURE LAST
                VALUE   (LST)  VALUE       VALUE  FROM      YEAR
                                                  NORMAL
..................................................................
TEMPERATURE (F)
 YESTERDAY
  MAXIMUM         44    222 PM  64    1944  33     11       26
  MINIMUM         37    427 AM -22    1883  13     24       17
  AVERAGE         41                        23     18       22

PRECIPITATION (IN)
  YESTERDAY        0.04          0.61 1990   0.02   0.02     0.00
  MONTH TO DATE    0.73                      0.44   0.29     1.09
  SINCE DEC 1      2.20                      1.48   0.72     6.35
  SINCE JAN 1      0.73                      0.44   0.29     1.09

SNOWFALL (IN)
  YESTERDAY        0.0                       0.1   -0.1      0.0
  MONTH TO DATE    0.6                       3.8   -3.2      6.6
  SINCE JUL 1      3.8                      12.8   -9.0     20.8
  SNOW DEPTH       0

DEGREE DAYS
 HEATING
  YESTERDAY       24                        42    -18       43
  MONTH TO DATE  802                       840    -38      867
  SINCE DEC 1   1975                      2049    -74     1814
  SINCE JUL 1   2726                      3319   -593     2692

 COOLING
  YESTERDAY        0                         0      0        0
  MONTH TO DATE    0                         0      0        0
  SINCE DEC 1      0                         0      0        0
  SINCE JAN 1      0                         0      0        0
..................................................................


WIND (MPH)
  HIGHEST WIND SPEED    13   HIGHEST WIND DIRECTION    SE (130)
  HIGHEST GUST SPEED    15   HIGHEST GUST DIRECTION    SE (120)
  AVERAGE WIND SPEED     5.8


SKY COVER
  POSSIBLE SUNSHINE  MM
  AVERAGE SKY COVER 1.0


WEATHER CONDITIONS
 THE FOLLOWING WEATHER WAS RECORDED YESTERDAY.
  LIGHT RAIN
  FOG
  FOG W/VISIBILITY <= 1/4 MILE


RELATIVE HUMIDITY (PERCENT)
 HIGHEST    92           500 AM
 LOWEST     82          1000 AM
 AVERAGE    87

..........................................................


THE OMAHA EPPLEY, NEBRASKA CLIMATE NORMALS FOR TODAY
                         NORMAL    RECORD    YEAR
 MAXIMUM TEMPERATURE (F)   34        58      1899
 MINIMUM TEMPERATURE (F)   14       -16      1883


SUNRISE AND SUNSET
JANUARY 21 2017.......SUNRISE   744 AM CST   SUNSET   527 PM CST
JANUARY 22 2017.......SUNRISE   743 AM CST   SUNSET   528 PM CST


-  INDICATES NEGATIVE NUMBERS.
R  INDICATES RECORD WAS SET OR TIED.
MM INDICATES DATA IS MISSING.
T  INDICATES TRACE AMOUNT.




$$
