000
CDUS43 KOAX 180646
CLIOMA


CLIMATE REPORT
NATIONAL WEATHER SERVICE OMAHA NEBRASKA
1245 AM CST SAT NOV 18 2017


...................................

...THE OMAHA EPPLEY, NEBRASKA CLIMATE SUMMARY FOR NOVEMBER 17 2017...

CLIMATE NORMAL PERIOD 1981 TO 2010
CLIMATE RECORD PERIOD 1871 TO 2017


WEATHER ITEM   OBSERVED TIME   RECORD YEAR NORMAL DEPARTURE LAST
                VALUE   (LST)  VALUE       VALUE  FROM      YEAR
                                                  NORMAL
..................................................................
TEMPERATURE (F)
 YESTERDAY
  MAXIMUM         61    301 PM  73    1953  48     13       64
                                      1941
  MINIMUM         41   1238 AM   4    1891  28     13       47
  AVERAGE         51                        38     13       56

PRECIPITATION (IN)
  YESTERDAY        0.01          2.01 1952   0.06  -0.05     0.00
  MONTH TO DATE    0.14                      1.00  -0.86     0.02
  SINCE SEP 1      6.79                      5.83   0.96     6.10
  SINCE JAN 1     25.76                     28.94  -3.18    32.42

SNOWFALL (IN)
  YESTERDAY       MM                         0.1   MM        0.0
  MONTH TO DATE    0.0                       0.8   -0.8      0.0
  SINCE JUL 1      T                         1.1   -1.1       T
  SNOW DEPTH       0

DEGREE DAYS
 HEATING
  YESTERDAY       14                        27    -13        9
  MONTH TO DATE  426                       385     41      202
  SINCE SEP 1    763                       862    -99      430
  SINCE JUL 1    763                       870   -107      430

 COOLING
  YESTERDAY        0                         0      0        0
  MONTH TO DATE    0                         0      0        0
  SINCE SEP 1    220                       132     88      229
  SINCE JAN 1   1349                      1112    237     1476
..................................................................


WIND (MPH)
  HIGHEST WIND SPEED    25   HIGHEST WIND DIRECTION     N (10)
  HIGHEST GUST SPEED    32   HIGHEST GUST DIRECTION     N (10)
  AVERAGE WIND SPEED    11.3


SKY COVER
  POSSIBLE SUNSHINE  MM
  AVERAGE SKY COVER 0.8


WEATHER CONDITIONS
 THE FOLLOWING WEATHER WAS RECORDED YESTERDAY.
  LIGHT RAIN
  FOG
  HAZE


RELATIVE HUMIDITY (PERCENT)
 HIGHEST    86          1200 PM
 LOWEST     53           300 AM
 AVERAGE    70

..........................................................


THE OMAHA EPPLEY, NEBRASKA CLIMATE NORMALS FOR TODAY
                         NORMAL    RECORD    YEAR
 MAXIMUM TEMPERATURE (F)   47        74      1908
 MINIMUM TEMPERATURE (F)   28         8      1914
                                             1881
                                             1880


SUNRISE AND SUNSET
NOVEMBER 18 2017......SUNRISE   716 AM CST   SUNSET   502 PM CST
NOVEMBER 19 2017......SUNRISE   717 AM CST   SUNSET   501 PM CST


-  INDICATES NEGATIVE NUMBERS.
R  INDICATES RECORD WAS SET OR TIED.
MM INDICATES DATA IS MISSING.
T  INDICATES TRACE AMOUNT.




$$
