000
CDUS43 KOAX 280626
CLIOMA


CLIMATE REPORT
NATIONAL WEATHER SERVICE OMAHA NEBRASKA
1226 AM CST WED JAN 28 2015


...................................

...THE OMAHA EPPLEY, NEBRASKA CLIMATE SUMMARY FOR JANUARY 27 2015...

CLIMATE NORMAL PERIOD 1981 TO 2010
CLIMATE RECORD PERIOD 1871 TO 2015


WEATHER ITEM   OBSERVED TIME   RECORD YEAR NORMAL DEPARTURE LAST
                VALUE   (LST)  VALUE       VALUE  FROM      YEAR
                                                  NORMAL
..................................................................
TEMPERATURE (F)
 YESTERDAY
  MAXIMUM         54    337 PM  64    1934  34     20       11
  MINIMUM         26    711 AM -21    1936  14     12       -1
  AVERAGE         40                        24     16        5

PRECIPITATION (IN)
  YESTERDAY        0.00          1.31 1949   0.02  -0.02     0.00
  MONTH TO DATE    0.07                      0.61  -0.54     0.11
  SINCE DEC 1      1.75                      1.65   0.10     0.31
  SINCE JAN 1      0.07                      0.61  -0.54     0.11

SNOWFALL (IN)
  YESTERDAY        0.0                       0.2   -0.2      0.0
  MONTH TO DATE    1.3                       5.2   -3.9      1.5
  SINCE JUL 1      4.4                      14.2   -9.8      5.0
  SNOW DEPTH       0

DEGREE DAYS
 HEATING
  YESTERDAY       25                        41    -16       60
  MONTH TO DATE 1030                      1128    -98     1180
  SINCE DEC 1   2060                      2337   -277     2498
  SINCE JUL 1   3361                      3607   -246     3724

 COOLING
  YESTERDAY        0                         0      0        0
  MONTH TO DATE    0                         0      0        0
  SINCE DEC 1      0                         0      0        0
  SINCE JAN 1      0                         0      0        0
..................................................................


WIND (MPH)
  HIGHEST WIND SPEED    18   HIGHEST WIND DIRECTION    SE (150)
  HIGHEST GUST SPEED    22   HIGHEST GUST DIRECTION    SE (150)
  AVERAGE WIND SPEED     8.4


SKY COVER
  POSSIBLE SUNSHINE  MM
  AVERAGE SKY COVER 0.1


WEATHER CONDITIONS
 THE FOLLOWING WEATHER WAS RECORDED YESTERDAY.
  FOG
  HAZE


RELATIVE HUMIDITY (PERCENT)
 HIGHEST   100           500 AM
 LOWEST     44           500 PM
 AVERAGE    72

..........................................................


THE OMAHA EPPLEY, NEBRASKA CLIMATE NORMALS FOR TODAY
                         NORMAL    RECORD    YEAR
 MAXIMUM TEMPERATURE (F)   34        59      1931
 MINIMUM TEMPERATURE (F)   14       -20      1873


SUNRISE AND SUNSET
JANUARY 28 2015.......SUNRISE   739 AM CST   SUNSET   535 PM CST
JANUARY 29 2015.......SUNRISE   738 AM CST   SUNSET   536 PM CST


-  INDICATES NEGATIVE NUMBERS.
R  INDICATES RECORD WAS SET OR TIED.
MM INDICATES DATA IS MISSING.
T  INDICATES TRACE AMOUNT.




$$
