000
CDUS43 KOAX 190629
CLIOMA


CLIMATE REPORT
NATIONAL WEATHER SERVICE OMAHA NEBRASKA
127 AM CDT FRI SEP 19 2014


...................................

...THE OMAHA EPPLEY, NEBRASKA CLIMATE SUMMARY FOR SEPTEMBER 18 2014...

CLIMATE NORMAL PERIOD 1981 TO 2010
CLIMATE RECORD PERIOD 1871 TO 2014


WEATHER ITEM   OBSERVED TIME   RECORD YEAR NORMAL DEPARTURE LAST
                VALUE   (LST)  VALUE       VALUE  FROM      YEAR
                                                  NORMAL
..................................................................
TEMPERATURE (F)
 YESTERDAY
  MAXIMUM         77    330 PM 101    1895  77      0       91
  MINIMUM         59    545 AM  32    1901  53      6       68
  AVERAGE         68                        65      3       80

PRECIPITATION (IN)
  YESTERDAY        0.00          3.49 1919   0.08  -0.08     0.00
  MONTH TO DATE    4.13                      1.70   2.43     2.01
  SINCE SEP 1      4.13                      1.70   2.43     2.01
  SINCE JAN 1     32.78                     24.81   7.97    23.25

SNOWFALL (IN)
  YESTERDAY        0.0                       0.0    0.0      0.0
  MONTH TO DATE    0.0                       0.0    0.0      0.0
  SINCE JUL 1      0.0                       0.0    0.0      0.0
  SNOW DEPTH       0

DEGREE DAYS
 HEATING
  YESTERDAY        0                         3     -3        0
  MONTH TO DATE   68                        32     36        3
  SINCE SEP 1     68                        32     36        3
  SINCE JUL 1     72                        40     32        8

 COOLING
  YESTERDAY        3                         3      0       15
  MONTH TO DATE   62                        91    -29      165
  SINCE SEP 1     62                        91    -29      165
  SINCE JAN 1   1085                      1071     14     1231
..................................................................


WIND (MPH)
  HIGHEST WIND SPEED    18   HIGHEST WIND DIRECTION    SE (140)
  HIGHEST GUST SPEED    22   HIGHEST GUST DIRECTION    SE (150)
  AVERAGE WIND SPEED    10.4


SKY COVER
  POSSIBLE SUNSHINE  MM
  AVERAGE SKY COVER 0.4


WEATHER CONDITIONS
 THE FOLLOWING WEATHER WAS RECORDED YESTERDAY.
  FOG
  HAZE


RELATIVE HUMIDITY (PERCENT)
 HIGHEST    90           300 AM
 LOWEST     46           200 PM
 AVERAGE    68

..........................................................


THE OMAHA EPPLEY, NEBRASKA CLIMATE NORMALS FOR TODAY
                         NORMAL    RECORD    YEAR
 MAXIMUM TEMPERATURE (F)   76        97      1895
 MINIMUM TEMPERATURE (F)   52        31      1991


SUNRISE AND SUNSET
SEPTEMBER 19 2014.....SUNRISE   708 AM CDT   SUNSET   726 PM CDT
SEPTEMBER 20 2014.....SUNRISE   709 AM CDT   SUNSET   724 PM CDT


-  INDICATES NEGATIVE NUMBERS.
R  INDICATES RECORD WAS SET OR TIED.
MM INDICATES DATA IS MISSING.
T  INDICATES TRACE AMOUNT.




$$
