000
CDUS43 KOAX 210623
CLIOMA


CLIMATE REPORT
NATIONAL WEATHER SERVICE OMAHA NEBRASKA
1223 AM CST SUN JAN 21 2018


...................................

...THE OMAHA EPPLEY, NEBRASKA CLIMATE SUMMARY FOR JANUARY 20 2018...

CLIMATE NORMAL PERIOD 1981 TO 2010
CLIMATE RECORD PERIOD 1871 TO 2018


WEATHER ITEM   OBSERVED TIME   RECORD YEAR NORMAL DEPARTURE LAST
                VALUE   (LST)  VALUE       VALUE  FROM      YEAR
                                                  NORMAL
..................................................................
TEMPERATURE (F)
 YESTERDAY
  MAXIMUM         49    349 PM  64    1944  33     16       44
  MINIMUM         23    749 AM -22    1883  13     10       37
  AVERAGE         36                        23     13       41

PRECIPITATION (IN)
  YESTERDAY        0.00          0.61 1990   0.02  -0.02     0.04
  MONTH TO DATE    0.19                      0.44  -0.25     0.73
  SINCE DEC 1      0.61                      1.48  -0.87     2.20
  SINCE JAN 1      0.19                      0.44  -0.25     0.73

SNOWFALL (IN)
  YESTERDAY        0.0                       0.1   -0.1      0.0
  MONTH TO DATE    2.3                       3.8   -1.5      0.6
  SINCE JUL 1      5.9                      12.8   -6.9      3.8
  SNOW DEPTH       0

DEGREE DAYS
 HEATING
  YESTERDAY       29                        42    -13       24
  MONTH TO DATE  924                       840     84      802
  SINCE DEC 1   2083                      2049     34     1975
  SINCE JUL 1   3143                      3319   -176     2726

 COOLING
  YESTERDAY        0                         0      0        0
  MONTH TO DATE    0                         0      0        0
  SINCE DEC 1      0                         0      0        0
  SINCE JAN 1      0                         0      0        0
..................................................................


WIND (MPH)
  HIGHEST WIND SPEED    10   HIGHEST WIND DIRECTION     N (360)
  HIGHEST GUST SPEED    12   HIGHEST GUST DIRECTION    SE (140)
  AVERAGE WIND SPEED     3.6


SKY COVER
  POSSIBLE SUNSHINE  MM
  AVERAGE SKY COVER 0.4


WEATHER CONDITIONS
 THE FOLLOWING WEATHER WAS RECORDED YESTERDAY.
  NO SIGNIFICANT WEATHER WAS OBSERVED.


RELATIVE HUMIDITY (PERCENT)
 HIGHEST    92           200 AM
 LOWEST     57          1200 PM
 AVERAGE    75

..........................................................


THE OMAHA EPPLEY, NEBRASKA CLIMATE NORMALS FOR TODAY
                         NORMAL    RECORD    YEAR
 MAXIMUM TEMPERATURE (F)   34        58      1899
 MINIMUM TEMPERATURE (F)   14       -16      1883


SUNRISE AND SUNSET
JANUARY 21 2018.......SUNRISE   744 AM CST   SUNSET   526 PM CST
JANUARY 22 2018.......SUNRISE   743 AM CST   SUNSET   528 PM CST


-  INDICATES NEGATIVE NUMBERS.
R  INDICATES RECORD WAS SET OR TIED.
MM INDICATES DATA IS MISSING.
T  INDICATES TRACE AMOUNT.




$$
