737
CDAK49 PAFG 220940
CLIOME

CLIMATE REPORT
NATIONAL WEATHER SERVICE FAIRBANKS AK
1240 AM AKST SUN JAN 22 2017


...................................

...THE NOME AK CLIMATE SUMMARY FOR JANUARY 21 2017...

CLIMATE NORMAL PERIOD 1981 TO 2010
CLIMATE RECORD PERIOD 1906 TO 2017


WEATHER ITEM   OBSERVED TIME   RECORD YEAR NORMAL DEPARTURE LAST
                VALUE   (LST)  VALUE       VALUE  FROM      YEAR
                                                  NORMAL
..................................................................
TEMPERATURE (F)
 YESTERDAY
  MAXIMUM        -16    350 PM  39    1963  13    -29       15
  MINIMUM        -27   1109 PM -44    1989  -3    -24        3
  AVERAGE        -21                         5    -26        9

PRECIPITATION (IN)
  YESTERDAY        T             0.43 1929   0.03  -0.03     0.00
  MONTH TO DATE    0.32                      0.65  -0.33     0.23
  SINCE DEC 1      1.39                      1.73  -0.34     0.23
  SINCE JAN 1      0.32                      0.65  -0.33     0.23

SNOWFALL (IN)
  YESTERDAY        0.1           4.5  2000   0.4   -0.3      0.0
  MONTH TO DATE    3.1                       8.8   -5.7      3.2
  SINCE DEC 1     19.1                      23.3   -4.2      3.2
  SINCE JUL 1     27.7                      40.6  -12.9      3.2
  SNOW DEPTH      17

DEGREE DAYS
 HEATING
  YESTERDAY       86                        60     26       56
  MONTH TO DATE 1310                      1253     57      910
  SINCE DEC 1   2912                      2973    -61      910
  SINCE JUL 1   6527                      7066   -539      910

 COOLING
  YESTERDAY        0                         0      0        0
  MONTH TO DATE    0                         0      0        0
  SINCE DEC 1      0                         0      0        0
  SINCE JAN 1      0                         0      0        0
..................................................................


WIND (MPH)
  HIGHEST GUST SPEED     8   HIGHEST GUST DIRECTION     N (10)


SKY COVER
  AVERAGE SKY COVER 0.1


WEATHER CONDITIONS
 THE FOLLOWING WEATHER WAS RECORDED YESTERDAY.
  LIGHT SNOW
  FOG
  HAZE


RELATIVE HUMIDITY (PERCENT)
 HIGHEST    91
 LOWEST     69
 AVERAGE    80

..........................................................


THE NOME AK CLIMATE NORMALS FOR TODAY
                         NORMAL    RECORD    YEAR
 MAXIMUM TEMPERATURE (F)   13        35      1983
                                             1978
                                             1929
 MINIMUM TEMPERATURE (F)   -3       -44      1989


SUNRISE AND SUNSET
JANUARY 22 2017.......SUNRISE  1114 AM AKST  SUNSET   515 PM AKST
JANUARY 23 2017.......SUNRISE  1111 AM AKST  SUNSET   518 PM AKST

-  INDICATES NEGATIVE NUMBERS.
R  INDICATES RECORD WAS SET OR TIED.
MM INDICATES DATA IS MISSING.
T  INDICATES TRACE AMOUNT.

&&

SNOW DEPTH IS MEASURED AT 3AM AKST/4AM AKDT.

----------------------------
AVAILABLE DAYLIGHT

AMOUNT OF DAYLIGHT TODAY  (HOUR:MIN)........6:01
GAIN/LOSS SINCE YESTERDAY (HOUR:MIN:SEC)....+0:06:11

NOME TIDAL INFORMATION FOR 22 JANUARY 2017
0705  +0.6
1304  +1.1
1815  +0.8

$$
SDB JAN 17
