000
CDAK49 PAOM 222324
CLIOME

CLIMATE REPORT
NATIONAL WEATHER SERVICE NOME, AK
224 PM AKST MON DEC 22 2014

...................................
...THE NOME WSO AP CLIMATE SUMMARY FOR DECEMBER 22 2014...
VALID TODAY AS OF 2:00 PM LOCAL TIME

CLIMATE NORMAL PERIOD  1981 TO  2010
CLIMATE RECORD PERIOD  1906 TO  2014

WEATHER ITEM   OBSERVED TIME    RECORD YEAR NORMAL DEPARTURE LAST
               VALUE    (LST)   VALUE       VALUE  FROM      YEAR
                                                   NORMAL
...................................................................
TEMPERATURE
TODAY
 MAXIMUM             5  1203 AM    39  1985     16     -11      9
 MINIMUM           -11  1222 PM   -32  1994      1     -12     -2
 AVERAGE            -3                           8     -11      4

PRECIPITATION
(INCHES)
 TODAY            0.00           0.28  1962   0.03   -0.03   0.01
 MONTH TO DATE    0.25                        0.76   -0.51   1.98
 SINCE DEC 1      0.25                        0.76   -0.51   1.98
 SINCE JAN 1     13.92                       16.49   -2.57  22.30

SNOWFALL
(INCHES)
 TODAY             0.0            7.8  1962    0.5    -0.5    0.6
 MONTH TO DATE     2.9                        10.2    -7.3   18.1
 SINCE DEC 1       2.9                        10.2    -7.3   18.1
 SINCE JUL 1      20.5                        27.5    -7.0   32.7
 SNOW DEPTH (IN)    11                                         16

DEGREE DAYS
 HEATING
  TODAY             68                          57      11     61
  MONTH TO DATE   1071                        1202    -131   1013
  SINCE DEC 1     1071                        1202    -131   1013
  SINCE JUL 1     4616                        5300    -684   4815

 COOLING
  TODAY              0                           0       0      0
  MONTH TO DATE      0                           0       0      0
  SINCE DEC 1        0                           0       0      0
  SINCE JAN 1        3                           0       3      7
...................................................................

WIND (MPH)
 HIGHEST WIND SPEED    15     HIGHEST WIND DIRECTION    360
 HIGHEST GUST SPEED    19     HIGHEST GUST DIRECTION     10
 AVERAGE WIND SPEED    MM

SKY COVER
  POSSIBLE SUNSHINE  MM            AVERAGE SKY COVER MM

WEATHER CONDITIONS
 THE FOLLOWING WEATHER WAS RECORDED TODAY.
NO SIGNIFICANT WEATHER WAS OBSERVED.

RELATIVE HUMIDITY
 HIGHEST RH     MM PERCENT       MM
 LOWEST  RH     MM PERCENT       MM
 AVERAGE RH     MM PERCENT       MM
...................................................................

THE NOME CLIMATE NORMALS FOR TOMORROW
                        NORMAL    RECORD   YEAR
 MAXIMUM TEMPERATURE      16        37     1985
 MINIMUM TEMPERATURE       1       -32     1994

SUNRISE AND SUNSET
 DEC 22 2014..........SUNRISE 12:04 PM      SUNSET  3:58 PM
 DEC 23 2014..........SUNRISE 12:04 PM      SUNSET  3:59 PM

-  INDICATES NEGATIVE NUMBERS.
R  INDICATES RECORD HAS BEEN SET OR TIED.
MM INDICATES DATA IS MISSING.
T  INDICATES TRACE OF PRECIPITATION.

&&
-------------------------------------------------------------------

AMOUNT OF DAYLIGHT TODAY  (HOUR:MIN)........3 HOURS 54 MINUTES
GAIN/LOSS SINCE YESTERDAY (HOUR:MIN:SEC)....+0:00:09

$$
RWM DEC 14
