000
CDAK49 PAOM 012235
CLIOME

CLIMATE REPORT
NATIONAL WEATHER SERVICE NOME, AK
235 PM AKDT FRI AUG 1 2014

...................................
...THE NOME WSO AP CLIMATE SUMMARY FOR AUGUST 1 2014...
VALID TODAY AS OF 2:00 PM LOCAL TIME

CLIMATE NORMAL PERIOD  1981 TO  2010
CLIMATE RECORD PERIOD  1906 TO  2014

WEATHER ITEM   OBSERVED TIME    RECORD YEAR NORMAL DEPARTURE LAST
               VALUE    (LST)   VALUE       VALUE  FROM      YEAR
                                                   NORMAL
...................................................................
TEMPERATURE
TODAY
 MAXIMUM            57  1004 AM    77  1972     57       0     68
 MINIMUM            51  0439 AM    33  1967     46       5     54
 AVERAGE            54                          52       2     61

PRECIPITATION
(INCHES)
 TODAY               T           1.13  1984   0.10   -0.10   0.02
 MONTH TO DATE       T                        0.10   -0.10   0.02
 SINCE JUN 1      2.84                        3.19   -0.35   4.67
 SINCE JAN 1      7.31                        7.33   -0.02   8.92

SNOWFALL
(INCHES)
 TODAY             0.0            0.0  2014    0.0     0.0    0.0
 MONTH TO DATE     0.0                         0.0     0.0    0.0
 SINCE JUN 1       0.0                         0.3    -0.3    0.1
 SINCE JUL 1       0.0                         0.0     0.0    0.0
 SNOW DEPTH (IN)     0                                          0

DEGREE DAYS
 HEATING
  TODAY             11                          14      -3      4
  MONTH TO DATE     11                          14      -3      4
  SINCE JUN 1     1002                         930      72    887
  SINCE JUL 1      434                         414      20    411

 COOLING
  TODAY              0                           0       0      0
  MONTH TO DATE      0                           0       0      0
  SINCE JUN 1        2                           0       2      7
  SINCE JAN 1        2                           0       2      7
...................................................................

WIND (MPH)
 HIGHEST WIND SPEED    15     HIGHEST WIND DIRECTION    260
 HIGHEST GUST SPEED    18     HIGHEST GUST DIRECTION    260
 AVERAGE WIND SPEED    MM

SKY COVER
  POSSIBLE SUNSHINE  MM            AVERAGE SKY COVER MM

WEATHER CONDITIONS
 THE FOLLOWING WEATHER WAS RECORDED TODAY.
FOG
DRIZZLE


RELATIVE HUMIDITY
 HIGHEST RH     MM PERCENT       MM
 LOWEST  RH     MM PERCENT       MM
 AVERAGE RH     MM PERCENT       MM
...................................................................

THE NOME CLIMATE NORMALS FOR TOMORROW
                        NORMAL    RECORD   YEAR
 MAXIMUM TEMPERATURE      57        78     1972
 MINIMUM TEMPERATURE      46        30     1938

SUNRISE AND SUNSET
 AUG 1 2014..........SUNRISE  6:06 AM      SUNSET 12:08 AM
 AUG 2 2014..........SUNRISE  6:09 AM      SUNSET 12:05 AM

-  INDICATES NEGATIVE NUMBERS.
R  INDICATES RECORD HAS BEEN SET OR TIED.
MM INDICATES DATA IS MISSING.
T  INDICATES TRACE OF PRECIPITATION.

&&
-------------------------------------------------------------------

AMOUNT OF DAYLIGHT TODAY  (HOUR:MIN)........18 HOURS 2 MINUTES
GAIN/LOSS SINCE YESTERDAY (HOUR:MIN:SEC)....-0:06:44

$$
*** AUG 14
