305
CDAK49 PAFG 280940
CLIOME

CLIMATE REPORT
NATIONAL WEATHER SERVICE FAIRBANKS AK
1240 AM AKST TUE FEB 28 2017


...................................

...THE NOME AK CLIMATE SUMMARY FOR FEBRUARY 27 2017...

CLIMATE NORMAL PERIOD 1981 TO 2010
CLIMATE RECORD PERIOD 1906 TO 2017


WEATHER ITEM   OBSERVED TIME   RECORD YEAR NORMAL DEPARTURE LAST
                VALUE   (LST)  VALUE       VALUE  FROM      YEAR
                                                  NORMAL
..................................................................
TEMPERATURE (F)
 YESTERDAY
  MAXIMUM         18    307 AM  46    1991  17      1       32
  MINIMUM         -6    938 PM -40    1971   1     -7       24
  AVERAGE          6                         9     -3       28

PRECIPITATION (IN)
  YESTERDAY        T             0.62 1944   0.03  -0.03     0.00
  MONTH TO DATE    1.03                      0.90   0.13     0.47
  SINCE DEC 1      2.82                      2.92  -0.10     1.00
  SINCE JAN 1      1.75                      1.84  -0.09     1.00

SNOWFALL (IN)
  YESTERDAY        0.1           6.4  2009   0.4   -0.3      0.0
  MONTH TO DATE   17.2                      11.8    5.4      7.0
  SINCE DEC 1     43.6                      39.0    4.6     15.2
  SINCE JUL 1     52.2                      56.3   -4.1     15.2
  SNOW DEPTH      38

DEGREE DAYS
 HEATING
  YESTERDAY       59                        56      3       37
  MONTH TO DATE 1681                      1555    126     1336
  SINCE DEC 1   5110                      5130    -20     2716
  SINCE JUL 1   8725                      9223   -498     2716

 COOLING
  YESTERDAY        0                         0      0        0
  MONTH TO DATE    0                         0      0        0
  SINCE DEC 1      0                         0      0        0
  SINCE JAN 1      0                         0      0        0
..................................................................


WIND (MPH)
  HIGHEST GUST SPEED    33   HIGHEST GUST DIRECTION    NW (300)


SKY COVER
  AVERAGE SKY COVER 0.8


WEATHER CONDITIONS
 THE FOLLOWING WEATHER WAS RECORDED YESTERDAY.
  LIGHT SNOW
  FOG
  HAZE
  BLOWING SNOW


RELATIVE HUMIDITY (PERCENT)
 HIGHEST    92
 LOWEST     71
 AVERAGE    82

..........................................................


THE NOME AK CLIMATE NORMALS FOR TODAY
                         NORMAL    RECORD    YEAR
 MAXIMUM TEMPERATURE (F)   17        41      1991
 MINIMUM TEMPERATURE (F)    1       -42      1971


SUNRISE AND SUNSET
FEBRUARY 28 2017......SUNRISE   912 AM AKST  SUNSET   718 PM AKST
MARCH 01 2017.........SUNRISE   909 AM AKST  SUNSET   721 PM AKST

-  INDICATES NEGATIVE NUMBERS.
R  INDICATES RECORD WAS SET OR TIED.
MM INDICATES DATA IS MISSING.
T  INDICATES TRACE AMOUNT.

&&

SNOW DEPTH IS MEASURED AT 3AM AKST/4AM AKDT.

----------------------------
AVAILABLE DAYLIGHT

AMOUNT OF DAYLIGHT TODAY  (HOUR:MIN)........10:06
GAIN/LOSS SINCE YESTERDAY (HOUR:MIN:SEC)....+0:06:40

NOME TIDAL INFORMATION FOR 28 FEBRUARY 2017
0553  +1.3
1205  +0.2
1848  +1.3

$$
FEB 17
