000
CDAK49 PAFG 210047
CLIOME

CLIMATE REPORT
NATIONAL WEATHER SERVICE FAIRBANKS AK
447 PM AKDT SUN AUG 20 2017


...................................

...THE NOME AK CLIMATE SUMMARY FOR AUGUST 20 2017...
VALID TODAY AS OF 0400 PM LOCAL TIME.

CLIMATE NORMAL PERIOD 1981 TO 2010
CLIMATE RECORD PERIOD 1906 TO 2017


WEATHER ITEM   OBSERVED TIME   RECORD YEAR NORMAL DEPARTURE LAST
                VALUE   (LST)  VALUE       VALUE  FROM      YEAR
                                                  NORMAL
..................................................................
TEMPERATURE (F)
 TODAY
  MAXIMUM         50    259 PM  78    2004  56     -6       MM
  MINIMUM         32R   609 AM  32    1980  44    -12       MM
  AVERAGE         41                        50     -9       MM

PRECIPITATION (IN)
  TODAY            0.00          0.94 1937   0.11  -0.11     0.40
  MONTH TO DATE    1.48                      2.12  -0.64     2.61
  SINCE JUN 1      6.59                      5.21   1.38     6.75
  SINCE JAN 1      9.44                      9.35   0.09     9.84

SNOWFALL (IN)
  TODAY            0.0           0.0    MM   0.0    0.0     MM
  MONTH TO DATE    0.0                       0.0    0.0      0.0
  SINCE JUN 1      0.0                       0.3   -0.3      0.0
  SINCE JUL 1      0.0                       0.0    0.0      0.0
  SNOW DEPTH       0

DEGREE DAYS
 HEATING
  TODAY           24                        15      9       MM
  MONTH TO DATE  269                       288    -19      186
  SINCE JUN 1    993                      1203   -210      997
  SINCE JUL 1    628                       686    -58      550

 COOLING
  TODAY            0                         0      0       MM
  MONTH TO DATE    0                         0      0        0
  SINCE JUN 1      4                         3      1        0
  SINCE JAN 1      4                         3      1        0
..................................................................


WIND (MPH)
  HIGHEST GUST SPEED    16   HIGHEST GUST DIRECTION    SW (230)


SKY COVER
  AVERAGE SKY COVER 0.0


WEATHER CONDITIONS
 THE FOLLOWING WEATHER WAS RECORDED TODAY.
  NO SIGNIFICANT WEATHER WAS OBSERVED.


RELATIVE HUMIDITY (PERCENT)
 HIGHEST    92
 LOWEST     56
 AVERAGE    74

..........................................................


THE NOME AK CLIMATE NORMALS FOR TOMORROW
                         NORMAL    RECORD    YEAR
 MAXIMUM TEMPERATURE (F)   56        81      1977
 MINIMUM TEMPERATURE (F)   44        29      1969


SUNRISE AND SUNSET
AUGUST 20 2017........SUNRISE   708 AM AKDT  SUNSET  1100 PM AKDT
AUGUST 21 2017........SUNRISE   711 AM AKDT  SUNSET  1057 PM AKDT

-  INDICATES NEGATIVE NUMBERS.
R  INDICATES RECORD WAS SET OR TIED.
MM INDICATES DATA IS MISSING.
T  INDICATES TRACE AMOUNT.

&&

SNOW DEPTH IS MEASURED AT 3AM AKST/4AM AKDT.

----------------------------
AVAILABLE DAYLIGHT

AMOUNT OF DAYLIGHT TODAY  (HOUR:MIN)........15:52
GAIN/LOSS SINCE YESTERDAY (HOUR:MIN:SEC)....-0:06:42

NOME TIDAL INFORMATION FOR 21 AUGUST 2017
0507  +1.0
0924  +0.6
1527  +1.2
2244  -0.4

$$
HFL AUG 17
