741
CDAK49 PAFG 080948
CLIOME

CLIMATE REPORT
NATIONAL WEATHER SERVICE FAIRBANKS AK
1248 AM AKST THU DEC 8 2016


...................................

...THE NOME AK CLIMATE SUMMARY FOR DECEMBER 7 2016...

CLIMATE NORMAL PERIOD 1981 TO 2010
CLIMATE RECORD PERIOD 1906 TO 2016


WEATHER ITEM   OBSERVED TIME   RECORD YEAR NORMAL DEPARTURE LAST
                VALUE   (LST)  VALUE       VALUE  FROM      YEAR
                                                  NORMAL
..................................................................
TEMPERATURE (F)
 YESTERDAY
  MAXIMUM         18    944 AM  42    2009  18      0       MM
  MINIMUM         -9    328 AM -33    1975   4    -13       MM
  AVERAGE          5                        11     -6       MM

PRECIPITATION (IN)
  YESTERDAY        0.00          0.84 1919   0.04  -0.04    MM
  MONTH TO DATE    0.01                      0.24  -0.23    MM
  SINCE DEC 1      0.01                      0.24  -0.23    MM
  SINCE JAN 1     14.97                     15.97  -1.00    MM

SNOWFALL (IN)
  YESTERDAY        0.0           5.6  2011   0.4   -0.4     MM
  MONTH TO DATE    0.4                       2.9   -2.5     MM
  SINCE DEC 1      0.4                       2.9   -2.5     MM
  SINCE JUL 1      9.0                      20.2  -11.2     MM
  SNOW DEPTH       5

DEGREE DAYS
 HEATING
  YESTERDAY       60                        54      6       MM
  MONTH TO DATE  462                       372     90       MM
  SINCE DEC 1    462                       372     90       MM
  SINCE JUL 1   4077                      4465   -388       MM

 COOLING
  YESTERDAY        0                         0      0       MM
  MONTH TO DATE    0                         0      0       MM
  SINCE DEC 1      0                         0      0       MM
  SINCE JAN 1      0                         3     -3       MM
..................................................................


WIND (MPH)
  HIGHEST GUST SPEED    17   HIGHEST GUST DIRECTION     N (340)


SKY COVER
  AVERAGE SKY COVER 0.0


WEATHER CONDITIONS
 THE FOLLOWING WEATHER WAS RECORDED YESTERDAY.
  NO SIGNIFICANT WEATHER WAS OBSERVED.


RELATIVE HUMIDITY (PERCENT)
 HIGHEST    65
 LOWEST     27
 AVERAGE    46

..........................................................


THE NOME AK CLIMATE NORMALS FOR TODAY
                         NORMAL    RECORD    YEAR
 MAXIMUM TEMPERATURE (F)   18        40      1934
 MINIMUM TEMPERATURE (F)    4       -27      1964


SUNRISE AND SUNSET
DECEMBER 08 2016......SUNRISE  1146 AM AKST  SUNSET   403 PM AKST
DECEMBER 09 2016......SUNRISE  1148 AM AKST  SUNSET   402 PM AKST

-  INDICATES NEGATIVE NUMBERS.
R  INDICATES RECORD WAS SET OR TIED.
MM INDICATES DATA IS MISSING.
T  INDICATES TRACE AMOUNT.

&&

SNOW DEPTH IS MEASURED AT 3AM AKST/4AM AKDT.

----------------------------
AVAILABLE DAYLIGHT

AMOUNT OF DAYLIGHT TODAY  (HOUR:MIN)........4:17
GAIN/LOSS SINCE YESTERDAY (HOUR:MIN:SEC)....-0:03:40

NOME TIDAL INFORMATION FOR  8 DECEMBER 2016
0457  +1.5
1720  +0.6

$$
DEC 16
