000
CDAK49 PAOM 270901
CLIOME

CLIMATE REPORT
NATIONAL WEATHER SERVICE NOME, AK
101 AM AKDT THU AUG 27 2015

...................................
...THE NOME WSO AP CLIMATE SUMMARY FOR AUGUST 26 2015...

CLIMATE NORMAL PERIOD  1981 TO  2010
CLIMATE RECORD PERIOD  1906 TO  2015

WEATHER ITEM   OBSERVED TIME    RECORD YEAR NORMAL DEPARTURE LAST
               VALUE    (LST)   VALUE       VALUE  FROM      YEAR
                                                   NORMAL
...................................................................
TEMPERATURE
YESTERDAY
 MAXIMUM            58  0324 PM    70  2007     55       3     57
 MINIMUM            42  1143 PM    28  2009     43      -1     46
 AVERAGE            50                          49       1     52

PRECIPITATION
(INCHES)
 YESTERDAY        0.50           1.02  1907   0.10    0.40      T
 MONTH TO DATE    3.70                        2.75    0.95   0.95
 SINCE JUN 1      5.80                        5.84   -0.04   3.79
 SINCE JAN 1     10.24                        9.98    0.26   8.26

SNOWFALL
(INCHES)
 YESTERDAY         0.0            0.0  2015    0.0     0.0    0.0
 MONTH TO DATE     0.0                         0.0     0.0    0.0
 SINCE JUN 1       0.0                         0.3    -0.3    0.0
 SINCE JUL 1       0.0                         0.0     0.0    0.0
 SNOW DEPTH (IN)     0                                          0

DEGREE DAYS
 HEATING
  YESTERDAY         15                          16      -1     13
  MONTH TO DATE    388                         382       6    182
  SINCE JUN 1     1220                        1298     -78   1173
  SINCE JUL 1      695                         782     -87    605

 COOLING
  YESTERDAY          0                           0       0      0
  MONTH TO DATE      0                           0       0      1
  SINCE JUN 1        5                           0       5      3
  SINCE JAN 1        5                           0       5      3
...................................................................

WIND (MPH)
 HIGHEST WIND SPEED    32     HIGHEST WIND DIRECTION    220
 HIGHEST GUST SPEED    37     HIGHEST GUST DIRECTION    210
 AVERAGE WIND SPEED  15.7

SKY COVER
  POSSIBLE SUNSHINE    MM          AVERAGE SKY COVER     MM

WEATHER CONDITIONS
 THE FOLLOWING WEATHER WAS RECORDED YESTERDAY.
  FOG
  RAIN


RELATIVE HUMIDITY
 HIGHEST RH     MM PERCENT       MM
 LOWEST  RH     MM PERCENT       MM
 AVERAGE RH     MM PERCENT       MM
...................................................................

THE NOME CLIMATE NORMALS FOR TODAY
                           NORMAL    RECORD   YEAR
 MAXIMUM TEMPERATURE (F)     55        70     1995
 MINIMUM TEMPERATURE (F)     43        27     1984

SUNRISE AND SUNSET
 AUG 27 2015..........SUNRISE  7:28 AM      SUNSET 10:37 PM
 AUG 28 2015..........SUNRISE  7:31 AM      SUNSET 10:33 PM

-  INDICATES NEGATIVE NUMBERS.
R  INDICATES RECORD HAS BEEN SET OR TIED.
MM INDICATES DATA IS MISSING.
T  INDICATES TRACE OF PRECIPITATION.

&&
-------------------------------------------------------------------

AMOUNT OF DAYLIGHT TODAY  (HOUR:MIN)........15 HOURS 9 MINUTES
GAIN/LOSS SINCE YESTERDAY (HOUR:MIN:SEC)....-0:06:39

TIDES FOR THURSDAY AUGUST 27 2015

4:08 AM HIGH 1.0 FT
8:00 AM LOW  0.9 FT
1:56 PM HIGH 1.3 FT
9:50 PM LOW  0.0 FT

$$
RCT AUG 15
