000
CDUS46 KOTX 241245
CLIOMK


CLIMATE REPORT
NATIONAL WEATHER SERVICE SPOKANE, WA
545 AM PDT WED AUG 24 2016


...................................

...THE OMAK WA AIRPORT CLIMATE SUMMARY FOR AUGUST 23 2016...

CLIMATE NORMAL PERIOD 1981 TO 2010
CLIMATE RECORD PERIOD 9999 TO 9999


WEATHER ITEM   OBSERVED TIME   RECORD YEAR NORMAL DEPARTURE LAST
                VALUE   (LST)  VALUE       VALUE  FROM      YEAR
                                                  NORMAL
..................................................................
TEMPERATURE (F)
 YESTERDAY
  MAXIMUM         85    419 PM  98    1970  86     -1       83
  MINIMUM         47    527 AM  39    1992  56     -9       47
  AVERAGE         66                        71     -5       65

PRECIPITATION (IN)
  YESTERDAY        0.00                      0.01  -0.01     0.00
  MONTH TO DATE    T                         0.37  -0.37     0.08
  SINCE OCT 1     14.83                     14.05   0.78    11.53
  SINCE JAN 1      9.47                      9.16   0.31     4.96

SNOWFALL (IN)
  YESTERDAY       MM

DEGREE DAYS
 HEATING
  YESTERDAY        0                         1     -1        0
  MONTH TO DATE    3                         3      0        1
  SINCE JUN 1     93                        87      6       16
  SINCE JUL 1      8                        18    -10        1

 COOLING
  YESTERDAY        1                         7     -6        0
  MONTH TO DATE  200                       202     -2      230
  SINCE JUN 1    549                       540      9      858
  SINCE JAN 1    574                       563     11      904
..................................................................


WIND (MPH)
  HIGHEST WIND SPEED    21   HIGHEST WIND DIRECTION    NE (30)
  HIGHEST GUST SPEED    26   HIGHEST GUST DIRECTION    NE (40)
  AVERAGE WIND SPEED     8.3


SKY COVER
  POSSIBLE SUNSHINE  MM
  AVERAGE SKY COVER 0.0


WEATHER CONDITIONS
 THE FOLLOWING WEATHER WAS RECORDED YESTERDAY.
  NO SIGNIFICANT WEATHER WAS OBSERVED.


RELATIVE HUMIDITY (PERCENT)
 HIGHEST    59          1200 AM
 LOWEST     19           200 PM
 AVERAGE    39

..........................................................


THE OMAK WA AIRPORT CLIMATE NORMALS FOR TODAY
                         NORMAL    RECORD    YEAR
 MAXIMUM TEMPERATURE (F)   86        98      1958
 MINIMUM TEMPERATURE (F)   55        38      1937


SUNRISE AND SUNSET
AUGUST 24 2016........SUNRISE   605 AM PDT   SUNSET   754 PM PDT
AUGUST 25 2016........SUNRISE   606 AM PDT   SUNSET   752 PM PDT


-  INDICATES NEGATIVE NUMBERS.
R  INDICATES RECORD WAS SET OR TIED.
MM INDICATES DATA IS MISSING.
T  INDICATES TRACE AMOUNT.




$$
