000
CDUS46 KOTX 280825
CLIOMK


CLIMATE REPORT
NATIONAL WEATHER SERVICE SPOKANE, WA
125 AM PDT WED JUN 28 2017


...................................

...THE OMAK WA AIRPORT CLIMATE SUMMARY FOR JUNE 27 2017...

CLIMATE NORMAL PERIOD 1981 TO 2010
CLIMATE RECORD PERIOD 9999 TO 9999


WEATHER ITEM   OBSERVED TIME   RECORD YEAR NORMAL DEPARTURE LAST
                VALUE   (LST)  VALUE       VALUE  FROM      YEAR
                                                  NORMAL
..................................................................
TEMPERATURE (F)
 YESTERDAY
  MAXIMUM         85    312 PM 107    2015  83      2       92
  MINIMUM         60    125 AM  35    1965  53      7       55
  AVERAGE         73                        68      5       74

PRECIPITATION (IN)
  YESTERDAY        0.00                      0.04  -0.04     0.00
  MONTH TO DATE    0.26                      1.13  -0.87     1.65
  SINCE OCT 1     16.87                     12.77   4.10    14.08
  SINCE JAN 1     10.39                      7.88   2.51     8.72

SNOWFALL (IN)
  YESTERDAY       MM

DEGREE DAYS
 HEATING
  YESTERDAY        0                         1     -1        0
  MONTH TO DATE   58                        67     -9       85
  SINCE JUN 1     58                        67     -9       85
  SINCE JUL 1   6461                      6340    121     5476

 COOLING
  YESTERDAY        8                         4      4        9
  MONTH TO DATE   60                        70    -10       94
  SINCE JUN 1     60                        70    -10       94
  SINCE JAN 1     91                        93     -2      119
..................................................................


WIND (MPH)
  HIGHEST WIND SPEED    23   HIGHEST WIND DIRECTION     N (10)
  HIGHEST GUST SPEED    30   HIGHEST GUST DIRECTION     N (20)
  AVERAGE WIND SPEED    10.9


SKY COVER
  POSSIBLE SUNSHINE  MM
  AVERAGE SKY COVER 0.0


WEATHER CONDITIONS
 THE FOLLOWING WEATHER WAS RECORDED YESTERDAY.
  NO SIGNIFICANT WEATHER WAS OBSERVED.


RELATIVE HUMIDITY (PERCENT)
 HIGHEST    44          1100 PM
 LOWEST     18           200 PM
 AVERAGE    31

..........................................................


THE OMAK WA AIRPORT CLIMATE NORMALS FOR TODAY
                         NORMAL    RECORD    YEAR
 MAXIMUM TEMPERATURE (F)   83       110      2015
 MINIMUM TEMPERATURE (F)   54        37      1975


SUNRISE AND SUNSET
JUNE 28 2017..........SUNRISE   459 AM PDT   SUNSET   904 PM PDT
JUNE 29 2017..........SUNRISE   500 AM PDT   SUNSET   903 PM PDT


-  INDICATES NEGATIVE NUMBERS.
R  INDICATES RECORD WAS SET OR TIED.
MM INDICATES DATA IS MISSING.
T  INDICATES TRACE AMOUNT.




$$
