000
CDUS46 KOTX 010820
CLIOMK


CLIMATE REPORT
NATIONAL WEATHER SERVICE SPOKANE, WA
120 AM PDT FRI AUG 1 2014


...................................

...THE OMAK WA AIRPORT CLIMATE SUMMARY FOR JULY 31 2014...

CLIMATE NORMAL PERIOD 1981 TO 2010
CLIMATE RECORD PERIOD 9999 TO 9999


WEATHER ITEM   OBSERVED TIME   RECORD YEAR NORMAL DEPARTURE LAST
                VALUE   (LST)  VALUE       VALUE  FROM      YEAR
                                                  NORMAL
..................................................................
TEMPERATURE (F)
 YESTERDAY
  MAXIMUM        102    414 PM 104    2003  91     11       94
  MINIMUM         69    502 AM  43    2006  59     10       61
                                      1964
  AVERAGE         86                        75     11       78

PRECIPITATION (IN)
  YESTERDAY        0.00          0.19 2010   0.02  -0.02      T
  MONTH TO DATE    0.17                      0.81  -0.64     0.26
  SINCE OCT 1      6.56                     14.01  -7.45    13.09
  SINCE JAN 1      5.39                      8.56  -3.17     6.10

SNOWFALL (IN)
  YESTERDAY       MM            MM      MM  MM     MM       MM
  MONTH TO DATE   MM                        MM     MM       MM
  SINCE JUN 1     MM                        MM     MM       MM
  SINCE JUL 1     MM                        MM     MM       MM
  SNOW DEPTH      MM

DEGREE DAYS
 HEATING
  YESTERDAY        0                         0      0        0
  MONTH TO DATE    2                        11     -9        0
  SINCE JUN 1     40                        84    -44       67
  SINCE JUL 1      2                        15    -13        0

 COOLING
  YESTERDAY       21                        10     11       13
  MONTH TO DATE  417                       254    163      348
  SINCE JUN 1    482                       338    144      413
  SINCE JAN 1    496                       361    135      436
..................................................................


WIND (MPH)
  HIGHEST WIND SPEED    20   HIGHEST WIND DIRECTION     N (10)
  HIGHEST GUST SPEED    25   HIGHEST GUST DIRECTION     N (20)
  AVERAGE WIND SPEED     8.5


SKY COVER
  POSSIBLE SUNSHINE  MM
  AVERAGE SKY COVER 0.0


WEATHER CONDITIONS
 THE FOLLOWING WEATHER WAS RECORDED YESTERDAY.
  HAZE


RELATIVE HUMIDITY (PERCENT)
 HIGHEST    33           400 AM
 LOWEST      4           400 PM
 AVERAGE    19

..........................................................


THE OMAK WA AIRPORT CLIMATE NORMALS FOR TODAY
                         NORMAL    RECORD    YEAR
 MAXIMUM TEMPERATURE (F)   91       106      2009
 MINIMUM TEMPERATURE (F)   59        43      2006


SUNRISE AND SUNSET
AUGUST  1 2014........SUNRISE   533 AM PDT   SUNSET   835 PM PDT
AUGUST  2 2014........SUNRISE   534 AM PDT   SUNSET   834 PM PDT


-  INDICATES NEGATIVE NUMBERS.
R  INDICATES RECORD WAS SET OR TIED.
MM INDICATES DATA IS MISSING.
T  INDICATES TRACE AMOUNT.




$$
