000
CDUS46 KOTX 190832
CLIOMK


CLIMATE REPORT
NATIONAL WEATHER SERVICE SPOKANE, WA
129 AM PDT SUN OCT 19 2014


...................................

...THE OMAK WA AIRPORT CLIMATE SUMMARY FOR OCTOBER 18 2014...

CLIMATE NORMAL PERIOD 1981 TO 2010
CLIMATE RECORD PERIOD 9999 TO 9999


WEATHER ITEM   OBSERVED TIME   RECORD YEAR NORMAL DEPARTURE LAST
                VALUE   (LST)  VALUE       VALUE  FROM      YEAR
                                                  NORMAL
..................................................................
TEMPERATURE (F)
 YESTERDAY
  MAXIMUM         57    316 PM  77    1940  61     -4       62
  MINIMUM         46    823 PM  13    1945  35     11       33
  AVERAGE         52                        48      4       48

PRECIPITATION (IN)
  YESTERDAY        T           0.51   1953  0.03  -0.03     0.00
  MONTH TO DATE    0.19                     0.51  -0.32     0.05
  SINCE OCT 1      0.19                     0.51  -0.32     0.05
  SINCE JAN 1      7.20                    10.11  -2.91     8.88

SNOWFALL (IN)
  YESTERDAY       MM

DEGREE DAYS
 HEATING
  YESTERDAY       13                        17     -4       17
  MONTH TO DATE  166                       236    -70      295
  SINCE SEP 1    250                       366   -116      428
  SINCE JUL 1    255                       397   -142      428

 COOLING
  YESTERDAY        0                         0      0        0
  MONTH TO DATE    3                         0      3        0
  SINCE SEP 1     49                        58     -9      128
  SINCE JAN 1    873                       664    209      814
..................................................................


WIND (MPH)
  HIGHEST WIND SPEED    12   HIGHEST WIND DIRECTION    SW (220)
  HIGHEST GUST SPEED    15   HIGHEST GUST DIRECTION    SW (220)
  AVERAGE WIND SPEED     4.2


SKY COVER
  POSSIBLE SUNSHINE  MM
  AVERAGE SKY COVER 1.0


WEATHER CONDITIONS
 THE FOLLOWING WEATHER WAS RECORDED YESTERDAY.
  LIGHT RAIN


RELATIVE HUMIDITY (PERCENT)
 HIGHEST    93          1200 AM
 LOWEST     72          1200 PM
 AVERAGE    83

..........................................................


THE OMAK WA AIRPORT CLIMATE NORMALS FOR TODAY
                         NORMAL    RECORD    YEAR
 MAXIMUM TEMPERATURE (F)   60        76      1940
 MINIMUM TEMPERATURE (F)   35        20      1976


SUNRISE AND SUNSET
OCTOBER 19 2014.......SUNRISE   724 AM PDT   SUNSET   601 PM PDT
OCTOBER 20 2014.......SUNRISE   726 AM PDT   SUNSET   559 PM PDT


-  INDICATES NEGATIVE NUMBERS.
R  INDICATES RECORD WAS SET OR TIED.
MM INDICATES DATA IS MISSING.
T  INDICATES TRACE AMOUNT.

$$
