000
CDUS46 KOTX 270824
CLIOMK


CLIMATE REPORT
NATIONAL WEATHER SERVICE SPOKANE, WA
124 AM PDT TUE SEP 27 2016


...................................

...THE OMAK WA AIRPORT CLIMATE SUMMARY FOR SEPTEMBER 26 2016...

CLIMATE NORMAL PERIOD 1981 TO 2010
CLIMATE RECORD PERIOD 9999 TO 9999


WEATHER ITEM   OBSERVED TIME   RECORD YEAR NORMAL DEPARTURE LAST
                VALUE   (LST)  VALUE       VALUE  FROM      YEAR
                                                  NORMAL
..................................................................
TEMPERATURE (F)
 YESTERDAY
  MAXIMUM         82    428 PM  89    1994  73      9       72
  MINIMUM         46    601 AM  30    1970  44      2       50
  AVERAGE         64                        58      6       61

PRECIPITATION (IN)
  YESTERDAY        0.00                      0.03  -0.03      T
  MONTH TO DATE    T                         0.49  -0.49      T
  SINCE OCT 1     14.83                     14.66   0.17    11.62
  SINCE JAN 1      9.47                      9.77  -0.30     5.05

SNOWFALL (IN)
  YESTERDAY       MM

DEGREE DAYS
 HEATING
  YESTERDAY        1                         7     -6        4
  MONTH TO DATE  102                        98      4      108
  SINCE SEP 1    102                        98      4      108
  SINCE JUL 1    110                       129    -19      111

 COOLING
  YESTERDAY        0                         0      0        0
  MONTH TO DATE   11                        57    -46       47
  SINCE SEP 1     11                        57    -46       47
  SINCE JAN 1    637                       663    -26      998
..................................................................


WIND (MPH)
  HIGHEST WIND SPEED    12   HIGHEST WIND DIRECTION    SW (210)
  HIGHEST GUST SPEED    15   HIGHEST GUST DIRECTION    SW (220)
  AVERAGE WIND SPEED     5.6


SKY COVER
  POSSIBLE SUNSHINE  MM
  AVERAGE SKY COVER 0.0


WEATHER CONDITIONS
 THE FOLLOWING WEATHER WAS RECORDED YESTERDAY.
  HAZE


RELATIVE HUMIDITY (PERCENT)
 HIGHEST    82           600 AM
 LOWEST     24           300 PM
 AVERAGE    53

..........................................................


THE OMAK WA AIRPORT CLIMATE NORMALS FOR TODAY
                         NORMAL    RECORD    YEAR
 MAXIMUM TEMPERATURE (F)   73        88      1999
 MINIMUM TEMPERATURE (F)   43        20      1945


SUNRISE AND SUNSET
SEPTEMBER 27 2016.....SUNRISE   653 AM PDT   SUNSET   644 PM PDT
SEPTEMBER 28 2016.....SUNRISE   654 AM PDT   SUNSET   642 PM PDT


-  INDICATES NEGATIVE NUMBERS.
R  INDICATES RECORD WAS SET OR TIED.
MM INDICATES DATA IS MISSING.
T  INDICATES TRACE AMOUNT.




$$
