000
CDUS46 KOTX 240838
CLIOMK


CLIMATE REPORT
NATIONAL WEATHER SERVICE SPOKANE, WA
1232 AM PST SAT FEB 24 2018


...................................

...THE OMAK WA AIRPORT CLIMATE SUMMARY FOR FEBRUARY 23 2018...

CLIMATE NORMAL PERIOD 1981 TO 2010
CLIMATE RECORD PERIOD 9999 TO 9999


WEATHER ITEM   OBSERVED TIME   RECORD YEAR NORMAL DEPARTURE LAST
                VALUE   (LST)  VALUE       VALUE  FROM      YEAR
                                                  NORMAL
..................................................................
TEMPERATURE (F)
 YESTERDAY
  MAXIMUM         27   1153 PM  60    1947  43    -16       40
  MINIMUM          4R   714 AM   4    1948  24    -20       19
  AVERAGE         16                        34    -18       30

PRECIPITATION (IN)
  YESTERDAY        0.01                      0.05  -0.04     0.00
  MONTH TO DATE    0.31                      1.16  -0.85     1.60
  SINCE OCT 1      6.89                      7.94  -1.05    10.11
  SINCE JAN 1      3.51                      3.05   0.46     3.63

SNOWFALL (IN)
  YESTERDAY       MM

DEGREE DAYS
 HEATING
  YESTERDAY       49                        31     18       35
  MONTH TO DATE  814                       776     38      887
  SINCE DEC 1   3104                      3176    -72     3506
  SINCE JUL 1   4564                      4709   -145     4744

 COOLING
  YESTERDAY        0                         0      0        0
  MONTH TO DATE    0                         0      0        0
  SINCE DEC 1      0                         0      0        0
  SINCE JAN 1      0                         0      0        0
..................................................................


WIND (MPH)
  HIGHEST WIND SPEED    13   HIGHEST WIND DIRECTION     S (180)
  HIGHEST GUST SPEED    16   HIGHEST GUST DIRECTION     S (190)
  AVERAGE WIND SPEED     5.9


SKY COVER
  POSSIBLE SUNSHINE  MM
  AVERAGE SKY COVER 0.6


WEATHER CONDITIONS
 THE FOLLOWING WEATHER WAS RECORDED YESTERDAY.
  LIGHT SNOW
  FOG


RELATIVE HUMIDITY (PERCENT)
 HIGHEST    88           500 AM
 LOWEST     62          1000 AM
 AVERAGE    75

..........................................................


THE OMAK WA AIRPORT CLIMATE NORMALS FOR TODAY
                         NORMAL    RECORD    YEAR
 MAXIMUM TEMPERATURE (F)   43        59      1968
 MINIMUM TEMPERATURE (F)   25         5      1952


SUNRISE AND SUNSET
FEBRUARY 24 2018......SUNRISE   649 AM PST   SUNSET   534 PM PST
FEBRUARY 25 2018......SUNRISE   647 AM PST   SUNSET   536 PM PST


-  INDICATES NEGATIVE NUMBERS.
R  INDICATES RECORD WAS SET OR TIED.
MM INDICATES DATA IS MISSING.
T  INDICATES TRACE AMOUNT.




$$
