000
CDUS46 KOTX 010831
CLIOMK


CLIMATE REPORT
NATIONAL WEATHER SERVICE SPOKANE, WA
127 AM PDT MON SEP 1 2014


...................................

...THE OMAK WA AIRPORT CLIMATE SUMMARY FOR AUGUST 31 2014...

CLIMATE NORMAL PERIOD 1981 TO 2010
CLIMATE RECORD PERIOD 9999 TO 9999


WEATHER ITEM   OBSERVED TIME   RECORD YEAR NORMAL DEPARTURE LAST
                VALUE   (LST)  VALUE       VALUE  FROM      YEAR
                                                  NORMAL
..................................................................
TEMPERATURE (F)
 YESTERDAY
  MAXIMUM         78    348 PM  99    1998  84     -6       85
  MINIMUM         49    546 AM  38    2006  53     -4       54
                                      1948
  AVERAGE         64                        68     -4       70

PRECIPITATION (IN)
  YESTERDAY        0.00        0.85   1999  0.01  -0.01     0.00
  MONTH TO DATE    0.85                     0.46   0.39     1.32
  SINCE OCT 1      7.41                    14.47  -7.06    14.41
  SINCE JAN 1      6.24                     9.02  -2.78     7.42

SNOWFALL (IN)
  YESTERDAY       MM            MM     MM    MM     MM       MM
  MONTH TO DATE   MM                         MM     MM       MM
  SINCE JUN 1     MM                         MM     MM       MM
  SINCE JUL 1     MM                         MM     MM       MM
  SNOW DEPTH      MM

DEGREE DAYS
 HEATING
  YESTERDAY        1                         1      0        0
  MONTH TO DATE    3                        11     -8        0
  SINCE JUN 1     43                       100    -57       67
  SINCE JUL 1      5                        31    -26        0

 COOLING
  YESTERDAY        0                         5     -5        5
  MONTH TO DATE  328                       245     83      250
  SINCE JUN 1    810                       583    227      663
  SINCE JAN 1    824                       606    218      686
..................................................................


WIND (MPH)
  HIGHEST WIND SPEED    13   HIGHEST WIND DIRECTION     N (10)
  HIGHEST GUST SPEED    17   HIGHEST GUST DIRECTION     N (10)
  AVERAGE WIND SPEED     6.1


SKY COVER
  POSSIBLE SUNSHINE  MM
  AVERAGE SKY COVER 0.1


WEATHER CONDITIONS
 THE FOLLOWING WEATHER WAS RECORDED YESTERDAY.
  NO SIGNIFICANT WEATHER WAS OBSERVED.


RELATIVE HUMIDITY (PERCENT)
 HIGHEST    63           400 AM
 LOWEST     22           500 PM
 AVERAGE    43

..........................................................


THE OMAK WA AIRPORT CLIMATE NORMALS FOR TODAY
                         NORMAL    RECORD    YEAR
 MAXIMUM TEMPERATURE (F)   83        99      1998
 MINIMUM TEMPERATURE (F)   53        34      1959


SUNRISE AND SUNSET
SEPTEMBER  1 2014.....SUNRISE   615 AM PDT   SUNSET   740 PM PDT
SEPTEMBER  2 2014.....SUNRISE   617 AM PDT   SUNSET   737 PM PDT


-  INDICATES NEGATIVE NUMBERS.
R  INDICATES RECORD WAS SET OR TIED.
MM INDICATES DATA IS MISSING.
T  INDICATES TRACE AMOUNT.

$$
