000
CDUS46 KOTX 210829
CLIOMK


CLIMATE REPORT
NATIONAL WEATHER SERVICE SPOKANE, WA
1229 AM PST TUE FEB 21 2017


...................................

...THE OMAK WA AIRPORT CLIMATE SUMMARY FOR FEBRUARY 20 2017...

CLIMATE NORMAL PERIOD 1981 TO 2010
CLIMATE RECORD PERIOD 9999 TO 9999


WEATHER ITEM   OBSERVED TIME   RECORD YEAR NORMAL DEPARTURE LAST
                VALUE   (LST)  VALUE       VALUE  FROM      YEAR
                                                  NORMAL
..................................................................
TEMPERATURE (F)
 YESTERDAY
  MAXIMUM         38    432 PM  58    1961  42     -4       50
  MINIMUM         34   1101 PM   0    1936  24     10       31
  AVERAGE         36                        33      3       41

PRECIPITATION (IN)
  YESTERDAY        0.10                      0.05   0.05     0.00
  MONTH TO DATE    1.60                      1.01   0.59     0.90
  SINCE OCT 1     10.11                      7.79   2.32     8.54
  SINCE JAN 1      3.63                      2.90   0.73     3.18

SNOWFALL (IN)
  YESTERDAY       MM

DEGREE DAYS
 HEATING
  YESTERDAY       29                        32     -3       24
  MONTH TO DATE  788                       681    107      605
  SINCE DEC 1   3407                      3081    326     2883
  SINCE JUL 1   4645                      4614     31     4184

 COOLING
  YESTERDAY        0                         0      0        0
  MONTH TO DATE    0                         0      0        0
  SINCE DEC 1      0                         0      0        0
  SINCE JAN 1      0                         0      0        0
..................................................................


WIND (MPH)
  HIGHEST WIND SPEED    12   HIGHEST WIND DIRECTION    NW (330)
  HIGHEST GUST SPEED    14   HIGHEST GUST DIRECTION    NW (330)
  AVERAGE WIND SPEED     3.7


SKY COVER
  POSSIBLE SUNSHINE  MM
  AVERAGE SKY COVER 1.0


WEATHER CONDITIONS
 THE FOLLOWING WEATHER WAS RECORDED YESTERDAY.
  LIGHT RAIN
  FOG


RELATIVE HUMIDITY (PERCENT)
 HIGHEST    92           700 PM
 LOWEST     82          1200 AM
 AVERAGE    87

..........................................................


THE OMAK WA AIRPORT CLIMATE NORMALS FOR TODAY
                         NORMAL    RECORD    YEAR
 MAXIMUM TEMPERATURE (F)   42        60      1958
 MINIMUM TEMPERATURE (F)   24        -7      1975


SUNRISE AND SUNSET
FEBRUARY 21 2017......SUNRISE   654 AM PST   SUNSET   530 PM PST
FEBRUARY 22 2017......SUNRISE   652 AM PST   SUNSET   532 PM PST


-  INDICATES NEGATIVE NUMBERS.
R  INDICATES RECORD WAS SET OR TIED.
MM INDICATES DATA IS MISSING.
T  INDICATES TRACE AMOUNT.




$$
