000
CDUS46 KOTX 100835
CLIOMK


CLIMATE REPORT
NATIONAL WEATHER SERVICE SPOKANE, WA
1235 AM PST SUN DEC 10 2017


...................................

...THE OMAK WA AIRPORT CLIMATE SUMMARY FOR DECEMBER 9 2017...

CLIMATE NORMAL PERIOD 1981 TO 2010
CLIMATE RECORD PERIOD 9999 TO 9999


WEATHER ITEM   OBSERVED TIME   RECORD YEAR NORMAL DEPARTURE LAST
                VALUE   (LST)  VALUE       VALUE  FROM      YEAR
                                                  NORMAL
..................................................................
TEMPERATURE (F)
 YESTERDAY
  MAXIMUM         30   1130 PM  49    2015  33     -3       21
                                      1938
  MINIMUM         28    832 AM  -2    2009  21      7       17
  AVERAGE         29                        27      2       19

PRECIPITATION (IN)
  YESTERDAY        0.00                      0.06  -0.06     0.04
  MONTH TO DATE    0.27                      0.57  -0.30     0.15
  SINCE OCT 1      2.93                      3.26  -0.33     5.80
  SINCE JAN 1     13.42                     13.12   0.30    15.27

SNOWFALL (IN)
  YESTERDAY       MM

DEGREE DAYS
 HEATING
  YESTERDAY       36                        38     -2       46
  MONTH TO DATE  326                       332     -6      346
  SINCE DEC 1    326                       332     -6      346
  SINCE JUL 1   1786                      1865    -79     1584

 COOLING
  YESTERDAY        0                         0      0        0
  MONTH TO DATE    0                         0      0        0
  SINCE DEC 1      0                         0      0        0
  SINCE JAN 1    885                       665    220      637
..................................................................


WIND (MPH)
  HIGHEST WIND SPEED     9   HIGHEST WIND DIRECTION    NW (300)
  HIGHEST GUST SPEED    11   HIGHEST GUST DIRECTION    NW (310)
  AVERAGE WIND SPEED     2.4


SKY COVER
  POSSIBLE SUNSHINE  MM
  AVERAGE SKY COVER 1.0


WEATHER CONDITIONS
 THE FOLLOWING WEATHER WAS RECORDED YESTERDAY.
  NO SIGNIFICANT WEATHER WAS OBSERVED.


RELATIVE HUMIDITY (PERCENT)
 HIGHEST   100           500 PM
 LOWEST     85           100 AM
 AVERAGE    93

..........................................................


THE OMAK WA AIRPORT CLIMATE NORMALS FOR TODAY
                         NORMAL    RECORD    YEAR
 MAXIMUM TEMPERATURE (F)   33        54      1956
 MINIMUM TEMPERATURE (F)   20        -3      2009


SUNRISE AND SUNSET
DECEMBER 10 2017......SUNRISE   739 AM PST   SUNSET   403 PM PST
DECEMBER 11 2017......SUNRISE   740 AM PST   SUNSET   403 PM PST


-  INDICATES NEGATIVE NUMBERS.
R  INDICATES RECORD WAS SET OR TIED.
MM INDICATES DATA IS MISSING.
T  INDICATES TRACE AMOUNT.




$$
