000
CDUS45 KBOI 280932
CLIONO


CLIMATE REPORT
NATIONAL WEATHER SERVICE BOISE ID
332 AM MDT FRI AUG 28 2015


...................................

...THE ONTARIO OR CLIMATE SUMMARY FOR AUGUST 27 2015...

CLIMATE NORMAL PERIOD 1981 TO 2010
CLIMATE RECORD PERIOD 1948 TO 2015


WEATHER ITEM   OBSERVED TIME   RECORD YEAR NORMAL DEPARTURE LAST
                VALUE   (LST)  VALUE       VALUE  FROM      YEAR
                                                  NORMAL
..................................................................
TEMPERATURE (F)
 YESTERDAY
  MAXIMUM         94    442 PM 101    1974  89      5       92
  MINIMUM         63   1159 PM  38    1993  52     11       51
  AVERAGE         79                        70      9       72

PRECIPITATION (IN)
  YESTERDAY        0.00          0.35 1956   0.01  -0.01     0.00
  MONTH TO DATE    0.01                      0.15  -0.14     0.46
  SINCE OCT 1      9.24                      9.62  -0.38     6.98
  SINCE JAN 1      4.78                      6.21  -1.43     5.47

DEGREE DAYS
 HEATING
  YESTERDAY        0                         1     -1        0
  MONTH TO DATE    0                         3     -3        0
  SINCE JUN 1      3                        60    -57       28
  SINCE JUL 1      2                         8     -6        0

 COOLING
  YESTERDAY       14                         6      8        7
  MONTH TO DATE  322                       249     73      273
  SINCE JUN 1   1052                       736    316      926
  SINCE JAN 1   1085                       772    313      974
..................................................................


WIND (MPH)
  HIGHEST WIND SPEED    15   HIGHEST WIND DIRECTION     S (160)
  HIGHEST GUST SPEED    22   HIGHEST GUST DIRECTION    SE (140)
  AVERAGE WIND SPEED     4.3


SKY COVER
  AVERAGE SKY COVER 0.0


WEATHER CONDITIONS
 THE FOLLOWING WEATHER WAS RECORDED YESTERDAY.
  NO SIGNIFICANT WEATHER WAS OBSERVED.


RELATIVE HUMIDITY (PERCENT)
 HIGHEST    58          1100 PM
 LOWEST     14           500 PM
 AVERAGE    36

..........................................................


THE ONTARIO OR CLIMATE NORMALS FOR TODAY
                         NORMAL    RECORD    YEAR
 MAXIMUM TEMPERATURE (F)   88       102      1972
 MINIMUM TEMPERATURE (F)   51        33      1960


SUNRISE AND SUNSET
AUGUST 28 2015........SUNRISE   707 AM MDT   SUNSET   831 PM MDT
AUGUST 29 2015........SUNRISE   708 AM MDT   SUNSET   830 PM MDT


-  INDICATES NEGATIVE NUMBERS.
R  INDICATES RECORD WAS SET OR TIED.
MM INDICATES DATA IS MISSING.
T  INDICATES TRACE AMOUNT.




$$
