000
CDUS45 KBOI 010931
CLIONO


CLIMATE REPORT
NATIONAL WEATHER SERVICE BOISE ID
331 AM MDT WED OCT 1 2014


...................................

...THE ONTARIO OR CLIMATE SUMMARY FOR SEPTEMBER 30 2014...

CLIMATE NORMAL PERIOD 1981 TO 2010
CLIMATE RECORD PERIOD 1948 TO 2014


WEATHER ITEM   OBSERVED TIME   RECORD YEAR NORMAL DEPARTURE LAST
                VALUE   (LST)  VALUE       VALUE  FROM      YEAR
                                                  NORMAL
..................................................................
TEMPERATURE (F)
 YESTERDAY
  MAXIMUM         68    240 PM  93    1963  75     -7       67
  MINIMUM         50   1159 PM  24    1985  40     10       43
  AVERAGE         59                        57      2       55

PRECIPITATION (IN)
  YESTERDAY        0.01          0.35 1989   0.02  -0.01     0.22
  MONTH TO DATE    0.42                      0.41   0.01     1.16
  SINCE OCT 1      7.47                     10.06  -2.59     6.71
  SINCE JAN 1      5.96                      6.65  -0.69     3.77

DEGREE DAYS
 HEATING
  YESTERDAY        6                         8     -2       10
  MONTH TO DATE   36                       117    -81       88
  SINCE SEP 1     36                       118    -82       88
  SINCE JUL 1     37                       134    -97       88

 COOLING
  YESTERDAY        0                         0      0        0
  MONTH TO DATE   90                        58     32      127
  SINCE SEP 1     90                        58     32      127
  SINCE JAN 1   1087                       851    236     1299
..................................................................


WIND (MPH)
  HIGHEST WIND SPEED    20   HIGHEST WIND DIRECTION    NW (310)
  HIGHEST GUST SPEED    24   HIGHEST GUST DIRECTION    NW (320)
  AVERAGE WIND SPEED     8.4


SKY COVER
  AVERAGE SKY COVER 0.5


WEATHER CONDITIONS
 THE FOLLOWING WEATHER WAS RECORDED YESTERDAY.
  FOG
  FOG W/VISIBILITY <= 1/4 MILE
  HAZE


RELATIVE HUMIDITY (PERCENT)
 HIGHEST   100           300 AM
 LOWEST     32           500 PM
 AVERAGE    66

..........................................................


THE ONTARIO OR CLIMATE NORMALS FOR TODAY
                         NORMAL    RECORD    YEAR
 MAXIMUM TEMPERATURE (F)   75        91      1992
 MINIMUM TEMPERATURE (F)   39        22      1950


SUNRISE AND SUNSET
OCTOBER  1 2014.......SUNRISE   746 AM MDT   SUNSET   729 PM MDT
OCTOBER  2 2014.......SUNRISE   747 AM MDT   SUNSET   727 PM MDT


-  INDICATES NEGATIVE NUMBERS.
R  INDICATES RECORD WAS SET OR TIED.
MM INDICATES DATA IS MISSING.
T  INDICATES TRACE AMOUNT.




$$
