000
CDUS46 KSGX 231435
CLIONT


CLIMATE REPORT
NATIONAL WEATHER SERVICE SAN DIEGO, CA
735 AM PDT SUN APR 23 2017


...................................

...THE ONTARIO INTL AIRPORT CA CLIMATE SUMMARY FOR APRIL 22 2017...

CLIMATE NORMAL PERIOD 1981 TO 2010
CLIMATE RECORD PERIOD 1998 TO 2017


WEATHER ITEM   OBSERVED TIME   RECORD YEAR NORMAL DEPARTURE LAST
                VALUE   (LST)  VALUE       VALUE  FROM      YEAR
                                                  NORMAL
..................................................................
TEMPERATURE (F)
 YESTERDAY
  MAXIMUM         95R   118 PM  95    2017  75     20       79
  MINIMUM         61    534 AM  42    2001  52      9       55
  AVERAGE         78                        63     15       67

PRECIPITATION (IN)
  YESTERDAY        0.00          0.09 2006   0.04  -0.04     0.00
  MONTH TO DATE    0.04                      0.71  -0.67     0.17
  SINCE OCT 1     15.06                     13.90   1.16     6.32
  SINCE JAN 1     10.18                      9.73   0.45     4.20

DEGREE DAYS
 HEATING
  YESTERDAY        0                         3     -3        0
  MONTH TO DATE   27                       100    -73       20
  SINCE MAR 1    139                       312   -173      137
  SINCE JUL 1   1236                      1469   -233     1146

 COOLING
  YESTERDAY       13                         2     11        2
  MONTH TO DATE   50                        26     24       91
  SINCE MAR 1    107                        38     69      112
  SINCE JAN 1    108                        44     64      155
..................................................................


WIND (MPH)
  RESULTANT WIND SPEED   4   RESULTANT WIND DIRECTION   W (250)
  HIGHEST WIND SPEED    18   HIGHEST WIND DIRECTION    SW (240)
  HIGHEST GUST SPEED    24   HIGHEST GUST DIRECTION    SW (220)
  AVERAGE WIND SPEED     5.1


SKY COVER
  POSSIBLE SUNSHINE  MM
  AVERAGE SKY COVER 0.3


WEATHER CONDITIONS
 THE FOLLOWING WEATHER WAS RECORDED YESTERDAY.
  HAZE


RELATIVE HUMIDITY (PERCENT)
 HIGHEST    44          1100 PM
 LOWEST      9          1200 PM
 AVERAGE    27

..........................................................


THE ONTARIO INTL AIRPORT CA CLIMATE NORMALS FOR TODAY
                         NORMAL    RECORD    YEAR
 MAXIMUM TEMPERATURE (F)   75        87      2004
 MINIMUM TEMPERATURE (F)   52        42      2010


SUNRISE AND SUNSET
APRIL 23 2017.........SUNRISE   610 AM PDT   SUNSET   728 PM PDT
APRIL 24 2017.........SUNRISE   608 AM PDT   SUNSET   729 PM PDT


-  INDICATES NEGATIVE NUMBERS.
R  INDICATES RECORD WAS SET OR TIED.
MM INDICATES DATA IS MISSING.
T  INDICATES TRACE AMOUNT.




$$
