000
CDUS46 KSGX 291423
CLIONT


CLIMATE REPORT
NATIONAL WEATHER SERVICE SAN DIEGO, CA
723 AM PDT WED JUL 29 2015


...................................

...THE ONTARIO INTL AIRPORT CA CLIMATE SUMMARY FOR JULY 28 2015...

CLIMATE NORMAL PERIOD 1981 TO 2010
CLIMATE RECORD PERIOD 1998 TO 2015


WEATHER ITEM   OBSERVED TIME   RECORD YEAR NORMAL DEPARTURE LAST
                VALUE   (LST)  VALUE       VALUE  FROM      YEAR
                                                  NORMAL
..................................................................
TEMPERATURE (F)
 YESTERDAY
  MAXIMUM         97    231 PM 102    1998  93      4       96
  MINIMUM         64    539 AM  57    2012  64      0       73
  AVERAGE         81                        79      2       85

PRECIPITATION (IN)
  YESTERDAY        0.00          T    2003   0.00   0.00     0.00
  MONTH TO DATE    0.60                      0.08   0.52      T
  SINCE OCT 1     10.48                     14.63  -4.15     4.37
  SINCE JAN 1      4.84                     10.46  -5.62     3.49

DEGREE DAYS
 HEATING
  YESTERDAY        0                         0      0        0
  MONTH TO DATE    0                         0      0        0
  SINCE JUN 1      0                         5     -5        0
  SINCE JUL 1      0                         0      0        0

 COOLING
  YESTERDAY       16                        14      2       20
  MONTH TO DATE  343                       354    -11      418
  SINCE JUN 1    693                       577    116      704
  SINCE JAN 1    988                       743    245     1098
..................................................................


WIND (MPH)
  RESULTANT WIND SPEED   5   RESULTANT WIND DIRECTION  SW (240)
  HIGHEST WIND SPEED    17   HIGHEST WIND DIRECTION     W (260)
  HIGHEST GUST SPEED    24   HIGHEST GUST DIRECTION     W (260)
  AVERAGE WIND SPEED     5.8


SKY COVER
  POSSIBLE SUNSHINE  MM
  AVERAGE SKY COVER 0.0


WEATHER CONDITIONS
 THE FOLLOWING WEATHER WAS RECORDED YESTERDAY.
  NO SIGNIFICANT WEATHER WAS OBSERVED.


RELATIVE HUMIDITY (PERCENT)
 HIGHEST    84           300 AM
 LOWEST     24           200 PM
 AVERAGE    54

..........................................................


THE ONTARIO INTL AIRPORT CA CLIMATE NORMALS FOR TODAY
                         NORMAL    RECORD    YEAR
 MAXIMUM TEMPERATURE (F)   93        95      2014
                                             2005
 MINIMUM TEMPERATURE (F)   64        58      2002


SUNRISE AND SUNSET
JULY 29 2015..........SUNRISE   600 AM PDT   SUNSET   754 PM PDT
JULY 30 2015..........SUNRISE   600 AM PDT   SUNSET   753 PM PDT


-  INDICATES NEGATIVE NUMBERS.
R  INDICATES RECORD WAS SET OR TIED.
MM INDICATES DATA IS MISSING.
T  INDICATES TRACE AMOUNT.




$$
