000
CDUS46 KSGX 160115
CLIONT


CLIMATE REPORT
NATIONAL WEATHER SERVICE SAN DIEGO, CA
515 PM PST SUN JAN 15 2017


...................................

...THE ONTARIO INTL AIRPORT CA CLIMATE SUMMARY FOR JANUARY 15 2017...
VALID TODAY AS OF 0500 PM LOCAL TIME.

CLIMATE NORMAL PERIOD 1981 TO 2010
CLIMATE RECORD PERIOD 1998 TO 2017


WEATHER ITEM   OBSERVED TIME   RECORD YEAR NORMAL DEPARTURE LAST
                VALUE   (LST)  VALUE       VALUE  FROM      YEAR
                                                  NORMAL
..................................................................
TEMPERATURE (F)
 TODAY
  MAXIMUM         62    246 PM  85    2014  65     -3       58
  MINIMUM         42    656 AM  31    2013  44     -2       47
  AVERAGE         52                        55     -3       53

PRECIPITATION (IN)
  TODAY            0.00          0.06 2001   0.11  -0.11     0.00
  MONTH TO DATE    2.49                      1.89   0.60     1.72
  SINCE OCT 1      7.37                      6.06   1.31     3.84
  SINCE JAN 1      2.49                      1.89   0.60     1.72

DEGREE DAYS
 HEATING
  TODAY           13                        11      2       12
  MONTH TO DATE  172                       165      7      203
  SINCE DEC 1    505                       503      2      566
  SINCE JUL 1    635                       725    -90      763

 COOLING
  TODAY            0                         0      0        0
  MONTH TO DATE    0                         0      0        0
  SINCE DEC 1      0                         2     -2        2
  SINCE JAN 1      0                         0      0        0
..................................................................


WIND (MPH)
  RESULTANT WIND SPEED   0   RESULTANT WIND DIRECTION  SW (210)
  HIGHEST WIND SPEED     7   HIGHEST WIND DIRECTION    SW (240)
  HIGHEST GUST SPEED     9   HIGHEST GUST DIRECTION    SW (240)
  AVERAGE WIND SPEED     0.9


SKY COVER
  POSSIBLE SUNSHINE  MM
  AVERAGE SKY COVER 0.4


WEATHER CONDITIONS
 THE FOLLOWING WEATHER WAS RECORDED TODAY.
  NO SIGNIFICANT WEATHER WAS OBSERVED.


RELATIVE HUMIDITY (PERCENT)
 HIGHEST    89           700 AM
 LOWEST     60           200 PM
 AVERAGE    75

..........................................................


THE ONTARIO INTL AIRPORT CA CLIMATE NORMALS FOR TOMORROW
                         NORMAL    RECORD    YEAR
 MAXIMUM TEMPERATURE (F)   65        86      2014
 MINIMUM TEMPERATURE (F)   44        34      2007
                                             2006


SUNRISE AND SUNSET
JANUARY 15 2017.......SUNRISE   656 AM PST   SUNSET   505 PM PST
JANUARY 16 2017.......SUNRISE   655 AM PST   SUNSET   506 PM PST


-  INDICATES NEGATIVE NUMBERS.
R  INDICATES RECORD WAS SET OR TIED.
MM INDICATES DATA IS MISSING.
T  INDICATES TRACE AMOUNT.




$$
