000
CDUS46 KSGX 301417
CLIONT


CLIMATE REPORT
NATIONAL WEATHER SERVICE SAN DIEGO, CA
716 AM PDT MON MAR 30 2015


...................................

...THE ONTARIO INTL AIRPORT CA CLIMATE SUMMARY FOR MARCH 29 2015...

CLIMATE NORMAL PERIOD 1981 TO 2010
CLIMATE RECORD PERIOD 1998 TO 2015


WEATHER ITEM   OBSERVED TIME   RECORD YEAR NORMAL DEPARTURE LAST
                VALUE   (LST)  VALUE       VALUE  FROM      YEAR
                                                  NORMAL
..................................................................
TEMPERATURE (F)
 YESTERDAY
  MAXIMUM         88    206 PM  93    2004  72     16       81
  MINIMUM         54    615 AM  43    2007  48      6       51
  AVERAGE         71                        60     11       66

PRECIPITATION (IN)
  YESTERDAY        0.00          0.21 2006   0.04  -0.04     0.00
  MONTH TO DATE    0.19                      2.25  -2.06     0.50
  SINCE OCT 1      8.43                     13.12  -4.69     3.55
  SINCE JAN 1      2.79                      8.95  -6.16     2.67

SNOWFALL (IN)
  YESTERDAY        0.0
  MONTH TO DATE    0.0
  SINCE MAR 1      0.0
  SINCE JUL 1      0.0
  SNOW DEPTH       0

DEGREE DAYS
 HEATING
  YESTERDAY        0                         6     -6        0
  MONTH TO DATE   57                       201   -144       65
  SINCE MAR 1     57                       201   -144       65
  SINCE JUL 1    657                      1358   -701      751

 COOLING
  YESTERDAY        6                         0      6        1
  MONTH TO DATE  111                         6    105       32
  SINCE MAR 1    111                         6    105       32
  SINCE JAN 1    141                        12    129       62
..................................................................


WIND (MPH)
  RESULTANT WIND SPEED   4   RESULTANT WIND DIRECTION   W (250)
  HIGHEST WIND SPEED    16   HIGHEST WIND DIRECTION    SW (240)
  HIGHEST GUST SPEED    23   HIGHEST GUST DIRECTION    SW (230)
  AVERAGE WIND SPEED     5.0


SKY COVER
  POSSIBLE SUNSHINE  MM
  AVERAGE SKY COVER 0.4


WEATHER CONDITIONS
 THE FOLLOWING WEATHER WAS RECORDED YESTERDAY.
  NO SIGNIFICANT WEATHER WAS OBSERVED.


RELATIVE HUMIDITY (PERCENT)
 HIGHEST    72           700 AM
 LOWEST     15           100 PM
 AVERAGE    44

..........................................................


THE ONTARIO INTL AIRPORT CA CLIMATE NORMALS FOR TODAY
                         NORMAL    RECORD    YEAR
 MAXIMUM TEMPERATURE (F)   72        88      2011
 MINIMUM TEMPERATURE (F)   48        44      2008


SUNRISE AND SUNSET
MARCH 30 2015.........SUNRISE   641 AM PDT   SUNSET   710 PM PDT
MARCH 31 2015.........SUNRISE   639 AM PDT   SUNSET   710 PM PDT


-  INDICATES NEGATIVE NUMBERS.
R  INDICATES RECORD WAS SET OR TIED.
MM INDICATES DATA IS MISSING.
T  INDICATES TRACE AMOUNT.




$$
