000
CDUS46 KSGX 271430
CLIONT


CLIMATE REPORT
NATIONAL WEATHER SERVICE SAN DIEGO, CA
730 AM PDT MON MAR 27 2017


...................................

...THE ONTARIO INTL AIRPORT CA CLIMATE SUMMARY FOR MARCH 26 2017...

CLIMATE NORMAL PERIOD 1981 TO 2010
CLIMATE RECORD PERIOD 1998 TO 2017


WEATHER ITEM   OBSERVED TIME   RECORD YEAR NORMAL DEPARTURE LAST
                VALUE   (LST)  VALUE       VALUE  FROM      YEAR
                                                  NORMAL
..................................................................
TEMPERATURE (F)
 YESTERDAY
  MAXIMUM         69    237 PM  93    2015  71     -2       83
  MINIMUM         50    348 AM  41    2005  48      2       51
  AVERAGE         60                        59      1       67

PRECIPITATION (IN)
  YESTERDAY        0.00          0.27 2012   0.05  -0.05     0.00
  MONTH TO DATE    0.14                      2.11  -1.97     1.37
  SINCE OCT 1     15.02                     12.98   2.04     6.11
  SINCE JAN 1     10.14                      8.81   1.33     3.99

DEGREE DAYS
 HEATING
  YESTERDAY        5                         6     -1        0
  MONTH TO DATE   99                       183    -84       86
  SINCE MAR 1     99                       183    -84       86
  SINCE JUL 1   1196                      1340   -144     1095

 COOLING
  YESTERDAY        0                         0      0        2
  MONTH TO DATE   54                         6     48       21
  SINCE MAR 1     54                         6     48       21
  SINCE JAN 1     55                        12     43       64
..................................................................


WIND (MPH)
  RESULTANT WIND SPEED   5   RESULTANT WIND DIRECTION   W (250)
  HIGHEST WIND SPEED    15   HIGHEST WIND DIRECTION    SW (220)
  HIGHEST GUST SPEED    19   HIGHEST GUST DIRECTION     W (270)
  AVERAGE WIND SPEED     5.3


SKY COVER
  POSSIBLE SUNSHINE  MM
  AVERAGE SKY COVER 0.7


WEATHER CONDITIONS
 THE FOLLOWING WEATHER WAS RECORDED YESTERDAY.
  FOG


RELATIVE HUMIDITY (PERCENT)
 HIGHEST   100           600 AM
 LOWEST     45           200 PM
 AVERAGE    73

..........................................................


THE ONTARIO INTL AIRPORT CA CLIMATE NORMALS FOR TODAY
                         NORMAL    RECORD    YEAR
 MAXIMUM TEMPERATURE (F)   71        93      2015
 MINIMUM TEMPERATURE (F)   48        44      2012


SUNRISE AND SUNSET
MARCH 27 2017.........SUNRISE   644 AM PDT   SUNSET   708 PM PDT
MARCH 28 2017.........SUNRISE   643 AM PDT   SUNSET   709 PM PDT


-  INDICATES NEGATIVE NUMBERS.
R  INDICATES RECORD WAS SET OR TIED.
MM INDICATES DATA IS MISSING.
T  INDICATES TRACE AMOUNT.




$$
