000
CDUS46 KSGX 241422
CLIONT


CLIMATE REPORT
NATIONAL WEATHER SERVICE SAN DIEGO, CA
621 AM PST MON NOV 24 2014


...................................

...THE ONTARIO INTL AIRPORT CA CLIMATE SUMMARY FOR NOVEMBER 23 2014...

CLIMATE NORMAL PERIOD 1981 TO 2010
CLIMATE RECORD PERIOD 1998 TO 2014


WEATHER ITEM   OBSERVED TIME   RECORD YEAR NORMAL DEPARTURE LAST
                VALUE   (LST)  VALUE       VALUE  FROM      YEAR
                                                  NORMAL
..................................................................
TEMPERATURE (F)
 YESTERDAY
  MAXIMUM         80    103 PM  84    2012  70     10       64
  MINIMUM         49    541 AM  37    2003  45      4       44
  AVERAGE         65                        58      7       54

PRECIPITATION (IN)
  YESTERDAY        0.00          0.01 2010   0.03  -0.03     0.00
  MONTH TO DATE    0.72                      1.00  -0.28     0.29
  SINCE JUL 1      1.15                      2.13  -0.98     0.53
  SINCE JAN 1      4.64                     12.51  -7.87     3.32

SNOWFALL (IN)
  YESTERDAY        0.0
  MONTH TO DATE    0.0
  SINCE JAN 1      0.0
  SINCE JUL 1      0.0
  SNOW DEPTH       0

DEGREE DAYS
 HEATING
  YESTERDAY        0                         8     -8       11
  MONTH TO DATE   54                       115    -61       76
  SINCE SEP 1     54                       160   -106      119
  SINCE JUL 1     54                       160   -106      119

 COOLING
  YESTERDAY        0                         0      0        0
  MONTH TO DATE   35                        21     14       25
  SINCE SEP 1    770                       481    289      524
  SINCE JAN 1   2389                      1704    685     1997
..................................................................


WIND (MPH)
  RESULTANT WIND SPEED   9   RESULTANT WIND DIRECTION  NE (50)
  HIGHEST WIND SPEED    39   HIGHEST WIND DIRECTION    NE (30)
  HIGHEST GUST SPEED    51   HIGHEST GUST DIRECTION    NE (30)
  AVERAGE WIND SPEED    10.8


SKY COVER
  POSSIBLE SUNSHINE  MM
  AVERAGE SKY COVER 0.5


WEATHER CONDITIONS
 THE FOLLOWING WEATHER WAS RECORDED YESTERDAY.
  FOG
  HAZE


RELATIVE HUMIDITY (PERCENT)
 HIGHEST    96           400 AM
 LOWEST      3           500 PM
 AVERAGE    50

..........................................................


THE ONTARIO INTL AIRPORT CA CLIMATE NORMALS FOR TODAY
                         NORMAL    RECORD    YEAR
 MAXIMUM TEMPERATURE (F)   70        88      2012
 MINIMUM TEMPERATURE (F)   45        38      2003


SUNRISE AND SUNSET
NOVEMBER 24 2014......SUNRISE   632 AM PST   SUNSET   443 PM PST
NOVEMBER 25 2014......SUNRISE   632 AM PST   SUNSET   442 PM PST


-  INDICATES NEGATIVE NUMBERS.
R  INDICATES RECORD WAS SET OR TIED.
MM INDICATES DATA IS MISSING.
T  INDICATES TRACE AMOUNT.




$$
