000
CDUS46 KSGX 301419
CLIONT


CLIMATE REPORT
NATIONAL WEATHER SERVICE SAN DIEGO, CA
619 AM PST FRI JAN 30 2015


...................................

...THE ONTARIO INTL AIRPORT CA CLIMATE SUMMARY FOR JANUARY 29 2015...

CLIMATE NORMAL PERIOD 1981 TO 2010
CLIMATE RECORD PERIOD 1998 TO 2015


WEATHER ITEM   OBSERVED TIME   RECORD YEAR NORMAL DEPARTURE LAST
                VALUE   (LST)  VALUE       VALUE  FROM      YEAR
                                                  NORMAL
..................................................................
TEMPERATURE (F)
 YESTERDAY
  MAXIMUM         76    120 PM  80    2014  65     11       80
  MINIMUM         54    515 AM  34    2002  44     10       49
  AVERAGE         65                        55     10       65

PRECIPITATION (IN)
  YESTERDAY        T   R         0.00   MM   0.08  -0.08     0.00
  MONTH TO DATE    0.93                      3.13  -2.20     0.00
  SINCE OCT 1      6.57                      7.30  -0.73     0.88
  SINCE JAN 1      0.93                      3.13  -2.20     0.00

SNOWFALL (IN)
  YESTERDAY        0.0
  MONTH TO DATE    0.0
  SINCE JAN 1      0.0
  SINCE JUL 1      0.0
  SNOW DEPTH       0

DEGREE DAYS
 HEATING
  YESTERDAY        0                        11    -11        0
  MONTH TO DATE  182                       319   -137      103
  SINCE DEC 1    433                       657   -224      367
  SINCE JUL 1    503                       879   -376      525

 COOLING
  YESTERDAY        0                         0      0        0
  MONTH TO DATE   13                         0     13       19
  SINCE DEC 1     15                         2     13       23
  SINCE JAN 1     13                         0     13       19
..................................................................


WIND (MPH)
  RESULTANT WIND SPEED   1   RESULTANT WIND DIRECTION   E (80)
  HIGHEST WIND SPEED    14   HIGHEST WIND DIRECTION    SE (150)
  HIGHEST GUST SPEED    18   HIGHEST GUST DIRECTION     E (110)
  AVERAGE WIND SPEED     4.5


SKY COVER
  POSSIBLE SUNSHINE  MM
  AVERAGE SKY COVER 0.9


WEATHER CONDITIONS
 THE FOLLOWING WEATHER WAS RECORDED YESTERDAY.
  LIGHT RAIN


RELATIVE HUMIDITY (PERCENT)
 HIGHEST    67           200 AM
 LOWEST     21           100 PM
 AVERAGE    44

..........................................................


THE ONTARIO INTL AIRPORT CA CLIMATE NORMALS FOR TODAY
                         NORMAL    RECORD    YEAR
 MAXIMUM TEMPERATURE (F)   65        83      2003
 MINIMUM TEMPERATURE (F)   44        32      2002


SUNRISE AND SUNSET
JANUARY 30 2015.......SUNRISE   649 AM PST   SUNSET   519 PM PST
JANUARY 31 2015.......SUNRISE   648 AM PST   SUNSET   520 PM PST


-  INDICATES NEGATIVE NUMBERS.
R  INDICATES RECORD WAS SET OR TIED.
MM INDICATES DATA IS MISSING.
T  INDICATES TRACE AMOUNT.




$$
