000
CDUS41 KAKQ 290539
CLIORF


CLIMATE REPORT
NATIONAL WEATHER SERVICE WAKEFIELD, VA
137 AM EDT FRI MAY 29 2015


...................................

...THE NORFOLK VA CLIMATE SUMMARY FOR MAY 28 2015...

CLIMATE NORMAL PERIOD 1981 TO 2010
CLIMATE RECORD PERIOD 1871 TO 2015


WEATHER ITEM   OBSERVED TIME   RECORD YEAR NORMAL DEPARTURE LAST
                VALUE   (LST)  VALUE       VALUE  FROM      YEAR
                                                  NORMAL
..................................................................
TEMPERATURE (F)
 YESTERDAY
  MAXIMUM         87   1238 PM  98    1941  79      8       92
  MINIMUM         70    448 AM  39    1961  62      8       64
  AVERAGE         79                        70      9       78

PRECIPITATION (IN)
  YESTERDAY        0.26          3.33 1906   0.12   0.14     1.27
  MONTH TO DATE    1.51                      3.04  -1.53     4.64
  SINCE MAR 1      8.82                     10.13  -1.31    13.33
  SINCE JAN 1     15.00                     16.65  -1.65    19.62

SNOWFALL (IN)
  YESTERDAY        0.0           0.0  2002   0.0    0.0
                                      2001
  MONTH TO DATE    0.0                       0.0    0.0
  SINCE NOV 1     12.7                       5.8    6.9
  SINCE JUL 1     12.7                       5.8    6.9
  SNOW DEPTH       0

DEGREE DAYS
 HEATING
  YESTERDAY        0                         1     -1        0
  MONTH TO DATE   30                        68    -38       24
  SINCE MAR 1    763                       799    -36      829
  SINCE JUL 1   3599                      3368    231     3440

 COOLING
  YESTERDAY       14                         6      8       13
  MONTH TO DATE  173                       103     70      174
  SINCE MAR 1    198                       146     52      201
  SINCE JAN 1    198                       147     51      201
..................................................................


WIND (MPH)
  HIGHEST WIND SPEED    18   HIGHEST WIND DIRECTION    SW (210)
  HIGHEST GUST SPEED    21   HIGHEST GUST DIRECTION    SW (210)
  AVERAGE WIND SPEED     9.8


SKY COVER
  POSSIBLE SUNSHINE  MM
  AVERAGE SKY COVER 0.4


WEATHER CONDITIONS
 THE FOLLOWING WEATHER WAS RECORDED YESTERDAY.
  THUNDERSTORM
  HEAVY RAIN
  RAIN
  LIGHT RAIN


RELATIVE HUMIDITY (PERCENT)
 HIGHEST    84           400 AM
 LOWEST     51           100 PM
 AVERAGE    68

..........................................................


THE NORFOLK VA CLIMATE NORMALS FOR TODAY
                         NORMAL    RECORD    YEAR
 MAXIMUM TEMPERATURE (F)   79        97      1941
 MINIMUM TEMPERATURE (F)   62        46      2008


SUNRISE AND SUNSET
MAY 29 2015...........SUNRISE   548 AM EDT   SUNSET   816 PM EDT
MAY 30 2015...........SUNRISE   548 AM EDT   SUNSET   817 PM EDT


-  INDICATES NEGATIVE NUMBERS.
R  INDICATES RECORD WAS SET OR TIED.
MM INDICATES DATA IS MISSING.
T  INDICATES TRACE AMOUNT.




$$
