000
CDUS41 KAKQ 020632
CLIORF


CLIMATE REPORT
NATIONAL WEATHER SERVICE WAKEFIELD, VA
132 AM EST MON MAR 2 2015


...................................

...THE NORFOLK VA CLIMATE SUMMARY FOR MARCH 1 2015...

CLIMATE NORMAL PERIOD 1981 TO 2010
CLIMATE RECORD PERIOD 1871 TO 2015


WEATHER ITEM   OBSERVED TIME   RECORD YEAR NORMAL DEPARTURE LAST
                VALUE   (LST)  VALUE       VALUE  FROM      YEAR
                                                  NORMAL
..................................................................
TEMPERATURE (F)
 YESTERDAY
  MAXIMUM         34    118 PM  81    1918  54    -20       41
  MINIMUM         28    200 AM  18    1980  37     -9       30
  AVERAGE         31                        45    -14       36

PRECIPITATION (IN)
  YESTERDAY        0.06          1.24 1882   0.12  -0.06     0.00
  MONTH TO DATE    0.06                      0.12  -0.06     0.00
  SINCE MAR 1      0.06                      0.12  -0.06     0.00
  SINCE JAN 1      6.24                      6.64  -0.40     6.29

SNOWFALL (IN)
  YESTERDAY        0.0           8.1  1980   0.0    0.0
  MONTH TO DATE    0.0                       0.0    0.0
  SINCE NOV 1     12.5                       5.6    6.9
  SINCE JUL 1     12.5                       5.6    6.9
  SNOW DEPTH       3

DEGREE DAYS
 HEATING
  YESTERDAY       34                        20     14       29
  MONTH TO DATE   34                        20     14       29
  SINCE MAR 1     34                        20     14       29
  SINCE JUL 1   2870                      2589    281     2640

 COOLING
  YESTERDAY        0                         0      0        0
  MONTH TO DATE    0                         0      0        0
  SINCE MAR 1      0                         0      0        0
  SINCE JAN 1      0                         1     -1        0
..................................................................


WIND (MPH)
  HIGHEST WIND SPEED    15   HIGHEST WIND DIRECTION     N (350)
  HIGHEST GUST SPEED    19   HIGHEST GUST DIRECTION     N (360)
  AVERAGE WIND SPEED     7.8


SKY COVER
  POSSIBLE SUNSHINE  MM
  AVERAGE SKY COVER 0.8


WEATHER CONDITIONS
 THE FOLLOWING WEATHER WAS RECORDED YESTERDAY.
  LIGHT RAIN
  FREEZING RAIN
  LT FREEZING RAIN
  FOG
  HAZE


RELATIVE HUMIDITY (PERCENT)
 HIGHEST    92           500 PM
 LOWEST     69          1200 AM
 AVERAGE    81

..........................................................


THE NORFOLK VA CLIMATE NORMALS FOR TODAY
                         NORMAL    RECORD    YEAR
 MAXIMUM TEMPERATURE (F)   54        81      1972
 MINIMUM TEMPERATURE (F)   37        20      1980
                                             1914


SUNRISE AND SUNSET
MARCH  2 2015.........SUNRISE   635 AM EST   SUNSET   600 PM EST
MARCH  3 2015.........SUNRISE   633 AM EST   SUNSET   601 PM EST


-  INDICATES NEGATIVE NUMBERS.
R  INDICATES RECORD WAS SET OR TIED.
MM INDICATES DATA IS MISSING.
T  INDICATES TRACE AMOUNT.




$$
