000
CDUS41 KAKQ 020545
CLIORF


CLIMATE REPORT
NATIONAL WEATHER SERVICE WAKEFIELD, VA
145 AM EDT MON MAY 2 2016


...................................

...THE NORFOLK VA CLIMATE SUMMARY FOR MAY 1 2016...

CLIMATE NORMAL PERIOD 1981 TO 2010
CLIMATE RECORD PERIOD 1871 TO 2016


WEATHER ITEM   OBSERVED TIME   RECORD YEAR NORMAL DEPARTURE LAST
                VALUE   (LST)  VALUE       VALUE  FROM      YEAR
                                                  NORMAL
..................................................................
TEMPERATURE (F)
 YESTERDAY
  MAXIMUM         77    451 PM  94    1942  72      5       57
  MINIMUM         55    311 AM  38    1876  53      2       51
  AVERAGE         66                        63      3       54

PRECIPITATION (IN)
  YESTERDAY        0.01          2.80 1886   0.10  -0.09     0.50
  MONTH TO DATE    0.01                      0.10  -0.09     0.50
  SINCE MAR 1      6.25                      7.19  -0.94     7.81
  SINCE JAN 1     17.12                     13.71   3.41    13.99

SNOWFALL (IN)
  YESTERDAY        0.0           0.0  2002   0.0    0.0
  MONTH TO DATE    0.0                       0.0    0.0
  SINCE NOV 1      5.0                       5.8   -0.8
  SINCE JUL 1      5.0                       5.8   -0.8
  SNOW DEPTH       0

DEGREE DAYS
 HEATING
  YESTERDAY        0                         4     -4       11
  MONTH TO DATE    0                         4     -4       11
  SINCE MAR 1    536                       735   -199      744
  SINCE JUL 1   2452                      3304   -852     3580

 COOLING
  YESTERDAY        1                         2     -1        0
  MONTH TO DATE    1                         2     -1        0
  SINCE MAR 1     49                        45      4       25
  SINCE JAN 1     49                        46      3       25
..................................................................


WIND (MPH)
  HIGHEST WIND SPEED    22   HIGHEST WIND DIRECTION    SW (210)
  HIGHEST GUST SPEED    28   HIGHEST GUST DIRECTION    SW (220)
  AVERAGE WIND SPEED     7.8


SKY COVER
  POSSIBLE SUNSHINE  MM
  AVERAGE SKY COVER 0.7


WEATHER CONDITIONS
 THE FOLLOWING WEATHER WAS RECORDED YESTERDAY.
  LIGHT RAIN


RELATIVE HUMIDITY (PERCENT)
 HIGHEST    87           900 PM
 LOWEST     60           500 PM
 AVERAGE    74

..........................................................


THE NORFOLK VA CLIMATE NORMALS FOR TODAY
                         NORMAL    RECORD    YEAR
 MAXIMUM TEMPERATURE (F)   72        92      2010
                                             1898
 MINIMUM TEMPERATURE (F)   54        43      1988
                                             1877


SUNRISE AND SUNSET
MAY  2 2016...........SUNRISE   609 AM EDT   SUNSET   755 PM EDT
MAY  3 2016...........SUNRISE   608 AM EDT   SUNSET   756 PM EDT


-  INDICATES NEGATIVE NUMBERS.
R  INDICATES RECORD WAS SET OR TIED.
MM INDICATES DATA IS MISSING.
T  INDICATES TRACE AMOUNT.




$$
