000
CDUS41 KAKQ 300532
CLIORF


CLIMATE REPORT
NATIONAL WEATHER SERVICE WAKEFIELD, VA
132 AM EDT THU JUL 30 2015


...................................

...THE NORFOLK VA CLIMATE SUMMARY FOR JULY 29 2015...

CLIMATE NORMAL PERIOD 1981 TO 2010
CLIMATE RECORD PERIOD 1871 TO 2015


WEATHER ITEM   OBSERVED TIME   RECORD YEAR NORMAL DEPARTURE LAST
                VALUE   (LST)  VALUE       VALUE  FROM      YEAR
                                                  NORMAL
..................................................................
TEMPERATURE (F)
 YESTERDAY
  MAXIMUM         91    225 PM 103    1993  87      4       78
  MINIMUM         74    509 AM  58    1946  72      2       69
  AVERAGE         83                        80      3       74

PRECIPITATION (IN)
  YESTERDAY        0.00          4.64 2010   0.19  -0.19     0.00
  MONTH TO DATE    6.63                      4.75   1.88     7.87
  SINCE JUN 1     14.97                      9.01   5.96     9.78
  SINCE JAN 1     29.97                     26.03   3.94    29.40

SNOWFALL (IN)
  YESTERDAY        0.0           0.0  2002   0.0    0.0
                                      2001
  MONTH TO DATE    0.0                       0.0    0.0
  SINCE NOV 1     12.7                       5.8    6.9
  SINCE JUL 1      0.0                       0.0    0.0
  SNOW DEPTH       0

DEGREE DAYS
 HEATING
  YESTERDAY        0                         0      0        0
  MONTH TO DATE    0                         0      0        0
  SINCE JUN 1      0                         6     -6        3
  SINCE JUL 1      0                         0      0        0

 COOLING
  YESTERDAY       18                        14      4        9
  MONTH TO DATE  450                       428     22      414
  SINCE JUN 1    868                       743    125      772
  SINCE JAN 1   1104                       909    195      974
..................................................................


WIND (MPH)
  HIGHEST WIND SPEED    15   HIGHEST WIND DIRECTION    SE (150)
  HIGHEST GUST SPEED    20   HIGHEST GUST DIRECTION     S (160)
  AVERAGE WIND SPEED     7.6


SKY COVER
  POSSIBLE SUNSHINE  MM
  AVERAGE SKY COVER 0.2


WEATHER CONDITIONS
 THE FOLLOWING WEATHER WAS RECORDED YESTERDAY.
  NO SIGNIFICANT WEATHER WAS OBSERVED.


RELATIVE HUMIDITY (PERCENT)
 HIGHEST    87           400 AM
 LOWEST     44           200 PM
 AVERAGE    66

..........................................................


THE NORFOLK VA CLIMATE NORMALS FOR TODAY
                         NORMAL    RECORD    YEAR
 MAXIMUM TEMPERATURE (F)   87        98      1901
                                             1875
 MINIMUM TEMPERATURE (F)   72        56      1946


SUNRISE AND SUNSET
JULY 30 2015..........SUNRISE   608 AM EDT   SUNSET   814 PM EDT
JULY 31 2015..........SUNRISE   609 AM EDT   SUNSET   813 PM EDT


-  INDICATES NEGATIVE NUMBERS.
R  INDICATES RECORD WAS SET OR TIED.
MM INDICATES DATA IS MISSING.
T  INDICATES TRACE AMOUNT.




$$
