000
CDUS41 KAKQ 230545
CLIORF


CLIMATE REPORT
NATIONAL WEATHER SERVICE WAKEFIELD, VA
145 AM EDT SUN JUL 23 2017


...................................

...THE NORFOLK VA CLIMATE SUMMARY FOR JULY 22 2017...

CLIMATE NORMAL PERIOD 1981 TO 2010
CLIMATE RECORD PERIOD 1871 TO 2017


WEATHER ITEM   OBSERVED TIME   RECORD YEAR NORMAL DEPARTURE LAST
                VALUE   (LST)  VALUE       VALUE  FROM      YEAR
                                                  NORMAL
..................................................................
TEMPERATURE (F)
 YESTERDAY
  MAXIMUM         97    406 PM 102    2011  88      9       91
  MINIMUM         78    555 AM  58    1966  72      6       74
  AVERAGE         88                        80      8       83

PRECIPITATION (IN)
  YESTERDAY        0.00          3.27 2013   0.17  -0.17     0.00
  MONTH TO DATE    3.26                      3.44  -0.18     2.78
  SINCE JUN 1      6.53                      7.70  -1.17     7.84
  SINCE JAN 1     28.35                     24.72   3.63    30.07

SNOWFALL (IN)
  YESTERDAY        0.0           0.0  2002   0.0    0.0
                                      2001
  MONTH TO DATE    0.0                       0.0    0.0
  SINCE NOV 1      5.4                       5.8   -0.4
  SINCE JUL 1      0.0                       0.0    0.0
  SNOW DEPTH       0

DEGREE DAYS
 HEATING
  YESTERDAY        0                         0      0        0
  MONTH TO DATE    0                         0      0        0
  SINCE JUN 1      2                         6     -4        0
  SINCE JUL 1      0                         0      0        0

 COOLING
  YESTERDAY       23                        15      8       18
  MONTH TO DATE  422                       324     98      364
  SINCE JUN 1    806                       639    167      688
  SINCE JAN 1   1127                       805    322      845
..................................................................


WIND (MPH)
  HIGHEST WIND SPEED    24   HIGHEST WIND DIRECTION    SW (240)
  HIGHEST GUST SPEED    35   HIGHEST GUST DIRECTION    SW (220)
  AVERAGE WIND SPEED    11.3


SKY COVER
  POSSIBLE SUNSHINE  MM
  AVERAGE SKY COVER 0.1


WEATHER CONDITIONS
 THE FOLLOWING WEATHER WAS RECORDED YESTERDAY.
  NO SIGNIFICANT WEATHER WAS OBSERVED.


RELATIVE HUMIDITY (PERCENT)
 HIGHEST    85           400 AM
 LOWEST     49           100 PM
 AVERAGE    67

..........................................................


THE NORFOLK VA CLIMATE NORMALS FOR TODAY
                         NORMAL    RECORD    YEAR
 MAXIMUM TEMPERATURE (F)   88       103      2011
                                             1952
 MINIMUM TEMPERATURE (F)   72        60      1974
                                             1971
                                             1966


SUNRISE AND SUNSET
JULY 23 2017..........SUNRISE   603 AM EDT   SUNSET   819 PM EDT
JULY 24 2017..........SUNRISE   604 AM EDT   SUNSET   818 PM EDT


-  INDICATES NEGATIVE NUMBERS.
R  INDICATES RECORD WAS SET OR TIED.
MM INDICATES DATA IS MISSING.
T  INDICATES TRACE AMOUNT.




$$
