000
CDUS41 KBOX 060546
CLIORH


CLIMATE REPORT
NATIONAL WEATHER SERVICE TAUNTON MA
1246 AM EST TUE DEC 6 2016


...................................

...THE WORCESTER MA CLIMATE SUMMARY FOR DECEMBER 5 2016...

CLIMATE NORMAL PERIOD 1981 TO 2010
CLIMATE RECORD PERIOD 1892 TO 2016


WEATHER ITEM   OBSERVED TIME   RECORD YEAR NORMAL DEPARTURE LAST
                VALUE   (LST)  VALUE       VALUE  FROM      YEAR
                                                  NORMAL
..................................................................
TEMPERATURE (F)
 YESTERDAY
  MAXIMUM         35    333 PM  61    2001  40     -5       50
  MINIMUM         25    549 AM   0    1926  27     -2       28
  AVERAGE         30                        33     -3       39

PRECIPITATION (IN)
  YESTERDAY        0.17          1.89 1993   0.13   0.04     0.00
  MONTH TO DATE    0.58                      0.67  -0.09     0.51
  SINCE DEC 1      0.58                      0.67  -0.09     0.51
  SINCE JAN 1     37.71                     44.92  -7.21    36.20

SNOWFALL (IN)
  YESTERDAY        1.5           6.0  1902   0.3    1.2      0.0
  MONTH TO DATE    1.5                       1.6   -0.1      0.0
  SINCE DEC 1      1.5                       1.6   -0.1      0.0
  SINCE JUL 1      1.5                       4.4   -2.9       T
  SNOW DEPTH      MM

DEGREE DAYS
 HEATING
  YESTERDAY       35                        32      3       26
  MONTH TO DATE  146                       155     -9      131
  SINCE DEC 1    146                       155     -9      131
  SINCE JUL 1   1333                      1557   -224     1280

 COOLING
  YESTERDAY        0                         0      0        0
  MONTH TO DATE    0                         0      0        0
  SINCE DEC 1      0                         0      0        0
  SINCE JAN 1    663                       471    192      659
..................................................................


WIND (MPH)
  RESULTANT WIND SPEED   3   RESULTANT WIND DIRECTION   W (260)
  HIGHEST WIND SPEED    18   HIGHEST WIND DIRECTION     W (270)
  HIGHEST GUST SPEED    24   HIGHEST GUST DIRECTION     W (270)
  AVERAGE WIND SPEED     6.9


SKY COVER
  POSSIBLE SUNSHINE  MM
  AVERAGE SKY COVER 0.6


WEATHER CONDITIONS
 THE FOLLOWING WEATHER WAS RECORDED YESTERDAY.
  SNOW
  LIGHT SNOW
  FOG


RELATIVE HUMIDITY (PERCENT)
 HIGHEST    92           800 AM
 LOWEST     68          1200 AM
 AVERAGE    80

..........................................................


THE WORCESTER MA CLIMATE NORMALS FOR TODAY
                         NORMAL    RECORD    YEAR
 MAXIMUM TEMPERATURE (F)   40        67      2001
                                             1982
                                             1912
 MINIMUM TEMPERATURE (F)   26         5      1935
                                             1901


SUNRISE AND SUNSET
DECEMBER  6 2016......SUNRISE   702 AM EST   SUNSET   415 PM EST
DECEMBER  7 2016......SUNRISE   703 AM EST   SUNSET   415 PM EST


-  INDICATES NEGATIVE NUMBERS.
R  INDICATES RECORD WAS SET OR TIED.
MM INDICATES DATA IS MISSING.
T  INDICATES TRACE AMOUNT.




$$
