000
CDUS41 KBOX 172129
CLIORH


CLIMATE REPORT
NATIONAL WEATHER SERVICE TAUNTON MA
529 PM EDT THU AUG 17 2017


...................................

...THE WORCESTER MA CLIMATE SUMMARY FOR AUGUST 17 2017...
VALID TODAY AS OF 0500 PM LOCAL TIME.

CLIMATE NORMAL PERIOD 1981 TO 2010
CLIMATE RECORD PERIOD 1892 TO 2017


WEATHER ITEM   OBSERVED TIME   RECORD YEAR NORMAL DEPARTURE LAST
                VALUE   (LST)  VALUE       VALUE  FROM      YEAR
                                                  NORMAL
..................................................................
TEMPERATURE (F)
 TODAY
  MAXIMUM         77    351 PM  97    1944  77      0       78
  MINIMUM         56    551 AM  44    1929  61     -5       64
  AVERAGE         67                        69     -2       71

PRECIPITATION (IN)
  TODAY            0.00          1.60 1939   0.12  -0.12     0.00
  MONTH TO DATE    1.27                      2.18  -0.91     2.56
  SINCE JUN 1      7.89                     10.60  -2.71     6.28
  SINCE JAN 1     28.97                     29.83  -0.86    22.00

SNOWFALL (IN)
  TODAY            0.0           T    1939   0.0    0.0      0.0
  MONTH TO DATE    0.0                       0.0    0.0      0.0
  SINCE JUN 1      0.0                       0.0    0.0      0.0
  SINCE JUL 1      0.0                       0.0    0.0      0.0
  SNOW DEPTH      MM

DEGREE DAYS
 HEATING
  TODAY            0                         1     -1        0
  MONTH TO DATE    2                         8     -6        0
  SINCE JUN 1    117                       105     12       60
  SINCE JUL 1     31                        22      9        9

 COOLING
  TODAY            2                         5     -3        6
  MONTH TO DATE   77                        91    -14      139
  SINCE JUN 1    350                       350      0      455
  SINCE JAN 1    384                       372     12      497
..................................................................


WIND (MPH)
  HIGHEST WIND SPEED    10   HIGHEST WIND DIRECTION    SW (240)
  HIGHEST GUST SPEED    15   HIGHEST GUST DIRECTION    SW (220)
  AVERAGE WIND SPEED     4.6


SKY COVER
  POSSIBLE SUNSHINE  MM
  AVERAGE SKY COVER 0.0


WEATHER CONDITIONS
 THE FOLLOWING WEATHER WAS RECORDED TODAY.
  NO SIGNIFICANT WEATHER WAS OBSERVED.


RELATIVE HUMIDITY (PERCENT)
 HIGHEST    72           400 AM
 LOWEST     33           100 PM
 AVERAGE    53

..........................................................


THE WORCESTER MA CLIMATE NORMALS FOR TOMORROW
                         NORMAL    RECORD    YEAR
 MAXIMUM TEMPERATURE (F)   77        91      1935
 MINIMUM TEMPERATURE (F)   60        45      1941


SUNRISE AND SUNSET
AUGUST 17 2017........SUNRISE   557 AM EDT   SUNSET   745 PM EDT
AUGUST 18 2017........SUNRISE   558 AM EDT   SUNSET   743 PM EDT


-  INDICATES NEGATIVE NUMBERS.
R  INDICATES RECORD WAS SET OR TIED.
MM INDICATES DATA IS MISSING.
T  INDICATES TRACE AMOUNT.




$$
