000
CDUS41 KBOX 140550
CLIORH


CLIMATE REPORT
NATIONAL WEATHER SERVICE TAUNTON MA
1240 AM EST THU DEC 14 2017


...................................

...THE WORCESTER MA CLIMATE SUMMARY FOR DECEMBER 13 2017...

CLIMATE NORMAL PERIOD 1981 TO 2010
CLIMATE RECORD PERIOD 1892 TO 2017


WEATHER ITEM   OBSERVED TIME   RECORD YEAR NORMAL DEPARTURE LAST
                VALUE   (LST)  VALUE       VALUE  FROM      YEAR
                                                  NORMAL
..................................................................
TEMPERATURE (F)
 YESTERDAY
  MAXIMUM         26   1241 AM  62    1984  37    -11       37
  MINIMUM         14    846 AM   0    1976  23     -9       29
  AVERAGE         20                        30    -10       33

PRECIPITATION (IN)
  YESTERDAY        T             1.66 1983   0.12  -0.12     0.00
  MONTH TO DATE    1.78                      1.72   0.06     1.23
  SINCE DEC 1      1.78                      1.72   0.06     1.23
  SINCE JAN 1     44.20                     45.97  -1.77    38.36

SNOWFALL (IN)
  YESTERDAY        T             9.3  2007   0.5   -0.5      0.0
  MONTH TO DATE    7.5                       5.0    2.5      5.2
  SINCE DEC 1      7.5                       5.0    2.5      5.2
  SINCE JUL 1      7.5                       7.8   -0.3      5.2
  SNOW DEPTH      MM

DEGREE DAYS
 HEATING
  YESTERDAY       45                        35     10       32
  MONTH TO DATE  413                       423    -10      430
  SINCE DEC 1    413                       423    -10      430
  SINCE JUL 1   1549                      1825   -276     1617

 COOLING
  YESTERDAY        0                         0      0        0
  MONTH TO DATE    0                         0      0        0
  SINCE DEC 1      0                         0      0        0
  SINCE JAN 1    533                       471     62      663
..................................................................


WIND (MPH)
  RESULTANT WIND SPEED  21   RESULTANT WIND DIRECTION   W (270)
  HIGHEST WIND SPEED    36   HIGHEST WIND DIRECTION     W (280)
  HIGHEST GUST SPEED    49   HIGHEST GUST DIRECTION     W (290)
  AVERAGE WIND SPEED    20.3


SKY COVER
  POSSIBLE SUNSHINE  MM
  AVERAGE SKY COVER 0.3


WEATHER CONDITIONS
 THE FOLLOWING WEATHER WAS RECORDED YESTERDAY.
  LIGHT SNOW


RELATIVE HUMIDITY (PERCENT)
 HIGHEST    81           100 AM
 LOWEST     54           100 PM
 AVERAGE    68

..........................................................


THE WORCESTER MA CLIMATE NORMALS FOR TODAY
                         NORMAL    RECORD    YEAR
 MAXIMUM TEMPERATURE (F)   37        63      1901
 MINIMUM TEMPERATURE (F)   23        -6      1898


SUNRISE AND SUNSET
DECEMBER 14 2017......SUNRISE   709 AM EST   SUNSET   416 PM EST
DECEMBER 15 2017......SUNRISE   709 AM EST   SUNSET   416 PM EST


-  INDICATES NEGATIVE NUMBERS.
R  INDICATES RECORD WAS SET OR TIED.
MM INDICATES DATA IS MISSING.
T  INDICATES TRACE AMOUNT.




$$
