000
CDUS41 KBOX 220537
CLIORH


CLIMATE REPORT
NATIONAL WEATHER SERVICE TAUNTON MA
137 AM EDT FRI AUG 22 2014


...................................

...THE WORCESTER MA CLIMATE SUMMARY FOR AUGUST 21 2014...

CLIMATE NORMAL PERIOD 1981 TO 2010
CLIMATE RECORD PERIOD 1892 TO 2014


WEATHER ITEM   OBSERVED TIME   RECORD YEAR NORMAL DEPARTURE LAST
                VALUE   (LST)  VALUE       VALUE  FROM      YEAR
                                                  NORMAL
..................................................................
TEMPERATURE (F)
 YESTERDAY
  MAXIMUM         71    352 PM  92    1937  77     -6       83
  MINIMUM         58   1159 PM  43    1941  60     -2       64
  AVERAGE         65                        68     -3       74

PRECIPITATION (IN)
  YESTERDAY        0.09          2.46 2004   0.11  -0.02     0.00
  MONTH TO DATE    2.27                      2.62  -0.35     2.86
  SINCE JUN 1     10.11                     11.04  -0.93    15.89
  SINCE JAN 1     31.30                     30.27   1.03    32.70

SNOWFALL (IN)
  YESTERDAY        0.0           0.0  2002   0.0    0.0      0.0
                                      2001
                                      2000
  MONTH TO DATE    0.0                       0.0    0.0      0.0
  SINCE JUN 1      0.0                       0.0    0.0      0.0
  SINCE JUL 1      0.0                       0.0    0.0      0.0
  SNOW DEPTH      MM

DEGREE DAYS
 HEATING
  YESTERDAY        0                         1     -1        0
  MONTH TO DATE   12                        12      0        9
  SINCE JUN 1     57                       109    -52       83
  SINCE JUL 1     12                        26    -14       16

 COOLING
  YESTERDAY        0                         4     -4        9
  MONTH TO DATE   60                       108    -48       58
  SINCE JUN 1    318                       367    -49      459
  SINCE JAN 1    326                       389    -63      483
..................................................................


WIND (MPH)
  RESULTANT WIND SPEED   3   RESULTANT WIND DIRECTION   E (70)
  HIGHEST WIND SPEED     8   HIGHEST WIND DIRECTION    NE (30)
  HIGHEST GUST SPEED    12   HIGHEST GUST DIRECTION    NE (50)
  AVERAGE WIND SPEED     3.4


SKY COVER
  POSSIBLE SUNSHINE  MM
  AVERAGE SKY COVER 0.7


WEATHER CONDITIONS
 THE FOLLOWING WEATHER WAS RECORDED YESTERDAY.
  HEAVY RAIN
  LIGHT RAIN
  FOG


RELATIVE HUMIDITY (PERCENT)
 HIGHEST   100          1000 PM
 LOWEST     51          1200 PM
 AVERAGE    76

..........................................................


THE WORCESTER MA CLIMATE NORMALS FOR TODAY
                         NORMAL    RECORD    YEAR
 MAXIMUM TEMPERATURE (F)   77        93      1916
 MINIMUM TEMPERATURE (F)   60        42      1894


SUNRISE AND SUNSET
AUGUST 22 2014........SUNRISE   602 AM EDT   SUNSET   738 PM EDT
AUGUST 23 2014........SUNRISE   603 AM EDT   SUNSET   736 PM EDT


-  INDICATES NEGATIVE NUMBERS.
R  INDICATES RECORD WAS SET OR TIED.
MM INDICATES DATA IS MISSING.
T  INDICATES TRACE AMOUNT.




$$
