000
CDUS41 KBOX 300549
CLIORH


CLIMATE REPORT
NATIONAL WEATHER SERVICE TAUNTON MA
149 AM EDT THU OCT 30 2014


...................................

...THE WORCESTER MA CLIMATE SUMMARY FOR OCTOBER 29 2014...

CLIMATE NORMAL PERIOD 1981 TO 2010
CLIMATE RECORD PERIOD 1892 TO 2014


WEATHER ITEM   OBSERVED TIME   RECORD YEAR NORMAL DEPARTURE LAST
                VALUE   (LST)  VALUE       VALUE  FROM      YEAR
                                                  NORMAL
..................................................................
TEMPERATURE (F)
 YESTERDAY
  MAXIMUM         69    111 PM  78    1918  54     15       45
  MINIMUM         44   1159 PM  23    1945  38      6       32
  AVERAGE         57                        46     11       39

PRECIPITATION (IN)
  YESTERDAY        0.08          1.72 2003   0.14  -0.06     0.00
  MONTH TO DATE    6.37                      4.40   1.97     1.28
  SINCE SEP 1      9.09                      8.33   0.76     4.51
  SINCE JAN 1     44.12                     39.69   4.43    37.53

SNOWFALL (IN)
  YESTERDAY        0.0          11.4  2011   0.0    0.0      0.0
  MONTH TO DATE    0.0                       0.1   -0.1      0.0
  SINCE SEP 1      0.0                       0.1   -0.1      0.0
  SINCE JUL 1      0.0                       0.1   -0.1      0.0
  SNOW DEPTH      MM

DEGREE DAYS
 HEATING
  YESTERDAY        8                        19    -11       26
  MONTH TO DATE  354                       429    -75      371
  SINCE SEP 1    507                       583    -76      541
  SINCE JUL 1    527                       622    -95      560

 COOLING
  YESTERDAY        0                         0      0        0
  MONTH TO DATE    3                         0      3        1
  SINCE SEP 1     64                        42     22       41
  SINCE JAN 1    426                       468    -42      572
..................................................................


WIND (MPH)
  RESULTANT WIND SPEED   8   RESULTANT WIND DIRECTION   W (260)
  HIGHEST WIND SPEED    22   HIGHEST WIND DIRECTION    NW (300)
  HIGHEST GUST SPEED    28   HIGHEST GUST DIRECTION    NW (320)
  AVERAGE WIND SPEED    10.0


SKY COVER
  POSSIBLE SUNSHINE  MM
  AVERAGE SKY COVER 0.7


WEATHER CONDITIONS
 THE FOLLOWING WEATHER WAS RECORDED YESTERDAY.
  LIGHT RAIN
  FOG
  FOG W/VISIBILITY <= 1/4 MILE


RELATIVE HUMIDITY (PERCENT)
 HIGHEST   100           100 AM
 LOWEST     59           500 PM
 AVERAGE    80

..........................................................


THE WORCESTER MA CLIMATE NORMALS FOR TODAY
                         NORMAL    RECORD    YEAR
 MAXIMUM TEMPERATURE (F)   54        78      1946
 MINIMUM TEMPERATURE (F)   38        19      1928


SUNRISE AND SUNSET
OCTOBER 30 2014.......SUNRISE   718 AM EDT   SUNSET   544 PM EDT
OCTOBER 31 2014.......SUNRISE   719 AM EDT   SUNSET   542 PM EDT


-  INDICATES NEGATIVE NUMBERS.
R  INDICATES RECORD WAS SET OR TIED.
MM INDICATES DATA IS MISSING.
T  INDICATES TRACE AMOUNT.




$$
