000
CDUS41 KBOX 310543
CLIORH


CLIMATE REPORT
NATIONAL WEATHER SERVICE TAUNTON MA
142 AM EDT SUN JUL 31 2016


...................................

...THE WORCESTER MA CLIMATE SUMMARY FOR JULY 30 2016...

CLIMATE NORMAL PERIOD 1981 TO 2010
CLIMATE RECORD PERIOD 1892 TO 2016


WEATHER ITEM   OBSERVED TIME   RECORD YEAR NORMAL DEPARTURE LAST
                VALUE   (LST)  VALUE       VALUE  FROM      YEAR
                                                  NORMAL
..................................................................
TEMPERATURE (F)
 YESTERDAY
  MAXIMUM         83    341 PM  95    1949  79      4       85
  MINIMUM         64    338 AM  48    1932  62      2       69
                                      1928
  AVERAGE         74                        71      3       77

PRECIPITATION (IN)
  YESTERDAY        0.07          2.32 1960   0.14  -0.07     0.33
  MONTH TO DATE    1.86                      4.08  -2.22     2.86
  SINCE JUN 1      3.52                      8.27  -4.75     9.21
  SINCE JAN 1     19.24                     27.50  -8.26    23.51

SNOWFALL (IN)
  YESTERDAY        0.0           0.0  2002   0.0    0.0      0.0
                                      2001
                                      2000
  MONTH TO DATE    0.0                       0.0    0.0      0.0
  SINCE JUN 1      0.0                       0.0    0.0      0.0
  SINCE JUL 1      0.0                       0.0    0.0      0.0
  SNOW DEPTH       0

DEGREE DAYS
 HEATING
  YESTERDAY        0                         0      0        0
  MONTH TO DATE    9                         9      0        1
  SINCE JUN 1     60                        92    -32       95
  SINCE JUL 1      9                         9      0        1

 COOLING
  YESTERDAY        9                         6      3       12
  MONTH TO DATE  243                       171     72      214
  SINCE JUN 1    315                       255     60      298
  SINCE JAN 1    357                       277     80      364
..................................................................


WIND (MPH)
  RESULTANT WIND SPEED   2   RESULTANT WIND DIRECTION  NW (300)
  HIGHEST WIND SPEED    13   HIGHEST WIND DIRECTION     W (280)
  HIGHEST GUST SPEED    18   HIGHEST GUST DIRECTION     W (260)
  AVERAGE WIND SPEED     6.7


SKY COVER
  POSSIBLE SUNSHINE  MM
  AVERAGE SKY COVER 0.4


WEATHER CONDITIONS
 THE FOLLOWING WEATHER WAS RECORDED YESTERDAY.
  RAIN
  LIGHT RAIN
  FOG


RELATIVE HUMIDITY (PERCENT)
 HIGHEST    93          1200 AM
 LOWEST     42           100 PM
 AVERAGE    68

..........................................................


THE WORCESTER MA CLIMATE NORMALS FOR TODAY
                         NORMAL    RECORD    YEAR
 MAXIMUM TEMPERATURE (F)   79        95      1917
 MINIMUM TEMPERATURE (F)   62        45      1932


SUNRISE AND SUNSET
JULY 31 2016..........SUNRISE   540 AM EDT   SUNSET   807 PM EDT
AUGUST  1 2016........SUNRISE   541 AM EDT   SUNSET   806 PM EDT


-  INDICATES NEGATIVE NUMBERS.
R  INDICATES RECORD WAS SET OR TIED.
MM INDICATES DATA IS MISSING.
T  INDICATES TRACE AMOUNT.




$$
