000
CDUS46 KMFR 290047
CLIOTH


CLIMATE REPORT
NATIONAL WEATHER SERVICE MEDFORD, OR
447 PM PST SUN DEC 28 2014


...................................

...THE NORTH BEND OR CLIMATE SUMMARY FOR DECEMBER 28 2014...
VALID TODAY AS OF 0400 PM LOCAL TIME.

CLIMATE NORMAL PERIOD 1981 TO 2010
CLIMATE RECORD PERIOD 1902 TO 2014


WEATHER ITEM   OBSERVED TIME   RECORD YEAR NORMAL DEPARTURE LAST
                VALUE   (LST)  VALUE       VALUE  FROM      YEAR
                                                  NORMAL
..................................................................
TEMPERATURE (F)
 TODAY
  MAXIMUM         54        MM  65    1917  51      3       52
                                      1937
  MINIMUM         45        MM  27    1978  40      5       36
  AVERAGE         50                        45      5       44

PRECIPITATION (IN)
  TODAY            0.01          2.92 1965   0.35  -0.34     0.00
  MONTH TO DATE   12.63                     10.12   2.51     2.16
  SINCE SEP 1     25.02                     26.66  -1.64    11.57
  SINCE JAN 1     47.47                     63.90 -16.43    29.50

SNOWFALL (IN)
  TODAY           MM                         0.0   MM       MM
  MONTH TO DATE   MM                         0.1   MM       MM
  SINCE JUL 1     MM                         0.1   MM        0.0
  SNOW DEPTH      MM

DEGREE DAYS
 HEATING
  TODAY           15                        20     -5       21
  MONTH TO DATE  351                       553   -202      650
  SINCE DEC 1    351                       553   -202      650
  SINCE JUL 1   1227                      2005   -778     1765

 COOLING
  TODAY            0                         0      0        0
  MONTH TO DATE    0                         0      0        0
  SINCE DEC 1      0                         0      0        0
  SINCE JAN 1     28                         2     26       13
..................................................................


WIND (MPH)
  HIGHEST WIND SPEED    13   HIGHEST WIND DIRECTION    NW (300)
  HIGHEST GUST SPEED    17   HIGHEST GUST DIRECTION    NW (320)
  AVERAGE WIND SPEED     7.9


SKY COVER
  POSSIBLE SUNSHINE  MM
  AVERAGE SKY COVER 0.7


WEATHER CONDITIONS
 THE FOLLOWING WEATHER WAS RECORDED TODAY.
  NO SIGNIFICANT WEATHER WAS OBSERVED.


RELATIVE HUMIDITY (PERCENT)
 HIGHEST   100
 LOWEST     59           200 PM

..........................................................


THE NORTH BEND OR CLIMATE NORMALS FOR TOMORROW
                         NORMAL    RECORD    YEAR
 MAXIMUM TEMPERATURE (F)   51        69      1917
 MINIMUM TEMPERATURE (F)   40        22      1978


SUNRISE AND SUNSET
DECEMBER 28 2014......SUNRISE   749 AM PST   SUNSET   448 PM PST
DECEMBER 29 2014......SUNRISE   749 AM PST   SUNSET   449 PM PST


-  INDICATES NEGATIVE NUMBERS.
R  INDICATES RECORD WAS SET OR TIED.
MM INDICATES DATA IS MISSING.
T  INDICATES TRACE AMOUNT.




$$
