000
CDUS46 KMFR 240838
CLIOTH


CLIMATE REPORT
NATIONAL WEATHER SERVICE MEDFORD, OR
1238 AM PST TUE JAN 24 2017


...................................

...THE NORTH BEND OR CLIMATE SUMMARY FOR JANUARY 23 2017...

CLIMATE NORMAL PERIOD 1981 TO 2010
CLIMATE RECORD PERIOD 1902 TO 2017


WEATHER ITEM   OBSERVED TIME   RECORD YEAR NORMAL DEPARTURE LAST
                VALUE   (LST)  VALUE       VALUE  FROM      YEAR
                                                  NORMAL
..................................................................
TEMPERATURE (F)
 YESTERDAY
  MAXIMUM         54        MM  66    1968  52      2       54
  MINIMUM         37        MM  22    1962  40     -3       46
  AVERAGE         46                        46      0       50

PRECIPITATION (IN)
  YESTERDAY        0.00          2.58 1970   0.31  -0.31     0.25
  MONTH TO DATE    8.87                      7.87   1.00     9.48
  SINCE OCT 1     43.02                     33.96   9.06    35.11
  SINCE JAN 1      8.87                      7.87   1.00     9.48

SNOWFALL (IN)
  YESTERDAY        0.0
  SNOW DEPTH      MM

DEGREE DAYS
 HEATING
  YESTERDAY       19                        19      0       15
  MONTH TO DATE  488                       439     49      348
  SINCE DEC 1   1146                      1048     98      827
  SINCE JUL 1   2142                      2500   -358     1834

 COOLING
  YESTERDAY        0                         0      0        0
  MONTH TO DATE    0                         0      0        0
  SINCE DEC 1      0                         0      0        0
  SINCE JAN 1      0                         0      0        0
..................................................................


WIND (MPH)
  HIGHEST WIND SPEED    14   HIGHEST WIND DIRECTION     S (160)
  HIGHEST GUST SPEED    18   HIGHEST GUST DIRECTION     S (160)
  AVERAGE WIND SPEED     6.7


SKY COVER
  POSSIBLE SUNSHINE  MM
  AVERAGE SKY COVER 0.3


WEATHER CONDITIONS
 THE FOLLOWING WEATHER WAS RECORDED YESTERDAY.
  NO SIGNIFICANT WEATHER WAS OBSERVED.


RELATIVE HUMIDITY (PERCENT)
 HIGHEST    96           800 PM
 LOWEST     50           300 PM

..........................................................


THE NORTH BEND OR CLIMATE NORMALS FOR TODAY
                         NORMAL    RECORD    YEAR
 MAXIMUM TEMPERATURE (F)   52        73      2014
 MINIMUM TEMPERATURE (F)   40        25      1969


SUNRISE AND SUNSET
JANUARY 24 2017.......SUNRISE   740 AM PST   SUNSET   519 PM PST
JANUARY 25 2017.......SUNRISE   739 AM PST   SUNSET   520 PM PST


-  INDICATES NEGATIVE NUMBERS.
R  INDICATES RECORD WAS SET OR TIED.
MM INDICATES DATA IS MISSING.
T  INDICATES TRACE AMOUNT.




$$
