000
CDUS46 KMFR 010840
CLIOTH


CLIMATE REPORT
NATIONAL WEATHER SERVICE MEDFORD, OR
140 AM PDT SAT NOV 1 2014


...................................

...THE NORTH BEND OR CLIMATE SUMMARY FOR OCTOBER 31 2014...

CLIMATE NORMAL PERIOD 1981 TO 2010
CLIMATE RECORD PERIOD 1902 TO 2014


WEATHER ITEM   OBSERVED TIME   RECORD YEAR NORMAL DEPARTURE LAST
                VALUE   (LST)  VALUE       VALUE  FROM      YEAR
                                                  NORMAL
..................................................................
TEMPERATURE (F)
 YESTERDAY
  MAXIMUM         61        MM  80    1966  58      3       61
  MINIMUM         48        MM  29    1920  45      3       48
  AVERAGE         55                        51      4       55

PRECIPITATION (IN)
  YESTERDAY        0.36          2.38 1947   0.24   0.12     0.00
  MONTH TO DATE    5.96                      4.73   1.23     0.76
  SINCE SEP 1      7.79                      6.31   1.48     6.71
  SINCE JAN 1     30.24                     43.55 -13.31    24.64

SNOWFALL (IN)
  YESTERDAY       MM
  SNOW DEPTH      MM

DEGREE DAYS
 HEATING
  YESTERDAY       10                        14     -4       10
  MONTH TO DATE  163                       359   -196      375
  SINCE SEP 1    266                       587   -321      494
  SINCE JUL 1    531                       966   -435      661

 COOLING
  YESTERDAY        0                         0      0        0
  MONTH TO DATE    6                         0      6        0
  SINCE SEP 1     16                         1     15        1
  SINCE JAN 1     28                         2     26       13
..................................................................


WIND (MPH)
  HIGHEST WIND SPEED    12   HIGHEST WIND DIRECTION    NW (310)
  HIGHEST GUST SPEED    MM   HIGHEST GUST DIRECTION    MM
  AVERAGE WIND SPEED     5.8


SKY COVER
  POSSIBLE SUNSHINE  MM
  AVERAGE SKY COVER  MM


WEATHER CONDITIONS
 THE FOLLOWING WEATHER WAS RECORDED YESTERDAY.
  NO SIGNIFICANT WEATHER WAS OBSERVED.


RELATIVE HUMIDITY (PERCENT)
 HIGHEST    MM
 LOWEST     MM

..........................................................


THE NORTH BEND OR CLIMATE NORMALS FOR TODAY
                         NORMAL    RECORD    YEAR
 MAXIMUM TEMPERATURE (F)   58        78      1926
 MINIMUM TEMPERATURE (F)   45        28      1920


SUNRISE AND SUNSET
NOVEMBER  1 2014......SUNRISE   752 AM PDT   SUNSET   608 PM PDT
NOVEMBER  2 2014......SUNRISE   654 AM PST   SUNSET   507 PM PST


-  INDICATES NEGATIVE NUMBERS.
R  INDICATES RECORD WAS SET OR TIED.
MM INDICATES DATA IS MISSING.
T  INDICATES TRACE AMOUNT.




$$
