000
CDUS46 KMFR 170051
CLIOTH


CLIMATE REPORT
NATIONAL WEATHER SERVICE MEDFORD, OR
551 PM PDT TUE SEP 16 2014


...................................

...THE NORTH BEND OR CLIMATE SUMMARY FOR SEPTEMBER 16 2014...
VALID TODAY AS OF 0500 PM LOCAL TIME.

CLIMATE NORMAL PERIOD 1981 TO 2010
CLIMATE RECORD PERIOD 1902 TO 2014


WEATHER ITEM   OBSERVED TIME   RECORD YEAR NORMAL DEPARTURE LAST
                VALUE   (LST)  VALUE       VALUE  FROM      YEAR
                                                  NORMAL
..................................................................
TEMPERATURE (F)
 TODAY
  MAXIMUM         70        MM  83    1991  65      5       70
  MINIMUM         52        MM  37    1902  50      2       59
  AVERAGE         61                        58      3       65

PRECIPITATION (IN)
  TODAY            0.00          1.37 1946   0.05  -0.05     0.00
  MONTH TO DATE    0.00                      0.66  -0.66     0.47
  SINCE SEP 1      0.00                      0.66  -0.66     0.47
  SINCE JAN 1     22.45                     37.90 -15.45    18.40

SNOWFALL (IN)
  TODAY           MM                         0.0   MM       MM
  MONTH TO DATE   MM                         0.0   MM       MM
  SINCE JUL 1     MM                         0.0   MM       MM
  SNOW DEPTH      MM

DEGREE DAYS
 HEATING
  TODAY            4                         8     -4        0
  MONTH TO DATE   69                       108    -39       31
  SINCE SEP 1     69                       108    -39       31
  SINCE JUL 1    334                       487   -153      198

 COOLING
  TODAY            0                         0      0        0
  MONTH TO DATE    8                         0      8        1
  SINCE SEP 1      8                         0      8        1
  SINCE JAN 1     20                         1     19       13
..................................................................


WIND (MPH)
  HIGHEST WIND SPEED    16   HIGHEST WIND DIRECTION     W (250)
  HIGHEST GUST SPEED    MM   HIGHEST GUST DIRECTION    MM
  AVERAGE WIND SPEED     7.0


SKY COVER
  POSSIBLE SUNSHINE  MM
  AVERAGE SKY COVER 0.0


WEATHER CONDITIONS
 THE FOLLOWING WEATHER WAS RECORDED TODAY.
  NO SIGNIFICANT WEATHER WAS OBSERVED.


RELATIVE HUMIDITY (PERCENT)
 HIGHEST    MM
 LOWEST     MM

..........................................................


THE NORTH BEND OR CLIMATE NORMALS FOR TOMORROW
                         NORMAL    RECORD    YEAR
 MAXIMUM TEMPERATURE (F)   65        89      1913
 MINIMUM TEMPERATURE (F)   50        38      1908


SUNRISE AND SUNSET
SEPTEMBER 16 2014.....SUNRISE   658 AM PDT   SUNSET   725 PM PDT
SEPTEMBER 17 2014.....SUNRISE   659 AM PDT   SUNSET   723 PM PDT


-  INDICATES NEGATIVE NUMBERS.
R  INDICATES RECORD WAS SET OR TIED.
MM INDICATES DATA IS MISSING.
T  INDICATES TRACE AMOUNT.




$$
