958
CDUS46 KMFR 280835
CLIOTH


CLIMATE REPORT
NATIONAL WEATHER SERVICE MEDFORD, OR
135 AM PDT SUN AUG 28 2016


...................................

...THE NORTH BEND OR CLIMATE SUMMARY FOR AUGUST 27 2016...

CLIMATE NORMAL PERIOD 1981 TO 2010
CLIMATE RECORD PERIOD 1902 TO 2016


WEATHER ITEM   OBSERVED TIME   RECORD YEAR NORMAL DEPARTURE LAST
                VALUE   (LST)  VALUE       VALUE  FROM      YEAR
                                                  NORMAL
..................................................................
TEMPERATURE (F)
 YESTERDAY
  MAXIMUM         64        MM  79    1915  66     -2       72
  MINIMUM         54        MM  42    1920  52      2       54
  AVERAGE         59                        59      0       63

PRECIPITATION (IN)
  YESTERDAY        0.00          1.37 1954   0.03  -0.03     0.00
  MONTH TO DATE    0.00                      0.50  -0.50     0.19
  SINCE OCT 1     57.85                     63.21  -5.36    42.73
  SINCE JAN 1     32.22                     37.12  -4.90    19.43

SNOWFALL (IN)
  YESTERDAY       MM
  SNOW DEPTH      MM

DEGREE DAYS
 HEATING
  YESTERDAY        6                         6      0        2
  MONTH TO DATE  154                       162     -8       97
  SINCE JUN 1    460                       626   -166      401
  SINCE JUL 1    270                       359    -89      177

 COOLING
  YESTERDAY        0                         0      0        0
  MONTH TO DATE    6                         0      6        5
  SINCE JUN 1      7                         0      7        9
  SINCE JAN 1     15                         0     15        9
..................................................................


WIND (MPH)
  HIGHEST WIND SPEED    13   HIGHEST WIND DIRECTION     W (280)
  HIGHEST GUST SPEED    MM   HIGHEST GUST DIRECTION    MM
  AVERAGE WIND SPEED     5.0


SKY COVER
  POSSIBLE SUNSHINE   0 PERCENT
  AVERAGE SKY COVER 0.0


WEATHER CONDITIONS
 THE FOLLOWING WEATHER WAS RECORDED YESTERDAY.
  NO SIGNIFICANT WEATHER WAS OBSERVED.


RELATIVE HUMIDITY (PERCENT)
 HIGHEST     0          1200 AM
 LOWEST      0          1200 AM

..........................................................


THE NORTH BEND OR CLIMATE NORMALS FOR TODAY
                         NORMAL    RECORD    YEAR
 MAXIMUM TEMPERATURE (F)   66        78      1921
 MINIMUM TEMPERATURE (F)   52        38      1902


SUNRISE AND SUNSET
AUGUST 28 2016........SUNRISE   637 AM PDT   SUNSET   758 PM PDT
AUGUST 29 2016........SUNRISE   638 AM PDT   SUNSET   756 PM PDT


-  INDICATES NEGATIVE NUMBERS.
R  INDICATES RECORD WAS SET OR TIED.
MM INDICATES DATA IS MISSING.
T  INDICATES TRACE AMOUNT.




$$
