000
CDUS43 KDMX 280643
CLIOTM

CLIMATE REPORT
NATIONAL WEATHER SERVICE DES MOINES IA
142 AM CDT THU JUL 28 2016

...................................

...THE OTTUMWA IA CLIMATE SUMMARY FOR JULY 27 2016...

CLIMATE NORMAL PERIOD 1981 TO 2010
CLIMATE RECORD PERIOD 1920 TO 2016


WEATHER ITEM   OBSERVED TIME   RECORD YEAR NORMAL DEPARTURE LAST
                VALUE   (LST)  VALUE       VALUE  FROM      YEAR
                                                  NORMAL
..................................................................
TEMPERATURE (F)
 YESTERDAY
  MAXIMUM         85    504 PM 108    1930  85      0       87
  MINIMUM         61    500 AM  49    2013  64     -3       70
  AVERAGE         73                        75     -2       79

PRECIPITATION (IN)
  YESTERDAY        0.00          2.29 1957   0.13  -0.13     0.50
  MONTH TO DATE    3.89                      3.92  -0.03     5.34
  SINCE JUN 1      6.47                      9.01  -2.54    13.12
  SINCE JAN 1     14.51                     21.54  -7.03    22.99

DEGREE DAYS
 HEATING
  YESTERDAY        0                         0      0        0
  MONTH TO DATE    7                         0      7        6
  SINCE JUN 1      8                        21    -13       16
  SINCE JUL 1      7                         0      7        6

 COOLING
  YESTERDAY        8                        10     -2       14
  MONTH TO DATE  249                       270    -21      234
  SINCE JUN 1    523                       471     52      438
  SINCE JAN 1    594                       535     59      499
..................................................................


WIND (MPH)
  HIGHEST WIND SPEED     9   HIGHEST WIND DIRECTION    SE (120)
  HIGHEST GUST SPEED    12   HIGHEST GUST DIRECTION    SE (140)
  AVERAGE WIND SPEED     2.6


SKY COVER
  POSSIBLE SUNSHINE  MM
  AVERAGE SKY COVER 0.1


WEATHER CONDITIONS
 THE FOLLOWING WEATHER WAS RECORDED YESTERDAY.
  FOG
  FOG W/VISIBILITY <= 1/4 MILE


RELATIVE HUMIDITY (PERCENT)
 HIGHEST   100           100 AM
 LOWEST     51          1100 AM
 AVERAGE    76

..........................................................


THE OTTUMWA IA CLIMATE NORMALS FOR TODAY
                         NORMAL    RECORD    YEAR
 MAXIMUM TEMPERATURE (F)   85       105      1983
 MINIMUM TEMPERATURE (F)   64        48      2013


SUNRISE AND SUNSET
JULY 28 2016..........SUNRISE   602 AM CDT   SUNSET   830 PM CDT
JULY 29 2016..........SUNRISE   603 AM CDT   SUNSET   829 PM CDT


-  INDICATES NEGATIVE NUMBERS.
R  INDICATES RECORD WAS SET OR TIED.
MM INDICATES DATA IS MISSING.
T  INDICATES TRACE AMOUNT.

$$

SMALL
