000
CDUS43 KDMX 220649 RRA
CLIOTM

CLIMATE REPORT
NATIONAL WEATHER SERVICE DES MOINES IA
1246 AM CST SAT NOV 22 2014


...................................

...THE OTTUMWA IA CLIMATE SUMMARY FOR NOVEMBER 21 2014...

CLIMATE NORMAL PERIOD 1981 TO 2010
CLIMATE RECORD PERIOD 1920 TO 2014


WEATHER ITEM   OBSERVED TIME   RECORD YEAR NORMAL DEPARTURE LAST
                VALUE   (LST)  VALUE       VALUE  FROM      YEAR
                                                  NORMAL
..................................................................
TEMPERATURE (F)
 YESTERDAY
  MAXIMUM         36    805 PM  70    1990  46    -10       43
  MINIMUM          9    108 AM  -6    1937  27    -18       30
  AVERAGE         23                        36    -13       37

PRECIPITATION (IN)
  YESTERDAY        0.01          0.85 1898   0.07  -0.06     0.18
  MONTH TO DATE    0.21                      1.74  -1.53     1.76
  SINCE SEP 1      7.88                      8.36  -0.48     7.21
  SINCE JAN 1     39.17                     35.06   4.11    36.32

DEGREE DAYS
 HEATING
  YESTERDAY       42                        29     13       28
  MONTH TO DATE  683                       491    192      479
  SINCE SEP 1   1205                      1004    201      951
  SINCE JUL 1   1218                      1015    203      967

 COOLING
  YESTERDAY        0                         0      0        0
  MONTH TO DATE    0                         0      0        0
  SINCE SEP 1     69                       104    -35      199
  SINCE JAN 1    801                       938   -137     1014
..................................................................


WIND (MPH)
  HIGHEST WIND SPEED    17   HIGHEST WIND DIRECTION     S (180)
  HIGHEST GUST SPEED    23   HIGHEST GUST DIRECTION     S (170)
  AVERAGE WIND SPEED    10.8


SKY COVER
  POSSIBLE SUNSHINE  MM
  AVERAGE SKY COVER 0.4


WEATHER CONDITIONS
 THE FOLLOWING WEATHER WAS RECORDED YESTERDAY.
  LIGHT RAIN
  FOG


RELATIVE HUMIDITY (PERCENT)
 HIGHEST    83           100 AM
 LOWEST     51           100 PM
 AVERAGE    67

..........................................................


THE OTTUMWA IA CLIMATE NORMALS FOR TODAY
                         NORMAL    RECORD    YEAR
 MAXIMUM TEMPERATURE (F)   45        67      1966
 MINIMUM TEMPERATURE (F)   26        -8      1937


SUNRISE AND SUNSET
NOVEMBER 22 2014......SUNRISE   706 AM CST   SUNSET   446 PM CST
NOVEMBER 23 2014......SUNRISE   707 AM CST   SUNSET   445 PM CST


-  INDICATES NEGATIVE NUMBERS.
R  INDICATES RECORD WAS SET OR TIED.
MM INDICATES DATA IS MISSING.
T  INDICATES TRACE AMOUNT.




$$
