000
CDUS43 KDMX 220734 RRB
CLIOTM

CLIMATE REPORT
NATIONAL WEATHER SERVICE DES MOINES IA
234 AM CDT FRI SEP 22 2017

...................................

...THE OTTUMWA IA CLIMATE SUMMARY FOR SEPTEMBER 21 2017...

CLIMATE NORMAL PERIOD 1981 TO 2010
CLIMATE RECORD PERIOD 1920 TO 2017


WEATHER ITEM   OBSERVED TIME   RECORD YEAR NORMAL DEPARTURE LAST
                VALUE   (LST)  VALUE       VALUE  FROM      YEAR
                                                  NORMAL
..................................................................
TEMPERATURE (F)
 YESTERDAY
  MAXIMUM         88    433 PM  95    1940  74     14       92
  MINIMUM         69    830 AM  36    1999  50     19       72
  AVERAGE         79                        62     17       82

PRECIPITATION (IN)
  YESTERDAY        2.37          2.47 2009   0.12   2.25     0.00
  MONTH TO DATE    3.65                      2.76   0.89     1.01
  SINCE SEP 1      3.65                      2.76   0.89     1.01
  SINCE JAN 1     19.49                     29.46  -9.97    22.20

DEGREE DAYS
 HEATING
  YESTERDAY        0                         5     -5        0
  MONTH TO DATE   18                        52    -34        4
  SINCE SEP 1     18                        52    -34        4
  SINCE JUL 1     18                        63    -45       11

 COOLING
  YESTERDAY       14                         2     12       17
  MONTH TO DATE  110                        80     30      131
  SINCE SEP 1    110                        80     30      131
  SINCE JAN 1   1035                       914    121     1030
..................................................................


WIND (MPH)
  HIGHEST WIND SPEED    25   HIGHEST WIND DIRECTION     S (160)
  HIGHEST GUST SPEED    34   HIGHEST GUST DIRECTION    SE (150)
  AVERAGE WIND SPEED    12.7


SKY COVER
  POSSIBLE SUNSHINE  MM
  AVERAGE SKY COVER 0.4


WEATHER CONDITIONS
 THE FOLLOWING WEATHER WAS RECORDED YESTERDAY.
  THUNDERSTORM
  HEAVY RAIN
  RAIN
  LIGHT RAIN
  FOG


RELATIVE HUMIDITY (PERCENT)
 HIGHEST   100           400 AM
 LOWEST     55           200 PM
 AVERAGE    78

..........................................................


THE OTTUMWA IA CLIMATE NORMALS FOR TODAY
                         NORMAL    RECORD    YEAR
 MAXIMUM TEMPERATURE (F)   74        99      1937
 MINIMUM TEMPERATURE (F)   50        33      1995


SUNRISE AND SUNSET
SEPTEMBER 22 2017.....SUNRISE   658 AM CDT   SUNSET   706 PM CDT
SEPTEMBER 23 2017.....SUNRISE   659 AM CDT   SUNSET   705 PM CDT


-  INDICATES NEGATIVE NUMBERS.
R  INDICATES RECORD WAS SET OR TIED.
MM INDICATES DATA IS MISSING.
T  INDICATES TRACE AMOUNT.

$$

SMALL
