000
CDUS46 KOTX 060829
CLIOTX


CLIMATE REPORT
NATIONAL WEATHER SERVICE SPOKANE, WA
1229 AM PST SAT FEB 6 2016


...................................

...THE SPOKANE  WA WFO CLIMATE SUMMARY FOR FEBRUARY 5 2016...

CLIMATE NORMAL PERIOD 1981 TO 2010
CLIMATE RECORD PERIOD 1881 TO 2016


WEATHER ITEM   OBSERVED TIME   RECORD YEAR NORMAL DEPARTURE LAST
                VALUE   (LST)  VALUE       VALUE  FROM      YEAR
                                                  NORMAL
..................................................................
TEMPERATURE (F)
 YESTERDAY
  MAXIMUM         46        MM  MM      MM  37      9       49
  MINIMUM         31        MM  MM      MM  23      8       34
  AVERAGE         39                        30      9       42

PRECIPITATION (IN)
  YESTERDAY        0.02         MM      MM   0.05  -0.03     0.38
  MONTH TO DATE    0.13                      0.27  -0.14     0.64
  SINCE OCT 1      9.50                      8.17   1.33     7.25
  SINCE JAN 1      2.75                      2.14   0.61     2.54

SNOWFALL (IN)
  YESTERDAY        T            MM      MM   0.2   -0.2      0.0
  MONTH TO DATE    1.1                       1.5   -0.4      1.7
  SINCE DEC 1     31.1                      34.0   -2.9     14.6
  SINCE JUL 1     32.6                      41.9   -9.3     15.1
  SNOW DEPTH       1

DEGREE DAYS
 HEATING
  YESTERDAY       26                        35     -9       23
  MONTH TO DATE  182                       175      7      148
  SINCE DEC 1   2383                      2550   -167     2246
  SINCE JUL 1   4043                      4432   -389     3825

 COOLING
  YESTERDAY        0                         0      0        0
  MONTH TO DATE    0                         0      0        0
  SINCE DEC 1      0                         0      0        0
  SINCE JAN 1      0                         0      0        0
..................................................................


WIND (MPH)
  HIGHEST WIND SPEED    30   HIGHEST WIND DIRECTION    MM
  HIGHEST GUST SPEED    43   HIGHEST GUST DIRECTION    MM
  AVERAGE WIND SPEED     8.0


SKY COVER
  POSSIBLE SUNSHINE  MM
  AVERAGE SKY COVER  MM


WEATHER CONDITIONS
 THE FOLLOWING WEATHER WAS RECORDED YESTERDAY.
  NO SIGNIFICANT WEATHER WAS OBSERVED.


RELATIVE HUMIDITY (PERCENT)
 HIGHEST    99          1200 AM
 LOWEST     67          1200 AM
 AVERAGE    83

..........................................................


THE SPOKANE  WA WFO CLIMATE NORMALS FOR TODAY
                         NORMAL    RECORD    YEAR
 MAXIMUM TEMPERATURE (F)   37        MM        MM
 MINIMUM TEMPERATURE (F)   23        MM        MM


SUNRISE AND SUNSET
FEBRUARY  6 2016......SUNRISE   711 AM PST   SUNSET   459 PM PST
FEBRUARY  7 2016......SUNRISE   709 AM PST   SUNSET   500 PM PST


-  INDICATES NEGATIVE NUMBERS.
R  INDICATES RECORD WAS SET OR TIED.
MM INDICATES DATA IS MISSING.
T  INDICATES TRACE AMOUNT.




$$
