000
CDUS46 KOTX 220824
CLIOTX


CLIMATE REPORT
NATIONAL WEATHER SERVICE SPOKANE, WA
120 AM PDT TUE JUL 22 2014


...................................

...THE SPOKANE  WA WFO CLIMATE SUMMARY FOR JULY 21 2014...

CLIMATE NORMAL PERIOD 1981 TO 2010
CLIMATE RECORD PERIOD 1881 TO 2014


WEATHER ITEM   OBSERVED TIME   RECORD YEAR NORMAL DEPARTURE LAST
                VALUE   (LST)  VALUE       VALUE  FROM      YEAR
                                                  NORMAL
..................................................................
TEMPERATURE (F)
 YESTERDAY
  MAXIMUM         76     MM     MM     MM   84     -8       91
  MINIMUM         53     MM     MM     MM   52      1       47
  AVERAGE         65                        68     -3       69

PRECIPITATION (IN)
  YESTERDAY        0.00         MM     MM   0.02  -0.02     0.00
  MONTH TO DATE    0.97                     0.45   0.52      T
  SINCE OCT 1     13.23                    15.86  -2.63    15.79
  SINCE JAN 1     10.72                     9.83   0.89     7.75

SNOWFALL (IN)
  YESTERDAY        0.0          MM     MM   0.0    0.0      0.0
  MONTH TO DATE    0.0                      0.0    0.0      0.0
  SINCE JUN 1      0.0                      0.0    0.0      0.0
  SINCE JUL 1      0.0                      0.0    0.0      0.0
  SNOW DEPTH       0

DEGREE DAYS
 HEATING
  YESTERDAY        0                         1     -1        0
  MONTH TO DATE    0                        44    -44       13
  SINCE JUN 1    191                       231    -40      209
  SINCE JUL 1      0                        44    -44       13

 COOLING
  YESTERDAY        0                         4     -4        4
  MONTH TO DATE  157                        61     96       95
  SINCE JUN 1    157                        80     77      114
  SINCE JAN 1    157                        85     72      119
..................................................................


WIND (MPH)
  HIGHEST WIND SPEED    MM   HIGHEST WIND DIRECTION    MM
  HIGHEST GUST SPEED    MM   HIGHEST GUST DIRECTION    MM
  AVERAGE WIND SPEED    MM


SKY COVER
  POSSIBLE SUNSHINE  87 PERCENT
  AVERAGE SKY COVER  MM


WEATHER CONDITIONS
 THE FOLLOWING WEATHER WAS RECORDED YESTERDAY.
  NO SIGNIFICANT WEATHER WAS OBSERVED.


RELATIVE HUMIDITY (PERCENT)
 HIGHEST    MM
 LOWEST     MM
 AVERAGE    MM

..........................................................


THE SPOKANE  WA WFO CLIMATE NORMALS FOR TODAY
                         NORMAL    RECORD    YEAR
 MAXIMUM TEMPERATURE (F)   84        MM        MM
 MINIMUM TEMPERATURE (F)   52        MM        MM


SUNRISE AND SUNSET
JULY 22 2014..........SUNRISE   516 AM PDT   SUNSET   838 PM PDT
JULY 23 2014..........SUNRISE   517 AM PDT   SUNSET   836 PM PDT


-  INDICATES NEGATIVE NUMBERS.
R  INDICATES RECORD WAS SET OR TIED.
MM INDICATES DATA IS MISSING.
T  INDICATES TRACE AMOUNT.

$$
