000
CDUS46 KOTX 270826
CLIOTX


CLIMATE REPORT
NATIONAL WEATHER SERVICE SPOKANE, WA
1225 AM PST FRI FEB 27 2015


...................................

...THE SPOKANE  WA WFO CLIMATE SUMMARY FOR FEBRUARY 26 2015...

CLIMATE NORMAL PERIOD 1981 TO 2010
CLIMATE RECORD PERIOD 1881 TO 2015


WEATHER ITEM   OBSERVED TIME   RECORD YEAR NORMAL DEPARTURE LAST
                VALUE   (LST)  VALUE       VALUE  FROM      YEAR
                                                  NORMAL
..................................................................
TEMPERATURE (F)
 YESTERDAY
  MAXIMUM         41        MM  MM      MM  42     -1       35
  MINIMUM         27        MM  MM      MM  25      2        9
  AVERAGE         34                        34      0       22

PRECIPITATION (IN)
  YESTERDAY        T            MM      MM   0.05  -0.05     0.00
  MONTH TO DATE    1.27                      1.36  -0.09     1.61
  SINCE OCT 1      7.88                      9.26  -1.38     5.12
  SINCE JAN 1      3.17                      3.23  -0.06     2.61

SNOWFALL (IN)
  YESTERDAY        T            MM      MM   0.2   -0.2      0.0
  MONTH TO DATE    1.7                       5.7   -4.0     13.8
  SINCE DEC 1     14.4                      38.2  -23.8     23.2
  SINCE JUL 1     14.9                      46.1  -31.2     26.2
  SNOW DEPTH       0

DEGREE DAYS
 HEATING
  YESTERDAY       31                        31      0       43
  MONTH TO DATE  695                       878   -183     1027
  SINCE DEC 1   2793                      3253   -460     3404
  SINCE JUL 1   4372                      5135   -763     5260

 COOLING
  YESTERDAY        0                         0      0        0
  MONTH TO DATE    0                         0      0        0
  SINCE DEC 1      0                         0      0        0
  SINCE JAN 1      0                         0      0        0
..................................................................


WIND (MPH)
  HIGHEST WIND SPEED    MM   HIGHEST WIND DIRECTION    MM
  HIGHEST GUST SPEED     0   HIGHEST GUST DIRECTION     N (0)
  AVERAGE WIND SPEED    MM


SKY COVER
  POSSIBLE SUNSHINE  MM
  AVERAGE SKY COVER  MM


WEATHER CONDITIONS
 THE FOLLOWING WEATHER WAS RECORDED YESTERDAY.
  LIGHT SNOW


RELATIVE HUMIDITY (PERCENT)
 HIGHEST     0          1200 AM
 LOWEST      0          1200 AM
 AVERAGE     0

..........................................................


THE SPOKANE  WA WFO CLIMATE NORMALS FOR TODAY
                         NORMAL    RECORD    YEAR
 MAXIMUM TEMPERATURE (F)   43        MM        MM
 MINIMUM TEMPERATURE (F)   25        MM        MM


SUNRISE AND SUNSET
FEBRUARY 27 2015......SUNRISE   635 AM PST   SUNSET   532 PM PST
FEBRUARY 28 2015......SUNRISE   633 AM PST   SUNSET   534 PM PST


-  INDICATES NEGATIVE NUMBERS.
R  INDICATES RECORD WAS SET OR TIED.
MM INDICATES DATA IS MISSING.
T  INDICATES TRACE AMOUNT.




$$
