000
CDUS46 KOTX 260830
CLIOTX


CLIMATE REPORT
NATIONAL WEATHER SERVICE SPOKANE, WA
130 AM PDT THU MAR 26 2015


...................................

...THE SPOKANE  WA WFO CLIMATE SUMMARY FOR MARCH 25 2015...

CLIMATE NORMAL PERIOD 1981 TO 2010
CLIMATE RECORD PERIOD 1881 TO 2015


WEATHER ITEM   OBSERVED TIME   RECORD YEAR NORMAL DEPARTURE LAST
                VALUE   (LST)  VALUE       VALUE  FROM      YEAR
                                                  NORMAL
..................................................................
TEMPERATURE (F)
 YESTERDAY
  MAXIMUM         47        MM  MM      MM  51     -4       52
  MINIMUM         31        MM  MM      MM  32     -1       32
  AVERAGE         39                        42     -3       42

PRECIPITATION (IN)
  YESTERDAY        0.20         MM      MM   0.06   0.14     0.00
  MONTH TO DATE    2.13                      1.37   0.76     2.23
  SINCE OCT 1     10.01                     10.73  -0.72     7.36
  SINCE JAN 1      5.30                      4.70   0.60     4.85

SNOWFALL (IN)
  YESTERDAY        0.0          MM      MM   0.2   -0.2      0.0
  MONTH TO DATE    0.4                       4.3   -3.9      4.8
  SINCE MAR 1      0.4                       4.3   -3.9      4.8
  SINCE JUL 1     15.5                      50.7  -35.2     31.0
  SNOW DEPTH       0

DEGREE DAYS
 HEATING
  YESTERDAY       26                        23      3       23
  MONTH TO DATE  561                       673   -112      674
  SINCE MAR 1    561                       673   -112      674
  SINCE JUL 1   4995                      5872   -877     6005

 COOLING
  YESTERDAY        0                         0      0        0
  MONTH TO DATE    0                         0      0        0
  SINCE MAR 1      0                         0      0        0
  SINCE JAN 1      0                         0      0        0
..................................................................


WIND (MPH)
  HIGHEST WIND SPEED    16   HIGHEST WIND DIRECTION    MM
  HIGHEST GUST SPEED    22   HIGHEST GUST DIRECTION    MM
  AVERAGE WIND SPEED     9.0


SKY COVER
  POSSIBLE SUNSHINE  MM
  AVERAGE SKY COVER  MM


WEATHER CONDITIONS
 THE FOLLOWING WEATHER WAS RECORDED YESTERDAY.
  RAIN
  LIGHT RAIN


RELATIVE HUMIDITY (PERCENT)
 HIGHEST    98          MM
 LOWEST     90          MM
 AVERAGE    94

..........................................................


THE SPOKANE  WA WFO CLIMATE NORMALS FOR TODAY
                         NORMAL    RECORD    YEAR
 MAXIMUM TEMPERATURE (F)   52        MM        MM
 MINIMUM TEMPERATURE (F)   32        MM        MM


SUNRISE AND SUNSET
MARCH 26 2015.........SUNRISE   642 AM PDT   SUNSET   712 PM PDT
MARCH 27 2015.........SUNRISE   640 AM PDT   SUNSET   713 PM PDT


-  INDICATES NEGATIVE NUMBERS.
R  INDICATES RECORD WAS SET OR TIED.
MM INDICATES DATA IS MISSING.
T  INDICATES TRACE AMOUNT.




$$
