000
CDUS46 KOTX 280827
CLIOTX


CLIMATE REPORT
NATIONAL WEATHER SERVICE SPOKANE, WA
1227 AM PST WED JAN 28 2015


...................................

...THE SPOKANE  WA WFO CLIMATE SUMMARY FOR JANUARY 27 2015...

CLIMATE NORMAL PERIOD 1981 TO 2010
CLIMATE RECORD PERIOD 1881 TO 2015


WEATHER ITEM   OBSERVED TIME   RECORD YEAR NORMAL DEPARTURE LAST
                VALUE   (LST)  VALUE       VALUE  FROM      YEAR
                                                  NORMAL
..................................................................
TEMPERATURE (F)
 YESTERDAY
  MAXIMUM         36        MM  MM      MM  35      1       29
  MINIMUM         28        MM  MM      MM  23      5       24
  AVERAGE         32                        29      3       27

PRECIPITATION (IN)
  YESTERDAY        0.00         MM      MM   0.05  -0.05      T
  MONTH TO DATE    1.87                      1.68   0.19     0.56
  SINCE OCT 1      6.58                      7.71  -1.13     3.07
  SINCE JAN 1      1.87                      1.68   0.19     0.56

SNOWFALL (IN)
  YESTERDAY        0.0          MM      MM   0.4   -0.4       T
  MONTH TO DATE    9.9                      14.0   -4.1      2.1
  SINCE DEC 1     12.7                      31.0  -18.3      5.6
  SINCE JUL 1     13.2                      38.9  -25.7      8.6
  SNOW DEPTH       0

DEGREE DAYS
 HEATING
  YESTERDAY       33                        36     -3       38
  MONTH TO DATE  931                      1016    -85      944
  SINCE DEC 1   1958                      2232   -274     2212
  SINCE JUL 1   3537                      4114   -577     4068

 COOLING
  YESTERDAY        0                         0      0        0
  MONTH TO DATE    0                         0      0        0
  SINCE DEC 1      0                         0      0        0
  SINCE JAN 1      0                         0      0        0
..................................................................


WIND (MPH)
  HIGHEST WIND SPEED    MM   HIGHEST WIND DIRECTION    MM
  HIGHEST GUST SPEED     0   HIGHEST GUST DIRECTION     N (0)
  AVERAGE WIND SPEED    MM


SKY COVER
  POSSIBLE SUNSHINE  MM
  AVERAGE SKY COVER 0.0


WEATHER CONDITIONS
 THE FOLLOWING WEATHER WAS RECORDED YESTERDAY.
  FOG
  FOG W/VISIBILITY <= 1/4 MILE


RELATIVE HUMIDITY (PERCENT)
 HIGHEST     0          1200 AM
 LOWEST      0          1200 AM
 AVERAGE     0

..........................................................


THE SPOKANE  WA WFO CLIMATE NORMALS FOR TODAY
                         NORMAL    RECORD    YEAR
 MAXIMUM TEMPERATURE (F)   35        MM        MM
 MINIMUM TEMPERATURE (F)   23        MM        MM


SUNRISE AND SUNSET
JANUARY 28 2015.......SUNRISE   722 AM PST   SUNSET   445 PM PST
JANUARY 29 2015.......SUNRISE   721 AM PST   SUNSET   447 PM PST


-  INDICATES NEGATIVE NUMBERS.
R  INDICATES RECORD WAS SET OR TIED.
MM INDICATES DATA IS MISSING.
T  INDICATES TRACE AMOUNT.




$$
