000
CDUS46 KOTX 200829
CLIOTX


CLIMATE REPORT
NATIONAL WEATHER SERVICE SPOKANE, WA
124 AM PDT MON OCT 20 2014


...................................

...THE SPOKANE  WA WFO CLIMATE SUMMARY FOR OCTOBER 19 2014...

CLIMATE NORMAL PERIOD 1981 TO 2010
CLIMATE RECORD PERIOD 1881 TO 2014


WEATHER ITEM   OBSERVED TIME   RECORD YEAR NORMAL DEPARTURE LAST
                VALUE   (LST)  VALUE       VALUE  FROM      YEAR
                                                  NORMAL
..................................................................
TEMPERATURE (F)
 YESTERDAY
  MAXIMUM         68     MM     MM     MM   56     12       61
  MINIMUM         43     MM     MM     MM   33     10       27
  AVERAGE         56                        44     12       44

PRECIPITATION (IN)
  YESTERDAY        0.00         MM     MM   0.05  -0.05     0.00
  MONTH TO DATE    0.30                     0.64  -0.34     0.12
  SINCE OCT 1      0.30                     0.64  -0.34     0.12
  SINCE JAN 1     12.27                    11.69   0.58    10.58

SNOWFALL (IN)
  YESTERDAY        0.0          MM     MM   0.0    0.0      0.0
  MONTH TO DATE    0.0                      0.0    0.0      0.0
  SINCE SEP 1      0.0                      0.0    0.0      0.0
  SINCE JUL 1      0.0                      0.0    0.0      0.0
  SNOW DEPTH       0

DEGREE DAYS
 HEATING
  YESTERDAY        9                        21    -12       21
  MONTH TO DATE  218                       323   -105      400
  SINCE SEP 1    375                       568   -193      591
  SINCE JUL 1    402                       679   -277      617

 COOLING
  YESTERDAY        0                         0      0        0
  MONTH TO DATE    0                         0      0        0
  SINCE SEP 1     11                        16     -5       67
  SINCE JAN 1    408                       249    159      383
..................................................................


WIND (MPH)
  HIGHEST WIND SPEED    MM   HIGHEST WIND DIRECTION    MM
  HIGHEST GUST SPEED    MM   HIGHEST GUST DIRECTION    MM
  AVERAGE WIND SPEED    MM


SKY COVER
  POSSIBLE SUNSHINE  MM
  AVERAGE SKY COVER  MM


WEATHER CONDITIONS
 THE FOLLOWING WEATHER WAS RECORDED YESTERDAY.
  FOG
  FOG W/VISIBILITY <= 1/4 MILE


RELATIVE HUMIDITY (PERCENT)
 HIGHEST    MM
 LOWEST     MM
 AVERAGE    MM

..........................................................


THE SPOKANE  WA WFO CLIMATE NORMALS FOR TODAY
                         NORMAL    RECORD    YEAR
 MAXIMUM TEMPERATURE (F)   55        MM        MM
 MINIMUM TEMPERATURE (F)   33        MM        MM


SUNRISE AND SUNSET
OCTOBER 20 2014.......SUNRISE   717 AM PDT   SUNSET   553 PM PDT
OCTOBER 21 2014.......SUNRISE   718 AM PDT   SUNSET   551 PM PDT


-  INDICATES NEGATIVE NUMBERS.
R  INDICATES RECORD WAS SET OR TIED.
MM INDICATES DATA IS MISSING.
T  INDICATES TRACE AMOUNT.

$$
