000
CDAK49 PAFG 110049
CLIOTZ

CLIMATE REPORT
NATIONAL WEATHER SERVICE FAIRBANKS AK
349 PM AKST SAT DEC 10 2016


...................................

...THE KOTZEBUE AK CLIMATE SUMMARY FOR DECEMBER 10 2016...
VALID TODAY AS OF 0300 PM LOCAL TIME.

CLIMATE NORMAL PERIOD 1981 TO 2010
CLIMATE RECORD PERIOD 1920 TO 2016


WEATHER ITEM   OBSERVED TIME   RECORD YEAR NORMAL DEPARTURE LAST
                VALUE   (LST)  VALUE       VALUE  FROM      YEAR
                                                  NORMAL
..................................................................
TEMPERATURE (F)
 TODAY
  MAXIMUM         -5    105 PM  33    1986  10    -15      -14
                                      1961
  MINIMUM        -12   1204 AM -40    1964  -3     -9      -21
  AVERAGE         -8                         4    -12      -17

PRECIPITATION (IN)
  TODAY            0.00          0.29 2011   0.02  -0.02     0.00
  MONTH TO DATE    T                         0.25  -0.25     0.05
  SINCE DEC 1      T                         0.25  -0.25     0.05
  SINCE JAN 1      8.16                     10.49  -2.33    10.18

SNOWFALL (IN)
  TODAY            0.0           5.7  2011   0.4   -0.4      0.0
  MONTH TO DATE    T                         3.9   -3.9      0.1
  SINCE DEC 1      T                         3.9   -3.9      0.1
  SINCE JUL 1      5.6                      21.3  -15.7     13.5
  SNOW DEPTH       4

DEGREE DAYS
 HEATING
  TODAY           73                        61     12       82
  MONTH TO DATE  724                       606    118      683
  SINCE DEC 1    724                       606    118      683
  SINCE JUL 1   4337                      4964   -627     4402

 COOLING
  TODAY            0                         0      0        0
  MONTH TO DATE    0                         0      0        0
  SINCE DEC 1      0                         0      0        0
  SINCE JAN 1      5                         5      0       16
..................................................................


WIND (MPH)
  HIGHEST GUST SPEED    10   HIGHEST GUST DIRECTION    NE (60)


SKY COVER
  AVERAGE SKY COVER 0.0


WEATHER CONDITIONS
 THE FOLLOWING WEATHER WAS RECORDED TODAY.
  NO SIGNIFICANT WEATHER WAS OBSERVED.


RELATIVE HUMIDITY (PERCENT)
 HIGHEST    72
 LOWEST     25
 AVERAGE    49

..........................................................


THE KOTZEBUE AK CLIMATE NORMALS FOR TOMORROW
                         NORMAL    RECORD    YEAR
 MAXIMUM TEMPERATURE (F)   10        34      1986
 MINIMUM TEMPERATURE (F)   -3       -35      1975


SUNRISE AND SUNSET
DECEMBER 10 2016......SUNRISE  1234 PM AKST  SUNSET   253 PM AKST
DECEMBER 11 2016......SUNRISE  1238 PM AKST  SUNSET   251 PM AKST

-  INDICATES NEGATIVE NUMBERS.
R  INDICATES RECORD WAS SET OR TIED.
MM INDICATES DATA IS MISSING.
T  INDICATES TRACE AMOUNT.

&&

SNOW DEPTH IS MEASURED AT 3AM AKST/4AM AKDT.

----------------------------
AVAILABLE DAYLIGHT

AMOUNT OF DAYLIGHT TODAY  (HOUR:MIN)........2:19
GAIN/LOSS SINCE YESTERDAY (HOUR:MIN:SEC)....-0:06:08

$$
HFL DEC 16
