006
CDAK49 PAFG 231122
CLIOTZ

CLIMATE REPORT
NATIONAL WEATHER SERVICE FAIRBANKS AK
222 AM AKST TUE JAN 23 2018


...................................

...THE KOTZEBUE AK CLIMATE SUMMARY FOR JANUARY 22 2018...

CLIMATE NORMAL PERIOD 1981 TO 2010
CLIMATE RECORD PERIOD 1920 TO 2018


WEATHER ITEM   OBSERVED TIME   RECORD YEAR NORMAL DEPARTURE LAST
                VALUE   (LST)  VALUE       VALUE  FROM      YEAR
                                                  NORMAL
..................................................................
TEMPERATURE (F)
 YESTERDAY
  MAXIMUM         -9   1206 AM  33    2008   3    -12      -29
  MINIMUM        -21   1159 PM -48    1989 -10    -11      -33
  AVERAGE        -15                        -3    -12      -31

PRECIPITATION (IN)
  YESTERDAY        T             0.36 1999   0.02  -0.02     0.00
  MONTH TO DATE    0.25                      0.45  -0.20     0.15
  SINCE DEC 1      1.83                      1.21   0.62     0.89
  SINCE JAN 1      0.25                      0.45  -0.20     0.15

SNOWFALL (IN)
  YESTERDAY        T            10.7  1999   0.3   -0.3      0.0
  MONTH TO DATE    4.3                       6.6   -2.3      1.1
  SINCE DEC 1     24.0                      18.1    5.9     15.2
  SINCE JUL 1     65.0                      35.5   29.5     20.8
  SNOW DEPTH      67

DEGREE DAYS
 HEATING
  YESTERDAY       80                        68     12       96
  MONTH TO DATE 1245                      1485   -240     1485
  SINCE DEC 1   2693                      3429   -736     3287
  SINCE JUL 1   6510                      7787  -1277     6900

 COOLING
  YESTERDAY        0                         0      0        0
  MONTH TO DATE    0                         0      0        0
  SINCE DEC 1      0                         0      0        0
  SINCE JAN 1      0                         0      0        0
..................................................................


WIND (MPH)
  HIGHEST GUST SPEED    23   HIGHEST GUST DIRECTION    NW (330)


SKY COVER
  AVERAGE SKY COVER 0.2


WEATHER CONDITIONS
 THE FOLLOWING WEATHER WAS RECORDED YESTERDAY.
  LIGHT SNOW
  HAZE


RELATIVE HUMIDITY (PERCENT)
 HIGHEST    70
 LOWEST     57
 AVERAGE    64

..........................................................


THE KOTZEBUE AK CLIMATE NORMALS FOR TODAY
                         NORMAL    RECORD    YEAR
 MAXIMUM TEMPERATURE (F)    3        35      2014
 MINIMUM TEMPERATURE (F)  -10       -47      1903


SUNRISE AND SUNSET
JANUARY 23 2018.......SUNRISE  1128 AM AKST  SUNSET   438 PM AKST
JANUARY 24 2018.......SUNRISE  1125 AM AKST  SUNSET   443 PM AKST

-  INDICATES NEGATIVE NUMBERS.
R  INDICATES RECORD WAS SET OR TIED.
MM INDICATES DATA IS MISSING.
T  INDICATES TRACE AMOUNT.

&&

SNOW DEPTH IS MEASURED AT 3AM AKST/4AM AKDT.

----------------------------
AVAILABLE DAYLIGHT

AMOUNT OF DAYLIGHT TODAY  (HOUR:MIN)........5:10
GAIN/LOSS SINCE YESTERDAY (HOUR:MIN:SEC)....+0:07:59

$$
JAN 18
