000
CDAK49 PAOT 020012
CLIOTZ

CLIMATE REPORT
NATIONAL WEATHER SERVICE KOTZEBUE, AK
412 PM AKDT FRI AUG 1 2014

...................................
...THE KOTZEBUE WSO AP CLIMATE SUMMARY FOR AUGUST 1 2014...
VALID TODAY AS OF 2:00 PM LOCAL TIME

CLIMATE NORMAL PERIOD  1981 TO  2010
CLIMATE RECORD PERIOD  1897 TO  2014

WEATHER ITEM   OBSERVED TIME    RECORD YEAR NORMAL DEPARTURE LAST
               VALUE    (LST)   VALUE       VALUE  FROM      YEAR
                                                   NORMAL
...................................................................
TEMPERATURE
TODAY
 MAXIMUM            58  1118 AM    71  2010     59      -1     66
 MINIMUM            52  0229 AM    34  1931     50       2     57
 AVERAGE            55                          54       1     62

PRECIPITATION
(INCHES)
 TODAY            0.00           0.96  1965   0.07   -0.07      T
 MONTH TO DATE    0.00                        0.07   -0.07      T
 SINCE JUN 1      2.97                        2.10    0.87   2.19
 SINCE JAN 1      5.23                        4.77    0.46   5.79

SNOWFALL
(INCHES)
 TODAY             0.0            0.0  2014    0.0     0.0    0.0
 MONTH TO DATE     0.0                         0.0     0.0    0.0
 SINCE JUN 1       0.0                         0.0     0.0    0.0
 SINCE JUL 1       0.0                         0.0     0.0    0.0
 SNOW DEPTH (IN)     0                                          0

DEGREE DAYS
 HEATING
  TODAY             10                          11      -1      3
  MONTH TO DATE     10                          11      -1      3
  SINCE JUN 1      981                         918      63    690
  SINCE JUL 1      364                         337      27    265

 COOLING
  TODAY              0                           0       0      0
  MONTH TO DATE      0                           0       0      0
  SINCE JUN 1        8                           0       8     13
  SINCE JAN 1        8                           0       8     13
...................................................................

WIND (MPH)
 HIGHEST WIND SPEED    16     HIGHEST WIND DIRECTION    280
 HIGHEST GUST SPEED    19     HIGHEST GUST DIRECTION    280
 AVERAGE WIND SPEED   0.0

SKY COVER
  POSSIBLE SUNSHINE  MM            AVERAGE SKY COVER MM

WEATHER CONDITIONS
 THE FOLLOWING WEATHER WAS RECORDED TODAY.
 FOG


RELATIVE HUMIDITY
 HIGHEST RH     MM PERCENT       MM
 LOWEST  RH     MM PERCENT       MM
 AVERAGE RH     MM PERCENT       MM
...................................................................

THE KOTZEBUE CLIMATE NORMALS FOR TOMORROW
                        NORMAL    RECORD   YEAR
 MAXIMUM TEMPERATURE      58        78     1902
 MINIMUM TEMPERATURE      50        36     1938

SUNRISE AND SUNSET
 AUG 1 2014..........SUNRISE  5:26 AM      SUNSET 12:25 AM
 AUG 2 2014..........SUNRISE  5:30 AM      SUNSET 12:21 AM

-  INDICATES NEGATIVE NUMBERS.
R  INDICATES RECORD HAS BEEN SET OR TIED.
MM INDICATES DATA IS MISSING.
T  INDICATES TRACE OF PRECIPITATION.

&&
-------------------------------------------------------------------

AMOUNT OF DAYLIGHT TODAY  (HOUR:MIN)........18 HOURS 59 MINUTES
LOSS SINCE YESTERDAY (HOUR:MIN:SEC).........-0:08:46

$$
TGH AUG 14
