000
CDAK49 PAFG 290959
CLIOTZ

CLIMATE REPORT
NATIONAL WEATHER SERVICE FAIRBANKS AK
159 AM AKDT MON MAY 29 2017


...................................

...THE KOTZEBUE AK CLIMATE SUMMARY FOR MAY 28 2017...

CLIMATE NORMAL PERIOD 1981 TO 2010
CLIMATE RECORD PERIOD 1920 TO 2017


WEATHER ITEM   OBSERVED TIME   RECORD YEAR NORMAL DEPARTURE LAST
                VALUE   (LST)  VALUE       VALUE  FROM      YEAR
                                                  NORMAL
..................................................................
TEMPERATURE (F)
 YESTERDAY
  MAXIMUM         46   1006 AM  71    1947  43      3       63
  MINIMUM         36    501 AM  18    1984  32      4       43
                                      1976
  AVERAGE         41                        37      4       53

PRECIPITATION (IN)
  YESTERDAY        0.00          0.35 1930   0.01  -0.01     0.00
  MONTH TO DATE    0.41                      0.37   0.04     0.65
  SINCE MAR 1      0.49                      1.35  -0.86     1.42
  SINCE JAN 1      2.08                      2.63  -0.55     2.13

SNOWFALL (IN)
  YESTERDAY        0.0           T    2009   0.0    0.0      0.0
                                      2007
                                      2004
  MONTH TO DATE    0.2                       1.2   -1.0       T
  SINCE MAR 1      2.4                      12.2   -9.8      6.0
  SINCE JUL 1     52.6                      59.8   -7.2     26.0
  SNOW DEPTH       0

DEGREE DAYS
 HEATING
  YESTERDAY       24                        28     -4       12
  MONTH TO DATE  839                       946   -107      735
  SINCE MAR 1   4220                      4479   -259     3814
  SINCE JUL 1  13079                     14724  -1645    12592

 COOLING
  YESTERDAY        0                         0      0        0
  MONTH TO DATE    0                         0      0        0
  SINCE MAR 1      0                         0      0        0
  SINCE JAN 1      0                         0      0        0
..................................................................


WIND (MPH)
  HIGHEST GUST SPEED    16   HIGHEST GUST DIRECTION    SE (130)


SKY COVER
  AVERAGE SKY COVER 0.4


WEATHER CONDITIONS
 THE FOLLOWING WEATHER WAS RECORDED YESTERDAY.
  NO SIGNIFICANT WEATHER WAS OBSERVED.


RELATIVE HUMIDITY (PERCENT)
 HIGHEST    92
 LOWEST     70
 AVERAGE    81

..........................................................


THE KOTZEBUE AK CLIMATE NORMALS FOR TODAY
                         NORMAL    RECORD    YEAR
 MAXIMUM TEMPERATURE (F)   43        74      1947
 MINIMUM TEMPERATURE (F)   32        20      1984
                                             1966
                                             1934


SUNRISE AND SUNSET
MAY 29 2017...........SUNRISE   343 AM AKDT  SUNSET   200 AM AKDT
MAY 30 2017...........SUNRISE   336 AM AKDT  SUNSET   209 AM AKDT

-  INDICATES NEGATIVE NUMBERS.
R  INDICATES RECORD WAS SET OR TIED.
MM INDICATES DATA IS MISSING.
T  INDICATES TRACE AMOUNT.

&&

SNOW DEPTH IS MEASURED AT 3AM AKST/4AM AKDT.

----------------------------
AVAILABLE DAYLIGHT

AMOUNT OF DAYLIGHT TODAY  (HOUR:MIN)........22:10
GAIN/LOSS SINCE YESTERDAY (HOUR:MIN:SEC)....+0:13:24

$$
CCC MAY 17
