480
CDAK49 PAFG 181019
CLIOTZ

CLIMATE REPORT
NATIONAL WEATHER SERVICE FAIRBANKS AK
119 AM AKST WED JAN 18 2017


...................................

...THE KOTZEBUE AK CLIMATE SUMMARY FOR JANUARY 17 2017...

CLIMATE NORMAL PERIOD 1981 TO 2010
CLIMATE RECORD PERIOD 1920 TO 2017


WEATHER ITEM   OBSERVED TIME   RECORD YEAR NORMAL DEPARTURE LAST
                VALUE   (LST)  VALUE       VALUE  FROM      YEAR
                                                  NORMAL
..................................................................
TEMPERATURE (F)
 YESTERDAY
  MAXIMUM        -23    951 AM  37    2009   3    -26       13
  MINIMUM        -31    846 PM -53    1934 -10    -21        2
  AVERAGE        -27                        -3    -24        8

PRECIPITATION (IN)
  YESTERDAY        0.00          0.20 2014   0.02  -0.02     0.00
  MONTH TO DATE    0.15                      0.36  -0.21     0.16
  SINCE DEC 1      0.89                      1.12  -0.23     0.62
  SINCE JAN 1      0.15                      0.36  -0.21     0.16

SNOWFALL (IN)
  YESTERDAY        0.0           2.3  1972   0.3   -0.3      0.0
  MONTH TO DATE    0.9                       5.2   -4.3      1.0
  SINCE DEC 1     15.0                      16.7   -1.7      2.2
  SINCE JUL 1     20.6                      34.1  -13.5     15.6
  SNOW DEPTH      15

DEGREE DAYS
 HEATING
  YESTERDAY       92                        68     24       57
  MONTH TO DATE 1027                      1145   -118      768
  SINCE DEC 1   2829                      3089   -260     2707
  SINCE JUL 1   6442                      7447  -1005     6426

 COOLING
  YESTERDAY        0                         0      0        0
  MONTH TO DATE    0                         0      0        0
  SINCE DEC 1      0                         0      0        0
  SINCE JAN 1      0                         0      0        0
..................................................................


WIND (MPH)
  HIGHEST GUST SPEED    14   HIGHEST GUST DIRECTION    SE (120)


SKY COVER
  AVERAGE SKY COVER 0.0


WEATHER CONDITIONS
 THE FOLLOWING WEATHER WAS RECORDED YESTERDAY.
  FOG
  HAZE


RELATIVE HUMIDITY (PERCENT)
 HIGHEST    75
 LOWEST     61
 AVERAGE    68

..........................................................


THE KOTZEBUE AK CLIMATE NORMALS FOR TODAY
                         NORMAL    RECORD    YEAR
 MAXIMUM TEMPERATURE (F)    3        37      1963
 MINIMUM TEMPERATURE (F)  -10       -55      1934


SUNRISE AND SUNSET
JANUARY 18 2017.......SUNRISE  1146 AM AKST  SUNSET   418 PM AKST
JANUARY 19 2017.......SUNRISE  1142 AM AKST  SUNSET   422 PM AKST

-  INDICATES NEGATIVE NUMBERS.
R  INDICATES RECORD WAS SET OR TIED.
MM INDICATES DATA IS MISSING.
T  INDICATES TRACE AMOUNT.

&&

SNOW DEPTH IS MEASURED AT 3AM AKST/4AM AKDT.

----------------------------
AVAILABLE DAYLIGHT

AMOUNT OF DAYLIGHT TODAY  (HOUR:MIN)........4:32
GAIN/LOSS SINCE YESTERDAY (HOUR:MIN:SEC)....+0:07:56

$$
JAN 17
