000
CDAK49 PAOT 241145
CLIOTZ

CLIMATE REPORT
NATIONAL WEATHER SERVICE KOTZEBUE, AK
345 AM AKDT SUN MAY 24 2015

...................................
...THE KOTZEBUE WSO AP CLIMATE SUMMARY FOR MAY 23 2015...

CLIMATE NORMAL PERIOD  1981 TO  2010
CLIMATE RECORD PERIOD  1897 TO  2015

WEATHER ITEM   OBSERVED TIME    RECORD YEAR NORMAL DEPARTURE LAST
               VALUE    (LST)   VALUE       VALUE  FROM      YEAR
                                                   NORMAL
...................................................................
TEMPERATURE
YESTERDAY
 MAXIMUM            60  0425 PM    68  2002     41      19     36
 MINIMUM            48R 1159 PM     5  1901     30      18     29
 AVERAGE            54                          35      19     33

PRECIPITATION
(INCHES)
 YESTERDAY           T           0.38  1959   0.01   -0.01   0.00
 MONTH TO DATE    0.58                        0.32    0.26   0.47
 SINCE MAR 1      1.66                        1.30    0.36   1.02
 SINCE JAN 1      2.51                        2.58   -0.07   1.74

SNOWFALL
(INCHES)
 YESTERDAY         0.0            1.1  1964    0.0     0.0    0.0
 MONTH TO DATE       T                         1.1    -1.1      T
 SINCE MAR 1       9.4                        12.1    -2.7    7.2
 SINCE JUL 1      24.7                        59.7   -35.0   32.2
 SNOW DEPTH (IN)     0                                          0

DEGREE DAYS
 HEATING
  YESTERDAY         11                          30     -19     32
  MONTH TO DATE    636                         803    -167    700
  SINCE MAR 1     4163                        4341    -178   3747
  SINCE JUL 1    13014                       14583   -1569  12698

 COOLING
  YESTERDAY          0                           0       0      0
  MONTH TO DATE      0                           0       0      0
  SINCE MAR 1        0                           0       0      0
  SINCE JAN 1        0                           0       0      0
...................................................................

WIND (MPH)
 HIGHEST WIND SPEED    25     HIGHEST WIND DIRECTION     80
 HIGHEST GUST SPEED    30     HIGHEST GUST DIRECTION     70
 AVERAGE WIND SPEED  14.2

SKY COVER
  POSSIBLE SUNSHINE    MM          AVERAGE SKY COVER     MM

WEATHER CONDITIONS
 THE FOLLOWING WEATHER WAS RECORDED YESTERDAY.
 RAIN


RELATIVE HUMIDITY
 HIGHEST RH     MM PERCENT       MM
 LOWEST  RH     MM PERCENT       MM
 AVERAGE RH     MM PERCENT       MM
...................................................................

THE KOTZEBUE CLIMATE NORMALS FOR TODAY
                           NORMAL    RECORD   YEAR
 MAXIMUM TEMPERATURE (F)     41        61     2011
 MINIMUM TEMPERATURE (F)     30         4     1901

SUNRISE AND SUNSET
 MAY 24 2015..........SUNRISE  4:15 AM      SUNSET  1:25 AM
 MAY 25 2015..........SUNRISE  4:10 AM      SUNSET  1:31 AM

-  INDICATES NEGATIVE NUMBERS.
R  INDICATES RECORD HAS BEEN SET OR TIED.
MM INDICATES DATA IS MISSING.
T  INDICATES TRACE OF PRECIPITATION.

&&
-------------------------------------------------------------------

AMOUNT OF DAYLIGHT TODAY  (HOUR:MIN)........21 HOURS 10 MINUTES
GAIN SINCE YESTERDAY (HOUR:MIN:SEC).........+0:10:32

$$
TGH MAY 15
