000
CDAK49 PAFG 210957
CLIOTZ

CLIMATE REPORT
NATIONAL WEATHER SERVICE FAIRBANKS AK
157 AM AKDT FRI JUL 21 2017


...................................

...THE KOTZEBUE AK CLIMATE SUMMARY FOR JULY 20 2017...

CLIMATE NORMAL PERIOD 1981 TO 2010
CLIMATE RECORD PERIOD 1920 TO 2017


WEATHER ITEM   OBSERVED TIME   RECORD YEAR NORMAL DEPARTURE LAST
                VALUE   (LST)  VALUE       VALUE  FROM      YEAR
                                                  NORMAL
..................................................................
TEMPERATURE (F)
 YESTERDAY
  MAXIMUM         60   1159 PM  82    1939  60      0       57
  MINIMUM         50    719 AM  39    1965  51     -1       53
  AVERAGE         55                        55      0       55

PRECIPITATION (IN)
  YESTERDAY        0.00          0.45 2016   0.05  -0.05     0.45
  MONTH TO DATE    0.94                      0.80   0.14     1.23
  SINCE JUN 1      1.14                      1.38  -0.24     1.48
  SINCE JAN 1      3.22                      4.05  -0.83     3.61

SNOWFALL (IN)
  YESTERDAY        0.0           0.0    MM   0.0    0.0      0.0
  MONTH TO DATE    0.0                       0.0    0.0      0.0
  SINCE JUN 1      0.0                       0.0    0.0      0.0
  SINCE JUL 1      0.0                       0.0    0.0      0.0
  SNOW DEPTH       0

DEGREE DAYS
 HEATING
  YESTERDAY       10                        10      0       10
  MONTH TO DATE  148                       215    -67      157
  SINCE JUN 1    559                       795   -236      561
  SINCE JUL 1    148                       215    -67      157

 COOLING
  YESTERDAY        0                         0      0        0
  MONTH TO DATE    1                         0      1        5
  SINCE JUN 1      1                         1      0        5
  SINCE JAN 1      1                         1      0        5
..................................................................


WIND (MPH)
  HIGHEST GUST SPEED    29   HIGHEST GUST DIRECTION     W (290)


SKY COVER
  AVERAGE SKY COVER 0.5


WEATHER CONDITIONS
 THE FOLLOWING WEATHER WAS RECORDED YESTERDAY.
  FOG
  FOG W/VISIBILITY <= 1/4 MILE


RELATIVE HUMIDITY (PERCENT)
 HIGHEST   100
 LOWEST     75
 AVERAGE    88

..........................................................


THE KOTZEBUE AK CLIMATE NORMALS FOR TODAY
                         NORMAL    RECORD    YEAR
 MAXIMUM TEMPERATURE (F)   60        80      1939
 MINIMUM TEMPERATURE (F)   51        37      2008


SUNRISE AND SUNSET
JULY 21 2017..........SUNRISE   436 AM AKDT  SUNSET   115 AM AKDT
JULY 22 2017..........SUNRISE   441 AM AKDT  SUNSET   110 AM AKDT

-  INDICATES NEGATIVE NUMBERS.
R  INDICATES RECORD WAS SET OR TIED.
MM INDICATES DATA IS MISSING.
T  INDICATES TRACE AMOUNT.

&&

SNOW DEPTH IS MEASURED AT 3AM AKST/4AM AKDT.

----------------------------
AVAILABLE DAYLIGHT

AMOUNT OF DAYLIGHT TODAY  (HOUR:MIN)........20:44
GAIN/LOSS SINCE YESTERDAY (HOUR:MIN:SEC)....-0:10:13

$$
DJH JUL 17
