353
CDAK49 PAOT 252330
CLIOTZ

CLIMATE REPORT
NATIONAL WEATHER SERVICE KOTZEBUE, AK
330 PM AKDT MON JUL 25 2016

...................................
...THE KOTZEBUE WSO AP CLIMATE SUMMARY FOR JULY 25 2016...
VALID TODAY AS OF 2:00 PM LOCAL TIME

CLIMATE NORMAL PERIOD  1981 TO  2010
CLIMATE RECORD PERIOD  1897 TO  2016

WEATHER ITEM   OBSERVED TIME    RECORD YEAR NORMAL DEPARTURE LAST
               VALUE    (LST)   VALUE       VALUE  FROM      YEAR
                                                   NORMAL
...................................................................
TEMPERATURE
TODAY
 MAXIMUM            63  1235 AM    79  1955     60       3     55
 MINIMUM            58  0136 PM    34  1931     51       7     50
 AVERAGE            61                          55       6     53

PRECIPITATION
(INCHES)
 TODAY            0.00           0.67  1996   0.05   -0.05   0.00
 MONTH TO DATE    1.23                        1.07    0.16   0.28
 SINCE JUN 1      1.48                        1.65   -0.17   0.49
 SINCE JAN 1      3.59                        4.32   -0.73   3.00

SNOWFALL
(INCHES)
 TODAY             0.0            0.0  2015    0.0     0.0    0.0
 MONTH TO DATE     0.0                         0.0     0.0    0.0
 SINCE JUN 1       0.0                         0.0     0.0    0.0
 SINCE JUL 1       0.0                         0.0     0.0    0.0
 SNOW DEPTH (IN)     0                                          0

DEGREE DAYS
 HEATING
  TODAY              4                          10      -6     12
  MONTH TO DATE    181                         265     -84    132
  SINCE JUN 1      585                         846    -261    541
  SINCE JUL 1      181                         265     -84    132

 COOLING
  TODAY              0                           0       0      0
  MONTH TO DATE      5                           0       5     10
  SINCE JUN 1        5                           0       5     14
  SINCE JAN 1        5                           0       5     14
...................................................................

WIND (MPH)
 HIGHEST WIND SPEED    13     HIGHEST WIND DIRECTION    300
 HIGHEST GUST SPEED    14     HIGHEST GUST DIRECTION    270
 AVERAGE WIND SPEED   0.0

SKY COVER
  POSSIBLE SUNSHINE  MM            AVERAGE SKY COVER MM

WEATHER CONDITIONS
 THE FOLLOWING WEATHER WAS RECORDED TODAY.
NO SIGNIFICANT WEATHER WAS OBSERVED.

RELATIVE HUMIDITY
 HIGHEST RH     MM PERCENT       MM
 LOWEST  RH     MM PERCENT       MM
 AVERAGE RH     MM PERCENT       MM
...................................................................

THE KOTZEBUE CLIMATE NORMALS FOR TOMORROW
                        NORMAL    RECORD   YEAR
 MAXIMUM TEMPERATURE      59        79     1970
 MINIMUM TEMPERATURE      51        33     1931

SUNRISE AND SUNSET
 JUL 25 2016..........SUNRISE  4:57 AM      SUNSET 12:54 AM
 JUL 26 2016..........SUNRISE  5:01 AM      SUNSET 12:50 AM

-  INDICATES NEGATIVE NUMBERS.
R  INDICATES RECORD HAS BEEN SET OR TIED.
MM INDICATES DATA IS MISSING.
T  INDICATES TRACE OF PRECIPITATION.

&&
-------------------------------------------------------------------

AMOUNT OF DAYLIGHT TODAY  (HOUR:MIN)........19 HOURS 57 MINUTES
LOSS SINCE YESTERDAY  (HOUR:MIN:SEC)........-0:09:27

$$
SV JUL 16
