741
CDUS43 KDDC 211425
CLIP28


CLIMATE REPORT
NATIONAL WEATHER SERVICE DODGE CITY KS
925 AM CDT FRI JUL 21 2017


...................................

...THE MEDICINE LODGE KS CLIMATE SUMMARY FOR JULY 21 2017...
VALID AS OF 0800 AM LOCAL TIME.

CLIMATE NORMAL PERIOD 1981 TO 2010
CLIMATE RECORD PERIOD 1893 TO 2017


WEATHER ITEM   OBSERVED TIME   RECORD YEAR NORMAL DEPARTURE LAST
                VALUE   (LST)  VALUE       VALUE  FROM      YEAR
                                                  NORMAL
..................................................................
TEMPERATURE (F)
 TODAY
  MAXIMUM         84    759 AM 110    1939  95    -11      103
  MINIMUM         77    612 AM  50    1970  70      7       75
  AVERAGE         81                        83     -2       89

PRECIPITATION (IN)
  TODAY            0.00          4.37 2015   0.11  -0.11     0.00
  MONTH TO DATE    0.79                      2.43  -1.64     1.56
  SINCE JUN 1      2.78                      6.54  -3.76     3.46
  SINCE JAN 1     18.33                     16.28   2.05    12.24

..................................................................


WIND (MPH)
  HIGHEST WIND SPEED    14   HIGHEST WIND DIRECTION     S (170)
  HIGHEST GUST SPEED    17   HIGHEST GUST DIRECTION     S (170)



WEATHER CONDITIONS
 THE FOLLOWING WEATHER WAS RECORDED TODAY.
  NO SIGNIFICANT WEATHER WAS OBSERVED.


RELATIVE HUMIDITY (PERCENT)
 HIGHEST    64           500 AM
 LOWEST     47          1200 AM

..........................................................


THE MEDICINE LODGE KS CLIMATE NORMALS FOR TOMORROW
                         NORMAL    RECORD    YEAR
 MAXIMUM TEMPERATURE (F)   95       110      1954
 MINIMUM TEMPERATURE (F)   70        52      1970


SUNRISE AND SUNSET
JULY 21 2017..........SUNRISE   630 AM CDT   SUNSET   851 PM CDT
JULY 22 2017..........SUNRISE   631 AM CDT   SUNSET   850 PM CDT


-  INDICATES NEGATIVE NUMBERS.
R  INDICATES RECORD WAS SET OR TIED.
MM INDICATES DATA IS MISSING.
T  INDICATES TRACE AMOUNT.




$$
