489
CDUS43 KDDC 091427
CLIP28


CLIMATE REPORT
NATIONAL WEATHER SERVICE DODGE CITY KS
826 AM CST TUE FEB 9 2016


...................................

...THE MEDICINE LODGE KS CLIMATE SUMMARY FOR FEBRUARY 9 2016...
VALID AS OF 0800 AM LOCAL TIME.

CLIMATE NORMAL PERIOD 1981 TO 2010
CLIMATE RECORD PERIOD 1893 TO 2016


WEATHER ITEM   OBSERVED TIME   RECORD YEAR NORMAL DEPARTURE LAST
                VALUE   (LST)  VALUE       VALUE  FROM      YEAR
                                                  NORMAL
..................................................................
TEMPERATURE (F)
 TODAY
  MAXIMUM         31    418 AM  85    1976  49    -18       63
  MINIMUM         26    255 AM -10    2011  24      2       34
  AVERAGE         29                        37     -8       49

PRECIPITATION (IN)
  TODAY            0.00          0.56 1984   0.04  -0.04     0.00
  MONTH TO DATE    0.38                      0.26   0.12     0.01
  SINCE DEC 1      3.26                      1.89   1.37     2.09
  SINCE JAN 1      0.89                      0.97  -0.08     0.77

..................................................................


WIND (MPH)
  HIGHEST WIND SPEED    10   HIGHEST WIND DIRECTION    NW (300)
  HIGHEST GUST SPEED    15   HIGHEST GUST DIRECTION     W (290)



WEATHER CONDITIONS
 THE FOLLOWING WEATHER WAS RECORDED TODAY.
  NO SIGNIFICANT WEATHER WAS OBSERVED.


RELATIVE HUMIDITY (PERCENT)
 HIGHEST    69           500 AM
 LOWEST     53          1200 AM

..........................................................


THE MEDICINE LODGE KS CLIMATE NORMALS FOR TOMORROW
                         NORMAL    RECORD    YEAR
 MAXIMUM TEMPERATURE (F)   49        82      1976
 MINIMUM TEMPERATURE (F)   25       -17      2011


SUNRISE AND SUNSET
FEBRUARY  9 2016......SUNRISE   730 AM CST   SUNSET   607 PM CST
FEBRUARY 10 2016......SUNRISE   729 AM CST   SUNSET   608 PM CST


-  INDICATES NEGATIVE NUMBERS.
R  INDICATES RECORD WAS SET OR TIED.
MM INDICATES DATA IS MISSING.
T  INDICATES TRACE AMOUNT.




$$
