000
CDUS43 KDDC 301009
CLIP28


CLIMATE REPORT
NATIONAL WEATHER SERVICE DODGE CITY KS
407 AM CST FRI JAN 30 2015


...................................

...THE MEDICINE LODGE KS CLIMATE SUMMARY FOR JANUARY 29 2015...

CLIMATE NORMAL PERIOD 1981 TO 2010
CLIMATE RECORD PERIOD 1893 TO 2015


WEATHER ITEM   OBSERVED TIME   RECORD YEAR NORMAL DEPARTURE LAST
                VALUE   (LST)  VALUE       VALUE  FROM      YEAR
                                                  NORMAL
..................................................................
TEMPERATURE (F)
 YESTERDAY
  MAXIMUM         54   1201 AM  75    1971  47      7       52
  MINIMUM         26   1159 PM -10    1902  22      4        5
  AVERAGE         40                        35      5       29

PRECIPITATION (IN)
  YESTERDAY        0.00          0.45 1902   0.03  -0.03     0.00
  MONTH TO DATE    0.24                      0.65  -0.41     0.14
  SINCE DEC 1      1.56                      1.57  -0.01     0.65
  SINCE JAN 1      0.24                      0.65  -0.41     0.14

SNOWFALL (IN)
  YESTERDAY        0.0          MM      MM   0.1             0.0
  MONTH TO DATE    1.0                       3.0             3.5
  SINCE DEC 1      2.3                       5.7             8.5
  SINCE JUL 1      4.8                       5.9            10.0
  SNOW DEPTH       0

DEGREE DAYS
 HEATING
  YESTERDAY       25                        30     -5       36
  MONTH TO DATE  861                       916    -55      933
  SINCE DEC 1   1720                      1857   -137     1993
  SINCE JUL 1   2625                      2715    -90     2931

 COOLING
  YESTERDAY        0                         0      0        0
  MONTH TO DATE    0                         0      0        0
  SINCE DEC 1      0                         0      0        0
  SINCE JAN 1      0                         0      0        0
..................................................................


WIND (MPH)
  HIGHEST WIND SPEED    29   HIGHEST WIND DIRECTION     N (360)
  HIGHEST GUST SPEED    39   HIGHEST GUST DIRECTION     N (360)
  AVERAGE WIND SPEED    13.8




RELATIVE HUMIDITY (PERCENT)
 HIGHEST    78          1000 PM
 LOWEST     35           300 PM
 AVERAGE    57

..........................................................


THE MEDICINE LODGE KS CLIMATE NORMALS FOR TODAY
                         NORMAL    RECORD    YEAR
 MAXIMUM TEMPERATURE (F)   47        73      1989
 MINIMUM TEMPERATURE (F)   23        -6      1899


SUNRISE AND SUNSET
JANUARY 30 2015.......SUNRISE   739 AM CST   SUNSET   556 PM CST
JANUARY 31 2015.......SUNRISE   738 AM CST   SUNSET   558 PM CST


-  INDICATES NEGATIVE NUMBERS.
R  INDICATES RECORD WAS SET OR TIED.
MM INDICATES DATA IS MISSING.
T  INDICATES TRACE AMOUNT.




$$
