000
CDUS43 KDDC 220728
CLIP28


CLIMATE REPORT
NATIONAL WEATHER SERVICE DODGE CITY KS
127 AM CST THU FEB 22 2018


...................................

...THE MEDICINE LODGE KS CLIMATE SUMMARY FOR FEBRUARY 21 2018...

CLIMATE NORMAL PERIOD 1981 TO 2010
CLIMATE RECORD PERIOD 1893 TO 2018


WEATHER ITEM   OBSERVED TIME   RECORD YEAR NORMAL DEPARTURE LAST
                VALUE   (LST)  VALUE       VALUE  FROM      YEAR
                                                  NORMAL
..................................................................
TEMPERATURE (F)
 YESTERDAY
  MAXIMUM         28    325 PM  83    1935  52    -24       76
  MINIMUM         15    817 AM  -3    1939  27    -12       31
  AVERAGE         22                        40    -18       54

PRECIPITATION (IN)
  YESTERDAY        0.19          1.10 2013   0.05   0.14     0.00
  MONTH TO DATE    0.20                      0.72  -0.52     0.22
  SINCE DEC 1      0.28                      2.35  -2.07     4.62
  SINCE JAN 1      0.28                      1.43  -1.15     3.92

SNOWFALL (IN)
  YESTERDAY       MM            MM      MM   0.1             0.0
  MONTH TO DATE    0.0                       1.9             0.0
  SINCE DEC 1      T                         7.9             1.4
  SINCE JUL 1      T                         8.1             1.4
  SNOW DEPTH       0

DEGREE DAYS
 HEATING
  YESTERDAY       43                        25     18       11
  MONTH TO DATE  645                       584     61      415
  SINCE DEC 1   2446                      2503    -57     2339
  SINCE JUL 1   3206                      3361   -155     2875

 COOLING
  YESTERDAY        0                         0      0        0
  MONTH TO DATE    0                         0      0        0
  SINCE DEC 1      0                         0      0        0
  SINCE JAN 1      0                         0      0        0
..................................................................


WIND (MPH)
  HIGHEST WIND SPEED    23   HIGHEST WIND DIRECTION     N (10)
  HIGHEST GUST SPEED    31   HIGHEST GUST DIRECTION     N (10)
  AVERAGE WIND SPEED    13.3




RELATIVE HUMIDITY (PERCENT)
 HIGHEST    96           900 PM
 LOWEST     46           300 PM
 AVERAGE    71

..........................................................


THE MEDICINE LODGE KS CLIMATE NORMALS FOR TODAY
                         NORMAL    RECORD    YEAR
 MAXIMUM TEMPERATURE (F)   52        84      2017
 MINIMUM TEMPERATURE (F)   28         3      2013


SUNRISE AND SUNSET
FEBRUARY 22 2018......SUNRISE   715 AM CST   SUNSET   621 PM CST
FEBRUARY 23 2018......SUNRISE   713 AM CST   SUNSET   622 PM CST


-  INDICATES NEGATIVE NUMBERS.
R  INDICATES RECORD WAS SET OR TIED.
MM INDICATES DATA IS MISSING.
T  INDICATES TRACE AMOUNT.




$$
