000
CDUS43 KDDC 201009
CLIP28


CLIMATE REPORT
NATIONAL WEATHER SERVICE DODGE CITY KS
508 AM CDT MON OCT 20 2014


...................................

...THE MEDICINE LODGE KS CLIMATE SUMMARY FOR OCTOBER 19 2014...

CLIMATE NORMAL PERIOD 1981 TO 2010
CLIMATE RECORD PERIOD 1893 TO 2014


WEATHER ITEM   OBSERVED TIME   RECORD YEAR NORMAL DEPARTURE LAST
                VALUE   (LST)  VALUE       VALUE  FROM      YEAR
                                                  NORMAL
..................................................................
TEMPERATURE (F)
 YESTERDAY
  MAXIMUM         74    422 PM  91    1943  70      4       68
  MINIMUM         46   1254 AM  19    1917  45      1       29
  AVERAGE         60                        58      2       49

PRECIPITATION (IN)
  YESTERDAY        0.00          1.60 1941   0.10  -0.10     0.00
  MONTH TO DATE    0.64                      1.86  -1.22     0.79
  SINCE SEP 1      1.49                      3.96  -2.47     1.88
  SINCE JAN 1     19.00                     24.31  -5.31    23.52

SNOWFALL (IN)
  YESTERDAY        0.0          MM      MM   0.0             0.0
  MONTH TO DATE    0.0                       0.0             0.0
  SINCE SEP 1      0.0                       0.0             0.0
  SINCE JUL 1      0.0                       0.0             0.0
  SNOW DEPTH       0

DEGREE DAYS
 HEATING
  YESTERDAY        5                         8     -3
  MONTH TO DATE  101                       110     -9
  SINCE SEP 1    120                       144    -24
  SINCE JUL 1    125                       144    -19

 COOLING
  YESTERDAY        0                         1     -1        0
  MONTH TO DATE   36                        35      1       45
  SINCE SEP 1    289                       255     34      337
  SINCE JAN 1   1773                      1766      7     1786
..................................................................


WIND (MPH)
  HIGHEST WIND SPEED    15   HIGHEST WIND DIRECTION     S (170)
  HIGHEST GUST SPEED    20   HIGHEST GUST DIRECTION     S (170)
  AVERAGE WIND SPEED     7.0




RELATIVE HUMIDITY (PERCENT)
 HIGHEST    84          1000 PM
 LOWEST     49           400 PM
 AVERAGE    67

..........................................................


THE MEDICINE LODGE KS CLIMATE NORMALS FOR TODAY
                         NORMAL    RECORD    YEAR
 MAXIMUM TEMPERATURE (F)   70        94      1927
 MINIMUM TEMPERATURE (F)   45        16      1976


SUNRISE AND SUNSET
OCTOBER 20 2014.......SUNRISE   747 AM CDT   SUNSET   651 PM CDT
OCTOBER 21 2014.......SUNRISE   748 AM CDT   SUNSET   649 PM CDT


-  INDICATES NEGATIVE NUMBERS.
R  INDICATES RECORD WAS SET OR TIED.
MM INDICATES DATA IS MISSING.
T  INDICATES TRACE AMOUNT.




$$
