000
CDUS43 KDDC 301434
CLIP28


CLIMATE REPORT
NATIONAL WEATHER SERVICE DODGE CITY KS
934 AM CDT SAT MAY 30 2015


...................................

...THE MEDICINE LODGE KS CLIMATE SUMMARY FOR MAY 30 2015...
VALID AS OF 0800 AM LOCAL TIME.

CLIMATE NORMAL PERIOD 1981 TO 2010
CLIMATE RECORD PERIOD 1893 TO 2015


WEATHER ITEM   OBSERVED TIME   RECORD YEAR NORMAL DEPARTURE LAST
                VALUE   (LST)  VALUE       VALUE  FROM      YEAR
                                                  NORMAL
..................................................................
TEMPERATURE (F)
 TODAY
  MAXIMUM         62   1259 AM 103    1913  84    -22       88
  MINIMUM         54    613 AM  42    1947  60     -6       63
  AVERAGE         58                        72    -14       76

PRECIPITATION (IN)
  TODAY            0.00          2.28 2006   0.15  -0.15     0.00
  MONTH TO DATE    6.79                      3.16   3.63     0.82
  SINCE MAR 1     10.65                      7.85   2.80     1.94
  SINCE JAN 1     11.96                      9.60   2.36     2.89

..................................................................


WIND (MPH)
  HIGHEST WIND SPEED    26   HIGHEST WIND DIRECTION     N (360)
  HIGHEST GUST SPEED    36   HIGHEST GUST DIRECTION     N (360)



WEATHER CONDITIONS
 THE FOLLOWING WEATHER WAS RECORDED TODAY.
  NO SIGNIFICANT WEATHER WAS OBSERVED.


RELATIVE HUMIDITY (PERCENT)
 HIGHEST    86

..........................................................


THE MEDICINE LODGE KS CLIMATE NORMALS FOR TOMORROW
                         NORMAL    RECORD    YEAR
 MAXIMUM TEMPERATURE (F)   84       106      1953
 MINIMUM TEMPERATURE (F)   60        41      1975


SUNRISE AND SUNSET
MAY 30 2015...........SUNRISE   616 AM CDT   SUNSET   848 PM CDT
MAY 31 2015...........SUNRISE   616 AM CDT   SUNSET   848 PM CDT


-  INDICATES NEGATIVE NUMBERS.
R  INDICATES RECORD WAS SET OR TIED.
MM INDICATES DATA IS MISSING.
T  INDICATES TRACE AMOUNT.




$$
