687
CDUS43 KDDC 102325
CLIP28


CLIMATE REPORT
NATIONAL WEATHER SERVICE DODGE CITY KS
525 PM CST SAT DEC 10 2016


...................................

...THE MEDICINE LODGE KS CLIMATE SUMMARY FOR DECEMBER 10 2016...
VALID TODAY AS OF 0500 PM LOCAL TIME.

CLIMATE NORMAL PERIOD 1981 TO 2010
CLIMATE RECORD PERIOD 1893 TO 2016


WEATHER ITEM   OBSERVED TIME   RECORD YEAR NORMAL DEPARTURE LAST
                VALUE   (LST)  VALUE       VALUE  FROM      YEAR
                                                  NORMAL
..................................................................
TEMPERATURE (F)
 TODAY
  MAXIMUM         46    357 PM  78    1933  47     -1       68
  MINIMUM         17    119 AM  -5    1919  24     -7       35
  AVERAGE         32                        36     -4       52

PRECIPITATION (IN)
  TODAY            0.00          1.10 1960   0.03  -0.03     0.00
  MONTH TO DATE    0.27                      0.30  -0.03     0.00
  SINCE DEC 1      0.27                      0.30  -0.03     0.00
  SINCE JAN 1     29.91                     26.52   3.39    31.83

DEGREE DAYS
 HEATING
  TODAY           33                        30      3       13
  MONTH TO DATE  320                       282     38      205
  SINCE DEC 1    320                       282     38      205
  SINCE JUL 1    856                      1140   -284      800

 COOLING
  TODAY            0                         0      0        0
  MONTH TO DATE    0                         0      0        0
  SINCE DEC 1      0                         0      0        0
  SINCE JAN 1   1937                      1770    167     1867
..................................................................


WIND (MPH)
  HIGHEST WIND SPEED    23   HIGHEST WIND DIRECTION     S (180)
  HIGHEST GUST SPEED    31   HIGHEST GUST DIRECTION     S (170)
  AVERAGE WIND SPEED    11.0




RELATIVE HUMIDITY (PERCENT)
 HIGHEST    74           900 AM
 LOWEST     45           200 PM
 AVERAGE    60

..........................................................


THE MEDICINE LODGE KS CLIMATE NORMALS FOR TOMORROW
                         NORMAL    RECORD    YEAR
 MAXIMUM TEMPERATURE (F)   47        80      1939
 MINIMUM TEMPERATURE (F)   24         2      1914


SUNRISE AND SUNSET
DECEMBER 10 2016......SUNRISE   738 AM CST   SUNSET   517 PM CST
DECEMBER 11 2016......SUNRISE   739 AM CST   SUNSET   517 PM CST


-  INDICATES NEGATIVE NUMBERS.
R  INDICATES RECORD WAS SET OR TIED.
MM INDICATES DATA IS MISSING.
T  INDICATES TRACE AMOUNT.




$$
