000
CDUS43 KDDC 300706
CLIP28


CLIMATE REPORT
NATIONAL WEATHER SERVICE DODGE CITY KS
206 AM CDT TUE MAY 30 2017


...................................

...THE MEDICINE LODGE KS CLIMATE SUMMARY FOR MAY 29 2017...

CLIMATE NORMAL PERIOD 1981 TO 2010
CLIMATE RECORD PERIOD 1893 TO 2017


WEATHER ITEM   OBSERVED TIME   RECORD YEAR NORMAL DEPARTURE LAST
                VALUE   (LST)  VALUE       VALUE  FROM      YEAR
                                                  NORMAL
..................................................................
TEMPERATURE (F)
 YESTERDAY
  MAXIMUM         86    336 PM 104    1913  83      3       84
  MINIMUM         49    524 AM  38    1984  60    -11       57
  AVERAGE         68                        72     -4       71

PRECIPITATION (IN)
  YESTERDAY        0.00          2.65 1918   0.13  -0.13     0.00
  MONTH TO DATE    4.93                      3.01   1.92     1.84
  SINCE MAR 1     11.38                      7.70   3.68     7.45
  SINCE JAN 1     15.30                      9.45   5.85     8.34

SNOWFALL (IN)
  YESTERDAY        0.0          MM      MM   0.0             0.0
  MONTH TO DATE    0.0                       0.0             0.0
  SINCE MAR 1      0.0                       0.1             1.0
  SINCE JUL 1      1.4                       8.5             2.0
  SNOW DEPTH       0

DEGREE DAYS
 HEATING
  YESTERDAY        0                         1     -1        0
  MONTH TO DATE   37                        71    -34      109
  SINCE MAR 1    710                       927   -217      712
  SINCE JUL 1   3711                      4456   -745     3601

 COOLING
  YESTERDAY        3                         7     -4        6
  MONTH TO DATE   40                       118    -78       90
  SINCE MAR 1     80                       142    -62      126
  SINCE JAN 1     80                       142    -62      126
..................................................................


WIND (MPH)
  HIGHEST WIND SPEED    17   HIGHEST WIND DIRECTION     N (20)
  HIGHEST GUST SPEED    23   HIGHEST GUST DIRECTION     N (340)
  AVERAGE WIND SPEED     6.4




RELATIVE HUMIDITY (PERCENT)
 HIGHEST    86           400 AM
 LOWEST     27           500 PM
 AVERAGE    57

..........................................................


THE MEDICINE LODGE KS CLIMATE NORMALS FOR TODAY
                         NORMAL    RECORD    YEAR
 MAXIMUM TEMPERATURE (F)   84       103      1913
 MINIMUM TEMPERATURE (F)   60        42      1947


SUNRISE AND SUNSET
MAY 30 2017...........SUNRISE   616 AM CDT   SUNSET   848 PM CDT
MAY 31 2017...........SUNRISE   616 AM CDT   SUNSET   849 PM CDT


-  INDICATES NEGATIVE NUMBERS.
R  INDICATES RECORD WAS SET OR TIED.
MM INDICATES DATA IS MISSING.
T  INDICATES TRACE AMOUNT.




$$
