000
CDUS45 KRIW 250735
CLIP60


CLIMATE REPORT
NATIONAL WEATHER SERVICE RIVERTON WY
135 AM MDT WED MAY 25 2016


...................................

...THE LAKE YELLOWSTONE WY CLIMATE SUMMARY FOR MAY 24 2016...

CLIMATE NORMAL PERIOD 1981 TO 2010
CLIMATE RECORD PERIOD 1998 TO 2016


WEATHER ITEM   OBSERVED TIME   RECORD YEAR NORMAL DEPARTURE LAST
                VALUE   (LST)  VALUE       VALUE  FROM      YEAR
                                                  NORMAL
..................................................................
TEMPERATURE (F)
 YESTERDAY
  MAXIMUM         52    251 PM  71    2001  54     -2       52
  MINIMUM         27    400 AM  22    2007  30     -3       32
  AVERAGE         40                        42     -2       42

PRECIPITATION (IN)
  YESTERDAY        0.27          0.88 2011   0.07   0.20     0.02
  MONTH TO DATE    1.80                      1.68   0.12     2.13
  SINCE MAR 1      5.40                      4.97   0.43     3.87
  SINCE JAN 1      8.05                      8.49  -0.44     6.76

DEGREE DAYS
 HEATING
  YESTERDAY       25                        23      2       23
  MONTH TO DATE  593                       624    -31      567
  SINCE MAR 1   2804                      2938   -134     2729
  SINCE JUL 1  10588                     10875   -287    10293

 COOLING
  YESTERDAY        0                         0      0        0
  MONTH TO DATE    0                         0      0        0
  SINCE MAR 1      0                         0      0        0
  SINCE JAN 1      0                         0      0        0
..................................................................


WIND (MPH)
  HIGHEST WIND SPEED    12   HIGHEST WIND DIRECTION     W (280)
  HIGHEST GUST SPEED    17   HIGHEST GUST DIRECTION     W (270)
  AVERAGE WIND SPEED     1.3


SKY COVER
  POSSIBLE SUNSHINE  MM
  AVERAGE SKY COVER 0.0


WEATHER CONDITIONS
 THE FOLLOWING WEATHER WAS RECORDED YESTERDAY.
  NO SIGNIFICANT WEATHER WAS OBSERVED.


RELATIVE HUMIDITY (PERCENT)
 HIGHEST    96          1100 PM
 LOWEST     39          1200 PM
 AVERAGE    68

..........................................................


THE LAKE YELLOWSTONE WY CLIMATE NORMALS FOR TODAY
                         NORMAL    RECORD    YEAR
 MAXIMUM TEMPERATURE (F)   54        69      2003
 MINIMUM TEMPERATURE (F)   31        23      2005


SUNRISE AND SUNSET
MAY 25 2016...........SUNRISE   544 AM MDT   SUNSET   854 PM MDT
MAY 26 2016...........SUNRISE   543 AM MDT   SUNSET   855 PM MDT


-  INDICATES NEGATIVE NUMBERS.
R  INDICATES RECORD WAS SET OR TIED.
MM INDICATES DATA IS MISSING.
T  INDICATES TRACE AMOUNT.




$$
