000
CDUS45 KRIW 030737
CLIP60


CLIMATE REPORT
NATIONAL WEATHER SERVICE RIVERTON WY
135 AM MDT FRI JUL 3 2015


...................................

...THE LAKE YELLOWSTONE WY CLIMATE SUMMARY FOR JULY 2 2015...

CLIMATE NORMAL PERIOD 1981 TO 2010
CLIMATE RECORD PERIOD 1998 TO 2015


WEATHER ITEM   OBSERVED TIME   RECORD YEAR NORMAL DEPARTURE LAST
                VALUE   (LST)  VALUE       VALUE  FROM      YEAR
                                                  NORMAL
..................................................................
TEMPERATURE (F)
 YESTERDAY
  MAXIMUM         78    500 PM  85    2013  69      9       70
  MINIMUM         43    450 AM  31    2011  38      5       33
  AVERAGE         61                        54      7       52

PRECIPITATION (IN)
  YESTERDAY        0.00          0.16 2006   0.05  -0.05     0.00
  MONTH TO DATE    0.00                      0.09  -0.09     0.00
  SINCE JUN 1      0.91                      2.09  -1.18     2.34
  SINCE JAN 1      8.65                     11.17  -2.52    17.48

DEGREE DAYS
 HEATING
  YESTERDAY        4                        12     -8       13
  MONTH TO DATE    5                        24    -19       30
  SINCE JUN 1    331                       517   -186      616
  SINCE JUL 1      5                        24    -19       30

 COOLING
  YESTERDAY        0                         0      0        0
  MONTH TO DATE    0                         0      0        0
  SINCE JUN 1      1                         0      1        0
  SINCE JAN 1      1                         0      1        0
..................................................................


WIND (MPH)
  HIGHEST WIND SPEED     7   HIGHEST WIND DIRECTION    NW (320)
  HIGHEST GUST SPEED    13   HIGHEST GUST DIRECTION    SE (130)
  AVERAGE WIND SPEED     2.5


SKY COVER
  POSSIBLE SUNSHINE  MM
  AVERAGE SKY COVER 0.0


WEATHER CONDITIONS
 THE FOLLOWING WEATHER WAS RECORDED YESTERDAY.
  NO SIGNIFICANT WEATHER WAS OBSERVED.


RELATIVE HUMIDITY (PERCENT)
 HIGHEST    83           400 AM
 LOWEST     22           500 PM
 AVERAGE    53

..........................................................


THE LAKE YELLOWSTONE WY CLIMATE NORMALS FOR TODAY
                         NORMAL    RECORD    YEAR
 MAXIMUM TEMPERATURE (F)   69        82      2013
                                             2001
 MINIMUM TEMPERATURE (F)   38        35      2005
                                             2004


SUNRISE AND SUNSET
JULY  3 2015..........SUNRISE   542 AM MDT   SUNSET   910 PM MDT
JULY  4 2015..........SUNRISE   542 AM MDT   SUNSET   910 PM MDT


-  INDICATES NEGATIVE NUMBERS.
R  INDICATES RECORD WAS SET OR TIED.
MM INDICATES DATA IS MISSING.
T  INDICATES TRACE AMOUNT.




$$
