000
CDUS45 KRIW 220735
CLIP60


CLIMATE REPORT
NATIONAL WEATHER SERVICE RIVERTON WY
127 AM MDT TUE JUL 22 2014


...................................

...THE LAKE YELLOWSTONE WY CLIMATE SUMMARY FOR JULY 21 2014...

CLIMATE NORMAL PERIOD 1981 TO 2010
CLIMATE RECORD PERIOD 1998 TO 2014


WEATHER ITEM   OBSERVED TIME   RECORD YEAR NORMAL DEPARTURE LAST
                VALUE   (LST)  VALUE       VALUE  FROM      YEAR
                                                  NORMAL
..................................................................
TEMPERATURE (F)
 YESTERDAY
  MAXIMUM         72    338 PM  84    2007  73     -1       79
  MINIMUM         46   1159 PM  34    2011  41      5       40
                                      2010
                                      2000
  AVERAGE         59                        57      2       60

PRECIPITATION (IN)
  YESTERDAY        0.12          0.14 2008   0.06   0.06     0.00
  MONTH TO DATE    1.24                      0.97   0.27     0.94
  SINCE JUN 1      3.58                      2.97   0.61     1.70
  SINCE JAN 1     18.72                     12.05   6.67    10.69

DEGREE DAYS
 HEATING
  YESTERDAY        6                         8     -2        5
  MONTH TO DATE  173                       203    -30      114
  SINCE JUN 1    759                       696     63      547
  SINCE JUL 1    173                       203    -30      114

 COOLING
  YESTERDAY        0                         0      0        0
  MONTH TO DATE    0                         0      0        0
  SINCE JUN 1      0                         0      0        0
  SINCE JAN 1      0                         0      0        0
..................................................................


WIND (MPH)
  HIGHEST WIND SPEED    17   HIGHEST WIND DIRECTION     W (270)
  HIGHEST GUST SPEED    32   HIGHEST GUST DIRECTION     S (200)
  AVERAGE WIND SPEED     4.4


SKY COVER
  POSSIBLE SUNSHINE  MM
  AVERAGE SKY COVER 0.0


WEATHER CONDITIONS
 THE FOLLOWING WEATHER WAS RECORDED YESTERDAY.
  NO SIGNIFICANT WEATHER WAS OBSERVED.


RELATIVE HUMIDITY (PERCENT)
 HIGHEST    93           900 PM
 LOWEST     31           300 PM
 AVERAGE    62

..........................................................


THE LAKE YELLOWSTONE WY CLIMATE NORMALS FOR TODAY
                         NORMAL    RECORD    YEAR
 MAXIMUM TEMPERATURE (F)   73        83      2007
 MINIMUM TEMPERATURE (F)   41        36      2000


SUNRISE AND SUNSET
JULY 22 2014..........SUNRISE   558 AM MDT   SUNSET   858 PM MDT
JULY 23 2014..........SUNRISE   559 AM MDT   SUNSET   857 PM MDT


-  INDICATES NEGATIVE NUMBERS.
R  INDICATES RECORD WAS SET OR TIED.
MM INDICATES DATA IS MISSING.
T  INDICATES TRACE AMOUNT.




$$
