000
CDUS45 KRIW 010049
CLIP60


CLIMATE REPORT
NATIONAL WEATHER SERVICE RIVERTON WY
641 PM MDT FRI OCT 31 2014


...................................

...THE LAKE YELLOWSTONE WY CLIMATE SUMMARY FOR OCTOBER 31 2014...
VALID TODAY AS OF 0500 PM LOCAL TIME.

CLIMATE NORMAL PERIOD 1981 TO 2010
CLIMATE RECORD PERIOD 1998 TO 2014


WEATHER ITEM   OBSERVED TIME   RECORD YEAR NORMAL DEPARTURE LAST
                VALUE   (LST)  VALUE       VALUE  FROM      YEAR
                                                  NORMAL
..................................................................
TEMPERATURE (F)
 TODAY
  MAXIMUM         57R       MM  55    2008  41     16       31
  MINIMUM         27    300 AM   0    2003  18      9       23
  AVERAGE         42

PRECIPITATION (IN)
  TODAY            0.00          0.45 2001   0.05  -0.05     0.06
                                      2000
  MONTH TO DATE    1.33                      1.35  -0.02     1.61
  SINCE SEP 1      3.50                      2.65   0.85     5.69
  SINCE JAN 1     26.62                     16.72   9.90    17.86

DEGREE DAYS
 HEATING
  TODAY           23                        35    -12       38
  MONTH TO DATE  828                       912    -84     1013
  SINCE SEP 1   1366                      1461    -95     1542
  SINCE JUL 1   2028                      2048    -20     1966

 COOLING
  TODAY            0                         0      0        0
  MONTH TO DATE    0                         0      0        0
  SINCE SEP 1      0                         0      0        0
  SINCE JAN 1      0                         0      0        0
..................................................................


WIND (MPH)
  HIGHEST WIND SPEED     9   HIGHEST WIND DIRECTION     W (270)
  HIGHEST GUST SPEED    MM   HIGHEST GUST DIRECTION    MM
  AVERAGE WIND SPEED     2.2


SKY COVER
  POSSIBLE SUNSHINE  MM
  AVERAGE SKY COVER 0.0


WEATHER CONDITIONS
 THE FOLLOWING WEATHER WAS RECORDED TODAY.
  NO SIGNIFICANT WEATHER WAS OBSERVED.


RELATIVE HUMIDITY (PERCENT)
 HIGHEST   100           300 AM
 LOWEST     26           300 PM
 AVERAGE    63

..........................................................


THE LAKE YELLOWSTONE WY CLIMATE NORMALS FOR TOMORROW
                         NORMAL    RECORD    YEAR
 MAXIMUM TEMPERATURE (F)   41        47      2012
 MINIMUM TEMPERATURE (F)   18        -8      2002


SUNRISE AND SUNSET
OCTOBER 31 2014.......SUNRISE   758 AM MDT   SUNSET   612 PM MDT
NOVEMBER  1 2014......SUNRISE   759 AM MDT   SUNSET   611 PM MDT


-  INDICATES NEGATIVE NUMBERS.
R  INDICATES RECORD WAS SET OR TIED.
MM INDICATES DATA IS MISSING.
T  INDICATES TRACE AMOUNT.




$$
