000
CDUS45 KRIW 140735
CLIP60


CLIMATE REPORT
NATIONAL WEATHER SERVICE RIVERTON WY
133 AM MDT MON JUL 14 2014


...................................

...THE LAKE YELLOWSTONE WY CLIMATE SUMMARY FOR JULY 13 2014...

CLIMATE NORMAL PERIOD 1981 TO 2010
CLIMATE RECORD PERIOD 1998 TO 2014


WEATHER ITEM   OBSERVED TIME   RECORD YEAR NORMAL DEPARTURE LAST
                VALUE   (LST)  VALUE       VALUE  FROM      YEAR
                                                  NORMAL
..................................................................
TEMPERATURE (F)
 YESTERDAY
  MAXIMUM         72        MM  85    2005  72      0       72
  MINIMUM         40    400 AM  32    2008  40      0       38
  AVERAGE         56                        56      0       55

PRECIPITATION (IN)
  YESTERDAY        0.00          0.26 2012   0.04  -0.04     0.00
  MONTH TO DATE    0.92                      0.58   0.34     0.86
  SINCE JUN 1      3.26                      2.58   0.68     1.62
  SINCE JAN 1     18.40                     11.66   6.74    10.61

DEGREE DAYS
 HEATING
  YESTERDAY        9                         9      0       10
  MONTH TO DATE  105                       135    -30       73
  SINCE JUN 1    691                       628     63      506
  SINCE JUL 1    105                       135    -30       73

 COOLING
  YESTERDAY        0                         0      0        0
  MONTH TO DATE    0                         0      0        0
  SINCE JUN 1      0                         0      0        0
  SINCE JAN 1      0                         0      0        0
..................................................................


WIND (MPH)
  HIGHEST WIND SPEED     6   HIGHEST WIND DIRECTION    SE (150)
  HIGHEST GUST SPEED    10   HIGHEST GUST DIRECTION    SE (140)
  AVERAGE WIND SPEED     1.1


SKY COVER
  POSSIBLE SUNSHINE  MM
  AVERAGE SKY COVER 0.0


WEATHER CONDITIONS
 THE FOLLOWING WEATHER WAS RECORDED YESTERDAY.
  NO SIGNIFICANT WEATHER WAS OBSERVED.


RELATIVE HUMIDITY (PERCENT)
 HIGHEST   100          1200 AM
 LOWEST     34           500 PM
 AVERAGE    67

..........................................................


THE LAKE YELLOWSTONE WY CLIMATE NORMALS FOR TODAY
                         NORMAL    RECORD    YEAR
 MAXIMUM TEMPERATURE (F)   72        86      2002
 MINIMUM TEMPERATURE (F)   40        29      2010


SUNRISE AND SUNSET
JULY 14 2014..........SUNRISE   550 AM MDT   SUNSET   905 PM MDT
JULY 15 2014..........SUNRISE   551 AM MDT   SUNSET   904 PM MDT


-  INDICATES NEGATIVE NUMBERS.
R  INDICATES RECORD WAS SET OR TIED.
MM INDICATES DATA IS MISSING.
T  INDICATES TRACE AMOUNT.




$$
