000
CDUS45 KRIW 040032
CLIP60


CLIMATE REPORT
NATIONAL WEATHER SERVICE RIVERTON WY
632 PM MDT THU SEP 3 2015


...................................

...THE LAKE YELLOWSTONE WY CLIMATE SUMMARY FOR SEPTEMBER 3 2015...
VALID TODAY AS OF 0500 PM LOCAL TIME.

CLIMATE NORMAL PERIOD 1981 TO 2010
CLIMATE RECORD PERIOD 1998 TO 2015


WEATHER ITEM   OBSERVED TIME   RECORD YEAR NORMAL DEPARTURE LAST
                VALUE   (LST)  VALUE       VALUE  FROM      YEAR
                                                  NORMAL
..................................................................
TEMPERATURE (F)
 TODAY
  MAXIMUM         70        MM  78    2007  68      2       61
                                      2001
  MINIMUM         43    100 AM  27    2010  35      8       31
  AVERAGE         57

PRECIPITATION (IN)
  TODAY            0.00          0.29 2004   0.05  -0.05     0.00
  MONTH TO DATE    0.06                      0.16  -0.10     0.01
  SINCE SEP 1      0.06                      0.16  -0.10     0.01
  SINCE JAN 1     11.69                     14.23  -2.54    23.13

DEGREE DAYS
 HEATING
  TODAY            8                        14     -6       19
  MONTH TO DATE   31                        41    -10       57
  SINCE SEP 1     31                        41    -10       57
  SINCE JUL 1    716                       628     88      719

 COOLING
  TODAY            0                         0      0        0
  MONTH TO DATE    0                         0      0        0
  SINCE SEP 1      0                         0      0        0
  SINCE JAN 1      1                         0      1        0
..................................................................


WIND (MPH)
  HIGHEST WIND SPEED    14   HIGHEST WIND DIRECTION     W (270)
  HIGHEST GUST SPEED    38   HIGHEST GUST DIRECTION     W (290)
  AVERAGE WIND SPEED     4.1


SKY COVER
  POSSIBLE SUNSHINE  MM
  AVERAGE SKY COVER 0.0


WEATHER CONDITIONS
 THE FOLLOWING WEATHER WAS RECORDED TODAY.
  NO SIGNIFICANT WEATHER WAS OBSERVED.


RELATIVE HUMIDITY (PERCENT)
 HIGHEST    93           500 AM
 LOWEST     27           400 PM
 AVERAGE    60

..........................................................


THE LAKE YELLOWSTONE WY CLIMATE NORMALS FOR TOMORROW
                         NORMAL    RECORD    YEAR
 MAXIMUM TEMPERATURE (F)   67        78      2001
 MINIMUM TEMPERATURE (F)   35        27      2014
                                             2011


SUNRISE AND SUNSET
SEPTEMBER  3 2015.....SUNRISE   646 AM MDT   SUNSET   755 PM MDT
SEPTEMBER  4 2015.....SUNRISE   647 AM MDT   SUNSET   753 PM MDT


-  INDICATES NEGATIVE NUMBERS.
R  INDICATES RECORD WAS SET OR TIED.
MM INDICATES DATA IS MISSING.
T  INDICATES TRACE AMOUNT.




$$
