000
CDUS45 KRIW 050738
CLIP60


CLIMATE REPORT
NATIONAL WEATHER SERVICE RIVERTON WY
129 AM MDT THU MAY 5 2016


...................................

...THE LAKE YELLOWSTONE WY CLIMATE SUMMARY FOR MAY 4 2016...

CLIMATE NORMAL PERIOD 1981 TO 2010
CLIMATE RECORD PERIOD 1998 TO 2016


WEATHER ITEM   OBSERVED TIME   RECORD YEAR NORMAL DEPARTURE LAST
                VALUE   (LST)  VALUE       VALUE  FROM      YEAR
                                                  NORMAL
..................................................................
TEMPERATURE (F)
 YESTERDAY
  MAXIMUM         62    228 PM  64    2004  48     14       58
  MINIMUM         26    550 AM  14    2001  25      1       26
  AVERAGE         44                        37      7       42

PRECIPITATION (IN)
  YESTERDAY        0.00          0.25 2003   0.07  -0.07     0.00
  MONTH TO DATE    0.00                      0.28  -0.28     0.04
  SINCE MAR 1      3.60                      3.57   0.03     1.78
  SINCE JAN 1      6.25                      7.09  -0.84     4.67

DEGREE DAYS
 HEATING
  YESTERDAY       21                        28     -7       23
  MONTH TO DATE  103                       115    -12       90
  SINCE MAR 1   2314                      2429   -115     2252
  SINCE JUL 1  10098                     10366   -268     9816

 COOLING
  YESTERDAY        0                         0      0        0
  MONTH TO DATE    0                         0      0        0
  SINCE MAR 1      0                         0      0        0
  SINCE JAN 1      0                         0      0        0
..................................................................


WIND (MPH)
  HIGHEST WIND SPEED     8   HIGHEST WIND DIRECTION    SE (120)
  HIGHEST GUST SPEED    16   HIGHEST GUST DIRECTION    SW (240)
  AVERAGE WIND SPEED     1.2


SKY COVER
  POSSIBLE SUNSHINE  MM
  AVERAGE SKY COVER 0.0


WEATHER CONDITIONS
 THE FOLLOWING WEATHER WAS RECORDED YESTERDAY.
  NO SIGNIFICANT WEATHER WAS OBSERVED.


RELATIVE HUMIDITY (PERCENT)
 HIGHEST    85           100 AM
 LOWEST     21           100 PM
 AVERAGE    53

..........................................................


THE LAKE YELLOWSTONE WY CLIMATE NORMALS FOR TODAY
                         NORMAL    RECORD    YEAR
 MAXIMUM TEMPERATURE (F)   48        62      2004
 MINIMUM TEMPERATURE (F)   26         3      2010


SUNRISE AND SUNSET
MAY  5 2016...........SUNRISE   606 AM MDT   SUNSET   832 PM MDT
MAY  6 2016...........SUNRISE   604 AM MDT   SUNSET   833 PM MDT


-  INDICATES NEGATIVE NUMBERS.
R  INDICATES RECORD WAS SET OR TIED.
MM INDICATES DATA IS MISSING.
T  INDICATES TRACE AMOUNT.




$$
