000
CDUS45 KRIW 180030
CLIP60


CLIMATE REPORT
NATIONAL WEATHER SERVICE RIVERTON WY
528 PM MST WED DEC 17 2014


...................................

...THE LAKE YELLOWSTONE WY CLIMATE SUMMARY FOR DECEMBER 17 2014...
VALID TODAY AS OF 0500 PM LOCAL TIME.

CLIMATE NORMAL PERIOD 1981 TO 2010
CLIMATE RECORD PERIOD 1998 TO 2014


WEATHER ITEM   OBSERVED TIME   RECORD YEAR NORMAL DEPARTURE LAST
                VALUE   (LST)  VALUE       VALUE  FROM      YEAR
                                                  NORMAL
..................................................................
TEMPERATURE (F)
 TODAY
  MAXIMUM         26        MM  35    2013  23      3       35
  MINIMUM         17        MM -19    2006   3     14        3
  AVERAGE         22

PRECIPITATION (IN)
  TODAY            0.04          0.53 2003   0.04   0.00     0.01
  MONTH TO DATE    0.76                      0.77  -0.01     0.94
  SINCE DEC 1      0.76                      0.77  -0.01     0.94
  SINCE JAN 1     29.56                     19.57   9.99    19.83

DEGREE DAYS
 HEATING
  TODAY           43                        52     -9       46
  MONTH TO DATE  692                       861   -169     1005
  SINCE DEC 1    692                       861   -169     1005
  SINCE JUL 1   4019                      4181   -162     4233

 COOLING
  TODAY            0                         0      0        0
  MONTH TO DATE    0                         0      0        0
  SINCE DEC 1      0                         0      0        0
  SINCE JAN 1      0                         0      0        0
..................................................................


WIND (MPH)
  HIGHEST WIND SPEED     5   HIGHEST WIND DIRECTION     E (99)
  HIGHEST GUST SPEED    MM   HIGHEST GUST DIRECTION    MM
  AVERAGE WIND SPEED     0.8


SKY COVER
  POSSIBLE SUNSHINE  MM
  AVERAGE SKY COVER 0.0


WEATHER CONDITIONS
 THE FOLLOWING WEATHER WAS RECORDED TODAY.
  NO SIGNIFICANT WEATHER WAS OBSERVED.


RELATIVE HUMIDITY (PERCENT)
 HIGHEST    92           500 AM
 LOWEST     74           100 PM
 AVERAGE    83

..........................................................


THE LAKE YELLOWSTONE WY CLIMATE NORMALS FOR TOMORROW
                         NORMAL    RECORD    YEAR
 MAXIMUM TEMPERATURE (F)   23        34      2013
 MINIMUM TEMPERATURE (F)    3       -21      2005


SUNRISE AND SUNSET
DECEMBER 17 2014......SUNRISE   753 AM MST   SUNSET   443 PM MST
DECEMBER 18 2014......SUNRISE   753 AM MST   SUNSET   443 PM MST


-  INDICATES NEGATIVE NUMBERS.
R  INDICATES RECORD WAS SET OR TIED.
MM INDICATES DATA IS MISSING.
T  INDICATES TRACE AMOUNT.




$$
